Aug 26 08:52:11.852808 dv-cinder-852364-5-iscsi neutron-server[117973]: DEBUG neutron.db.l3_hamode_db [None req-3c241c47-3562-4ad3-9250-d161069ca664 None None] neutron.services.l3_router.l3_router_plugin.L3RouterPlugin method _process_sync_ha_data called with arguments (, [{'id': '4e82b45c-5cd9-4a8f-a528-d380707fb0b7', 'name': 'tempest-AttachVolumeShelveTestJSON-580104803-router', 'tenant_id': '8ed7993eba324f94a1b0f7fc23401f0f', 'admin_state_up': True, 'status': 'ACTIVE', 'external_gateway_info': {'network_id': '42f31723-197b-42a3-b329-20a45380f69c', 'external_fixed_ips': [{'subnet_id': '88246d07-51d9-4590-873e-316d8eeff338', 'ip_address': '172.27.3.45'}], 'enable_snat': True}, 'gw_port_id': 'f7fe4605-a0db-4d61-9824-0dc36d403e88', 'description': '', 'availability_zones': ['nova'], 'distributed': False, 'ha': False, 'ha_vr_id': 0, 'availability_zone_hints': [], 'routes': [], 'flavor_id': None, 'tags': [], 'created_at': '2022-08-26T08:51:35Z', 'updated_at': '2022-08-26T08:51:50Z', 'revision_number': 4, 'project_id': '8ed7993eba324f94a1b0f7fc23401f0f', 'gw_port': {'id': 'f7fe4605-a0db-4d61-9824-0dc36d403e88', 'name': '', 'network_id': '42f31723-197b-42a3-b329-20a45380f69c', 'tenant_id': '', 'mac_address': 'fa:16:3e:e8:39:8d', 'admin_state_up': True, 'status': 'ACTIVE', 'device_id': '4e82b45c-5cd9-4a8f-a528-d380707fb0b7', 'device_owner': 'network:router_gateway', 'standard_attr_id': 85, 'fixed_ips': [{'subnet_id': '88246d07-51d9-4590-873e-316d8eeff338', 'ip_address': '172.27.3.45', 'prefixlen': 24}], 'allowed_address_pairs': [], 'extra_dhcp_opts': [], 'security_groups': [], 'description': '', 'binding:vnic_type': 'normal', 'binding:profile': {}, 'binding:host_id': 'dv-cinder-852364-5-iscsi', 'binding:vif_type': 'ovs', 'binding:vif_details': {'connectivity': 'l2', 'port_filter': True, 'ovs_hybrid_plug': False, 'datapath_type': 'system', 'bridge_name': 'br-int', 'bound_drivers': {'0': 'openvswitch'}}, 'port_security_enabled': False, 'tags': [], 'created_at': '2022-08-26T08:51:37Z', 'updated_at': '2022-08-26T08:52:00Z', 'revision_number': 4, 'project_id': '', 'subnets': [{'id': '88246d07-51d9-4590-873e-316d8eeff338', 'cidr': '172.27.3.0/24', 'gateway_ip': '172.27.3.1', 'dns_nameservers': [], 'ipv6_ra_mode': None, 'subnetpool_id': None}], 'extra_subnets': [], 'address_scopes': {4: None, 6: None}, 'mtu': 1500}, 'enable_snat': True, 'gw_port_host': 'dv-cinder-852364-5-iscsi', '_interfaces': [{'id': 'da4dfbaf-8c1b-4db6-8ec6-d90d186f457e', 'name': '', 'network_id': '3ca2f64c-caf6-4358-8808-4c0656856257', 'tenant_id': '8ed7993eba324f94a1b0f7fc23401f0f', 'mac_address': 'fa:16:3e:ad:ab:f7', 'admin_state_up': True, 'status': 'DOWN', 'device_id': '4e82b45c-5cd9-4a8f-a528-d380707fb0b7', 'device_owner': 'network:router_interface', 'standard_attr_id': 115, 'fixed_ips': [{'subnet_id': 'eaa50b38-f85c-400c-b790-4103a9aca034', 'ip_address': '172.20.0.1', 'prefixlen': 28}], 'allowed_address_pairs': [], 'extra_dhcp_opts': [], 'security_groups': [], 'description': '', 'binding:vnic_type': 'normal', 'binding:profile': {}, 'binding:host_id': 'dv-cinder-852364-5-iscsi', 'binding:vif_type': 'ovs', 'binding:vif_details': {'connectivity': 'l2', 'port_filter': True, 'ovs_hybrid_plug': False, 'datapath_type': 'system', 'bridge_name': 'br-int', 'bound_drivers': {'0': 'openvswitch'}}, 'port_security_enabled': False, 'tags': [], 'created_at': '2022-08-26T08:51:46Z', 'updated_at': '2022-08-26T08:52:08Z', 'revision_number': 4, 'project_id': '8ed7993eba324f94a1b0f7fc23401f0f', 'subnets': [{'id': 'eaa50b38-f85c-400c-b790-4103a9aca034', 'cidr': '172.20.0.0/28', 'gateway_ip': '172.20.0.1', 'dns_nameservers': [], 'ipv6_ra_mode': None, 'subnetpool_id': None}], 'extra_subnets': [], 'address_scopes': {4: None, 6: None}, 'mtu': 1500}]}], 'dv-cinder-852364-5-iscsi', False) {} {{(pid=117973) wrapper /usr/local/lib/python3.8/dist-packages/oslo_log/helpers.py:65}}
Aug 26 08:52:11.863347 dv-cinder-852364-5-iscsi neutron-server[117971]: DEBUG dbcounter [-] [117971] Writing DB stats neutron:SELECT=85,neutron:INSERT=13,neutron:UPDATE=2 {{(pid=117971) stat_writer /usr/local/lib/python3.8/dist-packages/dbcounter.py:114}}
Aug 26 08:52:11.867200 dv-cinder-852364-5-iscsi neutron-server[117973]: DEBUG neutron_lib.callbacks.manager [None req-dd7055b3-d49c-4cfa-b43e-ade149f6c7bd None None] Publish callbacks ['neutron.plugins.ml2.plugin.SecurityGroupServerNotifierRpcMixin._notify_sg_on_port_change-639379', 'neutron.plugins.ml2.ovo_rpc._ObjectChangeHandler.handle_event-59653', 'neutron.api.rpc.agentnotifiers.dhcp_rpc_agent_api.DhcpAgentNotifyAPI._native_event_send_dhcp_notification-16257914', 'neutron.db.l3_db.L3RpcNotifierMixin._notify_gateway_port_ip_changed-8752615287161', 'neutron.db.l3_dvrscheduler_db._notify_l3_agent_port_update-8752614793301', 'neutron.db.l3_hascheduler_db._notify_l3_agent_ha_port_update-8752614793319'] for port (da4dfbaf-8c1b-4db6-8ec6-d90d186f457e), after_update {{(pid=117973) _notify_loop /usr/local/lib/python3.8/dist-packages/neutron_lib/callbacks/manager.py:176}}
Aug 26 08:52:11.882703 dv-cinder-852364-5-iscsi neutron-server[117971]: DEBUG neutron.pecan_wsgi.hooks.policy_enforcement [req-75f81e94-9235-49e1-996e-df45a3d19771 req-df4cccdf-ef2f-41fa-af27-94891acfebde tempest-DeleteServersTestJSON-551097629 tempest-DeleteServersTestJSON-551097629-project] Attributes excluded by policy engine: ['standard_attr_id', 'binding:profile', 'binding:host_id', 'binding:vif_type', 'binding:vif_details'] {{(pid=117971) _exclude_attributes_by_policy /opt/stack/neutron/neutron/pecan_wsgi/hooks/policy_enforcement.py:259}}
Aug 26 08:52:11.891380 dv-cinder-852364-5-iscsi neutron-server[117971]: INFO neutron.wsgi [req-75f81e94-9235-49e1-996e-df45a3d19771 req-df4cccdf-ef2f-41fa-af27-94891acfebde tempest-DeleteServersTestJSON-551097629 tempest-DeleteServersTestJSON-551097629-project] 10.222.0.71 "GET /networking/v2.0/ports?device_id=a0b14a44-0641-4121-9855-fe0454700263 HTTP/1.1" status: 200 len: 931 time: 0.6111314
Aug 26 08:52:11.950165 dv-cinder-852364-5-iscsi neutron-server[117972]: DEBUG neutron.db.db_base_plugin_common [req-a332ad9f-690e-467e-a2e4-f2d6f8d60574 req-0e9bf44e-b398-48af-8810-96e8f31c1d5d tempest-AttachVolumeTestJSON-39276367 tempest-AttachVolumeTestJSON-39276367-project] Allocated IP 172.20.0.11 (7b89dcda-85d5-4bc7-8c82-22c051e5c000/23abbb48-7544-4e82-ac9b-a2d21bb15bde/bacb0225-80ef-4914-92a8-9314236edf1a) {{(pid=117972) _store_ip_allocation /opt/stack/neutron/neutron/db/db_base_plugin_common.py:131}}
Aug 26 08:52:12.036072 dv-cinder-852364-5-iscsi neutron-server[117971]: DEBUG neutron.api.rpc.handlers.resources_rpc [None req-d509e4b4-ff90-486c-8b7a-937d3a90d885 admin admin] Pushing event updated for resources: {'SecurityGroup': ['ID=38aea39b-a3cd-4533-9ef7-09e73900dc79,revision_number=1']} {{(pid=117971) push /opt/stack/neutron/neutron/api/rpc/handlers/resources_rpc.py:237}}
Aug 26 08:52:12.060827 dv-cinder-852364-5-iscsi neutron-server[117973]: DEBUG neutron.api.rpc.handlers.l3_rpc [None req-3c241c47-3562-4ad3-9250-d161069ca664 None None] The sync data for ids ['4e82b45c-5cd9-4a8f-a528-d380707fb0b7'] in dv-cinder-852364-5-iscsi is: [{'id': '4e82b45c-5cd9-4a8f-a528-d380707fb0b7', 'name': 'tempest-AttachVolumeShelveTestJSON-580104803-router', 'tenant_id': '8ed7993eba324f94a1b0f7fc23401f0f', 'admin_state_up': True, 'status': 'ACTIVE', 'external_gateway_info': {'network_id': '42f31723-197b-42a3-b329-20a45380f69c', 'external_fixed_ips': [{'subnet_id': '88246d07-51d9-4590-873e-316d8eeff338', 'ip_address': '172.27.3.45'}], 'enable_snat': True}, 'gw_port_id': 'f7fe4605-a0db-4d61-9824-0dc36d403e88', 'description': '', 'availability_zones': ['nova'], 'distributed': False, 'ha': False, 'ha_vr_id': 0, 'availability_zone_hints': [], 'routes': [], 'flavor_id': None, 'tags': [], 'created_at': '2022-08-26T08:51:35Z', 'updated_at': '2022-08-26T08:51:50Z', 'revision_number': 4, 'project_id': '8ed7993eba324f94a1b0f7fc23401f0f', 'gw_port': {'id': 'f7fe4605-a0db-4d61-9824-0dc36d403e88', 'name': '', 'network_id': '42f31723-197b-42a3-b329-20a45380f69c', 'tenant_id': '', 'mac_address': 'fa:16:3e:e8:39:8d', 'admin_state_up': True, 'status': 'ACTIVE', 'device_id': '4e82b45c-5cd9-4a8f-a528-d380707fb0b7', 'device_owner': 'network:router_gateway', 'standard_attr_id': 85, 'fixed_ips': [{'subnet_id': '88246d07-51d9-4590-873e-316d8eeff338', 'ip_address': '172.27.3.45', 'prefixlen': 24}], 'allowed_address_pairs': [], 'extra_dhcp_opts': [], 'security_groups': [], 'description': '', 'binding:vnic_type': 'normal', 'binding:profile': {}, 'binding:host_id': 'dv-cinder-852364-5-iscsi', 'binding:vif_type': 'ovs', 'binding:vif_details': {'connectivity': 'l2', 'port_filter': True, 'ovs_hybrid_plug': False, 'datapath_type': 'system', 'bridge_name': 'br-int', 'bound_drivers': {'0': 'openvswitch'}}, 'port_security_enabled': False, 'tags': [], 'created_at': '2022-08-26T08:51:37Z', 'updated_at': '2022-08-26T08:52:00Z', 'revision_number': 4, 'project_id': '', 'subnets': [{'id': '88246d07-51d9-4590-873e-316d8eeff338', 'cidr': '172.27.3.0/24', 'gateway_ip': '172.27.3.1', 'dns_nameservers': [], 'ipv6_ra_mode': None, 'subnetpool_id': None}], 'extra_subnets': [], 'address_scopes': {4: None, 6: None}, 'mtu': 1500}, 'enable_snat': True, 'gw_port_host': 'dv-cinder-852364-5-iscsi', '_interfaces': [{'id': 'da4dfbaf-8c1b-4db6-8ec6-d90d186f457e', 'name': '', 'network_id': '3ca2f64c-caf6-4358-8808-4c0656856257', 'tenant_id': '8ed7993eba324f94a1b0f7fc23401f0f', 'mac_address': 'fa:16:3e:ad:ab:f7', 'admin_state_up': True, 'status': 'DOWN', 'device_id': '4e82b45c-5cd9-4a8f-a528-d380707fb0b7', 'device_owner': 'network:router_interface', 'standard_attr_id': 115, 'fixed_ips': [{'subnet_id': 'eaa50b38-f85c-400c-b790-4103a9aca034', 'ip_address': '172.20.0.1', 'prefixlen': 28}], 'allowed_address_pairs': [], 'extra_dhcp_opts': [], 'security_groups': [], 'description': '', 'binding:vnic_type': 'normal', 'binding:profile': {}, 'binding:host_id': 'dv-cinder-852364-5-iscsi', 'binding:vif_type': 'ovs', 'binding:vif_details': {'connectivity': 'l2', 'port_filter': True, 'ovs_hybrid_plug': False, 'datapath_type': 'system', 'bridge_name': 'br-int', 'bound_drivers': {'0': 'openvswitch'}}, 'port_security_enabled': False, 'tags': [], 'created_at': '2022-08-26T08:51:46Z', 'updated_at': '2022-08-26T08:52:08Z', 'revision_number': 4, 'project_id': '8ed7993eba324f94a1b0f7fc23401f0f', 'subnets': [{'id': 'eaa50b38-f85c-400c-b790-4103a9aca034', 'cidr': '172.20.0.0/28', 'gateway_ip': '172.20.0.1', 'dns_nameservers': [], 'ipv6_ra_mode': None, 'subnetpool_id': None}], 'extra_subnets': [], 'address_scopes': {4: None, 6: None}, 'mtu': 1500}]}] {{(pid=117973) sync_routers /opt/stack/neutron/neutron/api/rpc/handlers/l3_rpc.py:137}}
Aug 26 08:52:12.108973 dv-cinder-852364-5-iscsi neutron-server[117972]: INFO neutron.wsgi [None req-4dd10b17-8531-4dab-a58a-69ed02e063c9 admin admin] 10.222.0.71 "GET /networking/v2.0/security-groups?tenant_id=7bccc002c73847b3b688c5eee1cef8b0&name=default HTTP/1.1" status: 200 len: 2996 time: 4.5799239
Aug 26 08:52:12.126446 dv-cinder-852364-5-iscsi neutron-server[117972]: DEBUG neutron.wsgi [-] (117972) accepted ('10.222.0.71', 42618) {{(pid=117972) server /usr/local/lib/python3.8/dist-packages/eventlet/wsgi.py:1004}}
Aug 26 08:52:12.237472 dv-cinder-852364-5-iscsi neutron-server[117972]: DEBUG neutron.wsgi [req-ea4e48a9-75ed-4b32-b15c-19c43c332d25 req-efa0f24e-62dc-4035-8ee2-4cdc3155ec31 tempest-DeleteServersTestJSON-551097629 tempest-DeleteServersTestJSON-551097629-project] http://10.222.0.71:9696/networking/v2.0/extensions returned with HTTP 200 {{(pid=117972) __call__ /opt/stack/neutron/neutron/wsgi.py:730}}
Aug 26 08:52:12.239403 dv-cinder-852364-5-iscsi neutron-server[117972]: INFO neutron.wsgi [req-ea4e48a9-75ed-4b32-b15c-19c43c332d25 req-efa0f24e-62dc-4035-8ee2-4cdc3155ec31 tempest-DeleteServersTestJSON-551097629 tempest-DeleteServersTestJSON-551097629-project] 10.222.0.115 "GET /networking/v2.0/extensions HTTP/1.1" status: 200 len: 14320 time: 0.1257439
Aug 26 08:52:12.311579 dv-cinder-852364-5-iscsi neutron-server[117973]: DEBUG neutron.db.provisioning_blocks [None req-3880375c-0de5-4c93-ba9f-3353bf3fdae8 None None] Provisioning complete for port e6c43102-4bd4-4b6b-8992-a1b7bca6db2b triggered by entity DHCP. {{(pid=117973) provisioning_complete /opt/stack/neutron/neutron/db/provisioning_blocks.py:144}}
Aug 26 08:52:12.312343 dv-cinder-852364-5-iscsi neutron-server[117973]: DEBUG neutron_lib.callbacks.manager [None req-3880375c-0de5-4c93-ba9f-3353bf3fdae8 None None] Publish callbacks ['neutron.plugins.ml2.plugin.Ml2Plugin._port_provisioned-744065'] for port (e6c43102-4bd4-4b6b-8992-a1b7bca6db2b), provisioning_complete {{(pid=117973) _notify_loop /usr/local/lib/python3.8/dist-packages/neutron_lib/callbacks/manager.py:176}}
Aug 26 08:52:12.336438 dv-cinder-852364-5-iscsi neutron-server[117973]: DEBUG neutron.api.rpc.handlers.resources_rpc [None req-dd7055b3-d49c-4cfa-b43e-ade149f6c7bd None None] Pushing event updated for resources: {'Port': ['ID=da4dfbaf-8c1b-4db6-8ec6-d90d186f457e,revision_number=5']} {{(pid=117973) push /opt/stack/neutron/neutron/api/rpc/handlers/resources_rpc.py:237}}
Aug 26 08:52:12.443705 dv-cinder-852364-5-iscsi neutron-server[117971]: INFO neutron.wsgi [req-75f81e94-9235-49e1-996e-df45a3d19771 req-3afdeed3-3063-4d51-91a6-c1fe23a315da tempest-DeleteServersTestJSON-551097629 tempest-DeleteServersTestJSON-551097629-project] 10.222.0.71 "GET /networking/v2.0/security-groups?id=125f5c15-8cf3-4094-b7fb-1d810242c7ff&fields=id&fields=name HTTP/1.1" status: 200 len: 286 time: 0.5503275
Aug 26 08:52:12.490363 dv-cinder-852364-5-iscsi neutron-server[117973]: DEBUG neutron.plugins.ml2.plugin [None req-3880375c-0de5-4c93-ba9f-3353bf3fdae8 None None] Port e6c43102-4bd4-4b6b-8992-a1b7bca6db2b cannot update to ACTIVE because it is not bound. {{(pid=117973) _port_provisioned /opt/stack/neutron/neutron/plugins/ml2/plugin.py:348}}
Aug 26 08:52:12.517711 dv-cinder-852364-5-iscsi neutron-server[117971]: DEBUG neutron_lib.callbacks.manager [req-c60f30db-03da-423b-a423-d2c7b504d527 req-849034fc-8da1-442a-8e54-211c3b686434 tempest-ServerRescueNegativeTestJSON-1223166117 tempest-ServerRescueNegativeTestJSON-1223166117-project] Publish callbacks [] for port (e25e079a-ddfa-4bd3-849d-dd0e1d98c705), precommit_create {{(pid=117971) _notify_loop /usr/local/lib/python3.8/dist-packages/neutron_lib/callbacks/manager.py:176}}
Aug 26 08:52:12.524447 dv-cinder-852364-5-iscsi neutron-server[117973]: DEBUG neutron.plugins.ml2.rpc [None req-dd7055b3-d49c-4cfa-b43e-ade149f6c7bd None None] Device e08441ef-7c9d-4b7f-916c-aedd00ec842d up at agent ovs-agent-dv-cinder-852364-5-iscsi {{(pid=117973) update_device_up /opt/stack/neutron/neutron/plugins/ml2/rpc.py:296}}
Aug 26 08:52:12.636532 dv-cinder-852364-5-iscsi neutron-server[117972]: DEBUG neutron.api.rpc.handlers.resources_rpc [None req-4dd10b17-8531-4dab-a58a-69ed02e063c9 admin admin] Pushing event updated for resources: {'SecurityGroup': ['ID=f925986f-052f-4a8a-b8c2-c3c7d93596e3,revision_number=1']} {{(pid=117972) push /opt/stack/neutron/neutron/api/rpc/handlers/resources_rpc.py:237}}
Aug 26 08:52:12.687489 dv-cinder-852364-5-iscsi neutron-server[117971]: DEBUG dbcounter [-] [117971] Writing DB stats neutron:SELECT=91,neutron:INSERT=6,neutron:UPDATE=3 {{(pid=117971) stat_writer /usr/local/lib/python3.8/dist-packages/dbcounter.py:114}}
Aug 26 08:52:12.759858 dv-cinder-852364-5-iscsi neutron-server[117971]: DEBUG neutron_lib.callbacks.manager [req-c60f30db-03da-423b-a423-d2c7b504d527 req-849034fc-8da1-442a-8e54-211c3b686434 tempest-ServerRescueNegativeTestJSON-1223166117 tempest-ServerRescueNegativeTestJSON-1223166117-project] Publish callbacks ['neutron.plugins.ml2.plugin.SecurityGroupServerNotifierRpcMixin._notify_sg_on_port_change-639379', 'neutron.plugins.ml2.ovo_rpc._ObjectChangeHandler.handle_event-59653', 'neutron.api.rpc.agentnotifiers.dhcp_rpc_agent_api.DhcpAgentNotifyAPI._native_event_send_dhcp_notification-16257914', 'neutron.db.l3_dvrscheduler_db._notify_l3_agent_new_port-8752614793283'] for port (e25e079a-ddfa-4bd3-849d-dd0e1d98c705), after_create {{(pid=117971) _notify_loop /usr/local/lib/python3.8/dist-packages/neutron_lib/callbacks/manager.py:176}}
Aug 26 08:52:12.798597 dv-cinder-852364-5-iscsi neutron-server[117971]: INFO neutron.wsgi [req-950d3bfe-66f7-44ae-a30d-a8b55fd983e0 req-9f44f6d6-4aa3-4c98-81e7-d15ec107eada tempest-ServerRescueNegativeTestJSON-1223166117 tempest-ServerRescueNegativeTestJSON-1223166117-project] 10.222.0.71 "GET /networking/v2.0/ports?device_id=14ea47a3-6a48-4509-8799-634e4e77319c HTTP/1.1" status: 200 len: 210 time: 0.1619780
Aug 26 08:52:12.836523 dv-cinder-852364-5-iscsi neutron-server[117972]: INFO neutron.wsgi [req-a86de8ac-91ce-4e7e-9b99-81aa53c93076 req-e82092de-2ee2-412c-9ad0-bc767866ef63 service neutron] 10.222.0.71 "GET /networking/v2.0/networks/3ca2f64c-caf6-4358-8808-4c0656856257?fields=provider%3Aphysical_network&fields=provider%3Anetwork_type HTTP/1.1" status: 200 len: 281 time: 1.2021117
Aug 26 08:52:12.989348 dv-cinder-852364-5-iscsi neutron-server[117972]: DEBUG neutron_lib.callbacks.manager [None req-99f53ccc-559c-4028-9a97-ef06cb7a0d7c admin admin] Publish callbacks [] for security_group (38aea39b-a3cd-4533-9ef7-09e73900dc79), before_delete {{(pid=117972) _notify_loop /usr/local/lib/python3.8/dist-packages/neutron_lib/callbacks/manager.py:176}}
Aug 26 08:52:13.039384 dv-cinder-852364-5-iscsi neutron-server[117973]: DEBUG neutron.db.provisioning_blocks [None req-dd7055b3-d49c-4cfa-b43e-ade149f6c7bd None None] Provisioning complete for port e08441ef-7c9d-4b7f-916c-aedd00ec842d triggered by entity L2. {{(pid=117973) provisioning_complete /opt/stack/neutron/neutron/db/provisioning_blocks.py:144}}
Aug 26 08:52:13.039384 dv-cinder-852364-5-iscsi neutron-server[117973]: DEBUG neutron_lib.callbacks.manager [None req-dd7055b3-d49c-4cfa-b43e-ade149f6c7bd None None] Publish callbacks ['neutron.plugins.ml2.plugin.Ml2Plugin._port_provisioned-744065'] for port (e08441ef-7c9d-4b7f-916c-aedd00ec842d), provisioning_complete {{(pid=117973) _notify_loop /usr/local/lib/python3.8/dist-packages/neutron_lib/callbacks/manager.py:176}}
Aug 26 08:52:13.141861 dv-cinder-852364-5-iscsi neutron-server[117972]: DEBUG neutron.wsgi [-] (117972) accepted ('10.222.0.115', 57993) {{(pid=117972) server /usr/local/lib/python3.8/dist-packages/eventlet/wsgi.py:1004}}
Aug 26 08:52:13.143523 dv-cinder-852364-5-iscsi neutron-server[117972]: DEBUG neutron.wsgi [-] (117972) accepted ('10.222.0.71', 42630) {{(pid=117972) server /usr/local/lib/python3.8/dist-packages/eventlet/wsgi.py:1004}}
Aug 26 08:52:13.271082 dv-cinder-852364-5-iscsi neutron-server[117971]: DEBUG neutron.api.rpc.handlers.resources_rpc [None req-849034fc-8da1-442a-8e54-211c3b686434 tempest-ServerRescueNegativeTestJSON-1223166117 tempest-ServerRescueNegativeTestJSON-1223166117-project] Pushing event updated for resources: {'Port': ['ID=e25e079a-ddfa-4bd3-849d-dd0e1d98c705,revision_number=1']} {{(pid=117971) push /opt/stack/neutron/neutron/api/rpc/handlers/resources_rpc.py:237}}
Aug 26 08:52:13.298006 dv-cinder-852364-5-iscsi neutron-server[117973]: DEBUG neutron.plugins.ml2.plugin [None req-dd7055b3-d49c-4cfa-b43e-ade149f6c7bd None None] Current status of the port e08441ef-7c9d-4b7f-916c-aedd00ec842d is: ACTIVE; New status is: ACTIVE {{(pid=117973) _update_individual_port_db_status /opt/stack/neutron/neutron/plugins/ml2/plugin.py:2302}}
Aug 26 08:52:13.344149 dv-cinder-852364-5-iscsi neutron-server[117972]: DEBUG dbcounter [-] [117972] Writing DB stats neutron:INSERT=7,neutron:SELECT=90,neutron:UPDATE=3 {{(pid=117972) stat_writer /usr/local/lib/python3.8/dist-packages/dbcounter.py:114}}
Aug 26 08:52:13.351311 dv-cinder-852364-5-iscsi neutron-server[117972]: DEBUG neutron_lib.callbacks.manager [None req-ff1d44fe-c09a-41a5-aea8-f34aef2e4cd9 admin admin] Publish callbacks [] for security_group (f925986f-052f-4a8a-b8c2-c3c7d93596e3), before_delete {{(pid=117972) _notify_loop /usr/local/lib/python3.8/dist-packages/neutron_lib/callbacks/manager.py:176}}
Aug 26 08:52:13.431377 dv-cinder-852364-5-iscsi neutron-server[117972]: DEBUG neutron_lib.callbacks.manager [None req-99f53ccc-559c-4028-9a97-ef06cb7a0d7c admin admin] Publish callbacks [] for security_group (38aea39b-a3cd-4533-9ef7-09e73900dc79), precommit_delete {{(pid=117972) _notify_loop /usr/local/lib/python3.8/dist-packages/neutron_lib/callbacks/manager.py:176}}
Aug 26 08:52:13.443674 dv-cinder-852364-5-iscsi neutron-server[117972]: DEBUG dbcounter [-] [117972] Writing DB stats neutron:SELECT=94,neutron:DELETE=2,neutron:INSERT=3,neutron:UPDATE=1 {{(pid=117972) stat_writer /usr/local/lib/python3.8/dist-packages/dbcounter.py:114}}
Aug 26 08:52:13.455941 dv-cinder-852364-5-iscsi neutron-server[117971]: INFO neutron.wsgi [req-560aef9c-fa4c-41c1-b2e6-a224d25b77f0 req-50b0e0c6-768f-4589-b30c-482e24eb723a tempest-AttachVolumeTestJSON-39276367 tempest-AttachVolumeTestJSON-39276367-project] 10.222.0.71 "GET /networking/v2.0/ports?device_id=18845e10-a764-495f-b6fb-9b0858c695af HTTP/1.1" status: 200 len: 210 time: 0.1595423
Aug 26 08:52:13.482787 dv-cinder-852364-5-iscsi neutron-server[117971]: DEBUG neutron.scheduler.dhcp_agent_scheduler [req-c60f30db-03da-423b-a423-d2c7b504d527 req-849034fc-8da1-442a-8e54-211c3b686434 tempest-ServerRescueNegativeTestJSON-1223166117 tempest-ServerRescueNegativeTestJSON-1223166117-project] Network 0095b163-b541-4b8f-a3b6-64656b6e47e8 is already hosted by enough agents. {{(pid=117971) _get_dhcp_agents_hosting_network /opt/stack/neutron/neutron/scheduler/dhcp_agent_scheduler.py:275}}
Aug 26 08:52:13.487974 dv-cinder-852364-5-iscsi neutron-server[117971]: DEBUG neutron.scheduler.base_scheduler [req-c60f30db-03da-423b-a423-d2c7b504d527 req-849034fc-8da1-442a-8e54-211c3b686434 tempest-ServerRescueNegativeTestJSON-1223166117 tempest-ServerRescueNegativeTestJSON-1223166117-project] Resources bound (agent type, host, resource id): {{(pid=117971) schedule /opt/stack/neutron/neutron/scheduler/base_scheduler.py:57}}
Aug 26 08:52:13.515670 dv-cinder-852364-5-iscsi neutron-server[117971]: DEBUG neutron.db.l3_dvrscheduler_db [req-c60f30db-03da-423b-a423-d2c7b504d527 req-849034fc-8da1-442a-8e54-211c3b686434 tempest-ServerRescueNegativeTestJSON-1223166117 tempest-ServerRescueNegativeTestJSON-1223166117-project] Received port after_create {{(pid=117971) _notify_l3_agent_new_port /opt/stack/neutron/neutron/db/l3_dvrscheduler_db.py:538}}
Aug 26 08:52:13.555805 dv-cinder-852364-5-iscsi neutron-server[117971]: DEBUG neutron.pecan_wsgi.hooks.policy_enforcement [req-c60f30db-03da-423b-a423-d2c7b504d527 req-849034fc-8da1-442a-8e54-211c3b686434 tempest-ServerRescueNegativeTestJSON-1223166117 tempest-ServerRescueNegativeTestJSON-1223166117-project] Attributes excluded by policy engine: ['standard_attr_id', 'binding:profile', 'binding:host_id', 'binding:vif_type', 'binding:vif_details', 'network'] {{(pid=117971) _exclude_attributes_by_policy /opt/stack/neutron/neutron/pecan_wsgi/hooks/policy_enforcement.py:259}}
Aug 26 08:52:13.557308 dv-cinder-852364-5-iscsi neutron-server[117971]: DEBUG neutron_lib.callbacks.manager [req-c60f30db-03da-423b-a423-d2c7b504d527 req-849034fc-8da1-442a-8e54-211c3b686434 tempest-ServerRescueNegativeTestJSON-1223166117 tempest-ServerRescueNegativeTestJSON-1223166117-project] Publish callbacks ['neutron.notifiers.nova.Notifier._send_nova_notification-73711', 'neutron.api.rpc.agentnotifiers.dhcp_rpc_agent_api.DhcpAgentNotifyAPI._send_dhcp_notification-16257896'] for port (None), before_response {{(pid=117971) _notify_loop /usr/local/lib/python3.8/dist-packages/neutron_lib/callbacks/manager.py:176}}
Aug 26 08:52:13.602428 dv-cinder-852364-5-iscsi neutron-server[117972]: DEBUG neutron_lib.callbacks.manager [None req-ff1d44fe-c09a-41a5-aea8-f34aef2e4cd9 admin admin] Publish callbacks [] for security_group (f925986f-052f-4a8a-b8c2-c3c7d93596e3), precommit_delete {{(pid=117972) _notify_loop /usr/local/lib/python3.8/dist-packages/neutron_lib/callbacks/manager.py:176}}
Aug 26 08:52:13.629494 dv-cinder-852364-5-iscsi neutron-server[117971]: INFO neutron.wsgi [req-c60f30db-03da-423b-a423-d2c7b504d527 req-849034fc-8da1-442a-8e54-211c3b686434 tempest-ServerRescueNegativeTestJSON-1223166117 tempest-ServerRescueNegativeTestJSON-1223166117-project] 10.222.0.115 "POST /networking/v2.0/ports HTTP/1.1" status: 201 len: 933 time: 4.9181514
Aug 26 08:52:13.823535 dv-cinder-852364-5-iscsi neutron-server[117971]: DEBUG neutron.pecan_wsgi.hooks.policy_enforcement [req-9f5bb016-35aa-4d33-bdda-4b5153e35183 req-80806e39-722d-4486-9755-f1f8c0eb89c5 tempest-DeleteServersTestJSON-551097629 tempest-DeleteServersTestJSON-551097629-project] Attributes excluded by policy engine: ['standard_attr_id', 'binding:profile', 'binding:host_id', 'binding:vif_type', 'binding:vif_details'] {{(pid=117971) _exclude_attributes_by_policy /opt/stack/neutron/neutron/pecan_wsgi/hooks/policy_enforcement.py:259}}
Aug 26 08:52:13.841160 dv-cinder-852364-5-iscsi neutron-server[117971]: INFO neutron.wsgi [req-9f5bb016-35aa-4d33-bdda-4b5153e35183 req-80806e39-722d-4486-9755-f1f8c0eb89c5 tempest-DeleteServersTestJSON-551097629 tempest-DeleteServersTestJSON-551097629-project] 10.222.0.71 "GET /networking/v2.0/ports?device_id=a0b14a44-0641-4121-9855-fe0454700263 HTTP/1.1" status: 200 len: 931 time: 0.1164801
Aug 26 08:52:13.860502 dv-cinder-852364-5-iscsi neutron-server[117971]: DEBUG neutron.api.v2.base [req-c60f30db-03da-423b-a423-d2c7b504d527 req-5075ad4b-1fbd-4453-ae4c-36b49ba17846 service neutron] Request body: {'port': {'device_id': '1a8b026c-ef95-4a38-8eca-86005625dd30', 'device_owner': 'compute:nova', 'binding:host_id': 'hv-cinder-85236'}} {{(pid=117971) prepare_request_body /opt/stack/neutron/neutron/api/v2/base.py:730}}
Aug 26 08:52:13.975605 dv-cinder-852364-5-iscsi neutron-server[117972]: DEBUG neutron.api.v2.base [req-ea4e48a9-75ed-4b32-b15c-19c43c332d25 req-86444ff4-748c-4f4f-a9e1-d6cc29de14f8 service neutron] Request body: {'port': {'device_id': 'a0b14a44-0641-4121-9855-fe0454700263', 'device_owner': 'compute:nova', 'binding:host_id': 'hv-cinder-85236'}} {{(pid=117972) prepare_request_body /opt/stack/neutron/neutron/api/v2/base.py:730}}
Aug 26 08:52:14.032051 dv-cinder-852364-5-iscsi neutron-server[117972]: DEBUG neutron_lib.callbacks.manager [req-a332ad9f-690e-467e-a2e4-f2d6f8d60574 req-0e9bf44e-b398-48af-8810-96e8f31c1d5d tempest-AttachVolumeTestJSON-39276367 tempest-AttachVolumeTestJSON-39276367-project] Publish callbacks [] for port (bacb0225-80ef-4914-92a8-9314236edf1a), precommit_create {{(pid=117972) _notify_loop /usr/local/lib/python3.8/dist-packages/neutron_lib/callbacks/manager.py:176}}
Aug 26 08:52:14.060735 dv-cinder-852364-5-iscsi neutron-server[117971]: INFO neutron.wsgi [req-9f5bb016-35aa-4d33-bdda-4b5153e35183 req-7c8f5675-929f-4c69-9a14-b451298bf6ee tempest-DeleteServersTestJSON-551097629 tempest-DeleteServersTestJSON-551097629-project] 10.222.0.71 "GET /networking/v2.0/security-groups?id=125f5c15-8cf3-4094-b7fb-1d810242c7ff&fields=id&fields=name HTTP/1.1" status: 200 len: 286 time: 0.2182705
Aug 26 08:52:14.065842 dv-cinder-852364-5-iscsi neutron-server[117973]: DEBUG neutron.db.provisioning_blocks [None req-04e84816-9b46-4feb-aef6-c3cc4f92fc52 None None] Provisioning complete for port e25e079a-ddfa-4bd3-849d-dd0e1d98c705 triggered by entity DHCP. {{(pid=117973) provisioning_complete /opt/stack/neutron/neutron/db/provisioning_blocks.py:144}}
Aug 26 08:52:14.069560 dv-cinder-852364-5-iscsi neutron-server[117973]: DEBUG neutron_lib.callbacks.manager [None req-04e84816-9b46-4feb-aef6-c3cc4f92fc52 None None] Publish callbacks ['neutron.plugins.ml2.plugin.Ml2Plugin._port_provisioned-744065'] for port (e25e079a-ddfa-4bd3-849d-dd0e1d98c705), provisioning_complete {{(pid=117973) _notify_loop /usr/local/lib/python3.8/dist-packages/neutron_lib/callbacks/manager.py:176}}
Aug 26 08:52:14.180337 dv-cinder-852364-5-iscsi neutron-server[117973]: DEBUG neutron.plugins.ml2.plugin [None req-04e84816-9b46-4feb-aef6-c3cc4f92fc52 None None] Port e25e079a-ddfa-4bd3-849d-dd0e1d98c705 cannot update to ACTIVE because it is not bound. {{(pid=117973) _port_provisioned /opt/stack/neutron/neutron/plugins/ml2/plugin.py:348}}
Aug 26 08:52:14.192337 dv-cinder-852364-5-iscsi neutron-server[117971]: DEBUG neutron_lib.callbacks.manager [req-c60f30db-03da-423b-a423-d2c7b504d527 req-5075ad4b-1fbd-4453-ae4c-36b49ba17846 service neutron] Publish callbacks ['neutron.plugins.ml2.plugin.SecurityGroupDbMixin._ensure_default_security_group_handler-640086'] for port (e25e079a-ddfa-4bd3-849d-dd0e1d98c705), before_update {{(pid=117971) _notify_loop /usr/local/lib/python3.8/dist-packages/neutron_lib/callbacks/manager.py:176}}
Aug 26 08:52:14.260783 dv-cinder-852364-5-iscsi neutron-server[117972]: DEBUG neutron_lib.callbacks.manager [None req-ff1d44fe-c09a-41a5-aea8-f34aef2e4cd9 admin admin] Publish callbacks ['neutron.plugins.ml2.ovo_rpc._ObjectChangeHandler.handle_event-16443620'] for security_group (f925986f-052f-4a8a-b8c2-c3c7d93596e3), after_delete {{(pid=117972) _notify_loop /usr/local/lib/python3.8/dist-packages/neutron_lib/callbacks/manager.py:176}}
Aug 26 08:52:14.269317 dv-cinder-852364-5-iscsi neutron-server[117972]: DEBUG neutron_lib.callbacks.manager [None req-ff1d44fe-c09a-41a5-aea8-f34aef2e4cd9 admin admin] Publish callbacks [] for security_group (None), before_response {{(pid=117972) _notify_loop /usr/local/lib/python3.8/dist-packages/neutron_lib/callbacks/manager.py:176}}
Aug 26 08:52:14.275638 dv-cinder-852364-5-iscsi neutron-server[117972]: INFO neutron.wsgi [None req-ff1d44fe-c09a-41a5-aea8-f34aef2e4cd9 admin admin] 10.222.0.71 "DELETE /networking/v2.0/security-groups/f925986f-052f-4a8a-b8c2-c3c7d93596e3 HTTP/1.1" status: 204 len: 168 time: 2.1197543
Aug 26 08:52:14.283266 dv-cinder-852364-5-iscsi neutron-server[117972]: INFO neutron.wsgi [req-09b5811a-57ea-478b-9686-70c793c89100 req-2a8096f8-9836-4907-9b7b-ed970ffbb4d2 tempest-AttachVolumeShelveTestJSON-648548185 tempest-AttachVolumeShelveTestJSON-648548185-project] 10.222.0.71 "GET /networking/v2.0/ports?device_id=8de0d2d4-3218-426b-a548-91c5891780fa HTTP/1.1" status: 200 len: 210 time: 0.6357157
Aug 26 08:52:14.287881 dv-cinder-852364-5-iscsi neutron-server[117972]: DEBUG neutron_lib.callbacks.manager [None req-59b283fe-0405-4206-992f-6ef8d8f3df47 admin admin] Publish callbacks [] for security_group (None), before_create {{(pid=117972) _notify_loop /usr/local/lib/python3.8/dist-packages/neutron_lib/callbacks/manager.py:176}}
Aug 26 08:52:14.360695 dv-cinder-852364-5-iscsi neutron-server[117973]: DEBUG neutron.plugins.ml2.rpc [None req-dd7055b3-d49c-4cfa-b43e-ade149f6c7bd None None] Device da4dfbaf-8c1b-4db6-8ec6-d90d186f457e up at agent ovs-agent-dv-cinder-852364-5-iscsi {{(pid=117973) update_device_up /opt/stack/neutron/neutron/plugins/ml2/rpc.py:296}}
Aug 26 08:52:14.389698 dv-cinder-852364-5-iscsi neutron-server[117971]: INFO neutron.wsgi [req-e5bbc152-4e57-44b3-a085-117d5d8568a3 req-e1294444-f5f2-405d-8438-570de498185b tempest-ServerRescueNegativeTestJSON-1223166117 tempest-ServerRescueNegativeTestJSON-1223166117-project] 10.222.0.71 "GET /networking/v2.0/ports?device_id=14ea47a3-6a48-4509-8799-634e4e77319c HTTP/1.1" status: 200 len: 210 time: 0.1392107
Aug 26 08:52:14.460022 dv-cinder-852364-5-iscsi neutron-server[117972]: DEBUG neutron.api.rpc.handlers.resources_rpc [None req-ff1d44fe-c09a-41a5-aea8-f34aef2e4cd9 admin admin] Pushing event deleted for resources: {'SecurityGroup': ['ID=f925986f-052f-4a8a-b8c2-c3c7d93596e3,revision_number=None']} {{(pid=117972) push /opt/stack/neutron/neutron/api/rpc/handlers/resources_rpc.py:237}}
Aug 26 08:52:14.514530 dv-cinder-852364-5-iscsi neutron-server[117972]: DEBUG neutron_lib.callbacks.manager [None req-99f53ccc-559c-4028-9a97-ef06cb7a0d7c admin admin] Publish callbacks ['neutron.plugins.ml2.ovo_rpc._ObjectChangeHandler.handle_event-16443620'] for security_group (38aea39b-a3cd-4533-9ef7-09e73900dc79), after_delete {{(pid=117972) _notify_loop /usr/local/lib/python3.8/dist-packages/neutron_lib/callbacks/manager.py:176}}
Aug 26 08:52:14.531239 dv-cinder-852364-5-iscsi neutron-server[117972]: DEBUG neutron_lib.callbacks.manager [None req-99f53ccc-559c-4028-9a97-ef06cb7a0d7c admin admin] Publish callbacks [] for security_group (None), before_response {{(pid=117972) _notify_loop /usr/local/lib/python3.8/dist-packages/neutron_lib/callbacks/manager.py:176}}
Aug 26 08:52:14.532796 dv-cinder-852364-5-iscsi neutron-server[117972]: INFO neutron.wsgi [None req-99f53ccc-559c-4028-9a97-ef06cb7a0d7c admin admin] 10.222.0.71 "DELETE /networking/v2.0/security-groups/38aea39b-a3cd-4533-9ef7-09e73900dc79 HTTP/1.1" status: 204 len: 168 time: 2.8816938
Aug 26 08:52:14.595097 dv-cinder-852364-5-iscsi neutron-server[117972]: DEBUG neutron_lib.callbacks.manager [req-ea4e48a9-75ed-4b32-b15c-19c43c332d25 req-86444ff4-748c-4f4f-a9e1-d6cc29de14f8 service neutron] Publish callbacks ['neutron.plugins.ml2.plugin.SecurityGroupDbMixin._ensure_default_security_group_handler-640086'] for port (e6c43102-4bd4-4b6b-8992-a1b7bca6db2b), before_update {{(pid=117972) _notify_loop /usr/local/lib/python3.8/dist-packages/neutron_lib/callbacks/manager.py:176}}
Aug 26 08:52:14.695424 dv-cinder-852364-5-iscsi neutron-server[117973]: DEBUG neutron.db.provisioning_blocks [None req-dd7055b3-d49c-4cfa-b43e-ade149f6c7bd None None] Provisioning complete for port da4dfbaf-8c1b-4db6-8ec6-d90d186f457e triggered by entity L2. {{(pid=117973) provisioning_complete /opt/stack/neutron/neutron/db/provisioning_blocks.py:144}}
Aug 26 08:52:14.698004 dv-cinder-852364-5-iscsi neutron-server[117973]: DEBUG neutron_lib.callbacks.manager [None req-dd7055b3-d49c-4cfa-b43e-ade149f6c7bd None None] Publish callbacks ['neutron.plugins.ml2.plugin.Ml2Plugin._port_provisioned-744065'] for port (da4dfbaf-8c1b-4db6-8ec6-d90d186f457e), provisioning_complete {{(pid=117973) _notify_loop /usr/local/lib/python3.8/dist-packages/neutron_lib/callbacks/manager.py:176}}
Aug 26 08:52:14.722472 dv-cinder-852364-5-iscsi neutron-server[117974]: DEBUG dbcounter [-] [117974] Writing DB stats neutron:SELECT=94,neutron:UPDATE=2 {{(pid=117974) stat_writer /usr/local/lib/python3.8/dist-packages/dbcounter.py:114}}
Aug 26 08:52:14.923655 dv-cinder-852364-5-iscsi neutron-server[117972]: DEBUG neutron.api.rpc.handlers.resources_rpc [None req-99f53ccc-559c-4028-9a97-ef06cb7a0d7c admin admin] Pushing event deleted for resources: {'SecurityGroup': ['ID=38aea39b-a3cd-4533-9ef7-09e73900dc79,revision_number=None']} {{(pid=117972) push /opt/stack/neutron/neutron/api/rpc/handlers/resources_rpc.py:237}}
Aug 26 08:52:15.028243 dv-cinder-852364-5-iscsi neutron-server[117973]: DEBUG neutron.plugins.ml2.plugin [None req-dd7055b3-d49c-4cfa-b43e-ade149f6c7bd None None] Current status of the port da4dfbaf-8c1b-4db6-8ec6-d90d186f457e is: ACTIVE; New status is: ACTIVE {{(pid=117973) _update_individual_port_db_status /opt/stack/neutron/neutron/plugins/ml2/plugin.py:2302}}
Aug 26 08:52:15.106834 dv-cinder-852364-5-iscsi neutron-server[117972]: INFO neutron.wsgi [req-8961ca1f-bf6a-42cf-8bde-bc27def2b03b req-43960eac-9e30-4250-a536-dca62ac646ca tempest-AttachVolumeTestJSON-39276367 tempest-AttachVolumeTestJSON-39276367-project] 10.222.0.71 "GET /networking/v2.0/ports?device_id=18845e10-a764-495f-b6fb-9b0858c695af HTTP/1.1" status: 200 len: 210 time: 0.3032410
Aug 26 08:52:15.267416 dv-cinder-852364-5-iscsi neutron-server[117974]: DEBUG dbcounter [-] [117974] Writing DB stats neutron:SELECT=20 {{(pid=117974) stat_writer /usr/local/lib/python3.8/dist-packages/dbcounter.py:114}}
Aug 26 08:52:15.438863 dv-cinder-852364-5-iscsi neutron-server[117972]: DEBUG neutron_lib.callbacks.manager [None req-59b283fe-0405-4206-992f-6ef8d8f3df47 admin admin] Publish callbacks [] for security_group (7a0145d2-2a22-4236-958e-198fa5cc3572), precommit_create {{(pid=117972) _notify_loop /usr/local/lib/python3.8/dist-packages/neutron_lib/callbacks/manager.py:176}}
Aug 26 08:52:15.556561 dv-cinder-852364-5-iscsi neutron-server[117971]: DEBUG neutron.pecan_wsgi.hooks.policy_enforcement [req-50577f86-e7e9-4788-9d23-3dac8dc073e0 req-4bad377f-3487-4364-9e9a-1788f4c50865 tempest-DeleteServersTestJSON-551097629 tempest-DeleteServersTestJSON-551097629-project] Attributes excluded by policy engine: ['standard_attr_id', 'binding:profile', 'binding:host_id', 'binding:vif_type', 'binding:vif_details'] {{(pid=117971) _exclude_attributes_by_policy /opt/stack/neutron/neutron/pecan_wsgi/hooks/policy_enforcement.py:259}}
Aug 26 08:52:15.558181 dv-cinder-852364-5-iscsi neutron-server[117971]: INFO neutron.wsgi [req-50577f86-e7e9-4788-9d23-3dac8dc073e0 req-4bad377f-3487-4364-9e9a-1788f4c50865 tempest-DeleteServersTestJSON-551097629 tempest-DeleteServersTestJSON-551097629-project] 10.222.0.71 "GET /networking/v2.0/ports?device_id=a0b14a44-0641-4121-9855-fe0454700263 HTTP/1.1" status: 200 len: 931 time: 0.1971922
Aug 26 08:52:15.622509 dv-cinder-852364-5-iscsi neutron-server[117972]: DEBUG neutron_lib.callbacks.manager [None req-59b283fe-0405-4206-992f-6ef8d8f3df47 admin admin] Publish callbacks ['neutron.plugins.ml2.ovo_rpc._ObjectChangeHandler.handle_event-16443620'] for security_group (7a0145d2-2a22-4236-958e-198fa5cc3572), after_create {{(pid=117972) _notify_loop /usr/local/lib/python3.8/dist-packages/neutron_lib/callbacks/manager.py:176}}
Aug 26 08:52:15.642414 dv-cinder-852364-5-iscsi neutron-server[117973]: DEBUG neutron_lib.callbacks.manager [None req-7628c94b-25cc-4c89-9480-e9c4298e0c20 None None] Publish callbacks ['neutron.services.segments.db._update_segment_host_mapping_for_agent-8752615228748', 'neutron.plugins.ml2.plugin.Ml2Plugin._retry_binding_revived_agents-744167'] for agent (9ed39212-6422-44be-a333-65e25ec4f110), after_update {{(pid=117973) _notify_loop /usr/local/lib/python3.8/dist-packages/neutron_lib/callbacks/manager.py:176}}
Aug 26 08:52:15.658014 dv-cinder-852364-5-iscsi neutron-server[117974]: DEBUG neutron.db.agents_db [None req-a140f14d-c784-4ca2-b94c-c45b85891542 None None] Agent healthcheck: found 6 active agents {{(pid=117974) agent_health_check /opt/stack/neutron/neutron/db/agents_db.py:317}}
Aug 26 08:52:15.671910 dv-cinder-852364-5-iscsi neutron-server[117971]: DEBUG neutron.notifiers.nova [req-c60f30db-03da-423b-a423-d2c7b504d527 req-5075ad4b-1fbd-4453-ae4c-36b49ba17846 service neutron] Ignoring state change previous_port_status: DOWN current_port_status: DOWN port_id e25e079a-ddfa-4bd3-849d-dd0e1d98c705 {{(pid=117971) record_port_status_changed /opt/stack/neutron/neutron/notifiers/nova.py:233}}
Aug 26 08:52:15.690303 dv-cinder-852364-5-iscsi neutron-server[117971]: DEBUG neutron.wsgi [-] (117971) accepted ('10.222.0.71', 42688) {{(pid=117971) server /usr/local/lib/python3.8/dist-packages/eventlet/wsgi.py:1004}}
Aug 26 08:52:15.732800 dv-cinder-852364-5-iscsi neutron-server[117971]: DEBUG neutron_lib.callbacks.manager [req-c60f30db-03da-423b-a423-d2c7b504d527 req-5075ad4b-1fbd-4453-ae4c-36b49ba17846 service neutron] Publish callbacks [] for port (e25e079a-ddfa-4bd3-849d-dd0e1d98c705), precommit_update {{(pid=117971) _notify_loop /usr/local/lib/python3.8/dist-packages/neutron_lib/callbacks/manager.py:176}}
Aug 26 08:52:15.740079 dv-cinder-852364-5-iscsi neutron-server[117972]: DEBUG dbcounter [-] [117972] Writing DB stats neutron:SELECT=82,neutron:DELETE=8,neutron:INSERT=9,neutron:UPDATE=1 {{(pid=117972) stat_writer /usr/local/lib/python3.8/dist-packages/dbcounter.py:114}}
Aug 26 08:52:15.760206 dv-cinder-852364-5-iscsi neutron-server[117971]: DEBUG neutron.wsgi [-] (117971) accepted ('10.222.0.71', 42690) {{(pid=117971) server /usr/local/lib/python3.8/dist-packages/eventlet/wsgi.py:1004}}
Aug 26 08:52:15.766121 dv-cinder-852364-5-iscsi neutron-server[117971]: DEBUG dbcounter [-] [117971] Writing DB stats neutron:SELECT=95,neutron:INSERT=1,neutron:DELETE=2,neutron:UPDATE=2 {{(pid=117971) stat_writer /usr/local/lib/python3.8/dist-packages/dbcounter.py:114}}
Aug 26 08:52:15.796053 dv-cinder-852364-5-iscsi neutron-server[117971]: DEBUG neutron_lib.callbacks.manager [None req-57b77db4-6ea1-49a4-9716-58fff66793d9 admin admin] Publish callbacks [] for security_group (None), before_create {{(pid=117971) _notify_loop /usr/local/lib/python3.8/dist-packages/neutron_lib/callbacks/manager.py:176}}
Aug 26 08:52:15.799052 dv-cinder-852364-5-iscsi neutron-server[117972]: INFO neutron.wsgi [req-f0632a80-0b1a-4d32-bc1b-a78f83ecc3a9 req-dea4a9ff-98bb-458c-b908-baf08890fd0f tempest-AttachVolumeShelveTestJSON-648548185 tempest-AttachVolumeShelveTestJSON-648548185-project] 10.222.0.71 "GET /networking/v2.0/ports?device_id=8de0d2d4-3218-426b-a548-91c5891780fa HTTP/1.1" status: 200 len: 210 time: 0.2242913
Aug 26 08:52:15.801321 dv-cinder-852364-5-iscsi neutron-server[117972]: DEBUG neutron_lib.callbacks.manager [req-a332ad9f-690e-467e-a2e4-f2d6f8d60574 req-0e9bf44e-b398-48af-8810-96e8f31c1d5d tempest-AttachVolumeTestJSON-39276367 tempest-AttachVolumeTestJSON-39276367-project] Publish callbacks ['neutron.plugins.ml2.plugin.SecurityGroupServerNotifierRpcMixin._notify_sg_on_port_change-639379', 'neutron.plugins.ml2.ovo_rpc._ObjectChangeHandler.handle_event-59653', 'neutron.api.rpc.agentnotifiers.dhcp_rpc_agent_api.DhcpAgentNotifyAPI._native_event_send_dhcp_notification-16257914', 'neutron.db.l3_dvrscheduler_db._notify_l3_agent_new_port-8752614793283'] for port (bacb0225-80ef-4914-92a8-9314236edf1a), after_create {{(pid=117972) _notify_loop /usr/local/lib/python3.8/dist-packages/neutron_lib/callbacks/manager.py:176}}
Aug 26 08:52:15.809016 dv-cinder-852364-5-iscsi neutron-server[117971]: DEBUG neutron_lib.callbacks.manager [None req-19d00dba-c47e-44d9-8efb-dc5af0862930 admin admin] Publish callbacks [] for security_group (None), before_create {{(pid=117971) _notify_loop /usr/local/lib/python3.8/dist-packages/neutron_lib/callbacks/manager.py:176}}
Aug 26 08:52:15.838040 dv-cinder-852364-5-iscsi neutron-server[117971]: INFO neutron.wsgi [req-50577f86-e7e9-4788-9d23-3dac8dc073e0 req-1c7a7742-08b9-4c99-a44f-ccad005d320e tempest-DeleteServersTestJSON-551097629 tempest-DeleteServersTestJSON-551097629-project] 10.222.0.71 "GET /networking/v2.0/security-groups?id=125f5c15-8cf3-4094-b7fb-1d810242c7ff&fields=id&fields=name HTTP/1.1" status: 200 len: 286 time: 0.2598517
Aug 26 08:52:15.909647 dv-cinder-852364-5-iscsi neutron-server[117971]: DEBUG neutron.db.provisioning_blocks [req-c60f30db-03da-423b-a423-d2c7b504d527 req-5075ad4b-1fbd-4453-ae4c-36b49ba17846 service neutron] Transition to ACTIVE for port object e25e079a-ddfa-4bd3-849d-dd0e1d98c705 will not be triggered until provisioned by entity L2. {{(pid=117971) add_provisioning_component /opt/stack/neutron/neutron/db/provisioning_blocks.py:74}}
Aug 26 08:52:15.931014 dv-cinder-852364-5-iscsi neutron-server[117971]: DEBUG neutron_lib.callbacks.manager [req-c60f30db-03da-423b-a423-d2c7b504d527 req-5075ad4b-1fbd-4453-ae4c-36b49ba17846 service neutron] Publish callbacks ['neutron.plugins.ml2.plugin.SecurityGroupServerNotifierRpcMixin._notify_sg_on_port_change-639379', 'neutron.plugins.ml2.ovo_rpc._ObjectChangeHandler.handle_event-59653', 'neutron.api.rpc.agentnotifiers.dhcp_rpc_agent_api.DhcpAgentNotifyAPI._native_event_send_dhcp_notification-16257914', 'neutron.db.l3_db.L3RpcNotifierMixin._notify_gateway_port_ip_changed-8752615287161', 'neutron.db.l3_dvrscheduler_db._notify_l3_agent_port_update-8752614793301', 'neutron.db.l3_hascheduler_db._notify_l3_agent_ha_port_update-8752614793319'] for port (e25e079a-ddfa-4bd3-849d-dd0e1d98c705), after_update {{(pid=117971) _notify_loop /usr/local/lib/python3.8/dist-packages/neutron_lib/callbacks/manager.py:176}}
Aug 26 08:52:15.933710 dv-cinder-852364-5-iscsi neutron-server[117972]: DEBUG neutron.pecan_wsgi.hooks.policy_enforcement [req-e7a0b25c-8187-4632-823d-416abe018801 req-bc50e378-278f-4b6e-b6b8-2582654fb2c1 tempest-ServerRescueNegativeTestJSON-1223166117 tempest-ServerRescueNegativeTestJSON-1223166117-project] Attributes excluded by policy engine: ['standard_attr_id', 'vlan_transparent', 'provider:network_type', 'provider:physical_network', 'provider:segmentation_id'] {{(pid=117972) _exclude_attributes_by_policy /opt/stack/neutron/neutron/pecan_wsgi/hooks/policy_enforcement.py:259}}
Aug 26 08:52:15.939314 dv-cinder-852364-5-iscsi neutron-server[117972]: INFO neutron.wsgi [req-e7a0b25c-8187-4632-823d-416abe018801 req-bc50e378-278f-4b6e-b6b8-2582654fb2c1 tempest-ServerRescueNegativeTestJSON-1223166117 tempest-ServerRescueNegativeTestJSON-1223166117-project] 10.222.0.115 "GET /networking/v2.0/networks?id=0095b163-b541-4b8f-a3b6-64656b6e47e8 HTTP/1.1" status: 200 len: 819 time: 2.7898571
Aug 26 08:52:16.143141 dv-cinder-852364-5-iscsi neutron-server[117971]: DEBUG dbcounter [-] [117971] Writing DB stats neutron:SELECT=87,neutron:UPDATE=4,neutron:INSERT=9 {{(pid=117971) stat_writer /usr/local/lib/python3.8/dist-packages/dbcounter.py:114}}
Aug 26 08:52:16.262379 dv-cinder-852364-5-iscsi neutron-server[117972]: DEBUG neutron.api.v2.base [req-e7a0b25c-8187-4632-823d-416abe018801 req-011a6991-9ad8-4abc-9c51-b14872266d1a tempest-ServerRescueNegativeTestJSON-1223166117 tempest-ServerRescueNegativeTestJSON-1223166117-project] Request body: {'port': {'device_id': '14ea47a3-6a48-4509-8799-634e4e77319c', 'network_id': '0095b163-b541-4b8f-a3b6-64656b6e47e8', 'admin_state_up': True, 'tenant_id': '01d9fa7bc7124476aa295e69b120becd'}} {{(pid=117972) prepare_request_body /opt/stack/neutron/neutron/api/v2/base.py:730}}
Aug 26 08:52:16.397941 dv-cinder-852364-5-iscsi neutron-server[117973]: DEBUG dbcounter [-] [117973] Writing DB stats neutron:SELECT=100 {{(pid=117973) stat_writer /usr/local/lib/python3.8/dist-packages/dbcounter.py:114}}
Aug 26 08:52:16.854140 dv-cinder-852364-5-iscsi neutron-server[117972]: INFO neutron.wsgi [None req-59b283fe-0405-4206-992f-6ef8d8f3df47 admin admin] 10.222.0.71 "GET /networking/v2.0/security-groups?tenant_id=a31c296151c34140ab45ec45754ef9c3&name=default HTTP/1.1" status: 200 len: 2996 time: 3.7022226
Aug 26 08:52:16.856585 dv-cinder-852364-5-iscsi neutron-server[117971]: DEBUG neutron_lib.callbacks.manager [None req-19d00dba-c47e-44d9-8efb-dc5af0862930 admin admin] Publish callbacks [] for security_group (548a650a-cd80-453f-85e9-cd04b68866be), precommit_create {{(pid=117971) _notify_loop /usr/local/lib/python3.8/dist-packages/neutron_lib/callbacks/manager.py:176}}
Aug 26 08:52:16.869016 dv-cinder-852364-5-iscsi neutron-server[117972]: DEBUG neutron.scheduler.dhcp_agent_scheduler [req-a332ad9f-690e-467e-a2e4-f2d6f8d60574 req-0e9bf44e-b398-48af-8810-96e8f31c1d5d tempest-AttachVolumeTestJSON-39276367 tempest-AttachVolumeTestJSON-39276367-project] Network 7b89dcda-85d5-4bc7-8c82-22c051e5c000 is already hosted by enough agents. {{(pid=117972) _get_dhcp_agents_hosting_network /opt/stack/neutron/neutron/scheduler/dhcp_agent_scheduler.py:275}}
Aug 26 08:52:16.870856 dv-cinder-852364-5-iscsi neutron-server[117972]: DEBUG neutron.wsgi [-] (117972) accepted ('10.222.0.71', 42708) {{(pid=117972) server /usr/local/lib/python3.8/dist-packages/eventlet/wsgi.py:1004}}
Aug 26 08:52:16.883671 dv-cinder-852364-5-iscsi neutron-server[117971]: DEBUG neutron.api.rpc.handlers.resources_rpc [None req-5075ad4b-1fbd-4453-ae4c-36b49ba17846 service neutron] Pushing event updated for resources: {'Port': ['ID=e25e079a-ddfa-4bd3-849d-dd0e1d98c705,revision_number=2']} {{(pid=117971) push /opt/stack/neutron/neutron/api/rpc/handlers/resources_rpc.py:237}}
Aug 26 08:52:16.904186 dv-cinder-852364-5-iscsi neutron-server[117972]: DEBUG neutron.scheduler.base_scheduler [req-a332ad9f-690e-467e-a2e4-f2d6f8d60574 req-0e9bf44e-b398-48af-8810-96e8f31c1d5d tempest-AttachVolumeTestJSON-39276367 tempest-AttachVolumeTestJSON-39276367-project] Resources bound (agent type, host, resource id): {{(pid=117972) schedule /opt/stack/neutron/neutron/scheduler/base_scheduler.py:57}}
Aug 26 08:52:16.923274 dv-cinder-852364-5-iscsi neutron-server[117971]: DEBUG neutron_lib.callbacks.manager [None req-19d00dba-c47e-44d9-8efb-dc5af0862930 admin admin] Publish callbacks ['neutron.plugins.ml2.ovo_rpc._ObjectChangeHandler.handle_event-16443620'] for security_group (548a650a-cd80-453f-85e9-cd04b68866be), after_create {{(pid=117971) _notify_loop /usr/local/lib/python3.8/dist-packages/neutron_lib/callbacks/manager.py:176}}
Aug 26 08:52:16.958537 dv-cinder-852364-5-iscsi neutron-server[117972]: INFO neutron.wsgi [req-b13c6425-8036-4d5b-b377-caa13ecdf8f5 req-f87d90b5-5570-4bf4-b171-dc8b6948011b tempest-ServerRescueNegativeTestJSON-1223166117 tempest-ServerRescueNegativeTestJSON-1223166117-project] 10.222.0.71 "GET /networking/v2.0/ports?device_id=14ea47a3-6a48-4509-8799-634e4e77319c HTTP/1.1" status: 200 len: 210 time: 1.0167861
Aug 26 08:52:16.978936 dv-cinder-852364-5-iscsi neutron-server[117972]: DEBUG neutron.db.l3_dvrscheduler_db [req-a332ad9f-690e-467e-a2e4-f2d6f8d60574 req-0e9bf44e-b398-48af-8810-96e8f31c1d5d tempest-AttachVolumeTestJSON-39276367 tempest-AttachVolumeTestJSON-39276367-project] Received port after_create {{(pid=117972) _notify_l3_agent_new_port /opt/stack/neutron/neutron/db/l3_dvrscheduler_db.py:538}}
Aug 26 08:52:16.993877 dv-cinder-852364-5-iscsi neutron-server[117972]: DEBUG neutron.pecan_wsgi.hooks.policy_enforcement [req-a332ad9f-690e-467e-a2e4-f2d6f8d60574 req-0e9bf44e-b398-48af-8810-96e8f31c1d5d tempest-AttachVolumeTestJSON-39276367 tempest-AttachVolumeTestJSON-39276367-project] Attributes excluded by policy engine: ['standard_attr_id', 'binding:profile', 'binding:host_id', 'binding:vif_type', 'binding:vif_details', 'network'] {{(pid=117972) _exclude_attributes_by_policy /opt/stack/neutron/neutron/pecan_wsgi/hooks/policy_enforcement.py:259}}
