Aug 09 10:10:32.859990 dv-cinder-852364-2-smb devstack@keystone.service[80106]: DEBUG keystone.server.flask.request_processing.middleware.auth_context [None req-eb417ee8-da58-4944-9cf5-0499a5df50b5 None None] Validating token access rules against request {{(pid=80106) validate_allowed_request /usr/local/lib/python3.8/dist-packages/keystonemiddleware/auth_token/__init__.py:545}}
Aug 09 10:10:32.876473 dv-cinder-852364-2-smb devstack@keystone.service[80105]: DEBUG dbcounter [-] [80105] Writing DB stats keystone:SELECT=100 {{(pid=80105) stat_writer /usr/local/lib/python3.8/dist-packages/dbcounter.py:114}}
Aug 09 10:10:32.883107 dv-cinder-852364-2-smb devstack@keystone.service[80105]: DEBUG keystone.server.flask.request_processing.middleware.auth_context [None req-a99473be-f1f1-4088-afca-2c8a90848b53 None admin] RBAC: auth_context: {'token': , 'domain_id': None, 'trust_id': None, 'trustor_id': None, 'trustee_id': None, 'domain_name': None, 'group_ids': [], 'user_id': 'f678c8c3c6754b9a81efff6e9db8f623', 'user_domain_id': 'default', 'system_scope': 'all', 'project_id': None, 'project_domain_id': None, 'roles': ['admin', 'member', 'reader'], 'is_admin_project': True, 'service_user_id': None, 'service_user_domain_id': None, 'service_project_id': None, 'service_project_domain_id': None, 'service_roles': []} {{(pid=80105) fill_context /opt/stack/keystone/keystone/server/flask/request_processing/middleware/auth_context.py:478}}
Aug 09 10:10:32.883738 dv-cinder-852364-2-smb devstack@keystone.service[80105]: DEBUG keystone.server.flask.request_processing.req_logging [None req-a99473be-f1f1-4088-afca-2c8a90848b53 None admin] REQUEST_METHOD: `GET` {{(pid=80105) log_request_info /opt/stack/keystone/keystone/server/flask/request_processing/req_logging.py:27}}
Aug 09 10:10:32.884015 dv-cinder-852364-2-smb devstack@keystone.service[80105]: DEBUG keystone.server.flask.request_processing.req_logging [None req-a99473be-f1f1-4088-afca-2c8a90848b53 None admin] SCRIPT_NAME: `/identity` {{(pid=80105) log_request_info /opt/stack/keystone/keystone/server/flask/request_processing/req_logging.py:28}}
Aug 09 10:10:32.884288 dv-cinder-852364-2-smb devstack@keystone.service[80105]: DEBUG keystone.server.flask.request_processing.req_logging [None req-a99473be-f1f1-4088-afca-2c8a90848b53 None admin] PATH_INFO: `/v3/domains/default` {{(pid=80105) log_request_info /opt/stack/keystone/keystone/server/flask/request_processing/req_logging.py:29}}
Aug 09 10:10:32.885609 dv-cinder-852364-2-smb devstack@keystone.service[80105]: DEBUG keystone.common.rbac_enforcer.enforcer [None req-a99473be-f1f1-4088-afca-2c8a90848b53 None admin] RBAC: Authorizing `identity:get_domain(domain_id=default)` {{(pid=80105) enforce_call /opt/stack/keystone/keystone/common/rbac_enforcer/enforcer.py:449}}
Aug 09 10:10:32.887078 dv-cinder-852364-2-smb devstack@keystone.service[80105]: DEBUG keystone.common.rbac_enforcer.enforcer [None req-a99473be-f1f1-4088-afca-2c8a90848b53 None admin] RBAC: Authorization granted {{(pid=80105) enforce_call /opt/stack/keystone/keystone/common/rbac_enforcer/enforcer.py:457}}
Aug 09 10:10:32.889646 dv-cinder-852364-2-smb devstack@keystone.service[80105]: [pid: 80105|app: 0|req: 107/214] 10.222.0.36 () {56 vars in 1108 bytes} [Tue Aug 9 10:10:32 2022] GET /identity/v3/domains/default => generated 199 bytes in 163 msecs (HTTP/1.1 200) 5 headers in 177 bytes (1 switches on core 0)
Aug 09 10:10:32.890670 dv-cinder-852364-2-smb devstack@keystone.service[80105]: DEBUG keystone.server.flask.request_processing.req_logging [None req-ce23f22f-372e-4778-9a16-5481acce81e2 None None] REQUEST_METHOD: `GET` {{(pid=80105) log_request_info /opt/stack/keystone/keystone/server/flask/request_processing/req_logging.py:27}}
Aug 09 10:10:32.890953 dv-cinder-852364-2-smb devstack@keystone.service[80105]: DEBUG keystone.server.flask.request_processing.req_logging [None req-ce23f22f-372e-4778-9a16-5481acce81e2 None None] SCRIPT_NAME: `/identity` {{(pid=80105) log_request_info /opt/stack/keystone/keystone/server/flask/request_processing/req_logging.py:28}}
Aug 09 10:10:32.891221 dv-cinder-852364-2-smb devstack@keystone.service[80105]: DEBUG keystone.server.flask.request_processing.req_logging [None req-ce23f22f-372e-4778-9a16-5481acce81e2 None None] PATH_INFO: `/` {{(pid=80105) log_request_info /opt/stack/keystone/keystone/server/flask/request_processing/req_logging.py:29}}
Aug 09 10:10:32.892556 dv-cinder-852364-2-smb devstack@keystone.service[80105]: [pid: 80105|app: 0|req: 108/215] 10.222.0.36 () {54 vars in 927 bytes} [Tue Aug 9 10:10:32 2022] GET /identity => generated 270 bytes in 2 msecs (HTTP/1.1 300) 6 headers in 234 bytes (1 switches on core 0)
Aug 09 10:10:32.897093 dv-cinder-852364-2-smb devstack@keystone.service[80105]: DEBUG keystone.server.flask.request_processing.middleware.auth_context [None req-ce23f22f-372e-4778-9a16-5481acce81e2 None None] Authenticating user token {{(pid=80105) process_request /usr/local/lib/python3.8/dist-packages/keystonemiddleware/auth_token/__init__.py:407}}
Aug 09 10:10:32.900444 dv-cinder-852364-2-smb devstack@keystone.service[80106]: DEBUG keystone.server.flask.request_processing.middleware.auth_context [None req-85e85bc2-c3a8-41c1-bb3c-afa24db8ca70 None admin] RBAC: auth_context: {'token': , 'domain_id': None, 'trust_id': None, 'trustor_id': None, 'trustee_id': None, 'domain_name': None, 'group_ids': [], 'user_id': 'f678c8c3c6754b9a81efff6e9db8f623', 'user_domain_id': 'default', 'system_scope': 'all', 'project_id': None, 'project_domain_id': None, 'roles': ['admin', 'member', 'reader'], 'is_admin_project': True, 'service_user_id': None, 'service_user_domain_id': None, 'service_project_id': None, 'service_project_domain_id': None, 'service_roles': []} {{(pid=80106) fill_context /opt/stack/keystone/keystone/server/flask/request_processing/middleware/auth_context.py:478}}
Aug 09 10:10:32.901877 dv-cinder-852364-2-smb devstack@keystone.service[80106]: DEBUG keystone.server.flask.request_processing.req_logging [None req-85e85bc2-c3a8-41c1-bb3c-afa24db8ca70 None admin] REQUEST_METHOD: `GET` {{(pid=80106) log_request_info /opt/stack/keystone/keystone/server/flask/request_processing/req_logging.py:27}}
Aug 09 10:10:32.902163 dv-cinder-852364-2-smb devstack@keystone.service[80106]: DEBUG keystone.server.flask.request_processing.req_logging [None req-85e85bc2-c3a8-41c1-bb3c-afa24db8ca70 None admin] SCRIPT_NAME: `/identity` {{(pid=80106) log_request_info /opt/stack/keystone/keystone/server/flask/request_processing/req_logging.py:28}}
Aug 09 10:10:32.902438 dv-cinder-852364-2-smb devstack@keystone.service[80106]: DEBUG keystone.server.flask.request_processing.req_logging [None req-85e85bc2-c3a8-41c1-bb3c-afa24db8ca70 None admin] PATH_INFO: `/v3/roles` {{(pid=80106) log_request_info /opt/stack/keystone/keystone/server/flask/request_processing/req_logging.py:29}}
Aug 09 10:10:32.903631 dv-cinder-852364-2-smb devstack@keystone.service[80106]: DEBUG keystone.common.rbac_enforcer.enforcer [None req-85e85bc2-c3a8-41c1-bb3c-afa24db8ca70 None admin] RBAC: Adding query filter params (name=member) {{(pid=80106) _extract_filter_values /opt/stack/keystone/keystone/common/rbac_enforcer/enforcer.py:167}}
Aug 09 10:10:32.903947 dv-cinder-852364-2-smb devstack@keystone.service[80106]: DEBUG keystone.common.rbac_enforcer.enforcer [None req-85e85bc2-c3a8-41c1-bb3c-afa24db8ca70 None admin] RBAC: Authorizing `identity:list_roles()` {{(pid=80106) enforce_call /opt/stack/keystone/keystone/common/rbac_enforcer/enforcer.py:449}}
Aug 09 10:10:32.905337 dv-cinder-852364-2-smb devstack@keystone.service[80106]: DEBUG keystone.common.rbac_enforcer.enforcer [None req-85e85bc2-c3a8-41c1-bb3c-afa24db8ca70 None admin] RBAC: Authorization granted {{(pid=80106) enforce_call /opt/stack/keystone/keystone/common/rbac_enforcer/enforcer.py:457}}
Aug 09 10:10:32.920240 dv-cinder-852364-2-smb devstack@keystone.service[80106]: [pid: 80106|app: 0|req: 108/216] 10.222.0.36 () {56 vars in 1101 bytes} [Tue Aug 9 10:10:32 2022] GET /identity/v3/roles?name=member => generated 341 bytes in 193 msecs (HTTP/1.1 200) 5 headers in 177 bytes (2 switches on core 0)
Aug 09 10:10:32.920240 dv-cinder-852364-2-smb devstack@keystone.service[80106]: DEBUG keystone.server.flask.request_processing.req_logging [None req-3d0d807f-4ab2-47cf-a2b3-fb0181fc2ee0 None None] REQUEST_METHOD: `POST` {{(pid=80106) log_request_info /opt/stack/keystone/keystone/server/flask/request_processing/req_logging.py:27}}
Aug 09 10:10:32.920240 dv-cinder-852364-2-smb devstack@keystone.service[80106]: DEBUG keystone.server.flask.request_processing.req_logging [None req-3d0d807f-4ab2-47cf-a2b3-fb0181fc2ee0 None None] SCRIPT_NAME: `/identity` {{(pid=80106) log_request_info /opt/stack/keystone/keystone/server/flask/request_processing/req_logging.py:28}}
Aug 09 10:10:32.920240 dv-cinder-852364-2-smb devstack@keystone.service[80106]: DEBUG keystone.server.flask.request_processing.req_logging [None req-3d0d807f-4ab2-47cf-a2b3-fb0181fc2ee0 None None] PATH_INFO: `/v3/auth/tokens` {{(pid=80106) log_request_info /opt/stack/keystone/keystone/server/flask/request_processing/req_logging.py:29}}
Aug 09 10:10:32.937923 dv-cinder-852364-2-smb devstack@keystone.service[80106]: DEBUG keystone.auth.core [None req-3d0d807f-4ab2-47cf-a2b3-fb0181fc2ee0 None None] MFA Rules not processed for user `f678c8c3c6754b9a81efff6e9db8f623`. Rule list: `[]` (Enabled: `True`). {{(pid=80106) check_auth_methods_against_rules /opt/stack/keystone/keystone/auth/core.py:438}}
Aug 09 10:10:32.939100 dv-cinder-852364-2-smb devstack@keystone.service[80106]: DEBUG keystone.common.fernet_utils [None req-3d0d807f-4ab2-47cf-a2b3-fb0181fc2ee0 None None] Loaded 2 Fernet keys from /etc/keystone/fernet-keys/, but `[fernet_tokens] max_active_keys = 3`; perhaps there have not been enough key rotations to reach `max_active_keys` yet? {{(pid=80106) load_keys /opt/stack/keystone/keystone/common/fernet_utils.py:286}}
Aug 09 10:10:33.013766 dv-cinder-852364-2-smb devstack@keystone.service[80105]: DEBUG keystone.server.flask.request_processing.middleware.auth_context [None req-ce23f22f-372e-4778-9a16-5481acce81e2 None None] Validating token access rules against request {{(pid=80105) validate_allowed_request /usr/local/lib/python3.8/dist-packages/keystonemiddleware/auth_token/__init__.py:545}}
Aug 09 10:10:33.014649 dv-cinder-852364-2-smb devstack@keystone.service[80106]: [pid: 80106|app: 0|req: 109/217] 10.222.0.36 () {58 vars in 1024 bytes} [Tue Aug 9 10:10:32 2022] POST /identity/v3/auth/tokens => generated 799 bytes in 99 msecs (HTTP/1.1 201) 6 headers in 363 bytes (1 switches on core 0)
Aug 09 10:10:33.015286 dv-cinder-852364-2-smb devstack@keystone.service[80106]: DEBUG keystone.server.flask.request_processing.middleware.auth_context [None req-3d0d807f-4ab2-47cf-a2b3-fb0181fc2ee0 None None] Authenticating user token {{(pid=80106) process_request /usr/local/lib/python3.8/dist-packages/keystonemiddleware/auth_token/__init__.py:407}}
Aug 09 10:10:33.022958 dv-cinder-852364-2-smb devstack@keystone.service[80106]: DEBUG dbcounter [-] [80106] Writing DB stats keystone:SELECT=100 {{(pid=80106) stat_writer /usr/local/lib/python3.8/dist-packages/dbcounter.py:114}}
Aug 09 10:10:33.065698 dv-cinder-852364-2-smb devstack@keystone.service[80105]: DEBUG keystone.server.flask.request_processing.middleware.auth_context [None req-5a49afc1-1ca5-412d-bd2d-25c209cdfbc8 None admin] RBAC: auth_context: {'token': , 'domain_id': None, 'trust_id': None, 'trustor_id': None, 'trustee_id': None, 'domain_name': None, 'group_ids': [], 'user_id': 'f678c8c3c6754b9a81efff6e9db8f623', 'user_domain_id': 'default', 'system_scope': 'all', 'project_id': None, 'project_domain_id': None, 'roles': ['admin', 'member', 'reader'], 'is_admin_project': True, 'service_user_id': None, 'service_user_domain_id': None, 'service_project_id': None, 'service_project_domain_id': None, 'service_roles': []} {{(pid=80105) fill_context /opt/stack/keystone/keystone/server/flask/request_processing/middleware/auth_context.py:478}}
Aug 09 10:10:33.066351 dv-cinder-852364-2-smb devstack@keystone.service[80105]: DEBUG keystone.server.flask.request_processing.req_logging [None req-5a49afc1-1ca5-412d-bd2d-25c209cdfbc8 None admin] REQUEST_METHOD: `POST` {{(pid=80105) log_request_info /opt/stack/keystone/keystone/server/flask/request_processing/req_logging.py:27}}
Aug 09 10:10:33.066631 dv-cinder-852364-2-smb devstack@keystone.service[80105]: DEBUG keystone.server.flask.request_processing.req_logging [None req-5a49afc1-1ca5-412d-bd2d-25c209cdfbc8 None admin] SCRIPT_NAME: `/identity` {{(pid=80105) log_request_info /opt/stack/keystone/keystone/server/flask/request_processing/req_logging.py:28}}
Aug 09 10:10:33.066908 dv-cinder-852364-2-smb devstack@keystone.service[80105]: DEBUG keystone.server.flask.request_processing.req_logging [None req-5a49afc1-1ca5-412d-bd2d-25c209cdfbc8 None admin] PATH_INFO: `/v3/users` {{(pid=80105) log_request_info /opt/stack/keystone/keystone/server/flask/request_processing/req_logging.py:29}}
Aug 09 10:10:33.067548 dv-cinder-852364-2-smb devstack@keystone.service[80105]: DEBUG keystone.common.rbac_enforcer.enforcer [None req-5a49afc1-1ca5-412d-bd2d-25c209cdfbc8 None admin] RBAC: Authorizing `identity:create_user()` {{(pid=80105) enforce_call /opt/stack/keystone/keystone/common/rbac_enforcer/enforcer.py:449}}
Aug 09 10:10:33.068977 dv-cinder-852364-2-smb devstack@keystone.service[80105]: DEBUG keystone.common.rbac_enforcer.enforcer [None req-5a49afc1-1ca5-412d-bd2d-25c209cdfbc8 None admin] RBAC: Authorization granted {{(pid=80105) enforce_call /opt/stack/keystone/keystone/common/rbac_enforcer/enforcer.py:457}}
Aug 09 10:10:33.092506 dv-cinder-852364-2-smb devstack@keystone.service[80105]: [pid: 80105|app: 0|req: 109/218] 10.222.0.36 () {60 vars in 1132 bytes} [Tue Aug 9 10:10:32 2022] POST /identity/v3/users => generated 297 bytes in 195 msecs (HTTP/1.1 201) 5 headers in 182 bytes (1 switches on core 0)
Aug 09 10:10:33.093328 dv-cinder-852364-2-smb devstack@keystone.service[80105]: DEBUG keystone.server.flask.request_processing.middleware.auth_context [None req-5a49afc1-1ca5-412d-bd2d-25c209cdfbc8 None admin] Authenticating user token {{(pid=80105) process_request /usr/local/lib/python3.8/dist-packages/keystonemiddleware/auth_token/__init__.py:407}}
Aug 09 10:10:33.156341 dv-cinder-852364-2-smb devstack@keystone.service[80106]: DEBUG keystone.server.flask.request_processing.middleware.auth_context [None req-3d0d807f-4ab2-47cf-a2b3-fb0181fc2ee0 None None] Validating token access rules against request {{(pid=80106) validate_allowed_request /usr/local/lib/python3.8/dist-packages/keystonemiddleware/auth_token/__init__.py:545}}
Aug 09 10:10:33.159094 dv-cinder-852364-2-smb devstack@keystone.service[80105]: DEBUG dbcounter [-] [80105] Writing DB stats keystone:SELECT=97,keystone:INSERT=3 {{(pid=80105) stat_writer /usr/local/lib/python3.8/dist-packages/dbcounter.py:114}}
Aug 09 10:10:33.214790 dv-cinder-852364-2-smb devstack@keystone.service[80106]: DEBUG keystone.server.flask.request_processing.middleware.auth_context [None req-8e1e5ddc-a37d-4c8b-9c14-e6abab935a20 None admin] RBAC: auth_context: {'token': , 'domain_id': None, 'trust_id': None, 'trustor_id': None, 'trustee_id': None, 'domain_name': None, 'group_ids': [], 'user_id': 'f678c8c3c6754b9a81efff6e9db8f623', 'user_domain_id': 'default', 'system_scope': 'all', 'project_id': None, 'project_domain_id': None, 'roles': ['admin', 'member', 'reader'], 'is_admin_project': True, 'service_user_id': None, 'service_user_domain_id': None, 'service_project_id': None, 'service_project_domain_id': None, 'service_roles': []} {{(pid=80106) fill_context /opt/stack/keystone/keystone/server/flask/request_processing/middleware/auth_context.py:478}}
Aug 09 10:10:33.217226 dv-cinder-852364-2-smb devstack@keystone.service[80106]: DEBUG keystone.server.flask.request_processing.req_logging [None req-8e1e5ddc-a37d-4c8b-9c14-e6abab935a20 None admin] REQUEST_METHOD: `GET` {{(pid=80106) log_request_info /opt/stack/keystone/keystone/server/flask/request_processing/req_logging.py:27}}
Aug 09 10:10:33.217754 dv-cinder-852364-2-smb devstack@keystone.service[80106]: DEBUG keystone.server.flask.request_processing.req_logging [None req-8e1e5ddc-a37d-4c8b-9c14-e6abab935a20 None admin] SCRIPT_NAME: `/identity` {{(pid=80106) log_request_info /opt/stack/keystone/keystone/server/flask/request_processing/req_logging.py:28}}
Aug 09 10:10:33.218239 dv-cinder-852364-2-smb devstack@keystone.service[80106]: DEBUG keystone.server.flask.request_processing.req_logging [None req-8e1e5ddc-a37d-4c8b-9c14-e6abab935a20 None admin] PATH_INFO: `/v3/users/7970fb6ae80a4b6d89e257409e95126a` {{(pid=80106) log_request_info /opt/stack/keystone/keystone/server/flask/request_processing/req_logging.py:29}}
Aug 09 10:10:33.219180 dv-cinder-852364-2-smb devstack@keystone.service[80105]: DEBUG keystone.server.flask.request_processing.middleware.auth_context [None req-5a49afc1-1ca5-412d-bd2d-25c209cdfbc8 None admin] Validating token access rules against request {{(pid=80105) validate_allowed_request /usr/local/lib/python3.8/dist-packages/keystonemiddleware/auth_token/__init__.py:545}}
Aug 09 10:10:33.239297 dv-cinder-852364-2-smb devstack@keystone.service[80106]: DEBUG keystone.common.rbac_enforcer.enforcer [None req-8e1e5ddc-a37d-4c8b-9c14-e6abab935a20 None admin] RBAC: Authorizing `identity:get_user(user_id=7970fb6ae80a4b6d89e257409e95126a)` {{(pid=80106) enforce_call /opt/stack/keystone/keystone/common/rbac_enforcer/enforcer.py:449}}
Aug 09 10:10:33.241176 dv-cinder-852364-2-smb devstack@keystone.service[80106]: DEBUG keystone.common.rbac_enforcer.enforcer [None req-8e1e5ddc-a37d-4c8b-9c14-e6abab935a20 None admin] RBAC: Authorization granted {{(pid=80106) enforce_call /opt/stack/keystone/keystone/common/rbac_enforcer/enforcer.py:457}}
Aug 09 10:10:33.244080 dv-cinder-852364-2-smb devstack@keystone.service[80106]: [pid: 80106|app: 0|req: 110/219] 10.222.0.36 () {56 vars in 1177 bytes} [Tue Aug 9 10:10:33 2022] GET /identity/v3/users/7970fb6ae80a4b6d89e257409e95126a => generated 297 bytes in 229 msecs (HTTP/1.1 200) 5 headers in 177 bytes (1 switches on core 0)
Aug 09 10:10:33.250914 dv-cinder-852364-2-smb devstack@keystone.service[80106]: DEBUG keystone.server.flask.request_processing.middleware.auth_context [None req-8e1e5ddc-a37d-4c8b-9c14-e6abab935a20 None admin] Authenticating user token {{(pid=80106) process_request /usr/local/lib/python3.8/dist-packages/keystonemiddleware/auth_token/__init__.py:407}}
Aug 09 10:10:33.261314 dv-cinder-852364-2-smb devstack@keystone.service[80105]: DEBUG keystone.server.flask.request_processing.middleware.auth_context [None req-3ffadf82-ca54-478f-a810-f7db3b84480f None admin] RBAC: auth_context: {'token': , 'domain_id': None, 'trust_id': None, 'trustor_id': None, 'trustee_id': None, 'domain_name': None, 'group_ids': [], 'user_id': 'f678c8c3c6754b9a81efff6e9db8f623', 'user_domain_id': 'default', 'system_scope': 'all', 'project_id': None, 'project_domain_id': None, 'roles': ['admin', 'member', 'reader'], 'is_admin_project': True, 'service_user_id': None, 'service_user_domain_id': None, 'service_project_id': None, 'service_project_domain_id': None, 'service_roles': []} {{(pid=80105) fill_context /opt/stack/keystone/keystone/server/flask/request_processing/middleware/auth_context.py:478}}
Aug 09 10:10:33.263378 dv-cinder-852364-2-smb devstack@keystone.service[80105]: DEBUG keystone.server.flask.request_processing.req_logging [None req-3ffadf82-ca54-478f-a810-f7db3b84480f None admin] REQUEST_METHOD: `GET` {{(pid=80105) log_request_info /opt/stack/keystone/keystone/server/flask/request_processing/req_logging.py:27}}
Aug 09 10:10:33.263672 dv-cinder-852364-2-smb devstack@keystone.service[80105]: DEBUG keystone.server.flask.request_processing.req_logging [None req-3ffadf82-ca54-478f-a810-f7db3b84480f None admin] SCRIPT_NAME: `/identity` {{(pid=80105) log_request_info /opt/stack/keystone/keystone/server/flask/request_processing/req_logging.py:28}}
Aug 09 10:10:33.263946 dv-cinder-852364-2-smb devstack@keystone.service[80105]: DEBUG keystone.server.flask.request_processing.req_logging [None req-3ffadf82-ca54-478f-a810-f7db3b84480f None admin] PATH_INFO: `/v3/roles/admin` {{(pid=80105) log_request_info /opt/stack/keystone/keystone/server/flask/request_processing/req_logging.py:29}}
Aug 09 10:10:33.280844 dv-cinder-852364-2-smb devstack@keystone.service[80105]: DEBUG keystone.common.rbac_enforcer.enforcer [None req-3ffadf82-ca54-478f-a810-f7db3b84480f None admin] Extracting inferred target data resulted in "NOT FOUND (404)". {{(pid=80105) enforce_call /opt/stack/keystone/keystone/common/rbac_enforcer/enforcer.py:409}}
Aug 09 10:10:33.287312 dv-cinder-852364-2-smb devstack@keystone.service[80105]: ERROR keystone.server.flask.application [None req-3ffadf82-ca54-478f-a810-f7db3b84480f None admin] Could not find role: admin.: keystone.exception.RoleNotFound: Could not find role: admin.
Aug 09 10:10:33.287312 dv-cinder-852364-2-smb devstack@keystone.service[80105]: ERROR keystone.server.flask.application
Traceback (most recent call last):
Aug 09 10:10:33.287312 dv-cinder-852364-2-smb devstack@keystone.service[80105]: ERROR keystone.server.flask.application
File "/usr/local/lib/python3.8/dist-packages/flask/app.py", line 1820, in full_dispatch_request
Aug 09 10:10:33.287312 dv-cinder-852364-2-smb devstack@keystone.service[80105]: ERROR keystone.server.flask.application rv = self.dispatch_request()
Aug 09 10:10:33.287312 dv-cinder-852364-2-smb devstack@keystone.service[80105]: ERROR keystone.server.flask.application
File "/usr/local/lib/python3.8/dist-packages/flask/app.py", line 1796, in dispatch_request
Aug 09 10:10:33.287312 dv-cinder-852364-2-smb devstack@keystone.service[80105]: ERROR keystone.server.flask.application return self.ensure_sync(self.view_functions[rule.endpoint])(**view_args)
Aug 09 10:10:33.287312 dv-cinder-852364-2-smb devstack@keystone.service[80105]: ERROR keystone.server.flask.application
File "/usr/local/lib/python3.8/dist-packages/flask_restful/__init__.py", line 467, in wrapper
Aug 09 10:10:33.287312 dv-cinder-852364-2-smb devstack@keystone.service[80105]: ERROR keystone.server.flask.application resp = resource(*args, **kwargs)
Aug 09 10:10:33.287312 dv-cinder-852364-2-smb devstack@keystone.service[80105]: ERROR keystone.server.flask.application
File "/usr/local/lib/python3.8/dist-packages/flask/views.py", line 107, in view
Aug 09 10:10:33.287312 dv-cinder-852364-2-smb devstack@keystone.service[80105]: ERROR keystone.server.flask.application return current_app.ensure_sync(self.dispatch_request)(**kwargs)
Aug 09 10:10:33.287312 dv-cinder-852364-2-smb devstack@keystone.service[80105]: ERROR keystone.server.flask.application
File "/usr/local/lib/python3.8/dist-packages/flask_restful/__init__.py", line 582, in dispatch_request
Aug 09 10:10:33.287312 dv-cinder-852364-2-smb devstack@keystone.service[80105]: ERROR keystone.server.flask.application resp = meth(*args, **kwargs)
Aug 09 10:10:33.287312 dv-cinder-852364-2-smb devstack@keystone.service[80105]: ERROR keystone.server.flask.application
File "/opt/stack/keystone/keystone/api/roles.py", line 50, in get
Aug 09 10:10:33.287312 dv-cinder-852364-2-smb devstack@keystone.service[80105]: ERROR keystone.server.flask.application return self._get_role(role_id)
Aug 09 10:10:33.287312 dv-cinder-852364-2-smb devstack@keystone.service[80105]: ERROR keystone.server.flask.application
File "/opt/stack/keystone/keystone/api/roles.py", line 70, in _get_role
Aug 09 10:10:33.287312 dv-cinder-852364-2-smb devstack@keystone.service[80105]: ERROR keystone.server.flask.application ENFORCER.enforce_call(action='identity:get_role')
Aug 09 10:10:33.288195 dv-cinder-852364-2-smb devstack@keystone.service[80105]: ERROR keystone.server.flask.application
File "/opt/stack/keystone/keystone/common/rbac_enforcer/enforcer.py", line 402, in enforce_call
Aug 09 10:10:33.288195 dv-cinder-852364-2-smb devstack@keystone.service[80105]: ERROR keystone.server.flask.application policy_dict.update(cls._extract_member_target_data(
Aug 09 10:10:33.288195 dv-cinder-852364-2-smb devstack@keystone.service[80105]: ERROR keystone.server.flask.application
File "/opt/stack/keystone/keystone/common/rbac_enforcer/enforcer.py", line 234, in _extract_member_target_data
Aug 09 10:10:33.288195 dv-cinder-852364-2-smb devstack@keystone.service[80105]: ERROR keystone.server.flask.application member_name: func(flask.request.view_args[key])
Aug 09 10:10:33.288195 dv-cinder-852364-2-smb devstack@keystone.service[80105]: ERROR keystone.server.flask.application
File "/opt/stack/keystone/keystone/common/manager.py", line 115, in wrapped
Aug 09 10:10:33.288195 dv-cinder-852364-2-smb devstack@keystone.service[80105]: ERROR keystone.server.flask.application __ret_val = __f(*args, **kwargs)
Aug 09 10:10:33.288195 dv-cinder-852364-2-smb devstack@keystone.service[80105]: ERROR keystone.server.flask.application
File "/usr/local/lib/python3.8/dist-packages/decorator.py", line 232, in fun
Aug 09 10:10:33.288195 dv-cinder-852364-2-smb devstack@keystone.service[80105]: ERROR keystone.server.flask.application return caller(func, *(extras + args), **kw)
Aug 09 10:10:33.288195 dv-cinder-852364-2-smb devstack@keystone.service[80105]: ERROR keystone.server.flask.application
File "/usr/local/lib/python3.8/dist-packages/dogpile/cache/region.py", line 1577, in get_or_create_for_user_func
Aug 09 10:10:33.288195 dv-cinder-852364-2-smb devstack@keystone.service[80105]: ERROR keystone.server.flask.application return self.get_or_create(
Aug 09 10:10:33.288195 dv-cinder-852364-2-smb devstack@keystone.service[80105]: ERROR keystone.server.flask.application
File "/usr/local/lib/python3.8/dist-packages/dogpile/cache/region.py", line 1042, in get_or_create
Aug 09 10:10:33.288195 dv-cinder-852364-2-smb devstack@keystone.service[80105]: ERROR keystone.server.flask.application with Lock(
Aug 09 10:10:33.288195 dv-cinder-852364-2-smb devstack@keystone.service[80105]: ERROR keystone.server.flask.application
File "/usr/local/lib/python3.8/dist-packages/dogpile/lock.py", line 185, in __enter__
Aug 09 10:10:33.288195 dv-cinder-852364-2-smb devstack@keystone.service[80105]: ERROR keystone.server.flask.application return self._enter()
Aug 09 10:10:33.288195 dv-cinder-852364-2-smb devstack@keystone.service[80105]: ERROR keystone.server.flask.application
File "/usr/local/lib/python3.8/dist-packages/dogpile/lock.py", line 94, in _enter
Aug 09 10:10:33.288195 dv-cinder-852364-2-smb devstack@keystone.service[80105]: ERROR keystone.server.flask.application generated = self._enter_create(value, createdtime)
Aug 09 10:10:33.289073 dv-cinder-852364-2-smb devstack@keystone.service[80105]: ERROR keystone.server.flask.application
File "/usr/local/lib/python3.8/dist-packages/dogpile/lock.py", line 178, in _enter_create
Aug 09 10:10:33.289073 dv-cinder-852364-2-smb devstack@keystone.service[80105]: ERROR keystone.server.flask.application return self.creator()
Aug 09 10:10:33.289073 dv-cinder-852364-2-smb devstack@keystone.service[80105]: ERROR keystone.server.flask.application
File "/usr/local/lib/python3.8/dist-packages/dogpile/cache/region.py", line 995, in gen_value
Aug 09 10:10:33.289073 dv-cinder-852364-2-smb devstack@keystone.service[80105]: ERROR keystone.server.flask.application created_value = creator(
Aug 09 10:10:33.289073 dv-cinder-852364-2-smb devstack@keystone.service[80105]: ERROR keystone.server.flask.application
File "/opt/stack/keystone/keystone/assignment/core.py", line 1276, in get_role
Aug 09 10:10:33.289073 dv-cinder-852364-2-smb devstack@keystone.service[80105]: ERROR keystone.server.flask.application return self.driver.get_role(role_id)
Aug 09 10:10:33.289073 dv-cinder-852364-2-smb devstack@keystone.service[80105]: ERROR keystone.server.flask.application
File "/opt/stack/keystone/keystone/assignment/role_backends/sql.py", line 70, in get_role
Aug 09 10:10:33.289073 dv-cinder-852364-2-smb devstack@keystone.service[80105]: ERROR keystone.server.flask.application return self._get_role(session, role_id).to_dict()
Aug 09 10:10:33.289073 dv-cinder-852364-2-smb devstack@keystone.service[80105]: ERROR keystone.server.flask.application
File "/opt/stack/keystone/keystone/assignment/role_backends/sql.py", line 65, in _get_role
Aug 09 10:10:33.289073 dv-cinder-852364-2-smb devstack@keystone.service[80105]: ERROR keystone.server.flask.application raise exception.RoleNotFound(role_id=role_id)
Aug 09 10:10:33.289073 dv-cinder-852364-2-smb devstack@keystone.service[80105]: ERROR keystone.server.flask.application keystone.exception.RoleNotFound: Could not find role: admin.
Aug 09 10:10:33.289073 dv-cinder-852364-2-smb devstack@keystone.service[80105]: ERROR keystone.server.flask.application
Aug 09 10:10:33.291250 dv-cinder-852364-2-smb devstack@keystone.service[80105]: [pid: 80105|app: 0|req: 110/220] 10.222.0.36 () {56 vars in 1096 bytes} [Tue Aug 9 10:10:33 2022] GET /identity/v3/roles/admin => generated 83 bytes in 198 msecs (HTTP/1.1 404) 5 headers in 183 bytes (1 switches on core 0)
Aug 09 10:10:33.298447 dv-cinder-852364-2-smb devstack@keystone.service[80105]: DEBUG keystone.server.flask.request_processing.middleware.auth_context [None req-3ffadf82-ca54-478f-a810-f7db3b84480f None admin] Authenticating user token {{(pid=80105) process_request /usr/local/lib/python3.8/dist-packages/keystonemiddleware/auth_token/__init__.py:407}}
Aug 09 10:10:33.335115 dv-cinder-852364-2-smb devstack@keystone.service[80106]: DEBUG dbcounter [-] [80106] Writing DB stats keystone:SELECT=100 {{(pid=80106) stat_writer /usr/local/lib/python3.8/dist-packages/dbcounter.py:114}}
Aug 09 10:10:33.392367 dv-cinder-852364-2-smb devstack@keystone.service[80106]: DEBUG keystone.server.flask.request_processing.middleware.auth_context [None req-8e1e5ddc-a37d-4c8b-9c14-e6abab935a20 None admin] Validating token access rules against request {{(pid=80106) validate_allowed_request /usr/local/lib/python3.8/dist-packages/keystonemiddleware/auth_token/__init__.py:545}}
Aug 09 10:10:33.437449 dv-cinder-852364-2-smb devstack@keystone.service[80105]: DEBUG keystone.server.flask.request_processing.middleware.auth_context [None req-3ffadf82-ca54-478f-a810-f7db3b84480f None admin] Validating token access rules against request {{(pid=80105) validate_allowed_request /usr/local/lib/python3.8/dist-packages/keystonemiddleware/auth_token/__init__.py:545}}
Aug 09 10:10:33.439882 dv-cinder-852364-2-smb devstack@keystone.service[80106]: DEBUG keystone.server.flask.request_processing.middleware.auth_context [None req-f036cdaf-d212-42e5-966b-58eba8469705 None admin] RBAC: auth_context: {'token': , 'domain_id': None, 'trust_id': None, 'trustor_id': None, 'trustee_id': None, 'domain_name': None, 'group_ids': [], 'user_id': 'f678c8c3c6754b9a81efff6e9db8f623', 'user_domain_id': 'default', 'system_scope': 'all', 'project_id': None, 'project_domain_id': None, 'roles': ['admin', 'member', 'reader'], 'is_admin_project': True, 'service_user_id': None, 'service_user_domain_id': None, 'service_project_id': None, 'service_project_domain_id': None, 'service_roles': []} {{(pid=80106) fill_context /opt/stack/keystone/keystone/server/flask/request_processing/middleware/auth_context.py:478}}
Aug 09 10:10:33.440497 dv-cinder-852364-2-smb devstack@keystone.service[80106]: DEBUG keystone.server.flask.request_processing.req_logging [None req-f036cdaf-d212-42e5-966b-58eba8469705 None admin] REQUEST_METHOD: `GET` {{(pid=80106) log_request_info /opt/stack/keystone/keystone/server/flask/request_processing/req_logging.py:27}}
Aug 09 10:10:33.440776 dv-cinder-852364-2-smb devstack@keystone.service[80106]: DEBUG keystone.server.flask.request_processing.req_logging [None req-f036cdaf-d212-42e5-966b-58eba8469705 None admin] SCRIPT_NAME: `/identity` {{(pid=80106) log_request_info /opt/stack/keystone/keystone/server/flask/request_processing/req_logging.py:28}}
Aug 09 10:10:33.441050 dv-cinder-852364-2-smb devstack@keystone.service[80106]: DEBUG keystone.server.flask.request_processing.req_logging [None req-f036cdaf-d212-42e5-966b-58eba8469705 None admin] PATH_INFO: `/v3/auth/tokens` {{(pid=80106) log_request_info /opt/stack/keystone/keystone/server/flask/request_processing/req_logging.py:29}}
Aug 09 10:10:33.457160 dv-cinder-852364-2-smb devstack@keystone.service[80105]: DEBUG dbcounter [-] [80105] Writing DB stats keystone:SELECT=100 {{(pid=80105) stat_writer /usr/local/lib/python3.8/dist-packages/dbcounter.py:114}}
Aug 09 10:10:33.487374 dv-cinder-852364-2-smb devstack@keystone.service[80105]: DEBUG keystone.server.flask.request_processing.middleware.auth_context [None req-cfe55b0d-4c48-4211-850e-d2ae1b6a8f2d None admin] RBAC: auth_context: {'token': , 'domain_id': None, 'trust_id': None, 'trustor_id': None, 'trustee_id': None, 'domain_name': None, 'group_ids': [], 'user_id': 'f678c8c3c6754b9a81efff6e9db8f623', 'user_domain_id': 'default', 'system_scope': 'all', 'project_id': None, 'project_domain_id': None, 'roles': ['admin', 'member', 'reader'], 'is_admin_project': True, 'service_user_id': None, 'service_user_domain_id': None, 'service_project_id': None, 'service_project_domain_id': None, 'service_roles': []} {{(pid=80105) fill_context /opt/stack/keystone/keystone/server/flask/request_processing/middleware/auth_context.py:478}}
Aug 09 10:10:33.489087 dv-cinder-852364-2-smb devstack@keystone.service[80105]: DEBUG keystone.server.flask.request_processing.req_logging [None req-cfe55b0d-4c48-4211-850e-d2ae1b6a8f2d None admin] REQUEST_METHOD: `GET` {{(pid=80105) log_request_info /opt/stack/keystone/keystone/server/flask/request_processing/req_logging.py:27}}
Aug 09 10:10:33.489511 dv-cinder-852364-2-smb devstack@keystone.service[80105]: DEBUG keystone.server.flask.request_processing.req_logging [None req-cfe55b0d-4c48-4211-850e-d2ae1b6a8f2d None admin] SCRIPT_NAME: `/identity` {{(pid=80105) log_request_info /opt/stack/keystone/keystone/server/flask/request_processing/req_logging.py:28}}
Aug 09 10:10:33.489971 dv-cinder-852364-2-smb devstack@keystone.service[80105]: DEBUG keystone.server.flask.request_processing.req_logging [None req-cfe55b0d-4c48-4211-850e-d2ae1b6a8f2d None admin] PATH_INFO: `/v3/roles` {{(pid=80105) log_request_info /opt/stack/keystone/keystone/server/flask/request_processing/req_logging.py:29}}
Aug 09 10:10:33.490783 dv-cinder-852364-2-smb devstack@keystone.service[80105]: DEBUG keystone.common.rbac_enforcer.enforcer [None req-cfe55b0d-4c48-4211-850e-d2ae1b6a8f2d None admin] RBAC: Adding query filter params (name=admin) {{(pid=80105) _extract_filter_values /opt/stack/keystone/keystone/common/rbac_enforcer/enforcer.py:167}}
Aug 09 10:10:33.491226 dv-cinder-852364-2-smb devstack@keystone.service[80105]: DEBUG keystone.common.rbac_enforcer.enforcer [None req-cfe55b0d-4c48-4211-850e-d2ae1b6a8f2d None admin] RBAC: Authorizing `identity:list_roles()` {{(pid=80105) enforce_call /opt/stack/keystone/keystone/common/rbac_enforcer/enforcer.py:449}}
Aug 09 10:10:33.492745 dv-cinder-852364-2-smb devstack@keystone.service[80105]: DEBUG keystone.common.rbac_enforcer.enforcer [None req-cfe55b0d-4c48-4211-850e-d2ae1b6a8f2d None admin] RBAC: Authorization granted {{(pid=80105) enforce_call /opt/stack/keystone/keystone/common/rbac_enforcer/enforcer.py:457}}
Aug 09 10:10:33.505959 dv-cinder-852364-2-smb devstack@keystone.service[80105]: [pid: 80105|app: 0|req: 111/221] 10.222.0.36 () {56 vars in 1099 bytes} [Tue Aug 9 10:10:33 2022] GET /identity/v3/roles?name=admin => generated 339 bytes in 208 msecs (HTTP/1.1 200) 5 headers in 177 bytes (2 switches on core 0)
Aug 09 10:10:33.507436 dv-cinder-852364-2-smb devstack@keystone.service[80105]: DEBUG keystone.server.flask.request_processing.req_logging [None req-c2f25ca0-0e92-45f8-9213-68c5ff590b28 None None] REQUEST_METHOD: `GET` {{(pid=80105) log_request_info /opt/stack/keystone/keystone/server/flask/request_processing/req_logging.py:27}}
Aug 09 10:10:33.508423 dv-cinder-852364-2-smb devstack@keystone.service[80105]: DEBUG keystone.server.flask.request_processing.req_logging [None req-c2f25ca0-0e92-45f8-9213-68c5ff590b28 None None] SCRIPT_NAME: `/identity` {{(pid=80105) log_request_info /opt/stack/keystone/keystone/server/flask/request_processing/req_logging.py:28}}
Aug 09 10:10:33.508847 dv-cinder-852364-2-smb devstack@keystone.service[80105]: DEBUG keystone.server.flask.request_processing.req_logging [None req-c2f25ca0-0e92-45f8-9213-68c5ff590b28 None None] PATH_INFO: `/` {{(pid=80105) log_request_info /opt/stack/keystone/keystone/server/flask/request_processing/req_logging.py:29}}
Aug 09 10:10:33.511133 dv-cinder-852364-2-smb devstack@keystone.service[80105]: [pid: 80105|app: 0|req: 112/222] 10.222.0.36 () {54 vars in 927 bytes} [Tue Aug 9 10:10:33 2022] GET /identity => generated 270 bytes in 4 msecs (HTTP/1.1 300) 6 headers in 234 bytes (1 switches on core 0)
Aug 09 10:10:33.512003 dv-cinder-852364-2-smb devstack@keystone.service[80105]: DEBUG keystone.server.flask.request_processing.middleware.auth_context [None req-c2f25ca0-0e92-45f8-9213-68c5ff590b28 None None] Authenticating user token {{(pid=80105) process_request /usr/local/lib/python3.8/dist-packages/keystonemiddleware/auth_token/__init__.py:407}}
Aug 09 10:10:33.530426 dv-cinder-852364-2-smb devstack@keystone.service[80106]: DEBUG keystone.common.rbac_enforcer.enforcer [None req-f036cdaf-d212-42e5-966b-58eba8469705 None admin] RBAC: Authorizing `identity:validate_token()` {{(pid=80106) enforce_call /opt/stack/keystone/keystone/common/rbac_enforcer/enforcer.py:449}}
Aug 09 10:10:33.532284 dv-cinder-852364-2-smb devstack@keystone.service[80106]: DEBUG keystone.common.rbac_enforcer.enforcer [None req-f036cdaf-d212-42e5-966b-58eba8469705 None admin] RBAC: Authorization granted {{(pid=80106) enforce_call /opt/stack/keystone/keystone/common/rbac_enforcer/enforcer.py:457}}
Aug 09 10:10:33.611202 dv-cinder-852364-2-smb devstack@keystone.service[80106]: DEBUG dbcounter [-] [80106] Writing DB stats keystone:SELECT=100 {{(pid=80106) stat_writer /usr/local/lib/python3.8/dist-packages/dbcounter.py:114}}
Aug 09 10:10:33.628794 dv-cinder-852364-2-smb devstack@keystone.service[80105]: DEBUG keystone.server.flask.request_processing.middleware.auth_context [None req-c2f25ca0-0e92-45f8-9213-68c5ff590b28 None None] Validating token access rules against request {{(pid=80105) validate_allowed_request /usr/local/lib/python3.8/dist-packages/keystonemiddleware/auth_token/__init__.py:545}}
Aug 09 10:10:33.660980 dv-cinder-852364-2-smb devstack@keystone.service[80106]: [pid: 80106|app: 0|req: 111/223] 10.222.0.36 () {58 vars in 1282 bytes} [Tue Aug 9 10:10:33 2022] GET /identity/v3/auth/tokens => generated 799 bytes in 410 msecs (HTTP/1.1 200) 6 headers in 358 bytes (1 switches on core 0)
Aug 09 10:10:33.665807 dv-cinder-852364-2-smb devstack@keystone.service[80106]: DEBUG keystone.server.flask.request_processing.req_logging [None req-7854a509-eaca-459e-a73d-216a0b438292 None None] REQUEST_METHOD: `POST` {{(pid=80106) log_request_info /opt/stack/keystone/keystone/server/flask/request_processing/req_logging.py:27}}
Aug 09 10:10:33.665807 dv-cinder-852364-2-smb devstack@keystone.service[80106]: DEBUG keystone.server.flask.request_processing.req_logging [None req-7854a509-eaca-459e-a73d-216a0b438292 None None] SCRIPT_NAME: `/identity` {{(pid=80106) log_request_info /opt/stack/keystone/keystone/server/flask/request_processing/req_logging.py:28}}
Aug 09 10:10:33.665807 dv-cinder-852364-2-smb devstack@keystone.service[80106]: DEBUG keystone.server.flask.request_processing.req_logging [None req-7854a509-eaca-459e-a73d-216a0b438292 None None] PATH_INFO: `/v3/auth/tokens` {{(pid=80106) log_request_info /opt/stack/keystone/keystone/server/flask/request_processing/req_logging.py:29}}
Aug 09 10:10:33.676250 dv-cinder-852364-2-smb devstack@keystone.service[80105]: DEBUG keystone.server.flask.request_processing.middleware.auth_context [None req-26491ca3-7260-4fdd-a995-0c0dae564d56 None admin] RBAC: auth_context: {'token': , 'domain_id': None, 'trust_id': None, 'trustor_id': None, 'trustee_id': None, 'domain_name': None, 'group_ids': [], 'user_id': 'f678c8c3c6754b9a81efff6e9db8f623', 'user_domain_id': 'default', 'system_scope': 'all', 'project_id': None, 'project_domain_id': None, 'roles': ['admin', 'member', 'reader'], 'is_admin_project': True, 'service_user_id': None, 'service_user_domain_id': None, 'service_project_id': None, 'service_project_domain_id': None, 'service_roles': []} {{(pid=80105) fill_context /opt/stack/keystone/keystone/server/flask/request_processing/middleware/auth_context.py:478}}
Aug 09 10:10:33.677598 dv-cinder-852364-2-smb devstack@keystone.service[80105]: DEBUG keystone.server.flask.request_processing.req_logging [None req-26491ca3-7260-4fdd-a995-0c0dae564d56 None admin] REQUEST_METHOD: `GET` {{(pid=80105) log_request_info /opt/stack/keystone/keystone/server/flask/request_processing/req_logging.py:27}}
Aug 09 10:10:33.678054 dv-cinder-852364-2-smb devstack@keystone.service[80105]: DEBUG keystone.server.flask.request_processing.req_logging [None req-26491ca3-7260-4fdd-a995-0c0dae564d56 None admin] SCRIPT_NAME: `/identity` {{(pid=80105) log_request_info /opt/stack/keystone/keystone/server/flask/request_processing/req_logging.py:28}}
Aug 09 10:10:33.678485 dv-cinder-852364-2-smb devstack@keystone.service[80105]: DEBUG keystone.server.flask.request_processing.req_logging [None req-26491ca3-7260-4fdd-a995-0c0dae564d56 None admin] PATH_INFO: `/v3/users/3fcb59cb02c043d5963d092efc198d4a` {{(pid=80105) log_request_info /opt/stack/keystone/keystone/server/flask/request_processing/req_logging.py:29}}
Aug 09 10:10:33.679999 dv-cinder-852364-2-smb devstack@keystone.service[80105]: DEBUG keystone.common.rbac_enforcer.enforcer [None req-26491ca3-7260-4fdd-a995-0c0dae564d56 None admin] RBAC: Authorizing `identity:get_user(user_id=3fcb59cb02c043d5963d092efc198d4a)` {{(pid=80105) enforce_call /opt/stack/keystone/keystone/common/rbac_enforcer/enforcer.py:449}}
Aug 09 10:10:33.681574 dv-cinder-852364-2-smb devstack@keystone.service[80105]: DEBUG keystone.common.rbac_enforcer.enforcer [None req-26491ca3-7260-4fdd-a995-0c0dae564d56 None admin] RBAC: Authorization granted {{(pid=80105) enforce_call /opt/stack/keystone/keystone/common/rbac_enforcer/enforcer.py:457}}
Aug 09 10:10:33.683369 dv-cinder-852364-2-smb devstack@keystone.service[80106]: DEBUG keystone.auth.core [None req-7854a509-eaca-459e-a73d-216a0b438292 None None] MFA Rules not processed for user `f678c8c3c6754b9a81efff6e9db8f623`. Rule list: `[]` (Enabled: `True`). {{(pid=80106) check_auth_methods_against_rules /opt/stack/keystone/keystone/auth/core.py:438}}
Aug 09 10:10:33.683745 dv-cinder-852364-2-smb devstack@keystone.service[80105]: [pid: 80105|app: 0|req: 113/224] 10.222.0.36 () {56 vars in 1177 bytes} [Tue Aug 9 10:10:33 2022] GET /identity/v3/users/3fcb59cb02c043d5963d092efc198d4a => generated 283 bytes in 172 msecs (HTTP/1.1 200) 5 headers in 177 bytes (1 switches on core 0)
Aug 09 10:10:33.685207 dv-cinder-852364-2-smb devstack@keystone.service[80105]: DEBUG keystone.server.flask.request_processing.middleware.auth_context [None req-26491ca3-7260-4fdd-a995-0c0dae564d56 None admin] Authenticating user token {{(pid=80105) process_request /usr/local/lib/python3.8/dist-packages/keystonemiddleware/auth_token/__init__.py:407}}
Aug 09 10:10:33.685521 dv-cinder-852364-2-smb devstack@keystone.service[80106]: DEBUG keystone.common.fernet_utils [None req-7854a509-eaca-459e-a73d-216a0b438292 None None] Loaded 2 Fernet keys from /etc/keystone/fernet-keys/, but `[fernet_tokens] max_active_keys = 3`; perhaps there have not been enough key rotations to reach `max_active_keys` yet? {{(pid=80106) load_keys /opt/stack/keystone/keystone/common/fernet_utils.py:286}}
Aug 09 10:10:33.735189 dv-cinder-852364-2-smb devstack@keystone.service[80105]: DEBUG dbcounter [-] [80105] Writing DB stats keystone:SELECT=100 {{(pid=80105) stat_writer /usr/local/lib/python3.8/dist-packages/dbcounter.py:114}}
Aug 09 10:10:33.780550 dv-cinder-852364-2-smb devstack@keystone.service[80106]: [pid: 80106|app: 0|req: 112/225] 10.222.0.36 () {58 vars in 1024 bytes} [Tue Aug 9 10:10:33 2022] POST /identity/v3/auth/tokens => generated 799 bytes in 119 msecs (HTTP/1.1 201) 6 headers in 363 bytes (1 switches on core 0)
Aug 09 10:10:33.781933 dv-cinder-852364-2-smb devstack@keystone.service[80106]: DEBUG keystone.server.flask.request_processing.middleware.auth_context [None req-7854a509-eaca-459e-a73d-216a0b438292 None None] Authenticating user token {{(pid=80106) process_request /usr/local/lib/python3.8/dist-packages/keystonemiddleware/auth_token/__init__.py:407}}
Aug 09 10:10:33.794054 dv-cinder-852364-2-smb devstack@keystone.service[80105]: DEBUG keystone.server.flask.request_processing.middleware.auth_context [None req-26491ca3-7260-4fdd-a995-0c0dae564d56 None admin] Validating token access rules against request {{(pid=80105) validate_allowed_request /usr/local/lib/python3.8/dist-packages/keystonemiddleware/auth_token/__init__.py:545}}
Aug 09 10:10:33.830480 dv-cinder-852364-2-smb devstack@keystone.service[80105]: DEBUG keystone.server.flask.request_processing.middleware.auth_context [None req-a7f4f7b0-cb41-4ab9-886b-35e4780696ae None admin] RBAC: auth_context: {'token': , 'domain_id': None, 'trust_id': None, 'trustor_id': None, 'trustee_id': None, 'domain_name': None, 'group_ids': [], 'user_id': 'f678c8c3c6754b9a81efff6e9db8f623', 'user_domain_id': 'default', 'system_scope': 'all', 'project_id': None, 'project_domain_id': None, 'roles': ['admin', 'member', 'reader'], 'is_admin_project': True, 'service_user_id': None, 'service_user_domain_id': None, 'service_project_id': None, 'service_project_domain_id': None, 'service_roles': []} {{(pid=80105) fill_context /opt/stack/keystone/keystone/server/flask/request_processing/middleware/auth_context.py:478}}
Aug 09 10:10:33.831111 dv-cinder-852364-2-smb devstack@keystone.service[80105]: DEBUG keystone.server.flask.request_processing.req_logging [None req-a7f4f7b0-cb41-4ab9-886b-35e4780696ae None admin] REQUEST_METHOD: `GET` {{(pid=80105) log_request_info /opt/stack/keystone/keystone/server/flask/request_processing/req_logging.py:27}}
Aug 09 10:10:33.831387 dv-cinder-852364-2-smb devstack@keystone.service[80105]: DEBUG keystone.server.flask.request_processing.req_logging [None req-a7f4f7b0-cb41-4ab9-886b-35e4780696ae None admin] SCRIPT_NAME: `/identity` {{(pid=80105) log_request_info /opt/stack/keystone/keystone/server/flask/request_processing/req_logging.py:28}}
Aug 09 10:10:33.831651 dv-cinder-852364-2-smb devstack@keystone.service[80105]: DEBUG keystone.server.flask.request_processing.req_logging [None req-a7f4f7b0-cb41-4ab9-886b-35e4780696ae None admin] PATH_INFO: `/v3/projects/a0b7ec3eb0324b10934f50e12805a4e4` {{(pid=80105) log_request_info /opt/stack/keystone/keystone/server/flask/request_processing/req_logging.py:29}}
Aug 09 10:10:33.832814 dv-cinder-852364-2-smb devstack@keystone.service[80105]: DEBUG keystone.common.rbac_enforcer.enforcer [None req-a7f4f7b0-cb41-4ab9-886b-35e4780696ae None admin] RBAC: Authorizing `identity:get_project(project_id=a0b7ec3eb0324b10934f50e12805a4e4)` {{(pid=80105) enforce_call /opt/stack/keystone/keystone/common/rbac_enforcer/enforcer.py:449}}
Aug 09 10:10:33.834324 dv-cinder-852364-2-smb devstack@keystone.service[80105]: DEBUG keystone.common.rbac_enforcer.enforcer [None req-a7f4f7b0-cb41-4ab9-886b-35e4780696ae None admin] RBAC: Authorization granted {{(pid=80105) enforce_call /opt/stack/keystone/keystone/common/rbac_enforcer/enforcer.py:457}}
Aug 09 10:10:33.835989 dv-cinder-852364-2-smb devstack@keystone.service[80105]: [pid: 80105|app: 0|req: 114/226] 10.222.0.36 () {56 vars in 1186 bytes} [Tue Aug 9 10:10:33 2022] GET /identity/v3/projects/a0b7ec3eb0324b10934f50e12805a4e4 => generated 302 bytes in 152 msecs (HTTP/1.1 200) 5 headers in 177 bytes (1 switches on core 0)
Aug 09 10:10:33.836814 dv-cinder-852364-2-smb devstack@keystone.service[80105]: DEBUG keystone.server.flask.request_processing.middleware.auth_context [None req-a7f4f7b0-cb41-4ab9-886b-35e4780696ae None admin] Authenticating user token {{(pid=80105) process_request /usr/local/lib/python3.8/dist-packages/keystonemiddleware/auth_token/__init__.py:407}}
Aug 09 10:10:33.900660 dv-cinder-852364-2-smb devstack@keystone.service[80106]: DEBUG dbcounter [-] [80106] Writing DB stats keystone:SELECT=100 {{(pid=80106) stat_writer /usr/local/lib/python3.8/dist-packages/dbcounter.py:114}}
Aug 09 10:10:33.910348 dv-cinder-852364-2-smb devstack@keystone.service[80106]: DEBUG keystone.server.flask.request_processing.middleware.auth_context [None req-7854a509-eaca-459e-a73d-216a0b438292 None None] Validating token access rules against request {{(pid=80106) validate_allowed_request /usr/local/lib/python3.8/dist-packages/keystonemiddleware/auth_token/__init__.py:545}}
Aug 09 10:10:33.951050 dv-cinder-852364-2-smb devstack@keystone.service[80105]: DEBUG keystone.server.flask.request_processing.middleware.auth_context [None req-a7f4f7b0-cb41-4ab9-886b-35e4780696ae None admin] Validating token access rules against request {{(pid=80105) validate_allowed_request /usr/local/lib/python3.8/dist-packages/keystonemiddleware/auth_token/__init__.py:545}}
