Aug 10 12:24:47.651985 dv-cinder-852261-3-smb devstack@c-api.service[110843]: INFO cinder.api.openstack.wsgi [None req-ba3e264a-fa9a-4b9e-85ee-84fbd99ce46a tempest-VolumesDeleteCascade-1092528215 tempest-VolumesDeleteCascade-1092528215-project] GET http://10.222.0.42/volume/v3/631a431f50064d9d9369e16f1f97c38e/volumes/f8fb57e5-0d78-4f60-9b5b-bf46a83d8c6d
Aug 10 12:24:47.652498 dv-cinder-852261-3-smb devstack@c-api.service[110843]: DEBUG cinder.api.openstack.wsgi [None req-ba3e264a-fa9a-4b9e-85ee-84fbd99ce46a tempest-VolumesDeleteCascade-1092528215 tempest-VolumesDeleteCascade-1092528215-project] Empty body provided in request {{(pid=110843) get_body /opt/stack/cinder/cinder/api/openstack/wsgi.py:715}}
Aug 10 12:24:47.653024 dv-cinder-852261-3-smb devstack@c-api.service[110843]: DEBUG cinder.api.openstack.wsgi [None req-ba3e264a-fa9a-4b9e-85ee-84fbd99ce46a tempest-VolumesDeleteCascade-1092528215 tempest-VolumesDeleteCascade-1092528215-project] Calling method 'show' {{(pid=110843) _process_stack /opt/stack/cinder/cinder/api/openstack/wsgi.py:868}}
Aug 10 12:24:47.667419 dv-cinder-852261-3-smb devstack@c-api.service[110843]: /usr/local/lib/python3.8/dist-packages/oslo_context/context.py:100: DeprecationWarning: Policy enforcement is depending on the value of is_admin. This key is deprecated. Please update your policy file to use the standard policy values.
Aug 10 12:24:47.667419 dv-cinder-852261-3-smb devstack@c-api.service[110843]: warnings.warn('Policy enforcement is depending on the value of '
Aug 10 12:24:47.676863 dv-cinder-852261-3-smb devstack@c-api.service[110843]: INFO cinder.volume.api [None req-ba3e264a-fa9a-4b9e-85ee-84fbd99ce46a tempest-VolumesDeleteCascade-1092528215 tempest-VolumesDeleteCascade-1092528215-project] Volume info retrieved successfully.
Aug 10 12:24:47.690840 dv-cinder-852261-3-smb devstack@c-api.service[110843]: INFO cinder.api.openstack.wsgi [None req-ba3e264a-fa9a-4b9e-85ee-84fbd99ce46a tempest-VolumesDeleteCascade-1092528215 tempest-VolumesDeleteCascade-1092528215-project] http://10.222.0.42/volume/v3/631a431f50064d9d9369e16f1f97c38e/volumes/f8fb57e5-0d78-4f60-9b5b-bf46a83d8c6d returned with HTTP 200
Aug 10 12:24:47.706950 dv-cinder-852261-3-smb devstack@c-api.service[110843]: [pid: 110843|app: 0|req: 195/374] 10.222.0.42 () {58 vars in 1325 bytes} [Wed Aug 10 12:24:47 2022] GET /volume/v3/631a431f50064d9d9369e16f1f97c38e/volumes/f8fb57e5-0d78-4f60-9b5b-bf46a83d8c6d => generated 947 bytes in 60 msecs (HTTP/1.1 200) 7 headers in 285 bytes (1 switches on core 0)
Aug 10 12:24:47.709617 dv-cinder-852261-3-smb devstack@c-api.service[110842]: DEBUG cinder.api.middleware.request_id [None req-39265d6a-a2ad-422c-9dc0-34033dcdba72 None None] RequestId filter calling following filter/app {{(pid=110842) _context_setter /opt/stack/cinder/cinder/api/middleware/request_id.py:62}}
Aug 10 12:24:47.713872 dv-cinder-852261-3-smb devstack@c-api.service[110842]: INFO cinder.api.openstack.wsgi [None req-39265d6a-a2ad-422c-9dc0-34033dcdba72 tempest-VolumesDeleteCascade-1092528215 tempest-VolumesDeleteCascade-1092528215-project] GET http://10.222.0.42/volume/v3/631a431f50064d9d9369e16f1f97c38e/volumes/f8fb57e5-0d78-4f60-9b5b-bf46a83d8c6d
Aug 10 12:24:47.714414 dv-cinder-852261-3-smb devstack@c-api.service[110842]: DEBUG cinder.api.openstack.wsgi [None req-39265d6a-a2ad-422c-9dc0-34033dcdba72 tempest-VolumesDeleteCascade-1092528215 tempest-VolumesDeleteCascade-1092528215-project] Empty body provided in request {{(pid=110842) get_body /opt/stack/cinder/cinder/api/openstack/wsgi.py:715}}
Aug 10 12:24:47.714961 dv-cinder-852261-3-smb devstack@c-api.service[110842]: DEBUG cinder.api.openstack.wsgi [None req-39265d6a-a2ad-422c-9dc0-34033dcdba72 tempest-VolumesDeleteCascade-1092528215 tempest-VolumesDeleteCascade-1092528215-project] Calling method 'show' {{(pid=110842) _process_stack /opt/stack/cinder/cinder/api/openstack/wsgi.py:868}}
Aug 10 12:24:47.741679 dv-cinder-852261-3-smb devstack@c-api.service[110843]: DEBUG cinder.api.middleware.request_id [None req-abd45cf3-d824-406c-bee7-22b24c3e506e None None] RequestId filter calling following filter/app {{(pid=110843) _context_setter /opt/stack/cinder/cinder/api/middleware/request_id.py:62}}
Aug 10 12:24:47.747260 dv-cinder-852261-3-smb devstack@c-api.service[110843]: INFO cinder.api.openstack.wsgi [None req-abd45cf3-d824-406c-bee7-22b24c3e506e tempest-VolumeManageAdminTest-1873369669 tempest-VolumeManageAdminTest-1873369669-project-admin] GET http://10.222.0.42/volume/v3/2dc17df8ae07454c84fcb9a2183551a3/volumes/23b2323e-8d17-41c5-ab9e-e4c0cf6239eb
Aug 10 12:24:47.747696 dv-cinder-852261-3-smb devstack@c-api.service[110843]: DEBUG cinder.api.openstack.wsgi [None req-abd45cf3-d824-406c-bee7-22b24c3e506e tempest-VolumeManageAdminTest-1873369669 tempest-VolumeManageAdminTest-1873369669-project-admin] Empty body provided in request {{(pid=110843) get_body /opt/stack/cinder/cinder/api/openstack/wsgi.py:715}}
Aug 10 12:24:47.762231 dv-cinder-852261-3-smb devstack@c-api.service[110843]: DEBUG cinder.api.openstack.wsgi [None req-abd45cf3-d824-406c-bee7-22b24c3e506e tempest-VolumeManageAdminTest-1873369669 tempest-VolumeManageAdminTest-1873369669-project-admin] Calling method 'show' {{(pid=110843) _process_stack /opt/stack/cinder/cinder/api/openstack/wsgi.py:868}}
Aug 10 12:24:47.763548 dv-cinder-852261-3-smb devstack@c-api.service[110842]: /usr/local/lib/python3.8/dist-packages/oslo_context/context.py:100: DeprecationWarning: Policy enforcement is depending on the value of is_admin. This key is deprecated. Please update your policy file to use the standard policy values.
Aug 10 12:24:47.763548 dv-cinder-852261-3-smb devstack@c-api.service[110842]: warnings.warn('Policy enforcement is depending on the value of '
Aug 10 12:24:47.777170 dv-cinder-852261-3-smb devstack@c-api.service[110842]: INFO cinder.volume.api [None req-39265d6a-a2ad-422c-9dc0-34033dcdba72 tempest-VolumesDeleteCascade-1092528215 tempest-VolumesDeleteCascade-1092528215-project] Volume info retrieved successfully.
Aug 10 12:24:47.789545 dv-cinder-852261-3-smb devstack@c-api.service[110843]: /usr/local/lib/python3.8/dist-packages/oslo_context/context.py:100: DeprecationWarning: Policy enforcement is depending on the value of is_admin. This key is deprecated. Please update your policy file to use the standard policy values.
Aug 10 12:24:47.789545 dv-cinder-852261-3-smb devstack@c-api.service[110843]: warnings.warn('Policy enforcement is depending on the value of '
Aug 10 12:24:47.795365 dv-cinder-852261-3-smb devstack@c-api.service[110842]: INFO cinder.api.openstack.wsgi [None req-39265d6a-a2ad-422c-9dc0-34033dcdba72 tempest-VolumesDeleteCascade-1092528215 tempest-VolumesDeleteCascade-1092528215-project] http://10.222.0.42/volume/v3/631a431f50064d9d9369e16f1f97c38e/volumes/f8fb57e5-0d78-4f60-9b5b-bf46a83d8c6d returned with HTTP 200
Aug 10 12:24:47.800966 dv-cinder-852261-3-smb devstack@c-api.service[110842]: [pid: 110842|app: 0|req: 180/375] 10.222.0.42 () {58 vars in 1325 bytes} [Wed Aug 10 12:24:47 2022] GET /volume/v3/631a431f50064d9d9369e16f1f97c38e/volumes/f8fb57e5-0d78-4f60-9b5b-bf46a83d8c6d => generated 947 bytes in 94 msecs (HTTP/1.1 200) 7 headers in 285 bytes (2 switches on core 0)
Aug 10 12:24:47.814041 dv-cinder-852261-3-smb devstack@c-api.service[110843]: INFO cinder.volume.api [None req-abd45cf3-d824-406c-bee7-22b24c3e506e tempest-VolumeManageAdminTest-1873369669 tempest-VolumeManageAdminTest-1873369669-project-admin] Volume info retrieved successfully.
Aug 10 12:24:47.819665 dv-cinder-852261-3-smb devstack@c-api.service[110842]: DEBUG cinder.api.middleware.request_id [None req-877f1b9f-4e0f-4b17-a502-118821c66b2b None None] RequestId filter calling following filter/app {{(pid=110842) _context_setter /opt/stack/cinder/cinder/api/middleware/request_id.py:62}}
Aug 10 12:24:47.821658 dv-cinder-852261-3-smb devstack@c-api.service[110843]: INFO cinder.api.openstack.wsgi [None req-abd45cf3-d824-406c-bee7-22b24c3e506e tempest-VolumeManageAdminTest-1873369669 tempest-VolumeManageAdminTest-1873369669-project-admin] http://10.222.0.42/volume/v3/2dc17df8ae07454c84fcb9a2183551a3/volumes/23b2323e-8d17-41c5-ab9e-e4c0cf6239eb returned with HTTP 200
Aug 10 12:24:47.822425 dv-cinder-852261-3-smb devstack@c-api.service[110843]: [pid: 110843|app: 0|req: 196/376] 10.222.0.42 () {58 vars in 1325 bytes} [Wed Aug 10 12:24:47 2022] GET /volume/v3/2dc17df8ae07454c84fcb9a2183551a3/volumes/23b2323e-8d17-41c5-ab9e-e4c0cf6239eb => generated 1079 bytes in 83 msecs (HTTP/1.1 200) 7 headers in 286 bytes (1 switches on core 0)
Aug 10 12:24:47.828022 dv-cinder-852261-3-smb devstack@c-api.service[110842]: INFO cinder.api.openstack.wsgi [None req-877f1b9f-4e0f-4b17-a502-118821c66b2b tempest-VolumesDeleteCascade-1092528215 tempest-VolumesDeleteCascade-1092528215-project] DELETE http://10.222.0.42/volume/v3/631a431f50064d9d9369e16f1f97c38e/volumes/61f429b4-fe42-4097-8e66-26810aa1bbd3?cascade=True
Aug 10 12:24:47.830037 dv-cinder-852261-3-smb devstack@c-api.service[110842]: DEBUG cinder.api.openstack.wsgi [None req-877f1b9f-4e0f-4b17-a502-118821c66b2b tempest-VolumesDeleteCascade-1092528215 tempest-VolumesDeleteCascade-1092528215-project] Empty body provided in request {{(pid=110842) get_body /opt/stack/cinder/cinder/api/openstack/wsgi.py:715}}
Aug 10 12:24:47.832767 dv-cinder-852261-3-smb devstack@c-api.service[110842]: DEBUG cinder.api.openstack.wsgi [None req-877f1b9f-4e0f-4b17-a502-118821c66b2b tempest-VolumesDeleteCascade-1092528215 tempest-VolumesDeleteCascade-1092528215-project] Calling method 'delete' {{(pid=110842) _process_stack /opt/stack/cinder/cinder/api/openstack/wsgi.py:868}}
Aug 10 12:24:47.833450 dv-cinder-852261-3-smb devstack@c-api.service[110842]: INFO cinder.api.v3.volumes [None req-877f1b9f-4e0f-4b17-a502-118821c66b2b tempest-VolumesDeleteCascade-1092528215 tempest-VolumesDeleteCascade-1092528215-project] Delete volume with id: 61f429b4-fe42-4097-8e66-26810aa1bbd3
Aug 10 12:24:47.842782 dv-cinder-852261-3-smb devstack@c-api.service[110843]: DEBUG cinder.api.middleware.request_id [None req-37181e97-b321-4416-9eac-ef633c2a65a2 None None] RequestId filter calling following filter/app {{(pid=110843) _context_setter /opt/stack/cinder/cinder/api/middleware/request_id.py:62}}
Aug 10 12:24:47.849855 dv-cinder-852261-3-smb devstack@c-api.service[110843]: INFO cinder.api.openstack.wsgi [None req-37181e97-b321-4416-9eac-ef633c2a65a2 tempest-VolumeManageAdminTest-1873369669 tempest-VolumeManageAdminTest-1873369669-project-admin] GET http://10.222.0.42/volume/v3/2dc17df8ae07454c84fcb9a2183551a3/volumes/23b2323e-8d17-41c5-ab9e-e4c0cf6239eb
Aug 10 12:24:47.850807 dv-cinder-852261-3-smb devstack@c-api.service[110843]: DEBUG cinder.api.openstack.wsgi [None req-37181e97-b321-4416-9eac-ef633c2a65a2 tempest-VolumeManageAdminTest-1873369669 tempest-VolumeManageAdminTest-1873369669-project-admin] Empty body provided in request {{(pid=110843) get_body /opt/stack/cinder/cinder/api/openstack/wsgi.py:715}}
Aug 10 12:24:47.850807 dv-cinder-852261-3-smb devstack@c-api.service[110843]: DEBUG cinder.api.openstack.wsgi [None req-37181e97-b321-4416-9eac-ef633c2a65a2 tempest-VolumeManageAdminTest-1873369669 tempest-VolumeManageAdminTest-1873369669-project-admin] Calling method 'show' {{(pid=110843) _process_stack /opt/stack/cinder/cinder/api/openstack/wsgi.py:868}}
Aug 10 12:24:47.854826 dv-cinder-852261-3-smb devstack@c-api.service[110842]: /usr/local/lib/python3.8/dist-packages/oslo_context/context.py:100: DeprecationWarning: Policy enforcement is depending on the value of is_admin. This key is deprecated. Please update your policy file to use the standard policy values.
Aug 10 12:24:47.854826 dv-cinder-852261-3-smb devstack@c-api.service[110842]: warnings.warn('Policy enforcement is depending on the value of '
Aug 10 12:24:47.856396 dv-cinder-852261-3-smb devstack@c-api.service[110842]: INFO cinder.volume.api [None req-877f1b9f-4e0f-4b17-a502-118821c66b2b tempest-VolumesDeleteCascade-1092528215 tempest-VolumesDeleteCascade-1092528215-project] Volume info retrieved successfully.
Aug 10 12:24:47.868552 dv-cinder-852261-3-smb devstack@c-api.service[110843]: /usr/local/lib/python3.8/dist-packages/oslo_context/context.py:100: DeprecationWarning: Policy enforcement is depending on the value of is_admin. This key is deprecated. Please update your policy file to use the standard policy values.
Aug 10 12:24:47.868552 dv-cinder-852261-3-smb devstack@c-api.service[110843]: warnings.warn('Policy enforcement is depending on the value of '
Aug 10 12:24:47.878204 dv-cinder-852261-3-smb devstack@c-api.service[110843]: INFO cinder.volume.api [None req-37181e97-b321-4416-9eac-ef633c2a65a2 tempest-VolumeManageAdminTest-1873369669 tempest-VolumeManageAdminTest-1873369669-project-admin] Volume info retrieved successfully.
Aug 10 12:24:47.900269 dv-cinder-852261-3-smb devstack@c-api.service[110843]: INFO cinder.api.openstack.wsgi [None req-37181e97-b321-4416-9eac-ef633c2a65a2 tempest-VolumeManageAdminTest-1873369669 tempest-VolumeManageAdminTest-1873369669-project-admin] http://10.222.0.42/volume/v3/2dc17df8ae07454c84fcb9a2183551a3/volumes/23b2323e-8d17-41c5-ab9e-e4c0cf6239eb returned with HTTP 200
Aug 10 12:24:47.946049 dv-cinder-852261-3-smb devstack@c-api.service[110843]: [pid: 110843|app: 0|req: 197/377] 10.222.0.42 () {58 vars in 1325 bytes} [Wed Aug 10 12:24:47 2022] GET /volume/v3/2dc17df8ae07454c84fcb9a2183551a3/volumes/23b2323e-8d17-41c5-ab9e-e4c0cf6239eb => generated 1079 bytes in 98 msecs (HTTP/1.1 200) 7 headers in 286 bytes (2 switches on core 0)
Aug 10 12:24:47.949638 dv-cinder-852261-3-smb devstack@c-api.service[110843]: DEBUG cinder.api.middleware.request_id [None req-6bc1832a-670e-4560-bdeb-d50cfb9e52f8 None None] RequestId filter calling following filter/app {{(pid=110843) _context_setter /opt/stack/cinder/cinder/api/middleware/request_id.py:62}}
Aug 10 12:24:47.956324 dv-cinder-852261-3-smb devstack@c-api.service[110843]: INFO cinder.api.openstack.wsgi [None req-6bc1832a-670e-4560-bdeb-d50cfb9e52f8 tempest-VolumeManageAdminTest-1873369669 tempest-VolumeManageAdminTest-1873369669-project-admin] DELETE http://10.222.0.42/volume/v3/2dc17df8ae07454c84fcb9a2183551a3/volumes/23b2323e-8d17-41c5-ab9e-e4c0cf6239eb
Aug 10 12:24:47.959512 dv-cinder-852261-3-smb devstack@c-api.service[110843]: DEBUG cinder.api.openstack.wsgi [None req-6bc1832a-670e-4560-bdeb-d50cfb9e52f8 tempest-VolumeManageAdminTest-1873369669 tempest-VolumeManageAdminTest-1873369669-project-admin] Empty body provided in request {{(pid=110843) get_body /opt/stack/cinder/cinder/api/openstack/wsgi.py:715}}
Aug 10 12:24:47.961582 dv-cinder-852261-3-smb devstack@c-api.service[110843]: DEBUG cinder.api.openstack.wsgi [None req-6bc1832a-670e-4560-bdeb-d50cfb9e52f8 tempest-VolumeManageAdminTest-1873369669 tempest-VolumeManageAdminTest-1873369669-project-admin] Calling method 'delete' {{(pid=110843) _process_stack /opt/stack/cinder/cinder/api/openstack/wsgi.py:868}}
Aug 10 12:24:47.962246 dv-cinder-852261-3-smb devstack@c-api.service[110843]: INFO cinder.api.v3.volumes [None req-6bc1832a-670e-4560-bdeb-d50cfb9e52f8 tempest-VolumeManageAdminTest-1873369669 tempest-VolumeManageAdminTest-1873369669-project-admin] Delete volume with id: 23b2323e-8d17-41c5-ab9e-e4c0cf6239eb
Aug 10 12:24:47.982773 dv-cinder-852261-3-smb devstack@c-api.service[110842]: INFO cinder.volume.api [None req-877f1b9f-4e0f-4b17-a502-118821c66b2b tempest-VolumesDeleteCascade-1092528215 tempest-VolumesDeleteCascade-1092528215-project] Delete volume request issued successfully.
Aug 10 12:24:47.983422 dv-cinder-852261-3-smb devstack@c-api.service[110842]: INFO cinder.api.openstack.wsgi [None req-877f1b9f-4e0f-4b17-a502-118821c66b2b tempest-VolumesDeleteCascade-1092528215 tempest-VolumesDeleteCascade-1092528215-project] http://10.222.0.42/volume/v3/631a431f50064d9d9369e16f1f97c38e/volumes/61f429b4-fe42-4097-8e66-26810aa1bbd3?cascade=True returned with HTTP 202
Aug 10 12:24:47.984376 dv-cinder-852261-3-smb devstack@c-api.service[110842]: [pid: 110842|app: 0|req: 181/378] 10.222.0.42 () {58 vars in 1353 bytes} [Wed Aug 10 12:24:47 2022] DELETE /volume/v3/631a431f50064d9d9369e16f1f97c38e/volumes/61f429b4-fe42-4097-8e66-26810aa1bbd3?cascade=True => generated 0 bytes in 166 msecs (HTTP/1.1 202) 6 headers in 233 bytes (1 switches on core 0)
Aug 10 12:24:47.990865 dv-cinder-852261-3-smb devstack@c-api.service[110842]: DEBUG cinder.api.middleware.request_id [None req-b9d227e0-8d6a-434e-9823-04b4f753cf88 None None] RequestId filter calling following filter/app {{(pid=110842) _context_setter /opt/stack/cinder/cinder/api/middleware/request_id.py:62}}
Aug 10 12:24:47.993899 dv-cinder-852261-3-smb devstack@c-api.service[110843]: /usr/local/lib/python3.8/dist-packages/oslo_context/context.py:100: DeprecationWarning: Policy enforcement is depending on the value of is_admin. This key is deprecated. Please update your policy file to use the standard policy values.
Aug 10 12:24:47.993899 dv-cinder-852261-3-smb devstack@c-api.service[110843]: warnings.warn('Policy enforcement is depending on the value of '
Aug 10 12:24:47.995260 dv-cinder-852261-3-smb devstack@c-api.service[110843]: INFO cinder.volume.api [None req-6bc1832a-670e-4560-bdeb-d50cfb9e52f8 tempest-VolumeManageAdminTest-1873369669 tempest-VolumeManageAdminTest-1873369669-project-admin] Volume info retrieved successfully.
Aug 10 12:24:47.998188 dv-cinder-852261-3-smb devstack@c-api.service[110842]: INFO cinder.api.openstack.wsgi [None req-b9d227e0-8d6a-434e-9823-04b4f753cf88 tempest-VolumesDeleteCascade-1092528215 tempest-VolumesDeleteCascade-1092528215-project] GET http://10.222.0.42/volume/v3/631a431f50064d9d9369e16f1f97c38e/volumes/61f429b4-fe42-4097-8e66-26810aa1bbd3
Aug 10 12:24:47.999144 dv-cinder-852261-3-smb devstack@c-api.service[110842]: DEBUG cinder.api.openstack.wsgi [None req-b9d227e0-8d6a-434e-9823-04b4f753cf88 tempest-VolumesDeleteCascade-1092528215 tempest-VolumesDeleteCascade-1092528215-project] Empty body provided in request {{(pid=110842) get_body /opt/stack/cinder/cinder/api/openstack/wsgi.py:715}}
Aug 10 12:24:48.001303 dv-cinder-852261-3-smb devstack@c-api.service[110842]: DEBUG cinder.api.openstack.wsgi [None req-b9d227e0-8d6a-434e-9823-04b4f753cf88 tempest-VolumesDeleteCascade-1092528215 tempest-VolumesDeleteCascade-1092528215-project] Calling method 'show' {{(pid=110842) _process_stack /opt/stack/cinder/cinder/api/openstack/wsgi.py:868}}
Aug 10 12:24:48.030644 dv-cinder-852261-3-smb devstack@c-api.service[110842]: /usr/local/lib/python3.8/dist-packages/oslo_context/context.py:100: DeprecationWarning: Policy enforcement is depending on the value of is_admin. This key is deprecated. Please update your policy file to use the standard policy values.
Aug 10 12:24:48.030644 dv-cinder-852261-3-smb devstack@c-api.service[110842]: warnings.warn('Policy enforcement is depending on the value of '
Aug 10 12:24:48.038505 dv-cinder-852261-3-smb devstack@c-api.service[110842]: INFO cinder.volume.api [None req-b9d227e0-8d6a-434e-9823-04b4f753cf88 tempest-VolumesDeleteCascade-1092528215 tempest-VolumesDeleteCascade-1092528215-project] Volume info retrieved successfully.
Aug 10 12:24:48.050510 dv-cinder-852261-3-smb devstack@c-api.service[110842]: INFO cinder.api.openstack.wsgi [None req-b9d227e0-8d6a-434e-9823-04b4f753cf88 tempest-VolumesDeleteCascade-1092528215 tempest-VolumesDeleteCascade-1092528215-project] http://10.222.0.42/volume/v3/631a431f50064d9d9369e16f1f97c38e/volumes/61f429b4-fe42-4097-8e66-26810aa1bbd3 returned with HTTP 200
Aug 10 12:24:48.051636 dv-cinder-852261-3-smb devstack@c-api.service[110842]: [pid: 110842|app: 0|req: 182/379] 10.222.0.42 () {58 vars in 1325 bytes} [Wed Aug 10 12:24:47 2022] GET /volume/v3/631a431f50064d9d9369e16f1f97c38e/volumes/61f429b4-fe42-4097-8e66-26810aa1bbd3 => generated 912 bytes in 63 msecs (HTTP/1.1 200) 7 headers in 285 bytes (2 switches on core 0)
Aug 10 12:24:48.062360 dv-cinder-852261-3-smb devstack@c-api.service[110843]: INFO cinder.volume.api [None req-6bc1832a-670e-4560-bdeb-d50cfb9e52f8 tempest-VolumeManageAdminTest-1873369669 tempest-VolumeManageAdminTest-1873369669-project-admin] Delete volume request issued successfully.
Aug 10 12:24:48.063004 dv-cinder-852261-3-smb devstack@c-api.service[110843]: INFO cinder.api.openstack.wsgi [None req-6bc1832a-670e-4560-bdeb-d50cfb9e52f8 tempest-VolumeManageAdminTest-1873369669 tempest-VolumeManageAdminTest-1873369669-project-admin] http://10.222.0.42/volume/v3/2dc17df8ae07454c84fcb9a2183551a3/volumes/23b2323e-8d17-41c5-ab9e-e4c0cf6239eb returned with HTTP 202
Aug 10 12:24:48.063976 dv-cinder-852261-3-smb devstack@c-api.service[110843]: [pid: 110843|app: 0|req: 198/380] 10.222.0.42 () {58 vars in 1328 bytes} [Wed Aug 10 12:24:47 2022] DELETE /volume/v3/2dc17df8ae07454c84fcb9a2183551a3/volumes/23b2323e-8d17-41c5-ab9e-e4c0cf6239eb => generated 0 bytes in 116 msecs (HTTP/1.1 202) 6 headers in 233 bytes (1 switches on core 0)
Aug 10 12:24:48.070045 dv-cinder-852261-3-smb devstack@c-api.service[110842]: DEBUG cinder.api.middleware.request_id [None req-66d6a4b6-4e99-4c65-8a8a-f80527e6049c None None] RequestId filter calling following filter/app {{(pid=110842) _context_setter /opt/stack/cinder/cinder/api/middleware/request_id.py:62}}
Aug 10 12:24:48.075957 dv-cinder-852261-3-smb devstack@c-api.service[110842]: INFO cinder.api.openstack.wsgi [None req-66d6a4b6-4e99-4c65-8a8a-f80527e6049c tempest-VolumeManageAdminTest-1873369669 tempest-VolumeManageAdminTest-1873369669-project-admin] GET http://10.222.0.42/volume/v3/2dc17df8ae07454c84fcb9a2183551a3/volumes/23b2323e-8d17-41c5-ab9e-e4c0cf6239eb
Aug 10 12:24:48.076536 dv-cinder-852261-3-smb devstack@c-api.service[110842]: DEBUG cinder.api.openstack.wsgi [None req-66d6a4b6-4e99-4c65-8a8a-f80527e6049c tempest-VolumeManageAdminTest-1873369669 tempest-VolumeManageAdminTest-1873369669-project-admin] Empty body provided in request {{(pid=110842) get_body /opt/stack/cinder/cinder/api/openstack/wsgi.py:715}}
Aug 10 12:24:48.077001 dv-cinder-852261-3-smb devstack@c-api.service[110842]: DEBUG cinder.api.openstack.wsgi [None req-66d6a4b6-4e99-4c65-8a8a-f80527e6049c tempest-VolumeManageAdminTest-1873369669 tempest-VolumeManageAdminTest-1873369669-project-admin] Calling method 'show' {{(pid=110842) _process_stack /opt/stack/cinder/cinder/api/openstack/wsgi.py:868}}
Aug 10 12:24:48.096830 dv-cinder-852261-3-smb devstack@c-api.service[110842]: /usr/local/lib/python3.8/dist-packages/oslo_context/context.py:100: DeprecationWarning: Policy enforcement is depending on the value of is_admin. This key is deprecated. Please update your policy file to use the standard policy values.
Aug 10 12:24:48.096830 dv-cinder-852261-3-smb devstack@c-api.service[110842]: warnings.warn('Policy enforcement is depending on the value of '
Aug 10 12:24:48.109442 dv-cinder-852261-3-smb devstack@c-api.service[110842]: INFO cinder.volume.api [None req-66d6a4b6-4e99-4c65-8a8a-f80527e6049c tempest-VolumeManageAdminTest-1873369669 tempest-VolumeManageAdminTest-1873369669-project-admin] Volume info retrieved successfully.
Aug 10 12:24:48.126838 dv-cinder-852261-3-smb devstack@c-api.service[110842]: INFO cinder.api.openstack.wsgi [None req-66d6a4b6-4e99-4c65-8a8a-f80527e6049c tempest-VolumeManageAdminTest-1873369669 tempest-VolumeManageAdminTest-1873369669-project-admin] http://10.222.0.42/volume/v3/2dc17df8ae07454c84fcb9a2183551a3/volumes/23b2323e-8d17-41c5-ab9e-e4c0cf6239eb returned with HTTP 200
Aug 10 12:24:48.127984 dv-cinder-852261-3-smb devstack@c-api.service[110842]: [pid: 110842|app: 0|req: 183/381] 10.222.0.42 () {58 vars in 1325 bytes} [Wed Aug 10 12:24:48 2022] GET /volume/v3/2dc17df8ae07454c84fcb9a2183551a3/volumes/23b2323e-8d17-41c5-ab9e-e4c0cf6239eb => generated 1078 bytes in 60 msecs (HTTP/1.1 200) 7 headers in 286 bytes (1 switches on core 0)
Aug 10 12:24:48.270822 dv-cinder-852261-3-smb devstack@c-api.service[110843]: DEBUG cinder.api.middleware.request_id [None req-fd5d69d8-1c2f-4718-a6af-7937b6ad7379 None None] RequestId filter calling following filter/app {{(pid=110843) _context_setter /opt/stack/cinder/cinder/api/middleware/request_id.py:62}}
Aug 10 12:24:48.276228 dv-cinder-852261-3-smb devstack@c-api.service[110843]: INFO cinder.api.openstack.wsgi [None req-fd5d69d8-1c2f-4718-a6af-7937b6ad7379 tempest-UserMessagesTest-1107449622 tempest-UserMessagesTest-1107449622-project] GET http://10.222.0.42/volume/v3/09bec9e4aaa24bc6bb1ecf7e1c52b052/volumes/59fa002b-223a-48fb-8b78-281b5e16ac4b
Aug 10 12:24:48.276970 dv-cinder-852261-3-smb devstack@c-api.service[110843]: DEBUG cinder.api.openstack.wsgi [None req-fd5d69d8-1c2f-4718-a6af-7937b6ad7379 tempest-UserMessagesTest-1107449622 tempest-UserMessagesTest-1107449622-project] Empty body provided in request {{(pid=110843) get_body /opt/stack/cinder/cinder/api/openstack/wsgi.py:715}}
Aug 10 12:24:48.277223 dv-cinder-852261-3-smb devstack@c-api.service[110843]: DEBUG cinder.api.openstack.wsgi [None req-fd5d69d8-1c2f-4718-a6af-7937b6ad7379 tempest-UserMessagesTest-1107449622 tempest-UserMessagesTest-1107449622-project] Calling method 'show' {{(pid=110843) _process_stack /opt/stack/cinder/cinder/api/openstack/wsgi.py:868}}
Aug 10 12:24:48.297136 dv-cinder-852261-3-smb devstack@c-api.service[110843]: /usr/local/lib/python3.8/dist-packages/oslo_context/context.py:100: DeprecationWarning: Policy enforcement is depending on the value of is_admin. This key is deprecated. Please update your policy file to use the standard policy values.
Aug 10 12:24:48.297136 dv-cinder-852261-3-smb devstack@c-api.service[110843]: warnings.warn('Policy enforcement is depending on the value of '
Aug 10 12:24:48.307485 dv-cinder-852261-3-smb devstack@c-api.service[110843]: INFO cinder.volume.api [None req-fd5d69d8-1c2f-4718-a6af-7937b6ad7379 tempest-UserMessagesTest-1107449622 tempest-UserMessagesTest-1107449622-project] Volume info retrieved successfully.
Aug 10 12:24:48.319952 dv-cinder-852261-3-smb devstack@c-api.service[110843]: INFO cinder.api.openstack.wsgi [None req-fd5d69d8-1c2f-4718-a6af-7937b6ad7379 tempest-UserMessagesTest-1107449622 tempest-UserMessagesTest-1107449622-project] http://10.222.0.42/volume/v3/09bec9e4aaa24bc6bb1ecf7e1c52b052/volumes/59fa002b-223a-48fb-8b78-281b5e16ac4b returned with HTTP 200
Aug 10 12:24:48.322370 dv-cinder-852261-3-smb devstack@c-api.service[110843]: [pid: 110843|app: 0|req: 199/382] 10.222.0.42 () {60 vars in 1365 bytes} [Wed Aug 10 12:24:48 2022] GET /volume/v3/09bec9e4aaa24bc6bb1ecf7e1c52b052/volumes/59fa002b-223a-48fb-8b78-281b5e16ac4b => generated 940 bytes in 52 msecs (HTTP/1.1 200) 7 headers in 285 bytes (1 switches on core 0)
Aug 10 12:24:48.336944 dv-cinder-852261-3-smb devstack@c-api.service[110842]: DEBUG cinder.api.middleware.request_id [None req-156d6d23-e5ac-4104-bac2-7b25345bbcb6 None None] RequestId filter calling following filter/app {{(pid=110842) _context_setter /opt/stack/cinder/cinder/api/middleware/request_id.py:62}}
Aug 10 12:24:48.342285 dv-cinder-852261-3-smb devstack@c-api.service[110842]: INFO cinder.api.openstack.wsgi [None req-156d6d23-e5ac-4104-bac2-7b25345bbcb6 tempest-UserMessagesTest-1107449622 tempest-UserMessagesTest-1107449622-project] GET http://10.222.0.42/volume/v3/09bec9e4aaa24bc6bb1ecf7e1c52b052/messages
Aug 10 12:24:48.342927 dv-cinder-852261-3-smb devstack@c-api.service[110842]: DEBUG cinder.api.openstack.wsgi [None req-156d6d23-e5ac-4104-bac2-7b25345bbcb6 tempest-UserMessagesTest-1107449622 tempest-UserMessagesTest-1107449622-project] Empty body provided in request {{(pid=110842) get_body /opt/stack/cinder/cinder/api/openstack/wsgi.py:715}}
Aug 10 12:24:48.343713 dv-cinder-852261-3-smb devstack@c-api.service[110842]: DEBUG cinder.api.openstack.wsgi [None req-156d6d23-e5ac-4104-bac2-7b25345bbcb6 tempest-UserMessagesTest-1107449622 tempest-UserMessagesTest-1107449622-project] Calling method 'version_select' {{(pid=110842) _process_stack /opt/stack/cinder/cinder/api/openstack/wsgi.py:868}}
Aug 10 12:24:48.357877 dv-cinder-852261-3-smb devstack@c-api.service[110843]: DEBUG cinder.api.middleware.request_id [None req-c6e4aad2-d5a2-4df2-b85a-abcd925a1360 None None] RequestId filter calling following filter/app {{(pid=110843) _context_setter /opt/stack/cinder/cinder/api/middleware/request_id.py:62}}
Aug 10 12:24:48.361443 dv-cinder-852261-3-smb devstack@c-api.service[110843]: INFO cinder.api.openstack.wsgi [None req-c6e4aad2-d5a2-4df2-b85a-abcd925a1360 tempest-VolumeRetypeWithoutMigrationTest-1280943861 tempest-VolumeRetypeWithoutMigrationTest-1280943861-project] GET http://10.222.0.42/volume/v3/7797d532ad944ccfa2b5618e322a775b/volumes/548f1e9a-3061-43be-9658-9bbd97697338
Aug 10 12:24:48.361920 dv-cinder-852261-3-smb devstack@c-api.service[110843]: DEBUG cinder.api.openstack.wsgi [None req-c6e4aad2-d5a2-4df2-b85a-abcd925a1360 tempest-VolumeRetypeWithoutMigrationTest-1280943861 tempest-VolumeRetypeWithoutMigrationTest-1280943861-project] Empty body provided in request {{(pid=110843) get_body /opt/stack/cinder/cinder/api/openstack/wsgi.py:715}}
Aug 10 12:24:48.362544 dv-cinder-852261-3-smb devstack@c-api.service[110843]: DEBUG cinder.api.openstack.wsgi [None req-c6e4aad2-d5a2-4df2-b85a-abcd925a1360 tempest-VolumeRetypeWithoutMigrationTest-1280943861 tempest-VolumeRetypeWithoutMigrationTest-1280943861-project] Calling method 'show' {{(pid=110843) _process_stack /opt/stack/cinder/cinder/api/openstack/wsgi.py:868}}
Aug 10 12:24:48.365552 dv-cinder-852261-3-smb devstack@c-api.service[110843]: DEBUG dbcounter [-] [110843] Writing DB stats cinder:SELECT=76,cinder:INSERT=11,cinder:UPDATE=13 {{(pid=110843) stat_writer /usr/local/lib/python3.8/dist-packages/dbcounter.py:114}}
Aug 10 12:24:48.366133 dv-cinder-852261-3-smb devstack@c-api.service[110842]: INFO cinder.api.openstack.wsgi [None req-156d6d23-e5ac-4104-bac2-7b25345bbcb6 tempest-UserMessagesTest-1107449622 tempest-UserMessagesTest-1107449622-project] http://10.222.0.42/volume/v3/09bec9e4aaa24bc6bb1ecf7e1c52b052/messages returned with HTTP 200
Aug 10 12:24:48.376622 dv-cinder-852261-3-smb devstack@c-api.service[110842]: [pid: 110842|app: 0|req: 184/383] 10.222.0.42 () {60 vars in 1257 bytes} [Wed Aug 10 12:24:48 2022] GET /volume/v3/09bec9e4aaa24bc6bb1ecf7e1c52b052/messages => generated 736 bytes in 33 msecs (HTTP/1.1 200) 7 headers in 285 bytes (1 switches on core 0)
Aug 10 12:24:48.380088 dv-cinder-852261-3-smb devstack@c-api.service[110842]: DEBUG cinder.api.middleware.request_id [None req-48be1072-4364-402c-9fb9-1fb91a65fd4b None None] RequestId filter calling following filter/app {{(pid=110842) _context_setter /opt/stack/cinder/cinder/api/middleware/request_id.py:62}}
Aug 10 12:24:48.387999 dv-cinder-852261-3-smb devstack@c-api.service[110842]: INFO cinder.api.openstack.wsgi [None req-48be1072-4364-402c-9fb9-1fb91a65fd4b tempest-UserMessagesTest-1107449622 tempest-UserMessagesTest-1107449622-project] DELETE http://10.222.0.42/volume/v3/09bec9e4aaa24bc6bb1ecf7e1c52b052/messages/efd52dbf-6882-44e8-81f1-5613c1a22853
Aug 10 12:24:48.388629 dv-cinder-852261-3-smb devstack@c-api.service[110842]: DEBUG cinder.api.openstack.wsgi [None req-48be1072-4364-402c-9fb9-1fb91a65fd4b tempest-UserMessagesTest-1107449622 tempest-UserMessagesTest-1107449622-project] Empty body provided in request {{(pid=110842) get_body /opt/stack/cinder/cinder/api/openstack/wsgi.py:715}}
Aug 10 12:24:48.389342 dv-cinder-852261-3-smb devstack@c-api.service[110842]: DEBUG cinder.api.openstack.wsgi [None req-48be1072-4364-402c-9fb9-1fb91a65fd4b tempest-UserMessagesTest-1107449622 tempest-UserMessagesTest-1107449622-project] Calling method 'version_select' {{(pid=110842) _process_stack /opt/stack/cinder/cinder/api/openstack/wsgi.py:868}}
Aug 10 12:24:48.396959 dv-cinder-852261-3-smb devstack@c-api.service[110843]: /usr/local/lib/python3.8/dist-packages/oslo_context/context.py:100: DeprecationWarning: Policy enforcement is depending on the value of is_admin. This key is deprecated. Please update your policy file to use the standard policy values.
Aug 10 12:24:48.396959 dv-cinder-852261-3-smb devstack@c-api.service[110843]: warnings.warn('Policy enforcement is depending on the value of '
Aug 10 12:24:48.416399 dv-cinder-852261-3-smb devstack@c-api.service[110843]: INFO cinder.volume.api [None req-c6e4aad2-d5a2-4df2-b85a-abcd925a1360 tempest-VolumeRetypeWithoutMigrationTest-1280943861 tempest-VolumeRetypeWithoutMigrationTest-1280943861-project] Volume info retrieved successfully.
Aug 10 12:24:48.423791 dv-cinder-852261-3-smb devstack@c-api.service[110842]: INFO cinder.api.openstack.wsgi [None req-48be1072-4364-402c-9fb9-1fb91a65fd4b tempest-UserMessagesTest-1107449622 tempest-UserMessagesTest-1107449622-project] http://10.222.0.42/volume/v3/09bec9e4aaa24bc6bb1ecf7e1c52b052/messages/efd52dbf-6882-44e8-81f1-5613c1a22853 returned with HTTP 204
Aug 10 12:24:48.425251 dv-cinder-852261-3-smb devstack@c-api.service[110842]: [pid: 110842|app: 0|req: 185/384] 10.222.0.42 () {60 vars in 1371 bytes} [Wed Aug 10 12:24:48 2022] DELETE /volume/v3/09bec9e4aaa24bc6bb1ecf7e1c52b052/messages/efd52dbf-6882-44e8-81f1-5613c1a22853 => generated 0 bytes in 50 msecs (HTTP/1.1 204) 6 headers in 235 bytes (1 switches on core 0)
Aug 10 12:24:48.431323 dv-cinder-852261-3-smb devstack@c-api.service[110842]: DEBUG cinder.api.middleware.request_id [None req-07524c26-046f-43b0-a247-b230fa3b7f3d None None] RequestId filter calling following filter/app {{(pid=110842) _context_setter /opt/stack/cinder/cinder/api/middleware/request_id.py:62}}
Aug 10 12:24:48.434370 dv-cinder-852261-3-smb devstack@c-api.service[110843]: INFO cinder.api.openstack.wsgi [None req-c6e4aad2-d5a2-4df2-b85a-abcd925a1360 tempest-VolumeRetypeWithoutMigrationTest-1280943861 tempest-VolumeRetypeWithoutMigrationTest-1280943861-project] http://10.222.0.42/volume/v3/7797d532ad944ccfa2b5618e322a775b/volumes/548f1e9a-3061-43be-9658-9bbd97697338 returned with HTTP 200
Aug 10 12:24:48.446591 dv-cinder-852261-3-smb devstack@c-api.service[110842]: INFO cinder.api.openstack.wsgi [None req-07524c26-046f-43b0-a247-b230fa3b7f3d tempest-UserMessagesTest-1107449622 tempest-UserMessagesTest-1107449622-project] GET http://10.222.0.42/volume/v3/09bec9e4aaa24bc6bb1ecf7e1c52b052/messages/efd52dbf-6882-44e8-81f1-5613c1a22853
Aug 10 12:24:48.446591 dv-cinder-852261-3-smb devstack@c-api.service[110842]: DEBUG cinder.api.openstack.wsgi [None req-07524c26-046f-43b0-a247-b230fa3b7f3d tempest-UserMessagesTest-1107449622 tempest-UserMessagesTest-1107449622-project] Empty body provided in request {{(pid=110842) get_body /opt/stack/cinder/cinder/api/openstack/wsgi.py:715}}
Aug 10 12:24:48.446591 dv-cinder-852261-3-smb devstack@c-api.service[110842]: DEBUG cinder.api.openstack.wsgi [None req-07524c26-046f-43b0-a247-b230fa3b7f3d tempest-UserMessagesTest-1107449622 tempest-UserMessagesTest-1107449622-project] Calling method 'version_select' {{(pid=110842) _process_stack /opt/stack/cinder/cinder/api/openstack/wsgi.py:868}}
Aug 10 12:24:48.447042 dv-cinder-852261-3-smb devstack@c-api.service[110843]: [pid: 110843|app: 0|req: 200/385] 10.222.0.42 () {58 vars in 1325 bytes} [Wed Aug 10 12:24:48 2022] GET /volume/v3/7797d532ad944ccfa2b5618e322a775b/volumes/548f1e9a-3061-43be-9658-9bbd97697338 => generated 927 bytes in 82 msecs (HTTP/1.1 200) 7 headers in 285 bytes (2 switches on core 0)
Aug 10 12:24:48.447121 dv-cinder-852261-3-smb devstack@c-api.service[110842]: INFO cinder.api.openstack.wsgi [None req-07524c26-046f-43b0-a247-b230fa3b7f3d tempest-UserMessagesTest-1107449622 tempest-UserMessagesTest-1107449622-project] http://10.222.0.42/volume/v3/09bec9e4aaa24bc6bb1ecf7e1c52b052/messages/efd52dbf-6882-44e8-81f1-5613c1a22853 returned with HTTP 404
Aug 10 12:24:48.451523 dv-cinder-852261-3-smb devstack@c-api.service[110842]: [pid: 110842|app: 0|req: 186/386] 10.222.0.42 () {60 vars in 1368 bytes} [Wed Aug 10 12:24:48 2022] GET /volume/v3/09bec9e4aaa24bc6bb1ecf7e1c52b052/messages/efd52dbf-6882-44e8-81f1-5613c1a22853 => generated 110 bytes in 20 msecs (HTTP/1.1 404) 7 headers in 292 bytes (1 switches on core 0)
Aug 10 12:24:48.451607 dv-cinder-852261-3-smb devstack@c-api.service[110843]: DEBUG cinder.api.middleware.request_id [None req-7d26cd19-5dfc-40e6-9d97-fc3bb5fda9c5 None None] RequestId filter calling following filter/app {{(pid=110843) _context_setter /opt/stack/cinder/cinder/api/middleware/request_id.py:62}}
Aug 10 12:24:48.454107 dv-cinder-852261-3-smb devstack@c-api.service[110842]: DEBUG cinder.api.middleware.request_id [None req-048136cd-b478-4535-b2aa-65ae762001a8 None None] RequestId filter calling following filter/app {{(pid=110842) _context_setter /opt/stack/cinder/cinder/api/middleware/request_id.py:62}}
Aug 10 12:24:48.454767 dv-cinder-852261-3-smb devstack@c-api.service[110843]: INFO cinder.api.openstack.wsgi [None req-7d26cd19-5dfc-40e6-9d97-fc3bb5fda9c5 tempest-UserMessagesTest-658400097 tempest-UserMessagesTest-658400097-project-admin] POST http://10.222.0.42/volume/v3/c18a0fee14c843a08ac6839dc40f3897/types
Aug 10 12:24:48.455503 dv-cinder-852261-3-smb devstack@c-api.service[110843]: DEBUG cinder.api.openstack.wsgi [None req-7d26cd19-5dfc-40e6-9d97-fc3bb5fda9c5 tempest-UserMessagesTest-658400097 tempest-UserMessagesTest-658400097-project-admin] Action: 'create', calling method: _create, body: {"volume_type": {"name": "tempest-UserMessagesTest-volume-type-1945539736", "extra_specs": {"storage_protocol": "tempest-storage_protocol-1877904006", "vendor_name": "tempest-vendor_name-1638822539"}}} {{(pid=110843) _process_stack /opt/stack/cinder/cinder/api/openstack/wsgi.py:866}}
Aug 10 12:24:48.460894 dv-cinder-852261-3-smb devstack@c-api.service[110842]: INFO cinder.api.openstack.wsgi [None req-048136cd-b478-4535-b2aa-65ae762001a8 tempest-VolumeRetypeWithoutMigrationTest-1384914666 tempest-VolumeRetypeWithoutMigrationTest-1384914666-project-admin] GET http://10.222.0.42/volume/v3/fe151eda0bb749f8849c9316ba4397e2/volumes/548f1e9a-3061-43be-9658-9bbd97697338
Aug 10 12:24:48.462538 dv-cinder-852261-3-smb devstack@c-api.service[110842]: DEBUG cinder.api.openstack.wsgi [None req-048136cd-b478-4535-b2aa-65ae762001a8 tempest-VolumeRetypeWithoutMigrationTest-1384914666 tempest-VolumeRetypeWithoutMigrationTest-1384914666-project-admin] Empty body provided in request {{(pid=110842) get_body /opt/stack/cinder/cinder/api/openstack/wsgi.py:715}}
Aug 10 12:24:48.463196 dv-cinder-852261-3-smb devstack@c-api.service[110842]: DEBUG cinder.api.openstack.wsgi [None req-048136cd-b478-4535-b2aa-65ae762001a8 tempest-VolumeRetypeWithoutMigrationTest-1384914666 tempest-VolumeRetypeWithoutMigrationTest-1384914666-project-admin] Calling method 'show' {{(pid=110842) _process_stack /opt/stack/cinder/cinder/api/openstack/wsgi.py:868}}
Aug 10 12:24:48.485181 dv-cinder-852261-3-smb devstack@c-api.service[110843]: INFO cinder.api.openstack.wsgi [None req-7d26cd19-5dfc-40e6-9d97-fc3bb5fda9c5 tempest-UserMessagesTest-658400097 tempest-UserMessagesTest-658400097-project-admin] http://10.222.0.42/volume/v3/c18a0fee14c843a08ac6839dc40f3897/types returned with HTTP 200
Aug 10 12:24:48.486365 dv-cinder-852261-3-smb devstack@c-api.service[110843]: [pid: 110843|app: 0|req: 201/387] 10.222.0.42 () {60 vars in 1230 bytes} [Wed Aug 10 12:24:48 2022] POST /volume/v3/c18a0fee14c843a08ac6839dc40f3897/types => generated 328 bytes in 37 msecs (HTTP/1.1 200) 7 headers in 285 bytes (2 switches on core 0)
Aug 10 12:24:48.489422 dv-cinder-852261-3-smb devstack@c-api.service[110842]: /usr/local/lib/python3.8/dist-packages/oslo_context/context.py:100: DeprecationWarning: Policy enforcement is depending on the value of is_admin. This key is deprecated. Please update your policy file to use the standard policy values.
Aug 10 12:24:48.489422 dv-cinder-852261-3-smb devstack@c-api.service[110842]: warnings.warn('Policy enforcement is depending on the value of '
Aug 10 12:24:48.493991 dv-cinder-852261-3-smb devstack@c-api.service[110843]: DEBUG cinder.api.middleware.request_id [None req-85b3b930-e99e-4a39-b305-de257b05a1d9 None None] RequestId filter calling following filter/app {{(pid=110843) _context_setter /opt/stack/cinder/cinder/api/middleware/request_id.py:62}}
Aug 10 12:24:48.498514 dv-cinder-852261-3-smb devstack@c-api.service[110843]: INFO cinder.api.openstack.wsgi [None req-85b3b930-e99e-4a39-b305-de257b05a1d9 tempest-UserMessagesTest-1107449622 tempest-UserMessagesTest-1107449622-project] POST http://10.222.0.42/volume/v3/09bec9e4aaa24bc6bb1ecf7e1c52b052/volumes
Aug 10 12:24:48.500049 dv-cinder-852261-3-smb devstack@c-api.service[110843]: DEBUG cinder.api.openstack.wsgi [None req-85b3b930-e99e-4a39-b305-de257b05a1d9 tempest-UserMessagesTest-1107449622 tempest-UserMessagesTest-1107449622-project] Action: 'create', calling method: create, body: {"volume": {"volume_type": "05aa9385-cda1-42ad-9660-36bd954a73d7", "size": 1, "name": "tempest-UserMessagesTest-Volume-1029969661"}} {{(pid=110843) _process_stack /opt/stack/cinder/cinder/api/openstack/wsgi.py:866}}
Aug 10 12:24:48.502884 dv-cinder-852261-3-smb devstack@c-api.service[110843]: DEBUG cinder.api.v3.volumes [None req-85b3b930-e99e-4a39-b305-de257b05a1d9 tempest-UserMessagesTest-1107449622 tempest-UserMessagesTest-1107449622-project] Create volume request body: {'volume': {'volume_type': '05aa9385-cda1-42ad-9660-36bd954a73d7', 'size': 1, 'name': 'tempest-UserMessagesTest-Volume-1029969661'}} {{(pid=110843) create /opt/stack/cinder/cinder/api/v3/volumes.py:298}}
Aug 10 12:24:48.507860 dv-cinder-852261-3-smb devstack@c-api.service[110842]: INFO cinder.volume.api [None req-048136cd-b478-4535-b2aa-65ae762001a8 tempest-VolumeRetypeWithoutMigrationTest-1384914666 tempest-VolumeRetypeWithoutMigrationTest-1384914666-project-admin] Volume info retrieved successfully.
Aug 10 12:24:48.515890 dv-cinder-852261-3-smb devstack@c-api.service[110843]: INFO cinder.api.v3.volumes [None req-85b3b930-e99e-4a39-b305-de257b05a1d9 tempest-UserMessagesTest-1107449622 tempest-UserMessagesTest-1107449622-project] Create volume of 1 GB
Aug 10 12:24:48.517485 dv-cinder-852261-3-smb devstack@c-api.service[110843]: /usr/local/lib/python3.8/dist-packages/oslo_context/context.py:100: DeprecationWarning: Policy enforcement is depending on the value of is_admin. This key is deprecated. Please update your policy file to use the standard policy values.
Aug 10 12:24:48.517485 dv-cinder-852261-3-smb devstack@c-api.service[110843]: warnings.warn('Policy enforcement is depending on the value of '
Aug 10 12:24:48.519068 dv-cinder-852261-3-smb devstack@c-api.service[110843]: INFO cinder.volume.api [None req-85b3b930-e99e-4a39-b305-de257b05a1d9 tempest-UserMessagesTest-1107449622 tempest-UserMessagesTest-1107449622-project] Availability Zones retrieved successfully.
Aug 10 12:24:48.538669 dv-cinder-852261-3-smb devstack@c-api.service[110842]: INFO cinder.api.openstack.wsgi [None req-048136cd-b478-4535-b2aa-65ae762001a8 tempest-VolumeRetypeWithoutMigrationTest-1384914666 tempest-VolumeRetypeWithoutMigrationTest-1384914666-project-admin] http://10.222.0.42/volume/v3/fe151eda0bb749f8849c9316ba4397e2/volumes/548f1e9a-3061-43be-9658-9bbd97697338 returned with HTTP 200
Aug 10 12:24:48.542822 dv-cinder-852261-3-smb devstack@c-api.service[110843]: DEBUG cinder.volume.api [None req-85b3b930-e99e-4a39-b305-de257b05a1d9 tempest-UserMessagesTest-1107449622 tempest-UserMessagesTest-1107449622-project] Flow 'volume_create_api' (a3179cc6-2ed4-414c-8ec8-987a70e9dfde) transitioned into state 'RUNNING' from state 'PENDING' {{(pid=110843) _flow_receiver /usr/local/lib/python3.8/dist-packages/taskflow/listeners/logging.py:141}}
Aug 10 12:24:48.545437 dv-cinder-852261-3-smb devstack@c-api.service[110842]: [pid: 110842|app: 0|req: 187/388] 10.222.0.42 () {58 vars in 1325 bytes} [Wed Aug 10 12:24:48 2022] GET /volume/v3/fe151eda0bb749f8849c9316ba4397e2/volumes/548f1e9a-3061-43be-9658-9bbd97697338 => generated 1093 bytes in 93 msecs (HTTP/1.1 200) 7 headers in 286 bytes (1 switches on core 0)
Aug 10 12:24:48.558038 dv-cinder-852261-3-smb devstack@c-api.service[110843]: DEBUG cinder.volume.api [None req-85b3b930-e99e-4a39-b305-de257b05a1d9 tempest-UserMessagesTest-1107449622 tempest-UserMessagesTest-1107449622-project] Task 'cinder.volume.flows.api.create_volume.ExtractVolumeRequestTask;volume:create' (f5729177-3015-4138-b66b-970b2ebaa208) transitioned into state 'RUNNING' from state 'PENDING' {{(pid=110843) _task_receiver /usr/local/lib/python3.8/dist-packages/taskflow/listeners/logging.py:190}}
Aug 10 12:24:48.558038 dv-cinder-852261-3-smb devstack@c-api.service[110843]: DEBUG cinder.volume.flows.api.create_volume [None req-85b3b930-e99e-4a39-b305-de257b05a1d9 tempest-UserMessagesTest-1107449622 tempest-UserMessagesTest-1107449622-project] Validating volume size '1' using validate_int {{(pid=110843) _extract_size /opt/stack/cinder/cinder/volume/flows/api/create_volume.py:228}}
Aug 10 12:24:48.567088 dv-cinder-852261-3-smb devstack@c-api.service[110842]: DEBUG cinder.api.middleware.request_id [None req-6f5624f5-81de-49e8-88ae-c8d5f593ee0d None None] RequestId filter calling following filter/app {{(pid=110842) _context_setter /opt/stack/cinder/cinder/api/middleware/request_id.py:62}}
Aug 10 12:24:48.580453 dv-cinder-852261-3-smb devstack@c-api.service[110842]: INFO cinder.api.openstack.wsgi [None req-6f5624f5-81de-49e8-88ae-c8d5f593ee0d tempest-VolumeRetypeWithoutMigrationTest-1280943861 tempest-VolumeRetypeWithoutMigrationTest-1280943861-project] POST http://10.222.0.42/volume/v3/7797d532ad944ccfa2b5618e322a775b/volumes/548f1e9a-3061-43be-9658-9bbd97697338/action
Aug 10 12:24:48.581413 dv-cinder-852261-3-smb devstack@c-api.service[110842]: DEBUG cinder.api.openstack.wsgi [None req-6f5624f5-81de-49e8-88ae-c8d5f593ee0d tempest-VolumeRetypeWithoutMigrationTest-1280943861 tempest-VolumeRetypeWithoutMigrationTest-1280943861-project] Action body: b'{"os-retype": {"new_type": "volume-type-2", "migration_policy": "never"}}' {{(pid=110842) get_method /opt/stack/cinder/cinder/api/openstack/wsgi.py:983}}
Aug 10 12:24:48.582068 dv-cinder-852261-3-smb devstack@c-api.service[110842]: DEBUG cinder.api.openstack.wsgi [None req-6f5624f5-81de-49e8-88ae-c8d5f593ee0d tempest-VolumeRetypeWithoutMigrationTest-1280943861 tempest-VolumeRetypeWithoutMigrationTest-1280943861-project] Action: 'action', calling method: _retype, body: {"os-retype": {"new_type": "volume-type-2", "migration_policy": "never"}} {{(pid=110842) _process_stack /opt/stack/cinder/cinder/api/openstack/wsgi.py:866}}
Aug 10 12:24:48.596671 dv-cinder-852261-3-smb devstack@c-api.service[110843]: DEBUG cinder.volume.api [None req-85b3b930-e99e-4a39-b305-de257b05a1d9 tempest-UserMessagesTest-1107449622 tempest-UserMessagesTest-1107449622-project] Task 'cinder.volume.flows.api.create_volume.ExtractVolumeRequestTask;volume:create' (f5729177-3015-4138-b66b-970b2ebaa208) transitioned into state 'SUCCESS' from state 'RUNNING' with result '{'size': 1, 'snapshot_id': None, 'source_volid': None, 'volume_type': VolumeType(created_at=2022-08-10T12:24:48Z,deleted=False,deleted_at=None,description=None,extra_specs={storage_protocol='tempest-storage_protocol-1877904006',vendor_name='tempest-vendor_name-1638822539'},id=05aa9385-cda1-42ad-9660-36bd954a73d7,is_public=True,name='tempest-UserMessagesTest-volume-type-1945539736',projects=[],qos_specs=,qos_specs_id=None,updated_at=None), 'volume_type_id': '05aa9385-cda1-42ad-9660-36bd954a73d7', 'encryption_key_id': None, 'qos_specs': None, 'consistencygroup_id': None, 'cgsnapshot_id': None, 'group_id': None, 'replication_status': 'disabled', 'refresh_az': False, 'backup_id': None, 'multiattach': False, 'availability_zones': ['nova']}' {{(pid=110843) _task_receiver /usr/local/lib/python3.8/dist-packages/taskflow/listeners/logging.py:178}}
Aug 10 12:24:48.599094 dv-cinder-852261-3-smb devstack@c-api.service[110843]: DEBUG cinder.volume.api [None req-85b3b930-e99e-4a39-b305-de257b05a1d9 tempest-UserMessagesTest-1107449622 tempest-UserMessagesTest-1107449622-project] Task 'cinder.volume.flows.api.create_volume.QuotaReserveTask;volume:create' (01b0cd20-a011-4e36-9919-bfdc8699d4f5) transitioned into state 'RUNNING' from state 'PENDING' {{(pid=110843) _task_receiver /usr/local/lib/python3.8/dist-packages/taskflow/listeners/logging.py:190}}
Aug 10 12:24:48.602512 dv-cinder-852261-3-smb devstack@c-api.service[110842]: /usr/local/lib/python3.8/dist-packages/oslo_context/context.py:100: DeprecationWarning: Policy enforcement is depending on the value of is_admin. This key is deprecated. Please update your policy file to use the standard policy values.
Aug 10 12:24:48.602512 dv-cinder-852261-3-smb devstack@c-api.service[110842]: warnings.warn('Policy enforcement is depending on the value of '
Aug 10 12:24:48.604441 dv-cinder-852261-3-smb devstack@c-api.service[110842]: INFO cinder.volume.api [None req-6f5624f5-81de-49e8-88ae-c8d5f593ee0d tempest-VolumeRetypeWithoutMigrationTest-1280943861 tempest-VolumeRetypeWithoutMigrationTest-1280943861-project] Volume info retrieved successfully.
Aug 10 12:24:48.658097 dv-cinder-852261-3-smb devstack@c-api.service[110842]: WARNING cinder.quota [None req-6f5624f5-81de-49e8-88ae-c8d5f593ee0d tempest-VolumeRetypeWithoutMigrationTest-1280943861 tempest-VolumeRetypeWithoutMigrationTest-1280943861-project] Deprecated: Default quota for resource: volumes_volume-type-2 is set by the default quota flag: quota_volumes_volume-type-2, it is now deprecated. Please use the default quota class for default quota.
Aug 10 12:24:48.658949 dv-cinder-852261-3-smb devstack@c-api.service[110842]: WARNING cinder.quota [None req-6f5624f5-81de-49e8-88ae-c8d5f593ee0d tempest-VolumeRetypeWithoutMigrationTest-1280943861 tempest-VolumeRetypeWithoutMigrationTest-1280943861-project] Deprecated: Default quota for resource: gigabytes_volume-type-2 is set by the default quota flag: quota_gigabytes_volume-type-2, it is now deprecated. Please use the default quota class for default quota.
