Aug 10 12:31:14.478751 dv-cinder-852261-3-iscsi devstack@c-api.service[110632]: DEBUG cinder.api.openstack.wsgi [None req-fd2257c9-d2d4-4743-a403-f7e08f55b20c tempest-VolumesTestJSON-525838978 tempest-VolumesTestJSON-525838978-project] Empty body provided in request {{(pid=110632) get_body /opt/stack/cinder/cinder/api/openstack/wsgi.py:715}}
Aug 10 12:31:14.479224 dv-cinder-852261-3-iscsi devstack@c-api.service[110632]: DEBUG cinder.api.openstack.wsgi [None req-fd2257c9-d2d4-4743-a403-f7e08f55b20c tempest-VolumesTestJSON-525838978 tempest-VolumesTestJSON-525838978-project] Calling method 'show' {{(pid=110632) _process_stack /opt/stack/cinder/cinder/api/openstack/wsgi.py:868}}
Aug 10 12:31:14.508741 dv-cinder-852261-3-iscsi devstack@c-api.service[110632]: /usr/local/lib/python3.8/dist-packages/oslo_context/context.py:100: DeprecationWarning: Policy enforcement is depending on the value of is_admin. This key is deprecated. Please update your policy file to use the standard policy values.
Aug 10 12:31:14.508741 dv-cinder-852261-3-iscsi devstack@c-api.service[110632]: warnings.warn('Policy enforcement is depending on the value of '
Aug 10 12:31:14.531250 dv-cinder-852261-3-iscsi devstack@c-api.service[110632]: INFO cinder.volume.api [None req-fd2257c9-d2d4-4743-a403-f7e08f55b20c tempest-VolumesTestJSON-525838978 tempest-VolumesTestJSON-525838978-project] Volume info retrieved successfully.
Aug 10 12:31:14.554203 dv-cinder-852261-3-iscsi devstack@c-api.service[110632]: INFO cinder.api.openstack.wsgi [None req-fd2257c9-d2d4-4743-a403-f7e08f55b20c tempest-VolumesTestJSON-525838978 tempest-VolumesTestJSON-525838978-project] http://10.222.0.65/volume/v3/33d4ac4ff35f4130ac74c595ac69f0bc/volumes/66300fcd-efda-42a9-9175-551077351b92 returned with HTTP 200
Aug 10 12:31:14.557925 dv-cinder-852261-3-iscsi devstack@c-api.service[110632]: [pid: 110632|app: 0|req: 37/70] 10.222.0.65 () {58 vars in 1325 bytes} [Wed Aug 10 12:31:14 2022] GET /volume/v3/33d4ac4ff35f4130ac74c595ac69f0bc/volumes/66300fcd-efda-42a9-9175-551077351b92 => generated 921 bytes in 85 msecs (HTTP/1.1 200) 7 headers in 285 bytes (1 switches on core 0)
Aug 10 12:31:14.587123 dv-cinder-852261-3-iscsi devstack@c-api.service[110632]: DEBUG cinder.api.middleware.request_id [req-e98bdb8c-bf10-4219-8762-7ce7b739f366 req-7a8f4d96-828a-4d76-8c75-9e23e58bd236 None None] RequestId filter calling following filter/app {{(pid=110632) _context_setter /opt/stack/cinder/cinder/api/middleware/request_id.py:62}}
Aug 10 12:31:14.604010 dv-cinder-852261-3-iscsi devstack@c-api.service[110632]: INFO cinder.api.openstack.wsgi [req-e98bdb8c-bf10-4219-8762-7ce7b739f366 req-7a8f4d96-828a-4d76-8c75-9e23e58bd236 tempest-VolumesTestJSON-525838978 tempest-VolumesTestJSON-525838978-project] GET http://10.222.0.65/volume/v3/33d4ac4ff35f4130ac74c595ac69f0bc/volumes/66300fcd-efda-42a9-9175-551077351b92
Aug 10 12:31:14.604496 dv-cinder-852261-3-iscsi devstack@c-api.service[110632]: DEBUG cinder.api.openstack.wsgi [req-e98bdb8c-bf10-4219-8762-7ce7b739f366 req-7a8f4d96-828a-4d76-8c75-9e23e58bd236 tempest-VolumesTestJSON-525838978 tempest-VolumesTestJSON-525838978-project] Empty body provided in request {{(pid=110632) get_body /opt/stack/cinder/cinder/api/openstack/wsgi.py:715}}
Aug 10 12:31:14.604961 dv-cinder-852261-3-iscsi devstack@c-api.service[110632]: DEBUG cinder.api.openstack.wsgi [req-e98bdb8c-bf10-4219-8762-7ce7b739f366 req-7a8f4d96-828a-4d76-8c75-9e23e58bd236 tempest-VolumesTestJSON-525838978 tempest-VolumesTestJSON-525838978-project] Calling method 'show' {{(pid=110632) _process_stack /opt/stack/cinder/cinder/api/openstack/wsgi.py:868}}
Aug 10 12:31:14.648835 dv-cinder-852261-3-iscsi devstack@c-api.service[110632]: /usr/local/lib/python3.8/dist-packages/oslo_context/context.py:100: DeprecationWarning: Policy enforcement is depending on the value of is_admin. This key is deprecated. Please update your policy file to use the standard policy values.
Aug 10 12:31:14.648835 dv-cinder-852261-3-iscsi devstack@c-api.service[110632]: warnings.warn('Policy enforcement is depending on the value of '
Aug 10 12:31:14.665741 dv-cinder-852261-3-iscsi devstack@c-api.service[110632]: INFO cinder.volume.api [req-e98bdb8c-bf10-4219-8762-7ce7b739f366 req-7a8f4d96-828a-4d76-8c75-9e23e58bd236 tempest-VolumesTestJSON-525838978 tempest-VolumesTestJSON-525838978-project] Volume info retrieved successfully.
Aug 10 12:31:14.690377 dv-cinder-852261-3-iscsi devstack@c-api.service[110632]: INFO cinder.api.openstack.wsgi [req-e98bdb8c-bf10-4219-8762-7ce7b739f366 req-7a8f4d96-828a-4d76-8c75-9e23e58bd236 tempest-VolumesTestJSON-525838978 tempest-VolumesTestJSON-525838978-project] http://10.222.0.65/volume/v3/33d4ac4ff35f4130ac74c595ac69f0bc/volumes/66300fcd-efda-42a9-9175-551077351b92 returned with HTTP 200
Aug 10 12:31:14.691143 dv-cinder-852261-3-iscsi devstack@c-api.service[110632]: [pid: 110632|app: 0|req: 38/71] 10.222.0.65 () {60 vars in 1578 bytes} [Wed Aug 10 12:31:14 2022] GET /volume/v3/33d4ac4ff35f4130ac74c595ac69f0bc/volumes/66300fcd-efda-42a9-9175-551077351b92 => generated 921 bytes in 105 msecs (HTTP/1.1 200) 7 headers in 285 bytes (1 switches on core 0)
Aug 10 12:31:14.719979 dv-cinder-852261-3-iscsi devstack@c-api.service[110632]: DEBUG cinder.api.middleware.request_id [req-f8433486-837b-4a23-8f3f-87603f373f87 req-a1d37fe2-403e-47ed-bbf2-b8bd058b86ec None None] RequestId filter calling following filter/app {{(pid=110632) _context_setter /opt/stack/cinder/cinder/api/middleware/request_id.py:62}}
Aug 10 12:31:14.725254 dv-cinder-852261-3-iscsi devstack@c-api.service[110632]: INFO cinder.api.openstack.wsgi [req-f8433486-837b-4a23-8f3f-87603f373f87 req-a1d37fe2-403e-47ed-bbf2-b8bd058b86ec tempest-VolumesTestJSON-525838978 tempest-VolumesTestJSON-525838978-project] GET http://10.222.0.65/volume/v3/33d4ac4ff35f4130ac74c595ac69f0bc/volumes/detail
Aug 10 12:31:14.726049 dv-cinder-852261-3-iscsi devstack@c-api.service[110632]: DEBUG cinder.api.openstack.wsgi [req-f8433486-837b-4a23-8f3f-87603f373f87 req-a1d37fe2-403e-47ed-bbf2-b8bd058b86ec tempest-VolumesTestJSON-525838978 tempest-VolumesTestJSON-525838978-project] Empty body provided in request {{(pid=110632) get_body /opt/stack/cinder/cinder/api/openstack/wsgi.py:715}}
Aug 10 12:31:14.726226 dv-cinder-852261-3-iscsi devstack@c-api.service[110632]: DEBUG cinder.api.openstack.wsgi [req-f8433486-837b-4a23-8f3f-87603f373f87 req-a1d37fe2-403e-47ed-bbf2-b8bd058b86ec tempest-VolumesTestJSON-525838978 tempest-VolumesTestJSON-525838978-project] Calling method 'detail' {{(pid=110632) _process_stack /opt/stack/cinder/cinder/api/openstack/wsgi.py:868}}
Aug 10 12:31:14.727173 dv-cinder-852261-3-iscsi devstack@c-api.service[110632]: DEBUG cinder.api.api_utils [req-f8433486-837b-4a23-8f3f-87603f373f87 req-a1d37fe2-403e-47ed-bbf2-b8bd058b86ec tempest-VolumesTestJSON-525838978 tempest-VolumesTestJSON-525838978-project] Removing options '' from query. {{(pid=110632) remove_invalid_filter_options /opt/stack/cinder/cinder/api/api_utils.py:83}}
Aug 10 12:31:14.728902 dv-cinder-852261-3-iscsi devstack@c-api.service[110632]: DEBUG cinder.volume.api [req-f8433486-837b-4a23-8f3f-87603f373f87 req-a1d37fe2-403e-47ed-bbf2-b8bd058b86ec tempest-VolumesTestJSON-525838978 tempest-VolumesTestJSON-525838978-project] Searching by: MultiDict([('no_migration_targets', True)]). {{(pid=110632) get_all /opt/stack/cinder/cinder/volume/api.py:664}}
Aug 10 12:31:14.771728 dv-cinder-852261-3-iscsi devstack@c-api.service[110633]: INFO cinder.api.openstack.wsgi [None req-66c70147-fd54-4357-8b9d-a63bf42cff1d tempest-SnapshotsActionsTest-1365902756 tempest-SnapshotsActionsTest-1365902756-project-admin] POST http://10.222.0.65/volume/v3/aad22d1b83ef48a984a1e1a2fd00b761/snapshots/7894869b-dee7-4d54-929c-0c7618e3739e/action
Aug 10 12:31:14.772751 dv-cinder-852261-3-iscsi devstack@c-api.service[110633]: DEBUG cinder.api.openstack.wsgi [None req-66c70147-fd54-4357-8b9d-a63bf42cff1d tempest-SnapshotsActionsTest-1365902756 tempest-SnapshotsActionsTest-1365902756-project-admin] Action body: b'{"os-reset_status": {"status": "creating"}}' {{(pid=110633) get_method /opt/stack/cinder/cinder/api/openstack/wsgi.py:983}}
Aug 10 12:31:14.773080 dv-cinder-852261-3-iscsi devstack@c-api.service[110633]: DEBUG cinder.api.openstack.wsgi [None req-66c70147-fd54-4357-8b9d-a63bf42cff1d tempest-SnapshotsActionsTest-1365902756 tempest-SnapshotsActionsTest-1365902756-project-admin] Action: 'action', calling method: _reset_status, body: {"os-reset_status": {"status": "creating"}} {{(pid=110633) _process_stack /opt/stack/cinder/cinder/api/openstack/wsgi.py:866}}
Aug 10 12:31:14.775554 dv-cinder-852261-3-iscsi devstack@c-api.service[110633]: DEBUG cinder.api.contrib.admin_actions [None req-66c70147-fd54-4357-8b9d-a63bf42cff1d tempest-SnapshotsActionsTest-1365902756 tempest-SnapshotsActionsTest-1365902756-project-admin] Updating snapshot '7894869b-dee7-4d54-929c-0c7618e3739e' with '{'status': 'creating'}' {{(pid=110633) _reset_status /opt/stack/cinder/cinder/api/contrib/admin_actions.py:100}}
Aug 10 12:31:14.852355 dv-cinder-852261-3-iscsi devstack@c-api.service[110632]: INFO cinder.volume.api [req-f8433486-837b-4a23-8f3f-87603f373f87 req-a1d37fe2-403e-47ed-bbf2-b8bd058b86ec tempest-VolumesTestJSON-525838978 tempest-VolumesTestJSON-525838978-project] Get all volumes completed successfully.
Aug 10 12:31:14.855411 dv-cinder-852261-3-iscsi devstack@c-api.service[110632]: /usr/local/lib/python3.8/dist-packages/oslo_context/context.py:100: DeprecationWarning: Policy enforcement is depending on the value of is_admin. This key is deprecated. Please update your policy file to use the standard policy values.
Aug 10 12:31:14.855411 dv-cinder-852261-3-iscsi devstack@c-api.service[110632]: warnings.warn('Policy enforcement is depending on the value of '
Aug 10 12:31:14.872985 dv-cinder-852261-3-iscsi devstack@c-api.service[110632]: INFO cinder.api.openstack.wsgi [req-f8433486-837b-4a23-8f3f-87603f373f87 req-a1d37fe2-403e-47ed-bbf2-b8bd058b86ec tempest-VolumesTestJSON-525838978 tempest-VolumesTestJSON-525838978-project] http://10.222.0.65/volume/v3/33d4ac4ff35f4130ac74c595ac69f0bc/volumes/detail returned with HTTP 200
Aug 10 12:31:14.882726 dv-cinder-852261-3-iscsi devstack@c-api.service[110632]: [pid: 110632|app: 0|req: 39/72] 10.222.0.65 () {60 vars in 1488 bytes} [Wed Aug 10 12:31:14 2022] GET /volume/v3/33d4ac4ff35f4130ac74c595ac69f0bc/volumes/detail => generated 2748 bytes in 164 msecs (HTTP/1.1 200) 7 headers in 286 bytes (2 switches on core 0)
Aug 10 12:31:14.892432 dv-cinder-852261-3-iscsi devstack@c-api.service[110633]: /usr/local/lib/python3.8/dist-packages/oslo_context/context.py:100: DeprecationWarning: Policy enforcement is depending on the value of is_admin. This key is deprecated. Please update your policy file to use the standard policy values.
Aug 10 12:31:14.892432 dv-cinder-852261-3-iscsi devstack@c-api.service[110633]: warnings.warn('Policy enforcement is depending on the value of '
Aug 10 12:31:14.951100 dv-cinder-852261-3-iscsi devstack@c-api.service[110632]: DEBUG cinder.api.middleware.request_id [req-8aa7be14-f7b2-457b-b492-4043413b0f03 req-1333d3ba-ee16-4dc7-aa98-2da5eea4cc1a None None] RequestId filter calling following filter/app {{(pid=110632) _context_setter /opt/stack/cinder/cinder/api/middleware/request_id.py:62}}
Aug 10 12:31:14.959824 dv-cinder-852261-3-iscsi devstack@c-api.service[110632]: INFO cinder.api.openstack.wsgi [req-8aa7be14-f7b2-457b-b492-4043413b0f03 req-1333d3ba-ee16-4dc7-aa98-2da5eea4cc1a tempest-VolumesTestJSON-525838978 tempest-VolumesTestJSON-525838978-project] GET http://10.222.0.65/volume/v3/33d4ac4ff35f4130ac74c595ac69f0bc/volumes/detail
Aug 10 12:31:14.961233 dv-cinder-852261-3-iscsi devstack@c-api.service[110632]: DEBUG cinder.api.openstack.wsgi [req-8aa7be14-f7b2-457b-b492-4043413b0f03 req-1333d3ba-ee16-4dc7-aa98-2da5eea4cc1a tempest-VolumesTestJSON-525838978 tempest-VolumesTestJSON-525838978-project] Empty body provided in request {{(pid=110632) get_body /opt/stack/cinder/cinder/api/openstack/wsgi.py:715}}
Aug 10 12:31:14.961794 dv-cinder-852261-3-iscsi devstack@c-api.service[110632]: DEBUG cinder.api.openstack.wsgi [req-8aa7be14-f7b2-457b-b492-4043413b0f03 req-1333d3ba-ee16-4dc7-aa98-2da5eea4cc1a tempest-VolumesTestJSON-525838978 tempest-VolumesTestJSON-525838978-project] Calling method 'detail' {{(pid=110632) _process_stack /opt/stack/cinder/cinder/api/openstack/wsgi.py:868}}
Aug 10 12:31:14.962552 dv-cinder-852261-3-iscsi devstack@c-api.service[110632]: DEBUG cinder.api.api_utils [req-8aa7be14-f7b2-457b-b492-4043413b0f03 req-1333d3ba-ee16-4dc7-aa98-2da5eea4cc1a tempest-VolumesTestJSON-525838978 tempest-VolumesTestJSON-525838978-project] Removing options '' from query. {{(pid=110632) remove_invalid_filter_options /opt/stack/cinder/cinder/api/api_utils.py:83}}
Aug 10 12:31:14.964939 dv-cinder-852261-3-iscsi devstack@c-api.service[110633]: INFO cinder.api.openstack.wsgi [None req-66c70147-fd54-4357-8b9d-a63bf42cff1d tempest-SnapshotsActionsTest-1365902756 tempest-SnapshotsActionsTest-1365902756-project-admin] http://10.222.0.65/volume/v3/aad22d1b83ef48a984a1e1a2fd00b761/snapshots/7894869b-dee7-4d54-929c-0c7618e3739e/action returned with HTTP 202
Aug 10 12:31:14.968416 dv-cinder-852261-3-iscsi devstack@c-api.service[110632]: DEBUG cinder.volume.api [req-8aa7be14-f7b2-457b-b492-4043413b0f03 req-1333d3ba-ee16-4dc7-aa98-2da5eea4cc1a tempest-VolumesTestJSON-525838978 tempest-VolumesTestJSON-525838978-project] Searching by: MultiDict([('no_migration_targets', True)]). {{(pid=110632) get_all /opt/stack/cinder/cinder/volume/api.py:664}}
Aug 10 12:31:14.975342 dv-cinder-852261-3-iscsi devstack@c-api.service[110633]: [pid: 110633|app: 0|req: 34/73] 10.222.0.65 () {60 vars in 1373 bytes} [Wed Aug 10 12:31:14 2022] POST /volume/v3/aad22d1b83ef48a984a1e1a2fd00b761/snapshots/7894869b-dee7-4d54-929c-0c7618e3739e/action => generated 0 bytes in 609 msecs (HTTP/1.1 202) 7 headers in 289 bytes (1 switches on core 0)
Aug 10 12:31:14.980359 dv-cinder-852261-3-iscsi devstack@c-api.service[110633]: DEBUG cinder.api.middleware.request_id [None req-1bb232d8-c394-4d17-82b6-fa6947b161c5 None None] RequestId filter calling following filter/app {{(pid=110633) _context_setter /opt/stack/cinder/cinder/api/middleware/request_id.py:62}}
Aug 10 12:31:14.996904 dv-cinder-852261-3-iscsi devstack@c-api.service[110633]: INFO cinder.api.openstack.wsgi [None req-1bb232d8-c394-4d17-82b6-fa6947b161c5 tempest-SnapshotsActionsTest-1904426877 tempest-SnapshotsActionsTest-1904426877-project] GET http://10.222.0.65/volume/v3/6db6bc4e043a4cde8d3c63cf84a1122f/snapshots/7894869b-dee7-4d54-929c-0c7618e3739e
Aug 10 12:31:14.997345 dv-cinder-852261-3-iscsi devstack@c-api.service[110633]: DEBUG cinder.api.openstack.wsgi [None req-1bb232d8-c394-4d17-82b6-fa6947b161c5 tempest-SnapshotsActionsTest-1904426877 tempest-SnapshotsActionsTest-1904426877-project] Empty body provided in request {{(pid=110633) get_body /opt/stack/cinder/cinder/api/openstack/wsgi.py:715}}
Aug 10 12:31:14.997820 dv-cinder-852261-3-iscsi devstack@c-api.service[110633]: DEBUG cinder.api.openstack.wsgi [None req-1bb232d8-c394-4d17-82b6-fa6947b161c5 tempest-SnapshotsActionsTest-1904426877 tempest-SnapshotsActionsTest-1904426877-project] Calling method 'show' {{(pid=110633) _process_stack /opt/stack/cinder/cinder/api/openstack/wsgi.py:868}}
Aug 10 12:31:15.043185 dv-cinder-852261-3-iscsi devstack@c-api.service[110633]: /usr/local/lib/python3.8/dist-packages/oslo_context/context.py:100: DeprecationWarning: Policy enforcement is depending on the value of is_admin. This key is deprecated. Please update your policy file to use the standard policy values.
Aug 10 12:31:15.043185 dv-cinder-852261-3-iscsi devstack@c-api.service[110633]: warnings.warn('Policy enforcement is depending on the value of '
Aug 10 12:31:15.048449 dv-cinder-852261-3-iscsi devstack@c-api.service[110633]: INFO cinder.volume.api [None req-1bb232d8-c394-4d17-82b6-fa6947b161c5 tempest-SnapshotsActionsTest-1904426877 tempest-SnapshotsActionsTest-1904426877-project] Snapshot retrieved successfully.
Aug 10 12:31:15.053513 dv-cinder-852261-3-iscsi devstack@c-api.service[110633]: INFO cinder.api.openstack.wsgi [None req-1bb232d8-c394-4d17-82b6-fa6947b161c5 tempest-SnapshotsActionsTest-1904426877 tempest-SnapshotsActionsTest-1904426877-project] http://10.222.0.65/volume/v3/6db6bc4e043a4cde8d3c63cf84a1122f/snapshots/7894869b-dee7-4d54-929c-0c7618e3739e returned with HTTP 200
Aug 10 12:31:15.065493 dv-cinder-852261-3-iscsi devstack@c-api.service[110633]: [pid: 110633|app: 0|req: 35/74] 10.222.0.65 () {58 vars in 1331 bytes} [Wed Aug 10 12:31:14 2022] GET /volume/v3/6db6bc4e043a4cde8d3c63cf84a1122f/snapshots/7894869b-dee7-4d54-929c-0c7618e3739e => generated 464 bytes in 89 msecs (HTTP/1.1 200) 7 headers in 285 bytes (1 switches on core 0)
Aug 10 12:31:15.067600 dv-cinder-852261-3-iscsi devstack@c-api.service[110633]: DEBUG cinder.api.middleware.request_id [None req-8bcbc7f3-eae0-4d48-bd58-7a16bcbfcf17 None None] RequestId filter calling following filter/app {{(pid=110633) _context_setter /opt/stack/cinder/cinder/api/middleware/request_id.py:62}}
Aug 10 12:31:15.072549 dv-cinder-852261-3-iscsi devstack@c-api.service[110633]: INFO cinder.api.openstack.wsgi [None req-8bcbc7f3-eae0-4d48-bd58-7a16bcbfcf17 tempest-SnapshotsActionsTest-1365902756 tempest-SnapshotsActionsTest-1365902756-project-admin] POST http://10.222.0.65/volume/v3/aad22d1b83ef48a984a1e1a2fd00b761/snapshots/7894869b-dee7-4d54-929c-0c7618e3739e/action
Aug 10 12:31:15.073602 dv-cinder-852261-3-iscsi devstack@c-api.service[110633]: DEBUG cinder.api.openstack.wsgi [None req-8bcbc7f3-eae0-4d48-bd58-7a16bcbfcf17 tempest-SnapshotsActionsTest-1365902756 tempest-SnapshotsActionsTest-1365902756-project-admin] Action body: b'{"os-reset_status": {"status": "available"}}' {{(pid=110633) get_method /opt/stack/cinder/cinder/api/openstack/wsgi.py:983}}
Aug 10 12:31:15.074550 dv-cinder-852261-3-iscsi devstack@c-api.service[110633]: DEBUG cinder.api.openstack.wsgi [None req-8bcbc7f3-eae0-4d48-bd58-7a16bcbfcf17 tempest-SnapshotsActionsTest-1365902756 tempest-SnapshotsActionsTest-1365902756-project-admin] Action: 'action', calling method: _reset_status, body: {"os-reset_status": {"status": "available"}} {{(pid=110633) _process_stack /opt/stack/cinder/cinder/api/openstack/wsgi.py:866}}
Aug 10 12:31:15.077492 dv-cinder-852261-3-iscsi devstack@c-api.service[110633]: DEBUG cinder.api.contrib.admin_actions [None req-8bcbc7f3-eae0-4d48-bd58-7a16bcbfcf17 tempest-SnapshotsActionsTest-1365902756 tempest-SnapshotsActionsTest-1365902756-project-admin] Updating snapshot '7894869b-dee7-4d54-929c-0c7618e3739e' with '{'status': 'available'}' {{(pid=110633) _reset_status /opt/stack/cinder/cinder/api/contrib/admin_actions.py:100}}
Aug 10 12:31:15.100734 dv-cinder-852261-3-iscsi devstack@c-api.service[110633]: /usr/local/lib/python3.8/dist-packages/oslo_context/context.py:100: DeprecationWarning: Policy enforcement is depending on the value of is_admin. This key is deprecated. Please update your policy file to use the standard policy values.
Aug 10 12:31:15.100734 dv-cinder-852261-3-iscsi devstack@c-api.service[110633]: warnings.warn('Policy enforcement is depending on the value of '
Aug 10 12:31:15.150334 dv-cinder-852261-3-iscsi devstack@c-api.service[110633]: INFO cinder.api.openstack.wsgi [None req-8bcbc7f3-eae0-4d48-bd58-7a16bcbfcf17 tempest-SnapshotsActionsTest-1365902756 tempest-SnapshotsActionsTest-1365902756-project-admin] http://10.222.0.65/volume/v3/aad22d1b83ef48a984a1e1a2fd00b761/snapshots/7894869b-dee7-4d54-929c-0c7618e3739e/action returned with HTTP 202
Aug 10 12:31:15.151403 dv-cinder-852261-3-iscsi devstack@c-api.service[110632]: INFO cinder.volume.api [req-8aa7be14-f7b2-457b-b492-4043413b0f03 req-1333d3ba-ee16-4dc7-aa98-2da5eea4cc1a tempest-VolumesTestJSON-525838978 tempest-VolumesTestJSON-525838978-project] Get all volumes completed successfully.
Aug 10 12:31:15.154339 dv-cinder-852261-3-iscsi devstack@c-api.service[110632]: /usr/local/lib/python3.8/dist-packages/oslo_context/context.py:100: DeprecationWarning: Policy enforcement is depending on the value of is_admin. This key is deprecated. Please update your policy file to use the standard policy values.
Aug 10 12:31:15.154339 dv-cinder-852261-3-iscsi devstack@c-api.service[110632]: warnings.warn('Policy enforcement is depending on the value of '
Aug 10 12:31:15.156440 dv-cinder-852261-3-iscsi devstack@c-api.service[110633]: [pid: 110633|app: 0|req: 36/75] 10.222.0.65 () {60 vars in 1373 bytes} [Wed Aug 10 12:31:15 2022] POST /volume/v3/aad22d1b83ef48a984a1e1a2fd00b761/snapshots/7894869b-dee7-4d54-929c-0c7618e3739e/action => generated 0 bytes in 90 msecs (HTTP/1.1 202) 7 headers in 289 bytes (1 switches on core 0)
Aug 10 12:31:15.161876 dv-cinder-852261-3-iscsi devstack@c-api.service[110633]: DEBUG cinder.api.middleware.request_id [None req-74f1ad89-29d7-4a95-8165-68739a028068 None None] RequestId filter calling following filter/app {{(pid=110633) _context_setter /opt/stack/cinder/cinder/api/middleware/request_id.py:62}}
Aug 10 12:31:15.171844 dv-cinder-852261-3-iscsi devstack@c-api.service[110632]: INFO cinder.api.openstack.wsgi [req-8aa7be14-f7b2-457b-b492-4043413b0f03 req-1333d3ba-ee16-4dc7-aa98-2da5eea4cc1a tempest-VolumesTestJSON-525838978 tempest-VolumesTestJSON-525838978-project] http://10.222.0.65/volume/v3/33d4ac4ff35f4130ac74c595ac69f0bc/volumes/detail returned with HTTP 200
Aug 10 12:31:15.172183 dv-cinder-852261-3-iscsi devstack@c-api.service[110633]: INFO cinder.api.openstack.wsgi [None req-74f1ad89-29d7-4a95-8165-68739a028068 tempest-SnapshotsActionsTest-1904426877 tempest-SnapshotsActionsTest-1904426877-project] GET http://10.222.0.65/volume/v3/6db6bc4e043a4cde8d3c63cf84a1122f/snapshots/7894869b-dee7-4d54-929c-0c7618e3739e
Aug 10 12:31:15.183842 dv-cinder-852261-3-iscsi devstack@c-api.service[110633]: DEBUG cinder.api.openstack.wsgi [None req-74f1ad89-29d7-4a95-8165-68739a028068 tempest-SnapshotsActionsTest-1904426877 tempest-SnapshotsActionsTest-1904426877-project] Empty body provided in request {{(pid=110633) get_body /opt/stack/cinder/cinder/api/openstack/wsgi.py:715}}
Aug 10 12:31:15.189451 dv-cinder-852261-3-iscsi devstack@c-api.service[110633]: DEBUG cinder.api.openstack.wsgi [None req-74f1ad89-29d7-4a95-8165-68739a028068 tempest-SnapshotsActionsTest-1904426877 tempest-SnapshotsActionsTest-1904426877-project] Calling method 'show' {{(pid=110633) _process_stack /opt/stack/cinder/cinder/api/openstack/wsgi.py:868}}
Aug 10 12:31:15.199514 dv-cinder-852261-3-iscsi devstack@c-api.service[110632]: [pid: 110632|app: 0|req: 40/76] 10.222.0.65 () {60 vars in 1488 bytes} [Wed Aug 10 12:31:14 2022] GET /volume/v3/33d4ac4ff35f4130ac74c595ac69f0bc/volumes/detail => generated 2748 bytes in 251 msecs (HTTP/1.1 200) 7 headers in 286 bytes (1 switches on core 0)
Aug 10 12:31:15.216758 dv-cinder-852261-3-iscsi devstack@c-api.service[110632]: DEBUG cinder.api.middleware.request_id [req-148ce648-edba-4c67-844d-9784419c6db3 req-a66a5d65-3cfe-4ae1-af09-7ea6cb102f23 None None] RequestId filter calling following filter/app {{(pid=110632) _context_setter /opt/stack/cinder/cinder/api/middleware/request_id.py:62}}
Aug 10 12:31:15.221764 dv-cinder-852261-3-iscsi devstack@c-api.service[110632]: INFO cinder.api.openstack.wsgi [req-148ce648-edba-4c67-844d-9784419c6db3 req-a66a5d65-3cfe-4ae1-af09-7ea6cb102f23 tempest-VolumesTestJSON-525838978 tempest-VolumesTestJSON-525838978-project] GET http://10.222.0.65/volume/v3/33d4ac4ff35f4130ac74c595ac69f0bc/volumes/detail
Aug 10 12:31:15.222336 dv-cinder-852261-3-iscsi devstack@c-api.service[110632]: DEBUG cinder.api.openstack.wsgi [req-148ce648-edba-4c67-844d-9784419c6db3 req-a66a5d65-3cfe-4ae1-af09-7ea6cb102f23 tempest-VolumesTestJSON-525838978 tempest-VolumesTestJSON-525838978-project] Empty body provided in request {{(pid=110632) get_body /opt/stack/cinder/cinder/api/openstack/wsgi.py:715}}
Aug 10 12:31:15.223668 dv-cinder-852261-3-iscsi devstack@c-api.service[110632]: DEBUG cinder.api.openstack.wsgi [req-148ce648-edba-4c67-844d-9784419c6db3 req-a66a5d65-3cfe-4ae1-af09-7ea6cb102f23 tempest-VolumesTestJSON-525838978 tempest-VolumesTestJSON-525838978-project] Calling method 'detail' {{(pid=110632) _process_stack /opt/stack/cinder/cinder/api/openstack/wsgi.py:868}}
Aug 10 12:31:15.224978 dv-cinder-852261-3-iscsi devstack@c-api.service[110633]: /usr/local/lib/python3.8/dist-packages/oslo_context/context.py:100: DeprecationWarning: Policy enforcement is depending on the value of is_admin. This key is deprecated. Please update your policy file to use the standard policy values.
Aug 10 12:31:15.224978 dv-cinder-852261-3-iscsi devstack@c-api.service[110633]: warnings.warn('Policy enforcement is depending on the value of '
Aug 10 12:31:15.225636 dv-cinder-852261-3-iscsi devstack@c-api.service[110632]: DEBUG cinder.api.api_utils [req-148ce648-edba-4c67-844d-9784419c6db3 req-a66a5d65-3cfe-4ae1-af09-7ea6cb102f23 tempest-VolumesTestJSON-525838978 tempest-VolumesTestJSON-525838978-project] Removing options '' from query. {{(pid=110632) remove_invalid_filter_options /opt/stack/cinder/cinder/api/api_utils.py:83}}
Aug 10 12:31:15.231960 dv-cinder-852261-3-iscsi devstack@c-api.service[110632]: DEBUG cinder.volume.api [req-148ce648-edba-4c67-844d-9784419c6db3 req-a66a5d65-3cfe-4ae1-af09-7ea6cb102f23 tempest-VolumesTestJSON-525838978 tempest-VolumesTestJSON-525838978-project] Searching by: MultiDict([('no_migration_targets', True)]). {{(pid=110632) get_all /opt/stack/cinder/cinder/volume/api.py:664}}
Aug 10 12:31:15.236371 dv-cinder-852261-3-iscsi devstack@c-api.service[110633]: INFO cinder.volume.api [None req-74f1ad89-29d7-4a95-8165-68739a028068 tempest-SnapshotsActionsTest-1904426877 tempest-SnapshotsActionsTest-1904426877-project] Snapshot retrieved successfully.
Aug 10 12:31:15.246541 dv-cinder-852261-3-iscsi devstack@c-api.service[110633]: INFO cinder.api.openstack.wsgi [None req-74f1ad89-29d7-4a95-8165-68739a028068 tempest-SnapshotsActionsTest-1904426877 tempest-SnapshotsActionsTest-1904426877-project] http://10.222.0.65/volume/v3/6db6bc4e043a4cde8d3c63cf84a1122f/snapshots/7894869b-dee7-4d54-929c-0c7618e3739e returned with HTTP 200
Aug 10 12:31:15.251533 dv-cinder-852261-3-iscsi devstack@c-api.service[110633]: [pid: 110633|app: 0|req: 37/77] 10.222.0.65 () {58 vars in 1331 bytes} [Wed Aug 10 12:31:15 2022] GET /volume/v3/6db6bc4e043a4cde8d3c63cf84a1122f/snapshots/7894869b-dee7-4d54-929c-0c7618e3739e => generated 465 bytes in 90 msecs (HTTP/1.1 200) 7 headers in 285 bytes (1 switches on core 0)
Aug 10 12:31:15.260437 dv-cinder-852261-3-iscsi devstack@c-api.service[110633]: DEBUG cinder.api.middleware.request_id [None req-fecc8aed-ca95-4df4-8fc6-6857f379cbdc None None] RequestId filter calling following filter/app {{(pid=110633) _context_setter /opt/stack/cinder/cinder/api/middleware/request_id.py:62}}
Aug 10 12:31:15.272352 dv-cinder-852261-3-iscsi devstack@c-api.service[110633]: INFO cinder.api.openstack.wsgi [None req-fecc8aed-ca95-4df4-8fc6-6857f379cbdc tempest-SnapshotsActionsTest-1904426877 tempest-SnapshotsActionsTest-1904426877-project] POST http://10.222.0.65/volume/v3/6db6bc4e043a4cde8d3c63cf84a1122f/snapshots
Aug 10 12:31:15.275701 dv-cinder-852261-3-iscsi devstack@c-api.service[110633]: DEBUG cinder.api.openstack.wsgi [None req-fecc8aed-ca95-4df4-8fc6-6857f379cbdc tempest-SnapshotsActionsTest-1904426877 tempest-SnapshotsActionsTest-1904426877-project] Action: 'create', calling method: create, body: {"snapshot": {"volume_id": "c8e58a74-46f9-48f3-b6aa-0d1ea390ef47", "name": "tempest-SnapshotsActionsTest-Snapshot-20958820"}} {{(pid=110633) _process_stack /opt/stack/cinder/cinder/api/openstack/wsgi.py:866}}
Aug 10 12:31:15.322452 dv-cinder-852261-3-iscsi devstack@c-api.service[110633]: /usr/local/lib/python3.8/dist-packages/oslo_context/context.py:100: DeprecationWarning: Policy enforcement is depending on the value of is_admin. This key is deprecated. Please update your policy file to use the standard policy values.
Aug 10 12:31:15.322452 dv-cinder-852261-3-iscsi devstack@c-api.service[110633]: warnings.warn('Policy enforcement is depending on the value of '
Aug 10 12:31:15.325131 dv-cinder-852261-3-iscsi devstack@c-api.service[110633]: INFO cinder.volume.api [None req-fecc8aed-ca95-4df4-8fc6-6857f379cbdc tempest-SnapshotsActionsTest-1904426877 tempest-SnapshotsActionsTest-1904426877-project] Volume info retrieved successfully.
Aug 10 12:31:15.329621 dv-cinder-852261-3-iscsi devstack@c-api.service[110633]: INFO cinder.api.v3.snapshots [None req-fecc8aed-ca95-4df4-8fc6-6857f379cbdc tempest-SnapshotsActionsTest-1904426877 tempest-SnapshotsActionsTest-1904426877-project] Create snapshot from volume c8e58a74-46f9-48f3-b6aa-0d1ea390ef47
Aug 10 12:31:15.372930 dv-cinder-852261-3-iscsi devstack@c-api.service[110632]: INFO cinder.volume.api [req-148ce648-edba-4c67-844d-9784419c6db3 req-a66a5d65-3cfe-4ae1-af09-7ea6cb102f23 tempest-VolumesTestJSON-525838978 tempest-VolumesTestJSON-525838978-project] Get all volumes completed successfully.
Aug 10 12:31:15.378094 dv-cinder-852261-3-iscsi devstack@c-api.service[110632]: /usr/local/lib/python3.8/dist-packages/oslo_context/context.py:100: DeprecationWarning: Policy enforcement is depending on the value of is_admin. This key is deprecated. Please update your policy file to use the standard policy values.
Aug 10 12:31:15.378094 dv-cinder-852261-3-iscsi devstack@c-api.service[110632]: warnings.warn('Policy enforcement is depending on the value of '
Aug 10 12:31:15.411677 dv-cinder-852261-3-iscsi devstack@c-api.service[110632]: INFO cinder.api.openstack.wsgi [req-148ce648-edba-4c67-844d-9784419c6db3 req-a66a5d65-3cfe-4ae1-af09-7ea6cb102f23 tempest-VolumesTestJSON-525838978 tempest-VolumesTestJSON-525838978-project] http://10.222.0.65/volume/v3/33d4ac4ff35f4130ac74c595ac69f0bc/volumes/detail returned with HTTP 200
Aug 10 12:31:15.433225 dv-cinder-852261-3-iscsi devstack@c-api.service[110632]: [pid: 110632|app: 0|req: 41/78] 10.222.0.65 () {60 vars in 1488 bytes} [Wed Aug 10 12:31:15 2022] GET /volume/v3/33d4ac4ff35f4130ac74c595ac69f0bc/volumes/detail => generated 2748 bytes in 217 msecs (HTTP/1.1 200) 7 headers in 286 bytes (1 switches on core 0)
Aug 10 12:31:15.449584 dv-cinder-852261-3-iscsi devstack@c-api.service[110632]: DEBUG cinder.api.middleware.request_id [req-e983492b-24b4-453b-bc7a-bc0fac99052a req-f3a3d933-4456-428a-9909-f02141e2f327 None None] RequestId filter calling following filter/app {{(pid=110632) _context_setter /opt/stack/cinder/cinder/api/middleware/request_id.py:62}}
Aug 10 12:31:15.456683 dv-cinder-852261-3-iscsi devstack@c-api.service[110632]: INFO cinder.api.openstack.wsgi [req-e983492b-24b4-453b-bc7a-bc0fac99052a req-f3a3d933-4456-428a-9909-f02141e2f327 tempest-VolumesSnapshotsTestJSON-454025635 tempest-VolumesSnapshotsTestJSON-454025635-project] GET http://10.222.0.65/volume/v3/a99cd651b5c8474fb336b307cbba38cd/volumes/f8166002-7272-4df6-be14-688391140a87
Aug 10 12:31:15.458082 dv-cinder-852261-3-iscsi devstack@c-api.service[110632]: DEBUG cinder.api.openstack.wsgi [req-e983492b-24b4-453b-bc7a-bc0fac99052a req-f3a3d933-4456-428a-9909-f02141e2f327 tempest-VolumesSnapshotsTestJSON-454025635 tempest-VolumesSnapshotsTestJSON-454025635-project] Empty body provided in request {{(pid=110632) get_body /opt/stack/cinder/cinder/api/openstack/wsgi.py:715}}
Aug 10 12:31:15.458627 dv-cinder-852261-3-iscsi devstack@c-api.service[110632]: DEBUG cinder.api.openstack.wsgi [req-e983492b-24b4-453b-bc7a-bc0fac99052a req-f3a3d933-4456-428a-9909-f02141e2f327 tempest-VolumesSnapshotsTestJSON-454025635 tempest-VolumesSnapshotsTestJSON-454025635-project] Calling method 'show' {{(pid=110632) _process_stack /opt/stack/cinder/cinder/api/openstack/wsgi.py:868}}
Aug 10 12:31:15.464021 dv-cinder-852261-3-iscsi devstack@c-api.service[110633]: DEBUG cinder.quota [None req-fecc8aed-ca95-4df4-8fc6-6857f379cbdc tempest-SnapshotsActionsTest-1904426877 tempest-SnapshotsActionsTest-1904426877-project] Created reservations ['d0faa470-10f5-42b1-bded-f9e9042d6b8b', '5a038df0-7d81-4f12-a417-6925cd328364', '957ea9ba-7e05-471d-946e-868ad72d99b2', 'ec13d6a9-86b4-456c-bd0e-246c9a84c539'] {{(pid=110633) reserve /opt/stack/cinder/cinder/quota.py:755}}
Aug 10 12:31:15.494985 dv-cinder-852261-3-iscsi devstack@c-api.service[110632]: INFO cinder.api.openstack.wsgi [req-e983492b-24b4-453b-bc7a-bc0fac99052a req-f3a3d933-4456-428a-9909-f02141e2f327 tempest-VolumesSnapshotsTestJSON-454025635 tempest-VolumesSnapshotsTestJSON-454025635-project] http://10.222.0.65/volume/v3/a99cd651b5c8474fb336b307cbba38cd/volumes/f8166002-7272-4df6-be14-688391140a87 returned with HTTP 404
Aug 10 12:31:15.523018 dv-cinder-852261-3-iscsi devstack@c-api.service[110632]: [pid: 110632|app: 0|req: 42/79] 10.222.0.65 () {60 vars in 1578 bytes} [Wed Aug 10 12:31:15 2022] GET /volume/v3/a99cd651b5c8474fb336b307cbba38cd/volumes/f8166002-7272-4df6-be14-688391140a87 => generated 109 bytes in 74 msecs (HTTP/1.1 404) 7 headers in 292 bytes (2 switches on core 0)
Aug 10 12:31:15.560302 dv-cinder-852261-3-iscsi devstack@c-api.service[110632]: DEBUG cinder.api.middleware.request_id [req-cbd59bc4-bb0e-42eb-a75f-1586d5741a9c req-fb8f13c9-f618-4886-9e9a-9c6dbe89f50e None None] RequestId filter calling following filter/app {{(pid=110632) _context_setter /opt/stack/cinder/cinder/api/middleware/request_id.py:62}}
Aug 10 12:31:15.566986 dv-cinder-852261-3-iscsi devstack@c-api.service[110632]: INFO cinder.api.openstack.wsgi [req-cbd59bc4-bb0e-42eb-a75f-1586d5741a9c req-fb8f13c9-f618-4886-9e9a-9c6dbe89f50e tempest-VolumesTestJSON-525838978 tempest-VolumesTestJSON-525838978-project] GET http://10.222.0.65/volume/v3/33d4ac4ff35f4130ac74c595ac69f0bc/volumes/detail
Aug 10 12:31:15.567458 dv-cinder-852261-3-iscsi devstack@c-api.service[110632]: DEBUG cinder.api.openstack.wsgi [req-cbd59bc4-bb0e-42eb-a75f-1586d5741a9c req-fb8f13c9-f618-4886-9e9a-9c6dbe89f50e tempest-VolumesTestJSON-525838978 tempest-VolumesTestJSON-525838978-project] Empty body provided in request {{(pid=110632) get_body /opt/stack/cinder/cinder/api/openstack/wsgi.py:715}}
Aug 10 12:31:15.569768 dv-cinder-852261-3-iscsi devstack@c-api.service[110632]: DEBUG cinder.api.openstack.wsgi [req-cbd59bc4-bb0e-42eb-a75f-1586d5741a9c req-fb8f13c9-f618-4886-9e9a-9c6dbe89f50e tempest-VolumesTestJSON-525838978 tempest-VolumesTestJSON-525838978-project] Calling method 'detail' {{(pid=110632) _process_stack /opt/stack/cinder/cinder/api/openstack/wsgi.py:868}}
Aug 10 12:31:15.571517 dv-cinder-852261-3-iscsi devstack@c-api.service[110632]: DEBUG cinder.api.api_utils [req-cbd59bc4-bb0e-42eb-a75f-1586d5741a9c req-fb8f13c9-f618-4886-9e9a-9c6dbe89f50e tempest-VolumesTestJSON-525838978 tempest-VolumesTestJSON-525838978-project] Removing options '' from query. {{(pid=110632) remove_invalid_filter_options /opt/stack/cinder/cinder/api/api_utils.py:83}}
Aug 10 12:31:15.579215 dv-cinder-852261-3-iscsi devstack@c-api.service[110632]: DEBUG cinder.volume.api [req-cbd59bc4-bb0e-42eb-a75f-1586d5741a9c req-fb8f13c9-f618-4886-9e9a-9c6dbe89f50e tempest-VolumesTestJSON-525838978 tempest-VolumesTestJSON-525838978-project] Searching by: MultiDict([('no_migration_targets', True)]). {{(pid=110632) get_all /opt/stack/cinder/cinder/volume/api.py:664}}
Aug 10 12:31:15.608347 dv-cinder-852261-3-iscsi devstack@c-api.service[110633]: INFO cinder.volume.api [None req-fecc8aed-ca95-4df4-8fc6-6857f379cbdc tempest-SnapshotsActionsTest-1904426877 tempest-SnapshotsActionsTest-1904426877-project] Snapshot create request issued successfully.
Aug 10 12:31:15.609371 dv-cinder-852261-3-iscsi devstack@c-api.service[110633]: INFO cinder.api.openstack.wsgi [None req-fecc8aed-ca95-4df4-8fc6-6857f379cbdc tempest-SnapshotsActionsTest-1904426877 tempest-SnapshotsActionsTest-1904426877-project] http://10.222.0.65/volume/v3/6db6bc4e043a4cde8d3c63cf84a1122f/snapshots returned with HTTP 202
Aug 10 12:31:15.611287 dv-cinder-852261-3-iscsi devstack@c-api.service[110633]: [pid: 110633|app: 0|req: 38/80] 10.222.0.65 () {60 vars in 1242 bytes} [Wed Aug 10 12:31:15 2022] POST /volume/v3/6db6bc4e043a4cde8d3c63cf84a1122f/snapshots => generated 305 bytes in 352 msecs (HTTP/1.1 202) 7 headers in 291 bytes (1 switches on core 0)
Aug 10 12:31:15.619184 dv-cinder-852261-3-iscsi devstack@c-api.service[110633]: DEBUG cinder.api.middleware.request_id [None req-0c1ed042-e3ed-4481-b229-ab5d4db64378 None None] RequestId filter calling following filter/app {{(pid=110633) _context_setter /opt/stack/cinder/cinder/api/middleware/request_id.py:62}}
Aug 10 12:31:15.624405 dv-cinder-852261-3-iscsi devstack@c-api.service[110633]: INFO cinder.api.openstack.wsgi [None req-0c1ed042-e3ed-4481-b229-ab5d4db64378 tempest-SnapshotsActionsTest-1904426877 tempest-SnapshotsActionsTest-1904426877-project] GET http://10.222.0.65/volume/v3/6db6bc4e043a4cde8d3c63cf84a1122f/snapshots/a7315031-5ff3-4329-b206-2bdf46d508c3
Aug 10 12:31:15.627375 dv-cinder-852261-3-iscsi devstack@c-api.service[110633]: DEBUG cinder.api.openstack.wsgi [None req-0c1ed042-e3ed-4481-b229-ab5d4db64378 tempest-SnapshotsActionsTest-1904426877 tempest-SnapshotsActionsTest-1904426877-project] Empty body provided in request {{(pid=110633) get_body /opt/stack/cinder/cinder/api/openstack/wsgi.py:715}}
Aug 10 12:31:15.628332 dv-cinder-852261-3-iscsi devstack@c-api.service[110633]: DEBUG cinder.api.openstack.wsgi [None req-0c1ed042-e3ed-4481-b229-ab5d4db64378 tempest-SnapshotsActionsTest-1904426877 tempest-SnapshotsActionsTest-1904426877-project] Calling method 'show' {{(pid=110633) _process_stack /opt/stack/cinder/cinder/api/openstack/wsgi.py:868}}
Aug 10 12:31:15.640232 dv-cinder-852261-3-iscsi devstack@c-api.service[110633]: DEBUG dbcounter [-] [110633] Writing DB stats cinder:SELECT=76,cinder:UPDATE=17,cinder:DELETE=2,cinder:INSERT=5 {{(pid=110633) stat_writer /usr/local/lib/python3.8/dist-packages/dbcounter.py:114}}
Aug 10 12:31:15.650908 dv-cinder-852261-3-iscsi devstack@c-api.service[110633]: /usr/local/lib/python3.8/dist-packages/oslo_context/context.py:100: DeprecationWarning: Policy enforcement is depending on the value of is_admin. This key is deprecated. Please update your policy file to use the standard policy values.
Aug 10 12:31:15.650908 dv-cinder-852261-3-iscsi devstack@c-api.service[110633]: warnings.warn('Policy enforcement is depending on the value of '
Aug 10 12:31:15.662847 dv-cinder-852261-3-iscsi devstack@c-api.service[110633]: INFO cinder.volume.api [None req-0c1ed042-e3ed-4481-b229-ab5d4db64378 tempest-SnapshotsActionsTest-1904426877 tempest-SnapshotsActionsTest-1904426877-project] Snapshot retrieved successfully.
Aug 10 12:31:15.664838 dv-cinder-852261-3-iscsi devstack@c-api.service[110633]: INFO cinder.api.openstack.wsgi [None req-0c1ed042-e3ed-4481-b229-ab5d4db64378 tempest-SnapshotsActionsTest-1904426877 tempest-SnapshotsActionsTest-1904426877-project] http://10.222.0.65/volume/v3/6db6bc4e043a4cde8d3c63cf84a1122f/snapshots/a7315031-5ff3-4329-b206-2bdf46d508c3 returned with HTTP 200
Aug 10 12:31:15.665877 dv-cinder-852261-3-iscsi devstack@c-api.service[110633]: [pid: 110633|app: 0|req: 39/81] 10.222.0.65 () {58 vars in 1331 bytes} [Wed Aug 10 12:31:15 2022] GET /volume/v3/6db6bc4e043a4cde8d3c63cf84a1122f/snapshots/a7315031-5ff3-4329-b206-2bdf46d508c3 => generated 437 bytes in 48 msecs (HTTP/1.1 200) 7 headers in 285 bytes (2 switches on core 0)
Aug 10 12:31:15.761313 dv-cinder-852261-3-iscsi devstack@c-api.service[110632]: INFO cinder.volume.api [req-cbd59bc4-bb0e-42eb-a75f-1586d5741a9c req-fb8f13c9-f618-4886-9e9a-9c6dbe89f50e tempest-VolumesTestJSON-525838978 tempest-VolumesTestJSON-525838978-project] Get all volumes completed successfully.
Aug 10 12:31:15.763978 dv-cinder-852261-3-iscsi devstack@c-api.service[110632]: /usr/local/lib/python3.8/dist-packages/oslo_context/context.py:100: DeprecationWarning: Policy enforcement is depending on the value of is_admin. This key is deprecated. Please update your policy file to use the standard policy values.
Aug 10 12:31:15.763978 dv-cinder-852261-3-iscsi devstack@c-api.service[110632]: warnings.warn('Policy enforcement is depending on the value of '
Aug 10 12:31:15.774291 dv-cinder-852261-3-iscsi devstack@c-api.service[110632]: INFO cinder.api.openstack.wsgi [req-cbd59bc4-bb0e-42eb-a75f-1586d5741a9c req-fb8f13c9-f618-4886-9e9a-9c6dbe89f50e tempest-VolumesTestJSON-525838978 tempest-VolumesTestJSON-525838978-project] http://10.222.0.65/volume/v3/33d4ac4ff35f4130ac74c595ac69f0bc/volumes/detail returned with HTTP 200
Aug 10 12:31:15.775307 dv-cinder-852261-3-iscsi devstack@c-api.service[110632]: [pid: 110632|app: 0|req: 43/82] 10.222.0.65 () {60 vars in 1488 bytes} [Wed Aug 10 12:31:15 2022] GET /volume/v3/33d4ac4ff35f4130ac74c595ac69f0bc/volumes/detail => generated 2748 bytes in 216 msecs (HTTP/1.1 200) 7 headers in 286 bytes (1 switches on core 0)
Aug 10 12:31:15.810717 dv-cinder-852261-3-iscsi devstack@c-api.service[110633]: DEBUG cinder.api.middleware.request_id [req-84df337c-a084-483c-a2a9-2d19d5c34276 req-55ce4b57-5aec-4dc9-9a9a-521f8475b939 None None] RequestId filter calling following filter/app {{(pid=110633) _context_setter /opt/stack/cinder/cinder/api/middleware/request_id.py:62}}
Aug 10 12:31:15.816179 dv-cinder-852261-3-iscsi devstack@c-api.service[110633]: INFO cinder.api.openstack.wsgi [req-84df337c-a084-483c-a2a9-2d19d5c34276 req-55ce4b57-5aec-4dc9-9a9a-521f8475b939 tempest-VolumesSnapshotsTestJSON-454025635 tempest-VolumesSnapshotsTestJSON-454025635-project] DELETE http://10.222.0.65/volume/v3/a99cd651b5c8474fb336b307cbba38cd/volumes/f8166002-7272-4df6-be14-688391140a87
Aug 10 12:31:15.816674 dv-cinder-852261-3-iscsi devstack@c-api.service[110633]: DEBUG cinder.api.openstack.wsgi [req-84df337c-a084-483c-a2a9-2d19d5c34276 req-55ce4b57-5aec-4dc9-9a9a-521f8475b939 tempest-VolumesSnapshotsTestJSON-454025635 tempest-VolumesSnapshotsTestJSON-454025635-project] Empty body provided in request {{(pid=110633) get_body /opt/stack/cinder/cinder/api/openstack/wsgi.py:715}}
Aug 10 12:31:15.817237 dv-cinder-852261-3-iscsi devstack@c-api.service[110633]: DEBUG cinder.api.openstack.wsgi [req-84df337c-a084-483c-a2a9-2d19d5c34276 req-55ce4b57-5aec-4dc9-9a9a-521f8475b939 tempest-VolumesSnapshotsTestJSON-454025635 tempest-VolumesSnapshotsTestJSON-454025635-project] Calling method 'delete' {{(pid=110633) _process_stack /opt/stack/cinder/cinder/api/openstack/wsgi.py:868}}
Aug 10 12:31:15.817765 dv-cinder-852261-3-iscsi devstack@c-api.service[110633]: INFO cinder.api.v3.volumes [req-84df337c-a084-483c-a2a9-2d19d5c34276 req-55ce4b57-5aec-4dc9-9a9a-521f8475b939 tempest-VolumesSnapshotsTestJSON-454025635 tempest-VolumesSnapshotsTestJSON-454025635-project] Delete volume with id: f8166002-7272-4df6-be14-688391140a87
Aug 10 12:31:15.838535 dv-cinder-852261-3-iscsi devstack@c-api.service[110633]: INFO cinder.api.openstack.wsgi [req-84df337c-a084-483c-a2a9-2d19d5c34276 req-55ce4b57-5aec-4dc9-9a9a-521f8475b939 tempest-VolumesSnapshotsTestJSON-454025635 tempest-VolumesSnapshotsTestJSON-454025635-project] http://10.222.0.65/volume/v3/a99cd651b5c8474fb336b307cbba38cd/volumes/f8166002-7272-4df6-be14-688391140a87 returned with HTTP 404
Aug 10 12:31:15.840285 dv-cinder-852261-3-iscsi devstack@c-api.service[110633]: [pid: 110633|app: 0|req: 40/83] 10.222.0.65 () {62 vars in 1600 bytes} [Wed Aug 10 12:31:15 2022] DELETE /volume/v3/a99cd651b5c8474fb336b307cbba38cd/volumes/f8166002-7272-4df6-be14-688391140a87 => generated 109 bytes in 31 msecs (HTTP/1.1 404) 7 headers in 292 bytes (1 switches on core 0)
Aug 10 12:31:15.896410 dv-cinder-852261-3-iscsi devstack@c-api.service[110632]: DEBUG cinder.api.middleware.request_id [req-8d27266c-c755-450a-a4a4-c6de25be7851 req-40b3ee8e-67ec-4f45-b492-5f5d24049b1f None None] RequestId filter calling following filter/app {{(pid=110632) _context_setter /opt/stack/cinder/cinder/api/middleware/request_id.py:62}}
Aug 10 12:31:15.904097 dv-cinder-852261-3-iscsi devstack@c-api.service[110632]: INFO cinder.api.openstack.wsgi [req-8d27266c-c755-450a-a4a4-c6de25be7851 req-40b3ee8e-67ec-4f45-b492-5f5d24049b1f tempest-VolumesTestJSON-525838978 tempest-VolumesTestJSON-525838978-project] GET http://10.222.0.65/volume/v3/33d4ac4ff35f4130ac74c595ac69f0bc/volumes/detail
Aug 10 12:31:15.911089 dv-cinder-852261-3-iscsi devstack@c-api.service[110632]: DEBUG cinder.api.openstack.wsgi [req-8d27266c-c755-450a-a4a4-c6de25be7851 req-40b3ee8e-67ec-4f45-b492-5f5d24049b1f tempest-VolumesTestJSON-525838978 tempest-VolumesTestJSON-525838978-project] Empty body provided in request {{(pid=110632) get_body /opt/stack/cinder/cinder/api/openstack/wsgi.py:715}}
Aug 10 12:31:15.912979 dv-cinder-852261-3-iscsi devstack@c-api.service[110632]: DEBUG cinder.api.openstack.wsgi [req-8d27266c-c755-450a-a4a4-c6de25be7851 req-40b3ee8e-67ec-4f45-b492-5f5d24049b1f tempest-VolumesTestJSON-525838978 tempest-VolumesTestJSON-525838978-project] Calling method 'detail' {{(pid=110632) _process_stack /opt/stack/cinder/cinder/api/openstack/wsgi.py:868}}
Aug 10 12:31:15.917426 dv-cinder-852261-3-iscsi devstack@c-api.service[110632]: DEBUG cinder.api.api_utils [req-8d27266c-c755-450a-a4a4-c6de25be7851 req-40b3ee8e-67ec-4f45-b492-5f5d24049b1f tempest-VolumesTestJSON-525838978 tempest-VolumesTestJSON-525838978-project] Removing options '' from query. {{(pid=110632) remove_invalid_filter_options /opt/stack/cinder/cinder/api/api_utils.py:83}}
Aug 10 12:31:15.919475 dv-cinder-852261-3-iscsi devstack@c-api.service[110632]: DEBUG cinder.volume.api [req-8d27266c-c755-450a-a4a4-c6de25be7851 req-40b3ee8e-67ec-4f45-b492-5f5d24049b1f tempest-VolumesTestJSON-525838978 tempest-VolumesTestJSON-525838978-project] Searching by: MultiDict([('no_migration_targets', True)]). {{(pid=110632) get_all /opt/stack/cinder/cinder/volume/api.py:664}}
Aug 10 12:31:16.026313 dv-cinder-852261-3-iscsi devstack@c-api.service[110632]: INFO cinder.volume.api [req-8d27266c-c755-450a-a4a4-c6de25be7851 req-40b3ee8e-67ec-4f45-b492-5f5d24049b1f tempest-VolumesTestJSON-525838978 tempest-VolumesTestJSON-525838978-project] Get all volumes completed successfully.
Aug 10 12:31:16.028914 dv-cinder-852261-3-iscsi devstack@c-api.service[110632]: /usr/local/lib/python3.8/dist-packages/oslo_context/context.py:100: DeprecationWarning: Policy enforcement is depending on the value of is_admin. This key is deprecated. Please update your policy file to use the standard policy values.
Aug 10 12:31:16.028914 dv-cinder-852261-3-iscsi devstack@c-api.service[110632]: warnings.warn('Policy enforcement is depending on the value of '
Aug 10 12:31:16.045333 dv-cinder-852261-3-iscsi devstack@c-api.service[110632]: INFO cinder.api.openstack.wsgi [req-8d27266c-c755-450a-a4a4-c6de25be7851 req-40b3ee8e-67ec-4f45-b492-5f5d24049b1f tempest-VolumesTestJSON-525838978 tempest-VolumesTestJSON-525838978-project] http://10.222.0.65/volume/v3/33d4ac4ff35f4130ac74c595ac69f0bc/volumes/detail returned with HTTP 200
Aug 10 12:31:16.046732 dv-cinder-852261-3-iscsi devstack@c-api.service[110632]: [pid: 110632|app: 0|req: 44/84] 10.222.0.65 () {60 vars in 1488 bytes} [Wed Aug 10 12:31:15 2022] GET /volume/v3/33d4ac4ff35f4130ac74c595ac69f0bc/volumes/detail => generated 2748 bytes in 151 msecs (HTTP/1.1 200) 7 headers in 286 bytes (1 switches on core 0)
Aug 10 12:31:16.067369 dv-cinder-852261-3-iscsi devstack@c-api.service[110633]: DEBUG cinder.api.middleware.request_id [req-80f78c0d-30ee-4350-9cb3-fe079a1ef8b5 req-9d21311d-5051-4aed-b87c-af065ea18329 None None] RequestId filter calling following filter/app {{(pid=110633) _context_setter /opt/stack/cinder/cinder/api/middleware/request_id.py:62}}
Aug 10 12:31:16.071840 dv-cinder-852261-3-iscsi devstack@c-api.service[110633]: INFO cinder.api.openstack.wsgi [req-80f78c0d-30ee-4350-9cb3-fe079a1ef8b5 req-9d21311d-5051-4aed-b87c-af065ea18329 tempest-VolumesSnapshotsTestJSON-454025635 tempest-VolumesSnapshotsTestJSON-454025635-project] GET http://10.222.0.65/volume/v3/a99cd651b5c8474fb336b307cbba38cd/volumes/f8166002-7272-4df6-be14-688391140a87
Aug 10 12:31:16.072305 dv-cinder-852261-3-iscsi devstack@c-api.service[110633]: DEBUG cinder.api.openstack.wsgi [req-80f78c0d-30ee-4350-9cb3-fe079a1ef8b5 req-9d21311d-5051-4aed-b87c-af065ea18329 tempest-VolumesSnapshotsTestJSON-454025635 tempest-VolumesSnapshotsTestJSON-454025635-project] Empty body provided in request {{(pid=110633) get_body /opt/stack/cinder/cinder/api/openstack/wsgi.py:715}}
Aug 10 12:31:16.072765 dv-cinder-852261-3-iscsi devstack@c-api.service[110633]: DEBUG cinder.api.openstack.wsgi [req-80f78c0d-30ee-4350-9cb3-fe079a1ef8b5 req-9d21311d-5051-4aed-b87c-af065ea18329 tempest-VolumesSnapshotsTestJSON-454025635 tempest-VolumesSnapshotsTestJSON-454025635-project] Calling method 'show' {{(pid=110633) _process_stack /opt/stack/cinder/cinder/api/openstack/wsgi.py:868}}
Aug 10 12:31:16.086847 dv-cinder-852261-3-iscsi devstack@c-api.service[110633]: INFO cinder.api.openstack.wsgi [req-80f78c0d-30ee-4350-9cb3-fe079a1ef8b5 req-9d21311d-5051-4aed-b87c-af065ea18329 tempest-VolumesSnapshotsTestJSON-454025635 tempest-VolumesSnapshotsTestJSON-454025635-project] http://10.222.0.65/volume/v3/a99cd651b5c8474fb336b307cbba38cd/volumes/f8166002-7272-4df6-be14-688391140a87 returned with HTTP 404
Aug 10 12:31:16.131014 dv-cinder-852261-3-iscsi devstack@c-api.service[110633]: [pid: 110633|app: 0|req: 41/85] 10.222.0.65 () {60 vars in 1578 bytes} [Wed Aug 10 12:31:16 2022] GET /volume/v3/a99cd651b5c8474fb336b307cbba38cd/volumes/f8166002-7272-4df6-be14-688391140a87 => generated 109 bytes in 62 msecs (HTTP/1.1 404) 7 headers in 292 bytes (1 switches on core 0)
Aug 10 12:31:16.641805 dv-cinder-852261-3-iscsi devstack@c-api.service[110632]: DEBUG cinder.api.middleware.request_id [req-061c75de-1c8c-49f8-a194-bb408ea88ca6 req-19921fe3-56cd-45d9-bb3e-4356b8d27d27 None None] RequestId filter calling following filter/app {{(pid=110632) _context_setter /opt/stack/cinder/cinder/api/middleware/request_id.py:62}}
