Sep 01 17:24:14.881935 dv-cinder-852211-8-iscsi devstack@g-api.service[114576]: DEBUG oslo_db.sqlalchemy.engines [None req-3957c950-7fbc-4ef7-b440-478ce4c22e94 admin admin] MySQL server mode set to STRICT_TRANS_TABLES,STRICT_ALL_TABLES,NO_ZERO_IN_DATE,NO_ZERO_DATE,ERROR_FOR_DIVISION_BY_ZERO,TRADITIONAL,NO_ENGINE_SUBSTITUTION {{(pid=114576) _check_effective_sql_mode /usr/local/lib/python3.8/dist-packages/oslo_db/sqlalchemy/engines.py:314}}
Sep 01 17:24:14.888602 dv-cinder-852211-8-iscsi devstack@g-api.service[114576]: DEBUG dbcounter [-] [114576] Writer thread running {{(pid=114576) stat_writer /usr/local/lib/python3.8/dist-packages/dbcounter.py:99}}
Sep 01 17:24:15.088382 dv-cinder-852211-8-iscsi devstack@g-api.service[114576]: [pid: 114576|app: 0|req: 1/3] 127.0.0.1 () {40 vars in 786 bytes} [Thu Sep 1 17:24:14 2022] POST /v2/images => generated 776 bytes in 908 msecs (HTTP/1.1 201) 6 headers in 314 bytes (1 switches on core 0)
Sep 01 17:24:15.097513 dv-cinder-852211-8-iscsi devstack@g-api.service[114575]: DEBUG glance.api.middleware.version_negotiation [None req-5f132820-80a6-49a0-aff9-888620dc5134 None None] Determining version of request: PUT /v2/images/a41d65cc-7038-49ae-88df-7dc657d6b6f8/file Accept: {{(pid=114575) process_request /opt/stack/glance/glance/api/middleware/version_negotiation.py:44}}
Sep 01 17:24:15.097993 dv-cinder-852211-8-iscsi devstack@g-api.service[114575]: DEBUG glance.api.middleware.version_negotiation [None req-5f132820-80a6-49a0-aff9-888620dc5134 None None] Using url versioning {{(pid=114575) process_request /opt/stack/glance/glance/api/middleware/version_negotiation.py:57}}
Sep 01 17:24:15.098597 dv-cinder-852211-8-iscsi devstack@g-api.service[114575]: DEBUG glance.api.middleware.version_negotiation [None req-5f132820-80a6-49a0-aff9-888620dc5134 None None] Matched version: v2 {{(pid=114575) process_request /opt/stack/glance/glance/api/middleware/version_negotiation.py:69}}
Sep 01 17:24:15.099011 dv-cinder-852211-8-iscsi devstack@g-api.service[114575]: DEBUG glance.api.middleware.version_negotiation [None req-5f132820-80a6-49a0-aff9-888620dc5134 None None] new path /v2/images/a41d65cc-7038-49ae-88df-7dc657d6b6f8/file {{(pid=114575) process_request /opt/stack/glance/glance/api/middleware/version_negotiation.py:70}}
Sep 01 17:24:15.206191 dv-cinder-852211-8-iscsi devstack@g-api.service[114575]: INFO dbcounter [None req-43c7a6f9-95f5-48e3-b3e7-d0807199c41a admin admin] Registered counter for database glance
Sep 01 17:24:15.226907 dv-cinder-852211-8-iscsi devstack@g-api.service[114575]: DEBUG oslo_db.sqlalchemy.engines [None req-43c7a6f9-95f5-48e3-b3e7-d0807199c41a admin admin] MySQL server mode set to STRICT_TRANS_TABLES,STRICT_ALL_TABLES,NO_ZERO_IN_DATE,NO_ZERO_DATE,ERROR_FOR_DIVISION_BY_ZERO,TRADITIONAL,NO_ENGINE_SUBSTITUTION {{(pid=114575) _check_effective_sql_mode /usr/local/lib/python3.8/dist-packages/oslo_db/sqlalchemy/engines.py:314}}
Sep 01 17:24:15.236702 dv-cinder-852211-8-iscsi devstack@g-api.service[114575]: DEBUG dbcounter [-] [114575] Writer thread running {{(pid=114575) stat_writer /usr/local/lib/python3.8/dist-packages/dbcounter.py:99}}
Sep 01 17:24:15.387937 dv-cinder-852211-8-iscsi devstack@g-api.service[114575]: INFO glance.api.v2.image_data [None req-43c7a6f9-95f5-48e3-b3e7-d0807199c41a admin admin] Unable to create trust: no such option collect_timing in group [keystone_authtoken] Use the existing user token.
Sep 01 17:24:15.454596 dv-cinder-852211-8-iscsi devstack@g-api.service[114575]: DEBUG glance.location [None req-43c7a6f9-95f5-48e3-b3e7-d0807199c41a admin admin] Enabling in-flight format inspection for vhdx {{(pid=114575) set_data /opt/stack/glance/glance/location.py:581}}
Sep 01 17:24:15.455185 dv-cinder-852211-8-iscsi devstack@g-api.service[114575]: DEBUG glance_store.backend [None req-43c7a6f9-95f5-48e3-b3e7-d0807199c41a admin admin] Attempting to import store swift {{(pid=114575) _load_store /usr/local/lib/python3.8/dist-packages/glance_store/backend.py:216}}
Sep 01 17:24:15.458318 dv-cinder-852211-8-iscsi devstack@g-api.service[114575]: DEBUG glance_store.capabilities [None req-43c7a6f9-95f5-48e3-b3e7-d0807199c41a admin admin] Store glance_store._drivers.swift.store.SingleTenantStore doesn't support updating dynamic storage capabilities. Please overwrite 'update_capabilities' method of the store to implement updating logics if needed. {{(pid=114575) update_capabilities /usr/local/lib/python3.8/dist-packages/glance_store/capabilities.py:91}}
Sep 01 17:24:15.458534 dv-cinder-852211-8-iscsi devstack@g-api.service[114575]: DEBUG glance_store.driver [None req-43c7a6f9-95f5-48e3-b3e7-d0807199c41a admin admin] Late loading location class glance_store._drivers.swift.store.StoreLocation {{(pid=114575) get_store_location_class /usr/local/lib/python3.8/dist-packages/glance_store/driver.py:116}}
Sep 01 17:24:15.458812 dv-cinder-852211-8-iscsi devstack@g-api.service[114575]: DEBUG glance_store.location [None req-43c7a6f9-95f5-48e3-b3e7-d0807199c41a admin admin] Registering scheme swift+https with {'store': , 'location_class': , 'store_entry': 'swift'} {{(pid=114575) register_scheme_map /usr/local/lib/python3.8/dist-packages/glance_store/location.py:146}}
Sep 01 17:24:15.459103 dv-cinder-852211-8-iscsi devstack@g-api.service[114575]: DEBUG glance_store.location [None req-43c7a6f9-95f5-48e3-b3e7-d0807199c41a admin admin] Registering scheme swift+https with {'store': , 'location_class': , 'store_entry': 'swift'} {{(pid=114575) register_scheme_map /usr/local/lib/python3.8/dist-packages/glance_store/location.py:146}}
Sep 01 17:24:15.460061 dv-cinder-852211-8-iscsi devstack@g-api.service[114575]: DEBUG glance_store.location [None req-43c7a6f9-95f5-48e3-b3e7-d0807199c41a admin admin] Registering scheme swift with {'store': , 'location_class': , 'store_entry': 'swift'} {{(pid=114575) register_scheme_map /usr/local/lib/python3.8/dist-packages/glance_store/location.py:146}}
Sep 01 17:24:15.460878 dv-cinder-852211-8-iscsi devstack@g-api.service[114575]: DEBUG glance_store.location [None req-43c7a6f9-95f5-48e3-b3e7-d0807199c41a admin admin] Registering scheme swift+https with {'store': , 'location_class': , 'store_entry': 'swift'} {{(pid=114575) register_scheme_map /usr/local/lib/python3.8/dist-packages/glance_store/location.py:146}}
Sep 01 17:24:15.461139 dv-cinder-852211-8-iscsi devstack@g-api.service[114575]: DEBUG glance_store.location [None req-43c7a6f9-95f5-48e3-b3e7-d0807199c41a admin admin] Registering scheme swift with {'store': , 'location_class': , 'store_entry': 'swift'} {{(pid=114575) register_scheme_map /usr/local/lib/python3.8/dist-packages/glance_store/location.py:146}}
Sep 01 17:24:15.461420 dv-cinder-852211-8-iscsi devstack@g-api.service[114575]: DEBUG glance_store.location [None req-43c7a6f9-95f5-48e3-b3e7-d0807199c41a admin admin] Registering scheme swift+http with {'store': , 'location_class': , 'store_entry': 'swift'} {{(pid=114575) register_scheme_map /usr/local/lib/python3.8/dist-packages/glance_store/location.py:146}}
Sep 01 17:24:15.461666 dv-cinder-852211-8-iscsi devstack@g-api.service[114575]: DEBUG glance_store.location [None req-43c7a6f9-95f5-48e3-b3e7-d0807199c41a admin admin] Registering scheme swift+https with {'store': , 'location_class': , 'store_entry': 'swift'} {{(pid=114575) register_scheme_map /usr/local/lib/python3.8/dist-packages/glance_store/location.py:146}}
Sep 01 17:24:15.461907 dv-cinder-852211-8-iscsi devstack@g-api.service[114575]: DEBUG glance_store.location [None req-43c7a6f9-95f5-48e3-b3e7-d0807199c41a admin admin] Registering scheme swift with {'store': , 'location_class': , 'store_entry': 'swift'} {{(pid=114575) register_scheme_map /usr/local/lib/python3.8/dist-packages/glance_store/location.py:146}}
Sep 01 17:24:15.462144 dv-cinder-852211-8-iscsi devstack@g-api.service[114575]: DEBUG glance_store.location [None req-43c7a6f9-95f5-48e3-b3e7-d0807199c41a admin admin] Registering scheme swift+http with {'store': , 'location_class': , 'store_entry': 'swift'} {{(pid=114575) register_scheme_map /usr/local/lib/python3.8/dist-packages/glance_store/location.py:146}}
Sep 01 17:24:15.462379 dv-cinder-852211-8-iscsi devstack@g-api.service[114575]: DEBUG glance_store.location [None req-43c7a6f9-95f5-48e3-b3e7-d0807199c41a admin admin] Registering scheme swift+config with {'store': , 'location_class': , 'store_entry': 'swift'} {{(pid=114575) register_scheme_map /usr/local/lib/python3.8/dist-packages/glance_store/location.py:146}}
Sep 01 17:24:16.328462 dv-cinder-852211-8-iscsi devstack@g-api.service[114575]: INFO swiftclient [None req-43c7a6f9-95f5-48e3-b3e7-d0807199c41a admin admin] REQ: curl -i http://10.222.0.102:8080/v1/AUTH_e78fff7f1f6e4f68b8d233ad2e5bbd4f/glance -I -H "X-Auth-Token: gAAAAABjEOq_TjQI..."
Sep 01 17:24:16.329031 dv-cinder-852211-8-iscsi devstack@g-api.service[114575]: INFO swiftclient [None req-43c7a6f9-95f5-48e3-b3e7-d0807199c41a admin admin] RESP STATUS: 404 Not Found
Sep 01 17:24:16.329031 dv-cinder-852211-8-iscsi devstack@g-api.service[114575]: INFO swiftclient [None req-43c7a6f9-95f5-48e3-b3e7-d0807199c41a admin admin] RESP HEADERS: {'Content-Type': 'text/html; charset=UTF-8', 'Content-Length': '0', 'X-Trans-Id': 'tx3054d7c5f0e64fbda59ff-006310eabf', 'X-Openstack-Request-Id': 'tx3054d7c5f0e64fbda59ff-006310eabf', 'Date': 'Thu, 01 Sep 2022 17:24:16 GMT'}
Sep 01 17:24:16.329529 dv-cinder-852211-8-iscsi devstack@g-api.service[114575]: INFO glance_store._drivers.swift.store [None req-43c7a6f9-95f5-48e3-b3e7-d0807199c41a admin admin] Creating swift container glance
Sep 01 17:24:16.401485 dv-cinder-852211-8-iscsi devstack@g-api.service[114575]: DEBUG swiftclient [None req-43c7a6f9-95f5-48e3-b3e7-d0807199c41a admin admin] REQ: curl -i http://10.222.0.102:8080/v1/AUTH_e78fff7f1f6e4f68b8d233ad2e5bbd4f/glance -X PUT -H "X-Auth-Token: gAAAAABjEOq_TjQI..." -H "Content-Length: 0" {{(pid=114575) http_log /usr/local/lib/python3.8/dist-packages/swiftclient/client.py:157}}
Sep 01 17:24:16.401746 dv-cinder-852211-8-iscsi devstack@g-api.service[114575]: DEBUG swiftclient [None req-43c7a6f9-95f5-48e3-b3e7-d0807199c41a admin admin] RESP STATUS: 201 Created {{(pid=114575) http_log /usr/local/lib/python3.8/dist-packages/swiftclient/client.py:158}}
Sep 01 17:24:16.402083 dv-cinder-852211-8-iscsi devstack@g-api.service[114575]: DEBUG swiftclient [None req-43c7a6f9-95f5-48e3-b3e7-d0807199c41a admin admin] RESP HEADERS: {'Content-Type': 'text/html; charset=UTF-8', 'Content-Length': '0', 'X-Trans-Id': 'tx3cebcd6b27484efbbf1cd-006310eac0', 'X-Openstack-Request-Id': 'tx3cebcd6b27484efbbf1cd-006310eac0', 'Date': 'Thu, 01 Sep 2022 17:24:16 GMT'} {{(pid=114575) http_log /usr/local/lib/python3.8/dist-packages/swiftclient/client.py:159}}
Sep 01 17:24:16.402385 dv-cinder-852211-8-iscsi devstack@g-api.service[114575]: DEBUG glance_store._drivers.swift.store [None req-43c7a6f9-95f5-48e3-b3e7-d0807199c41a admin admin] Adding image object 'a41d65cc-7038-49ae-88df-7dc657d6b6f8' to Swift {{(pid=114575) add /usr/local/lib/python3.8/dist-packages/glance_store/_drivers/swift/store.py:941}}
Sep 01 17:24:25.063058 dv-cinder-852211-8-iscsi devstack@g-api.service[114576]: DEBUG dbcounter [-] [114576] Writing DB stats glance:SELECT=7,glance:INSERT=5 {{(pid=114576) stat_writer /usr/local/lib/python3.8/dist-packages/dbcounter.py:114}}
Sep 01 17:24:25.426582 dv-cinder-852211-8-iscsi devstack@g-api.service[114575]: DEBUG dbcounter [-] [114575] Writing DB stats glance:SELECT=13,glance:UPDATE=1 {{(pid=114575) stat_writer /usr/local/lib/python3.8/dist-packages/dbcounter.py:114}}
Sep 01 17:24:31.159291 dv-cinder-852211-8-iscsi devstack@g-api.service[114575]: DEBUG swiftclient [None req-43c7a6f9-95f5-48e3-b3e7-d0807199c41a admin admin] REQ: curl -i http://10.222.0.102:8080/v1/AUTH_e78fff7f1f6e4f68b8d233ad2e5bbd4f/glance/a41d65cc-7038-49ae-88df-7dc657d6b6f8 -X PUT -H "X-Auth-Token: gAAAAABjEOq_TjQI..." -H "Content-Length: 645922816" {{(pid=114575) http_log /usr/local/lib/python3.8/dist-packages/swiftclient/client.py:157}}
Sep 01 17:24:31.159776 dv-cinder-852211-8-iscsi devstack@g-api.service[114575]: DEBUG swiftclient [None req-43c7a6f9-95f5-48e3-b3e7-d0807199c41a admin admin] RESP STATUS: 201 Created {{(pid=114575) http_log /usr/local/lib/python3.8/dist-packages/swiftclient/client.py:158}}
Sep 01 17:24:31.159942 dv-cinder-852211-8-iscsi devstack@g-api.service[114575]: DEBUG swiftclient [None req-43c7a6f9-95f5-48e3-b3e7-d0807199c41a admin admin] RESP HEADERS: {'Content-Type': 'text/html; charset=UTF-8', 'Content-Length': '0', 'Etag': '318f990048c8a194829e52141534610d', 'Last-Modified': 'Thu, 01 Sep 2022 17:24:17 GMT', 'X-Trans-Id': 'tx2adc6830b8f14c8db9078-006310eac0', 'X-Openstack-Request-Id': 'tx2adc6830b8f14c8db9078-006310eac0', 'Date': 'Thu, 01 Sep 2022 17:24:31 GMT'} {{(pid=114575) http_log /usr/local/lib/python3.8/dist-packages/swiftclient/client.py:159}}
Sep 01 17:24:31.161242 dv-cinder-852211-8-iscsi devstack@g-api.service[114575]: INFO glance.location [None req-43c7a6f9-95f5-48e3-b3e7-d0807199c41a admin admin] Image format matched and virtual size computed: 734003200
Sep 01 17:24:31.207644 dv-cinder-852211-8-iscsi devstack@g-api.service[114575]: DEBUG glance_store.backend [None req-43c7a6f9-95f5-48e3-b3e7-d0807199c41a admin admin] Attempting to import store swift {{(pid=114575) _load_store /usr/local/lib/python3.8/dist-packages/glance_store/backend.py:216}}
Sep 01 17:24:31.211289 dv-cinder-852211-8-iscsi devstack@g-api.service[114575]: DEBUG glance_store.capabilities [None req-43c7a6f9-95f5-48e3-b3e7-d0807199c41a admin admin] Store glance_store._drivers.swift.store.SingleTenantStore doesn't support updating dynamic storage capabilities. Please overwrite 'update_capabilities' method of the store to implement updating logics if needed. {{(pid=114575) update_capabilities /usr/local/lib/python3.8/dist-packages/glance_store/capabilities.py:91}}
Sep 01 17:24:31.211553 dv-cinder-852211-8-iscsi devstack@g-api.service[114575]: DEBUG glance_store.driver [None req-43c7a6f9-95f5-48e3-b3e7-d0807199c41a admin admin] Late loading location class glance_store._drivers.swift.store.StoreLocation {{(pid=114575) get_store_location_class /usr/local/lib/python3.8/dist-packages/glance_store/driver.py:116}}
Sep 01 17:24:31.211829 dv-cinder-852211-8-iscsi devstack@g-api.service[114575]: DEBUG glance_store.location [None req-43c7a6f9-95f5-48e3-b3e7-d0807199c41a admin admin] Registering scheme swift+https with {'store': , 'location_class': , 'store_entry': 'swift'} {{(pid=114575) register_scheme_map /usr/local/lib/python3.8/dist-packages/glance_store/location.py:146}}
Sep 01 17:24:31.212083 dv-cinder-852211-8-iscsi devstack@g-api.service[114575]: DEBUG glance_store.location [None req-43c7a6f9-95f5-48e3-b3e7-d0807199c41a admin admin] Registering scheme swift+https with {'store': , 'location_class': , 'store_entry': 'swift'} {{(pid=114575) register_scheme_map /usr/local/lib/python3.8/dist-packages/glance_store/location.py:146}}
Sep 01 17:24:31.212330 dv-cinder-852211-8-iscsi devstack@g-api.service[114575]: DEBUG glance_store.location [None req-43c7a6f9-95f5-48e3-b3e7-d0807199c41a admin admin] Registering scheme swift with {'store': , 'location_class': , 'store_entry': 'swift'} {{(pid=114575) register_scheme_map /usr/local/lib/python3.8/dist-packages/glance_store/location.py:146}}
Sep 01 17:24:31.212578 dv-cinder-852211-8-iscsi devstack@g-api.service[114575]: DEBUG glance_store.location [None req-43c7a6f9-95f5-48e3-b3e7-d0807199c41a admin admin] Registering scheme swift+https with {'store': , 'location_class': , 'store_entry': 'swift'} {{(pid=114575) register_scheme_map /usr/local/lib/python3.8/dist-packages/glance_store/location.py:146}}
Sep 01 17:24:31.212821 dv-cinder-852211-8-iscsi devstack@g-api.service[114575]: DEBUG glance_store.location [None req-43c7a6f9-95f5-48e3-b3e7-d0807199c41a admin admin] Registering scheme swift with {'store': , 'location_class': , 'store_entry': 'swift'} {{(pid=114575) register_scheme_map /usr/local/lib/python3.8/dist-packages/glance_store/location.py:146}}
Sep 01 17:24:31.213063 dv-cinder-852211-8-iscsi devstack@g-api.service[114575]: DEBUG glance_store.location [None req-43c7a6f9-95f5-48e3-b3e7-d0807199c41a admin admin] Registering scheme swift+http with {'store': , 'location_class': , 'store_entry': 'swift'} {{(pid=114575) register_scheme_map /usr/local/lib/python3.8/dist-packages/glance_store/location.py:146}}
Sep 01 17:24:31.213332 dv-cinder-852211-8-iscsi devstack@g-api.service[114575]: DEBUG glance_store.location [None req-43c7a6f9-95f5-48e3-b3e7-d0807199c41a admin admin] Registering scheme swift+https with {'store': , 'location_class': , 'store_entry': 'swift'} {{(pid=114575) register_scheme_map /usr/local/lib/python3.8/dist-packages/glance_store/location.py:146}}
Sep 01 17:24:31.213791 dv-cinder-852211-8-iscsi devstack@g-api.service[114575]: DEBUG glance_store.location [None req-43c7a6f9-95f5-48e3-b3e7-d0807199c41a admin admin] Registering scheme swift with {'store': , 'location_class': , 'store_entry': 'swift'} {{(pid=114575) register_scheme_map /usr/local/lib/python3.8/dist-packages/glance_store/location.py:146}}
Sep 01 17:24:31.213791 dv-cinder-852211-8-iscsi devstack@g-api.service[114575]: DEBUG glance_store.location [None req-43c7a6f9-95f5-48e3-b3e7-d0807199c41a admin admin] Registering scheme swift+http with {'store': , 'location_class': , 'store_entry': 'swift'} {{(pid=114575) register_scheme_map /usr/local/lib/python3.8/dist-packages/glance_store/location.py:146}}
Sep 01 17:24:31.214034 dv-cinder-852211-8-iscsi devstack@g-api.service[114575]: DEBUG glance_store.location [None req-43c7a6f9-95f5-48e3-b3e7-d0807199c41a admin admin] Registering scheme swift+config with {'store': , 'location_class': , 'store_entry': 'swift'} {{(pid=114575) register_scheme_map /usr/local/lib/python3.8/dist-packages/glance_store/location.py:146}}
Sep 01 17:24:31.214264 dv-cinder-852211-8-iscsi devstack@g-api.service[114575]: DEBUG glance_store.backend [None req-43c7a6f9-95f5-48e3-b3e7-d0807199c41a admin admin] Skipping store.set_acls... not implemented. {{(pid=114575) set_acls /usr/local/lib/python3.8/dist-packages/glance_store/backend.py:508}}
Sep 01 17:24:31.217876 dv-cinder-852211-8-iscsi devstack@g-api.service[114575]: [pid: 114575|app: 0|req: 3/4] 127.0.0.1 () {40 vars in 880 bytes} [Thu Sep 1 17:24:15 2022] PUT /v2/images/a41d65cc-7038-49ae-88df-7dc657d6b6f8/file => generated 0 bytes in 16120 msecs (HTTP/1.1 204) 4 headers in 171 bytes (1 switches on core 0)
Sep 01 17:24:41.205607 dv-cinder-852211-8-iscsi devstack@g-api.service[114575]: DEBUG dbcounter [-] [114575] Writing DB stats glance:SELECT=9,glance:UPDATE=1,glance:INSERT=1 {{(pid=114575) stat_writer /usr/local/lib/python3.8/dist-packages/dbcounter.py:114}}
Sep 01 17:25:42.957214 dv-cinder-852211-8-iscsi devstack@g-api.service[114576]: DEBUG glance.api.middleware.version_negotiation [None req-3957c950-7fbc-4ef7-b440-478ce4c22e94 admin admin] Determining version of request: GET / Accept: application/json {{(pid=114576) process_request /opt/stack/glance/glance/api/middleware/version_negotiation.py:44}}
Sep 01 17:25:42.957850 dv-cinder-852211-8-iscsi devstack@g-api.service[114576]: DEBUG glance.api.middleware.version_negotiation [None req-3957c950-7fbc-4ef7-b440-478ce4c22e94 admin admin] Using url versioning {{(pid=114576) process_request /opt/stack/glance/glance/api/middleware/version_negotiation.py:57}}
Sep 01 17:25:42.957953 dv-cinder-852211-8-iscsi devstack@g-api.service[114576]: DEBUG glance.api.middleware.version_negotiation [None req-3957c950-7fbc-4ef7-b440-478ce4c22e94 admin admin] Unknown version. Returning version choices. {{(pid=114576) process_request /opt/stack/glance/glance/api/middleware/version_negotiation.py:64}}
Sep 01 17:25:42.959476 dv-cinder-852211-8-iscsi devstack@g-api.service[114576]: [pid: 114576|app: 0|req: 2/5] 127.0.0.1 () {34 vars in 523 bytes} [Thu Sep 1 17:25:42 2022] GET / => generated 1311 bytes in 3 msecs (HTTP/1.1 300) 3 headers in 106 bytes (1 switches on core 0)
Sep 01 17:25:42.971833 dv-cinder-852211-8-iscsi devstack@g-api.service[114575]: DEBUG glance.api.middleware.version_negotiation [None req-43c7a6f9-95f5-48e3-b3e7-d0807199c41a admin admin] Determining version of request: GET /v2/images Accept: application/json {{(pid=114575) process_request /opt/stack/glance/glance/api/middleware/version_negotiation.py:44}}
Sep 01 17:25:42.972261 dv-cinder-852211-8-iscsi devstack@g-api.service[114575]: DEBUG glance.api.middleware.version_negotiation [None req-43c7a6f9-95f5-48e3-b3e7-d0807199c41a admin admin] Using url versioning {{(pid=114575) process_request /opt/stack/glance/glance/api/middleware/version_negotiation.py:57}}
Sep 01 17:25:42.972516 dv-cinder-852211-8-iscsi devstack@g-api.service[114575]: DEBUG glance.api.middleware.version_negotiation [None req-43c7a6f9-95f5-48e3-b3e7-d0807199c41a admin admin] Matched version: v2 {{(pid=114575) process_request /opt/stack/glance/glance/api/middleware/version_negotiation.py:69}}
Sep 01 17:25:42.972795 dv-cinder-852211-8-iscsi devstack@g-api.service[114575]: DEBUG glance.api.middleware.version_negotiation [None req-43c7a6f9-95f5-48e3-b3e7-d0807199c41a admin admin] new path /v2/images {{(pid=114575) process_request /opt/stack/glance/glance/api/middleware/version_negotiation.py:70}}
Sep 01 17:25:43.500128 dv-cinder-852211-8-iscsi devstack@g-api.service[114575]: [pid: 114575|app: 0|req: 4/6] 127.0.0.1 () {36 vars in 745 bytes} [Thu Sep 1 17:25:42 2022] GET /v2/images => generated 1015 bytes in 529 msecs (HTTP/1.1 200) 4 headers in 158 bytes (1 switches on core 0)
Sep 01 17:25:53.489346 dv-cinder-852211-8-iscsi devstack@g-api.service[114575]: DEBUG dbcounter [-] [114575] Writing DB stats glance:SELECT=2 {{(pid=114575) stat_writer /usr/local/lib/python3.8/dist-packages/dbcounter.py:114}}
Sep 01 17:27:15.087292 dv-cinder-852211-8-iscsi devstack@g-api.service[114576]: DEBUG glance.api.middleware.version_negotiation [None req-3957c950-7fbc-4ef7-b440-478ce4c22e94 admin admin] Determining version of request: GET /v1 Accept: application/json {{(pid=114576) process_request /opt/stack/glance/glance/api/middleware/version_negotiation.py:44}}
Sep 01 17:27:15.087758 dv-cinder-852211-8-iscsi devstack@g-api.service[114576]: DEBUG glance.api.middleware.version_negotiation [None req-3957c950-7fbc-4ef7-b440-478ce4c22e94 admin admin] Using url versioning {{(pid=114576) process_request /opt/stack/glance/glance/api/middleware/version_negotiation.py:57}}
Sep 01 17:27:15.087923 dv-cinder-852211-8-iscsi devstack@g-api.service[114576]: DEBUG glance.api.middleware.version_negotiation [None req-3957c950-7fbc-4ef7-b440-478ce4c22e94 admin admin] Unknown version. Returning version choices. {{(pid=114576) process_request /opt/stack/glance/glance/api/middleware/version_negotiation.py:64}}
Sep 01 17:27:15.089439 dv-cinder-852211-8-iscsi devstack@g-api.service[114576]: [pid: 114576|app: 0|req: 3/7] 127.0.0.1 () {38 vars in 702 bytes} [Thu Sep 1 17:27:15 2022] GET /v1 => generated 1311 bytes in 2 msecs (HTTP/1.1 300) 3 headers in 106 bytes (1 switches on core 0)
Sep 01 17:31:20.020256 dv-cinder-852211-8-iscsi devstack@g-api.service[114575]: DEBUG glance.api.middleware.version_negotiation [None req-078e0630-58ed-4978-bb1f-e6eff3f03fa8 admin admin] Determining version of request: GET / Accept: application/json {{(pid=114575) process_request /opt/stack/glance/glance/api/middleware/version_negotiation.py:44}}
Sep 01 17:31:20.020733 dv-cinder-852211-8-iscsi devstack@g-api.service[114575]: DEBUG glance.api.middleware.version_negotiation [None req-078e0630-58ed-4978-bb1f-e6eff3f03fa8 admin admin] Using url versioning {{(pid=114575) process_request /opt/stack/glance/glance/api/middleware/version_negotiation.py:57}}
Sep 01 17:31:20.021085 dv-cinder-852211-8-iscsi devstack@g-api.service[114575]: DEBUG glance.api.middleware.version_negotiation [None req-078e0630-58ed-4978-bb1f-e6eff3f03fa8 admin admin] Unknown version. Returning version choices. {{(pid=114575) process_request /opt/stack/glance/glance/api/middleware/version_negotiation.py:64}}
Sep 01 17:31:20.023482 dv-cinder-852211-8-iscsi devstack@g-api.service[114575]: [pid: 114575|app: 0|req: 5/8] 127.0.0.1 () {34 vars in 508 bytes} [Thu Sep 1 17:31:20 2022] GET / => generated 1311 bytes in 4 msecs (HTTP/1.1 300) 3 headers in 106 bytes (1 switches on core 0)
Sep 01 17:31:20.036034 dv-cinder-852211-8-iscsi devstack@g-api.service[114576]: DEBUG glance.api.middleware.version_negotiation [None req-3957c950-7fbc-4ef7-b440-478ce4c22e94 admin admin] Determining version of request: GET /v2/images/a41d65cc-7038-49ae-88df-7dc657d6b6f8 Accept: */* {{(pid=114576) process_request /opt/stack/glance/glance/api/middleware/version_negotiation.py:44}}
Sep 01 17:31:20.036559 dv-cinder-852211-8-iscsi devstack@g-api.service[114576]: DEBUG glance.api.middleware.version_negotiation [None req-3957c950-7fbc-4ef7-b440-478ce4c22e94 admin admin] Using url versioning {{(pid=114576) process_request /opt/stack/glance/glance/api/middleware/version_negotiation.py:57}}
Sep 01 17:31:20.036823 dv-cinder-852211-8-iscsi devstack@g-api.service[114576]: DEBUG glance.api.middleware.version_negotiation [None req-3957c950-7fbc-4ef7-b440-478ce4c22e94 admin admin] Matched version: v2 {{(pid=114576) process_request /opt/stack/glance/glance/api/middleware/version_negotiation.py:69}}
Sep 01 17:31:20.036977 dv-cinder-852211-8-iscsi devstack@g-api.service[114576]: DEBUG glance.api.middleware.version_negotiation [None req-3957c950-7fbc-4ef7-b440-478ce4c22e94 admin admin] new path /v2/images/a41d65cc-7038-49ae-88df-7dc657d6b6f8 {{(pid=114576) process_request /opt/stack/glance/glance/api/middleware/version_negotiation.py:70}}
Sep 01 17:31:20.038688 dv-cinder-852211-8-iscsi devstack@g-api.service[114576]: WARNING keystonemiddleware.auth_token [None req-3957c950-7fbc-4ef7-b440-478ce4c22e94 admin admin] A valid token was submitted as a service token, but it was not a valid service token. This is incorrect but backwards compatible behaviour. This will be removed in future releases.
Sep 01 17:31:20.071772 dv-cinder-852211-8-iscsi devstack@g-api.service[114576]: [pid: 114576|app: 0|req: 4/9] 127.0.0.1 () {42 vars in 1065 bytes} [Thu Sep 1 17:31:20 2022] GET /v2/images/a41d65cc-7038-49ae-88df-7dc657d6b6f8 => generated 946 bytes in 36 msecs (HTTP/1.1 200) 4 headers in 157 bytes (1 switches on core 0)
Sep 01 17:31:20.078840 dv-cinder-852211-8-iscsi devstack@g-api.service[114575]: DEBUG glance.api.middleware.version_negotiation [None req-078e0630-58ed-4978-bb1f-e6eff3f03fa8 admin admin] Determining version of request: GET /v2/schemas/image Accept: */* {{(pid=114575) process_request /opt/stack/glance/glance/api/middleware/version_negotiation.py:44}}
Sep 01 17:31:20.079471 dv-cinder-852211-8-iscsi devstack@g-api.service[114575]: DEBUG glance.api.middleware.version_negotiation [None req-078e0630-58ed-4978-bb1f-e6eff3f03fa8 admin admin] Using url versioning {{(pid=114575) process_request /opt/stack/glance/glance/api/middleware/version_negotiation.py:57}}
Sep 01 17:31:20.079976 dv-cinder-852211-8-iscsi devstack@g-api.service[114575]: DEBUG glance.api.middleware.version_negotiation [None req-078e0630-58ed-4978-bb1f-e6eff3f03fa8 admin admin] Matched version: v2 {{(pid=114575) process_request /opt/stack/glance/glance/api/middleware/version_negotiation.py:69}}
Sep 01 17:31:20.080505 dv-cinder-852211-8-iscsi devstack@g-api.service[114575]: DEBUG glance.api.middleware.version_negotiation [None req-078e0630-58ed-4978-bb1f-e6eff3f03fa8 admin admin] new path /v2/schemas/image {{(pid=114575) process_request /opt/stack/glance/glance/api/middleware/version_negotiation.py:70}}
Sep 01 17:31:20.082887 dv-cinder-852211-8-iscsi devstack@g-api.service[114575]: WARNING keystonemiddleware.auth_token [None req-078e0630-58ed-4978-bb1f-e6eff3f03fa8 admin admin] A valid token was submitted as a service token, but it was not a valid service token. This is incorrect but backwards compatible behaviour. This will be removed in future releases.
Sep 01 17:31:20.088116 dv-cinder-852211-8-iscsi devstack@g-api.service[114575]: [pid: 114575|app: 0|req: 6/10] 127.0.0.1 () {42 vars in 1005 bytes} [Thu Sep 1 17:31:20 2022] GET /v2/schemas/image => generated 6083 bytes in 10 msecs (HTTP/1.1 200) 4 headers in 158 bytes (1 switches on core 0)
Sep 01 17:31:23.789152 dv-cinder-852211-8-iscsi devstack@g-api.service[114576]: DEBUG glance.api.middleware.version_negotiation [None req-13f738b8-e129-458d-a61b-cdf6f2242be9 tempest-ServerRescueNegativeTestJSON-234354250 tempest-ServerRescueNegativeTestJSON-234354250-project] Determining version of request: GET / Accept: application/json {{(pid=114576) process_request /opt/stack/glance/glance/api/middleware/version_negotiation.py:44}}
Sep 01 17:31:23.789705 dv-cinder-852211-8-iscsi devstack@g-api.service[114576]: DEBUG glance.api.middleware.version_negotiation [None req-13f738b8-e129-458d-a61b-cdf6f2242be9 tempest-ServerRescueNegativeTestJSON-234354250 tempest-ServerRescueNegativeTestJSON-234354250-project] Using url versioning {{(pid=114576) process_request /opt/stack/glance/glance/api/middleware/version_negotiation.py:57}}
Sep 01 17:31:23.790142 dv-cinder-852211-8-iscsi devstack@g-api.service[114576]: DEBUG glance.api.middleware.version_negotiation [None req-13f738b8-e129-458d-a61b-cdf6f2242be9 tempest-ServerRescueNegativeTestJSON-234354250 tempest-ServerRescueNegativeTestJSON-234354250-project] Unknown version. Returning version choices. {{(pid=114576) process_request /opt/stack/glance/glance/api/middleware/version_negotiation.py:64}}
Sep 01 17:31:23.791333 dv-cinder-852211-8-iscsi devstack@g-api.service[114576]: [pid: 114576|app: 0|req: 5/11] 127.0.0.1 () {34 vars in 508 bytes} [Thu Sep 1 17:31:23 2022] GET / => generated 1311 bytes in 2 msecs (HTTP/1.1 300) 3 headers in 106 bytes (1 switches on core 0)
Sep 01 17:31:23.816386 dv-cinder-852211-8-iscsi devstack@g-api.service[114575]: DEBUG glance.api.middleware.version_negotiation [None req-13f738b8-e129-458d-a61b-cdf6f2242be9 tempest-ServerRescueNegativeTestJSON-234354250 tempest-ServerRescueNegativeTestJSON-234354250-project] Determining version of request: GET /v2/images/a41d65cc-7038-49ae-88df-7dc657d6b6f8 Accept: */* {{(pid=114575) process_request /opt/stack/glance/glance/api/middleware/version_negotiation.py:44}}
Sep 01 17:31:23.816884 dv-cinder-852211-8-iscsi devstack@g-api.service[114575]: DEBUG glance.api.middleware.version_negotiation [None req-13f738b8-e129-458d-a61b-cdf6f2242be9 tempest-ServerRescueNegativeTestJSON-234354250 tempest-ServerRescueNegativeTestJSON-234354250-project] Using url versioning {{(pid=114575) process_request /opt/stack/glance/glance/api/middleware/version_negotiation.py:57}}
Sep 01 17:31:23.817039 dv-cinder-852211-8-iscsi devstack@g-api.service[114575]: DEBUG glance.api.middleware.version_negotiation [None req-13f738b8-e129-458d-a61b-cdf6f2242be9 tempest-ServerRescueNegativeTestJSON-234354250 tempest-ServerRescueNegativeTestJSON-234354250-project] Matched version: v2 {{(pid=114575) process_request /opt/stack/glance/glance/api/middleware/version_negotiation.py:69}}
Sep 01 17:31:23.817335 dv-cinder-852211-8-iscsi devstack@g-api.service[114575]: DEBUG glance.api.middleware.version_negotiation [None req-13f738b8-e129-458d-a61b-cdf6f2242be9 tempest-ServerRescueNegativeTestJSON-234354250 tempest-ServerRescueNegativeTestJSON-234354250-project] new path /v2/images/a41d65cc-7038-49ae-88df-7dc657d6b6f8 {{(pid=114575) process_request /opt/stack/glance/glance/api/middleware/version_negotiation.py:70}}
Sep 01 17:31:23.920892 dv-cinder-852211-8-iscsi devstack@g-api.service[114575]: [pid: 114575|app: 0|req: 7/12] 127.0.0.1 () {42 vars in 1065 bytes} [Thu Sep 1 17:31:23 2022] GET /v2/images/a41d65cc-7038-49ae-88df-7dc657d6b6f8 => generated 946 bytes in 105 msecs (HTTP/1.1 200) 4 headers in 157 bytes (1 switches on core 0)
Sep 01 17:31:23.922654 dv-cinder-852211-8-iscsi devstack@g-api.service[114576]: DEBUG glance.api.middleware.version_negotiation [None req-13f738b8-e129-458d-a61b-cdf6f2242be9 tempest-ServerRescueNegativeTestJSON-234354250 tempest-ServerRescueNegativeTestJSON-234354250-project] Determining version of request: GET /v2/images/a41d65cc-7038-49ae-88df-7dc657d6b6f8 Accept: */* {{(pid=114576) process_request /opt/stack/glance/glance/api/middleware/version_negotiation.py:44}}
Sep 01 17:31:23.923156 dv-cinder-852211-8-iscsi devstack@g-api.service[114576]: DEBUG glance.api.middleware.version_negotiation [None req-13f738b8-e129-458d-a61b-cdf6f2242be9 tempest-ServerRescueNegativeTestJSON-234354250 tempest-ServerRescueNegativeTestJSON-234354250-project] Using url versioning {{(pid=114576) process_request /opt/stack/glance/glance/api/middleware/version_negotiation.py:57}}
Sep 01 17:31:23.923626 dv-cinder-852211-8-iscsi devstack@g-api.service[114576]: DEBUG glance.api.middleware.version_negotiation [None req-13f738b8-e129-458d-a61b-cdf6f2242be9 tempest-ServerRescueNegativeTestJSON-234354250 tempest-ServerRescueNegativeTestJSON-234354250-project] Matched version: v2 {{(pid=114576) process_request /opt/stack/glance/glance/api/middleware/version_negotiation.py:69}}
Sep 01 17:31:23.924017 dv-cinder-852211-8-iscsi devstack@g-api.service[114576]: DEBUG glance.api.middleware.version_negotiation [None req-13f738b8-e129-458d-a61b-cdf6f2242be9 tempest-ServerRescueNegativeTestJSON-234354250 tempest-ServerRescueNegativeTestJSON-234354250-project] new path /v2/images/a41d65cc-7038-49ae-88df-7dc657d6b6f8 {{(pid=114576) process_request /opt/stack/glance/glance/api/middleware/version_negotiation.py:70}}
Sep 01 17:31:23.936988 dv-cinder-852211-8-iscsi devstack@g-api.service[114575]: DEBUG glance.api.middleware.version_negotiation [None req-0241c7ab-2fe7-4fa7-b741-90a02d4014f5 tempest-AttachVolumeShelveTestJSON-1625884451 tempest-AttachVolumeShelveTestJSON-1625884451-project] Determining version of request: GET /v2/schemas/image Accept: */* {{(pid=114575) process_request /opt/stack/glance/glance/api/middleware/version_negotiation.py:44}}
Sep 01 17:31:23.937446 dv-cinder-852211-8-iscsi devstack@g-api.service[114575]: DEBUG glance.api.middleware.version_negotiation [None req-0241c7ab-2fe7-4fa7-b741-90a02d4014f5 tempest-AttachVolumeShelveTestJSON-1625884451 tempest-AttachVolumeShelveTestJSON-1625884451-project] Using url versioning {{(pid=114575) process_request /opt/stack/glance/glance/api/middleware/version_negotiation.py:57}}
Sep 01 17:31:23.938929 dv-cinder-852211-8-iscsi devstack@g-api.service[114575]: DEBUG glance.api.middleware.version_negotiation [None req-0241c7ab-2fe7-4fa7-b741-90a02d4014f5 tempest-AttachVolumeShelveTestJSON-1625884451 tempest-AttachVolumeShelveTestJSON-1625884451-project] Matched version: v2 {{(pid=114575) process_request /opt/stack/glance/glance/api/middleware/version_negotiation.py:69}}
Sep 01 17:31:23.940319 dv-cinder-852211-8-iscsi devstack@g-api.service[114575]: DEBUG glance.api.middleware.version_negotiation [None req-0241c7ab-2fe7-4fa7-b741-90a02d4014f5 tempest-AttachVolumeShelveTestJSON-1625884451 tempest-AttachVolumeShelveTestJSON-1625884451-project] new path /v2/schemas/image {{(pid=114575) process_request /opt/stack/glance/glance/api/middleware/version_negotiation.py:70}}
Sep 01 17:31:23.982797 dv-cinder-852211-8-iscsi devstack@g-api.service[114575]: [pid: 114575|app: 0|req: 8/13] 127.0.0.1 () {42 vars in 1005 bytes} [Thu Sep 1 17:31:23 2022] GET /v2/schemas/image => generated 6083 bytes in 49 msecs (HTTP/1.1 200) 4 headers in 158 bytes (1 switches on core 0)
Sep 01 17:31:23.996870 dv-cinder-852211-8-iscsi devstack@g-api.service[114576]: [pid: 114576|app: 0|req: 6/14] 127.0.0.1 () {42 vars in 1065 bytes} [Thu Sep 1 17:31:23 2022] GET /v2/images/a41d65cc-7038-49ae-88df-7dc657d6b6f8 => generated 946 bytes in 75 msecs (HTTP/1.1 200) 4 headers in 157 bytes (1 switches on core 0)
Sep 01 17:31:24.003261 dv-cinder-852211-8-iscsi devstack@g-api.service[114575]: DEBUG glance.api.middleware.version_negotiation [None req-0241c7ab-2fe7-4fa7-b741-90a02d4014f5 tempest-AttachVolumeShelveTestJSON-1625884451 tempest-AttachVolumeShelveTestJSON-1625884451-project] Determining version of request: GET /v2/schemas/image Accept: */* {{(pid=114575) process_request /opt/stack/glance/glance/api/middleware/version_negotiation.py:44}}
Sep 01 17:31:24.003610 dv-cinder-852211-8-iscsi devstack@g-api.service[114575]: DEBUG glance.api.middleware.version_negotiation [None req-0241c7ab-2fe7-4fa7-b741-90a02d4014f5 tempest-AttachVolumeShelveTestJSON-1625884451 tempest-AttachVolumeShelveTestJSON-1625884451-project] Using url versioning {{(pid=114575) process_request /opt/stack/glance/glance/api/middleware/version_negotiation.py:57}}
Sep 01 17:31:24.003939 dv-cinder-852211-8-iscsi devstack@g-api.service[114575]: DEBUG glance.api.middleware.version_negotiation [None req-0241c7ab-2fe7-4fa7-b741-90a02d4014f5 tempest-AttachVolumeShelveTestJSON-1625884451 tempest-AttachVolumeShelveTestJSON-1625884451-project] Matched version: v2 {{(pid=114575) process_request /opt/stack/glance/glance/api/middleware/version_negotiation.py:69}}
Sep 01 17:31:24.004449 dv-cinder-852211-8-iscsi devstack@g-api.service[114575]: DEBUG glance.api.middleware.version_negotiation [None req-0241c7ab-2fe7-4fa7-b741-90a02d4014f5 tempest-AttachVolumeShelveTestJSON-1625884451 tempest-AttachVolumeShelveTestJSON-1625884451-project] new path /v2/schemas/image {{(pid=114575) process_request /opt/stack/glance/glance/api/middleware/version_negotiation.py:70}}
Sep 01 17:31:24.012173 dv-cinder-852211-8-iscsi devstack@g-api.service[114575]: [pid: 114575|app: 0|req: 9/15] 127.0.0.1 () {42 vars in 1005 bytes} [Thu Sep 1 17:31:24 2022] GET /v2/schemas/image => generated 6083 bytes in 9 msecs (HTTP/1.1 200) 4 headers in 158 bytes (1 switches on core 0)
Sep 01 17:31:26.236031 dv-cinder-852211-8-iscsi devstack@g-api.service[114576]: DEBUG glance.api.middleware.version_negotiation [None req-4d8b1db7-d4a9-43ea-8b16-b8ca35349875 tempest-ServerRescueNegativeTestJSON-234354250 tempest-ServerRescueNegativeTestJSON-234354250-project] Determining version of request: GET /v2/images/a41d65cc-7038-49ae-88df-7dc657d6b6f8 Accept: */* {{(pid=114576) process_request /opt/stack/glance/glance/api/middleware/version_negotiation.py:44}}
Sep 01 17:31:26.236911 dv-cinder-852211-8-iscsi devstack@g-api.service[114576]: DEBUG glance.api.middleware.version_negotiation [None req-4d8b1db7-d4a9-43ea-8b16-b8ca35349875 tempest-ServerRescueNegativeTestJSON-234354250 tempest-ServerRescueNegativeTestJSON-234354250-project] Using url versioning {{(pid=114576) process_request /opt/stack/glance/glance/api/middleware/version_negotiation.py:57}}
Sep 01 17:31:26.238054 dv-cinder-852211-8-iscsi devstack@g-api.service[114576]: DEBUG glance.api.middleware.version_negotiation [None req-4d8b1db7-d4a9-43ea-8b16-b8ca35349875 tempest-ServerRescueNegativeTestJSON-234354250 tempest-ServerRescueNegativeTestJSON-234354250-project] Matched version: v2 {{(pid=114576) process_request /opt/stack/glance/glance/api/middleware/version_negotiation.py:69}}
Sep 01 17:31:26.238510 dv-cinder-852211-8-iscsi devstack@g-api.service[114576]: DEBUG glance.api.middleware.version_negotiation [None req-4d8b1db7-d4a9-43ea-8b16-b8ca35349875 tempest-ServerRescueNegativeTestJSON-234354250 tempest-ServerRescueNegativeTestJSON-234354250-project] new path /v2/images/a41d65cc-7038-49ae-88df-7dc657d6b6f8 {{(pid=114576) process_request /opt/stack/glance/glance/api/middleware/version_negotiation.py:70}}
Sep 01 17:31:26.284833 dv-cinder-852211-8-iscsi devstack@g-api.service[114576]: [pid: 114576|app: 0|req: 7/16] 127.0.0.1 () {42 vars in 1065 bytes} [Thu Sep 1 17:31:26 2022] GET /v2/images/a41d65cc-7038-49ae-88df-7dc657d6b6f8 => generated 946 bytes in 50 msecs (HTTP/1.1 200) 4 headers in 157 bytes (1 switches on core 0)
Sep 01 17:31:26.290559 dv-cinder-852211-8-iscsi devstack@g-api.service[114575]: DEBUG glance.api.middleware.version_negotiation [None req-4d8b1db7-d4a9-43ea-8b16-b8ca35349875 tempest-ServerRescueNegativeTestJSON-234354250 tempest-ServerRescueNegativeTestJSON-234354250-project] Determining version of request: GET /v2/schemas/image Accept: */* {{(pid=114575) process_request /opt/stack/glance/glance/api/middleware/version_negotiation.py:44}}
Sep 01 17:31:26.291103 dv-cinder-852211-8-iscsi devstack@g-api.service[114575]: DEBUG glance.api.middleware.version_negotiation [None req-4d8b1db7-d4a9-43ea-8b16-b8ca35349875 tempest-ServerRescueNegativeTestJSON-234354250 tempest-ServerRescueNegativeTestJSON-234354250-project] Using url versioning {{(pid=114575) process_request /opt/stack/glance/glance/api/middleware/version_negotiation.py:57}}
Sep 01 17:31:26.291431 dv-cinder-852211-8-iscsi devstack@g-api.service[114575]: DEBUG glance.api.middleware.version_negotiation [None req-4d8b1db7-d4a9-43ea-8b16-b8ca35349875 tempest-ServerRescueNegativeTestJSON-234354250 tempest-ServerRescueNegativeTestJSON-234354250-project] Matched version: v2 {{(pid=114575) process_request /opt/stack/glance/glance/api/middleware/version_negotiation.py:69}}
Sep 01 17:31:26.291998 dv-cinder-852211-8-iscsi devstack@g-api.service[114575]: DEBUG glance.api.middleware.version_negotiation [None req-4d8b1db7-d4a9-43ea-8b16-b8ca35349875 tempest-ServerRescueNegativeTestJSON-234354250 tempest-ServerRescueNegativeTestJSON-234354250-project] new path /v2/schemas/image {{(pid=114575) process_request /opt/stack/glance/glance/api/middleware/version_negotiation.py:70}}
Sep 01 17:31:26.297582 dv-cinder-852211-8-iscsi devstack@g-api.service[114575]: [pid: 114575|app: 0|req: 10/17] 127.0.0.1 () {42 vars in 1005 bytes} [Thu Sep 1 17:31:26 2022] GET /v2/schemas/image => generated 6083 bytes in 7 msecs (HTTP/1.1 200) 4 headers in 158 bytes (1 switches on core 0)
Sep 01 17:31:31.388686 dv-cinder-852211-8-iscsi devstack@g-api.service[114576]: DEBUG glance.api.middleware.version_negotiation [None req-bae4de80-3100-4f2e-8717-dc71b7787bdc tempest-DeleteServersTestJSON-1717115575 tempest-DeleteServersTestJSON-1717115575-project] Determining version of request: GET /v2/images/a41d65cc-7038-49ae-88df-7dc657d6b6f8 Accept: */* {{(pid=114576) process_request /opt/stack/glance/glance/api/middleware/version_negotiation.py:44}}
Sep 01 17:31:31.389716 dv-cinder-852211-8-iscsi devstack@g-api.service[114576]: DEBUG glance.api.middleware.version_negotiation [None req-bae4de80-3100-4f2e-8717-dc71b7787bdc tempest-DeleteServersTestJSON-1717115575 tempest-DeleteServersTestJSON-1717115575-project] Using url versioning {{(pid=114576) process_request /opt/stack/glance/glance/api/middleware/version_negotiation.py:57}}
Sep 01 17:31:31.390327 dv-cinder-852211-8-iscsi devstack@g-api.service[114576]: DEBUG glance.api.middleware.version_negotiation [None req-bae4de80-3100-4f2e-8717-dc71b7787bdc tempest-DeleteServersTestJSON-1717115575 tempest-DeleteServersTestJSON-1717115575-project] Matched version: v2 {{(pid=114576) process_request /opt/stack/glance/glance/api/middleware/version_negotiation.py:69}}
Sep 01 17:31:31.391232 dv-cinder-852211-8-iscsi devstack@g-api.service[114576]: DEBUG glance.api.middleware.version_negotiation [None req-bae4de80-3100-4f2e-8717-dc71b7787bdc tempest-DeleteServersTestJSON-1717115575 tempest-DeleteServersTestJSON-1717115575-project] new path /v2/images/a41d65cc-7038-49ae-88df-7dc657d6b6f8 {{(pid=114576) process_request /opt/stack/glance/glance/api/middleware/version_negotiation.py:70}}
Sep 01 17:31:31.395153 dv-cinder-852211-8-iscsi devstack@g-api.service[114575]: DEBUG glance.api.middleware.version_negotiation [None req-bae4de80-3100-4f2e-8717-dc71b7787bdc tempest-DeleteServersTestJSON-1717115575 tempest-DeleteServersTestJSON-1717115575-project] Determining version of request: GET /v2/images/a41d65cc-7038-49ae-88df-7dc657d6b6f8 Accept: */* {{(pid=114575) process_request /opt/stack/glance/glance/api/middleware/version_negotiation.py:44}}
Sep 01 17:31:31.396056 dv-cinder-852211-8-iscsi devstack@g-api.service[114575]: DEBUG glance.api.middleware.version_negotiation [None req-bae4de80-3100-4f2e-8717-dc71b7787bdc tempest-DeleteServersTestJSON-1717115575 tempest-DeleteServersTestJSON-1717115575-project] Using url versioning {{(pid=114575) process_request /opt/stack/glance/glance/api/middleware/version_negotiation.py:57}}
Sep 01 17:31:31.396533 dv-cinder-852211-8-iscsi devstack@g-api.service[114575]: DEBUG glance.api.middleware.version_negotiation [None req-bae4de80-3100-4f2e-8717-dc71b7787bdc tempest-DeleteServersTestJSON-1717115575 tempest-DeleteServersTestJSON-1717115575-project] Matched version: v2 {{(pid=114575) process_request /opt/stack/glance/glance/api/middleware/version_negotiation.py:69}}
Sep 01 17:31:31.397003 dv-cinder-852211-8-iscsi devstack@g-api.service[114575]: DEBUG glance.api.middleware.version_negotiation [None req-bae4de80-3100-4f2e-8717-dc71b7787bdc tempest-DeleteServersTestJSON-1717115575 tempest-DeleteServersTestJSON-1717115575-project] new path /v2/images/a41d65cc-7038-49ae-88df-7dc657d6b6f8 {{(pid=114575) process_request /opt/stack/glance/glance/api/middleware/version_negotiation.py:70}}
Sep 01 17:31:31.434680 dv-cinder-852211-8-iscsi devstack@g-api.service[114575]: [pid: 114575|app: 0|req: 11/18] 127.0.0.1 () {40 vars in 857 bytes} [Thu Sep 1 17:31:31 2022] GET /v2/images/a41d65cc-7038-49ae-88df-7dc657d6b6f8 => generated 946 bytes in 40 msecs (HTTP/1.1 200) 4 headers in 157 bytes (1 switches on core 0)
Sep 01 17:31:31.436676 dv-cinder-852211-8-iscsi devstack@g-api.service[114576]: [pid: 114576|app: 0|req: 8/19] 127.0.0.1 () {40 vars in 857 bytes} [Thu Sep 1 17:31:31 2022] GET /v2/images/a41d65cc-7038-49ae-88df-7dc657d6b6f8 => generated 946 bytes in 49 msecs (HTTP/1.1 200) 4 headers in 157 bytes (1 switches on core 0)
Sep 01 17:31:31.438327 dv-cinder-852211-8-iscsi devstack@g-api.service[114575]: DEBUG glance.api.middleware.version_negotiation [None req-4d8b1db7-d4a9-43ea-8b16-b8ca35349875 tempest-ServerRescueNegativeTestJSON-234354250 tempest-ServerRescueNegativeTestJSON-234354250-project] Determining version of request: GET /v2/images/a41d65cc-7038-49ae-88df-7dc657d6b6f8 Accept: */* {{(pid=114575) process_request /opt/stack/glance/glance/api/middleware/version_negotiation.py:44}}
Sep 01 17:31:31.438967 dv-cinder-852211-8-iscsi devstack@g-api.service[114575]: DEBUG glance.api.middleware.version_negotiation [None req-4d8b1db7-d4a9-43ea-8b16-b8ca35349875 tempest-ServerRescueNegativeTestJSON-234354250 tempest-ServerRescueNegativeTestJSON-234354250-project] Using url versioning {{(pid=114575) process_request /opt/stack/glance/glance/api/middleware/version_negotiation.py:57}}
Sep 01 17:31:31.439512 dv-cinder-852211-8-iscsi devstack@g-api.service[114575]: DEBUG glance.api.middleware.version_negotiation [None req-4d8b1db7-d4a9-43ea-8b16-b8ca35349875 tempest-ServerRescueNegativeTestJSON-234354250 tempest-ServerRescueNegativeTestJSON-234354250-project] Matched version: v2 {{(pid=114575) process_request /opt/stack/glance/glance/api/middleware/version_negotiation.py:69}}
Sep 01 17:31:31.440811 dv-cinder-852211-8-iscsi devstack@g-api.service[114575]: DEBUG glance.api.middleware.version_negotiation [None req-4d8b1db7-d4a9-43ea-8b16-b8ca35349875 tempest-ServerRescueNegativeTestJSON-234354250 tempest-ServerRescueNegativeTestJSON-234354250-project] new path /v2/images/a41d65cc-7038-49ae-88df-7dc657d6b6f8 {{(pid=114575) process_request /opt/stack/glance/glance/api/middleware/version_negotiation.py:70}}
Sep 01 17:31:31.444464 dv-cinder-852211-8-iscsi devstack@g-api.service[114576]: DEBUG glance.api.middleware.version_negotiation [None req-13f738b8-e129-458d-a61b-cdf6f2242be9 tempest-ServerRescueNegativeTestJSON-234354250 tempest-ServerRescueNegativeTestJSON-234354250-project] Determining version of request: GET /v2/schemas/image Accept: */* {{(pid=114576) process_request /opt/stack/glance/glance/api/middleware/version_negotiation.py:44}}
Sep 01 17:31:31.445077 dv-cinder-852211-8-iscsi devstack@g-api.service[114576]: DEBUG glance.api.middleware.version_negotiation [None req-13f738b8-e129-458d-a61b-cdf6f2242be9 tempest-ServerRescueNegativeTestJSON-234354250 tempest-ServerRescueNegativeTestJSON-234354250-project] Using url versioning {{(pid=114576) process_request /opt/stack/glance/glance/api/middleware/version_negotiation.py:57}}
Sep 01 17:31:31.445695 dv-cinder-852211-8-iscsi devstack@g-api.service[114576]: DEBUG glance.api.middleware.version_negotiation [None req-13f738b8-e129-458d-a61b-cdf6f2242be9 tempest-ServerRescueNegativeTestJSON-234354250 tempest-ServerRescueNegativeTestJSON-234354250-project] Matched version: v2 {{(pid=114576) process_request /opt/stack/glance/glance/api/middleware/version_negotiation.py:69}}
Sep 01 17:31:31.447005 dv-cinder-852211-8-iscsi devstack@g-api.service[114576]: DEBUG glance.api.middleware.version_negotiation [None req-13f738b8-e129-458d-a61b-cdf6f2242be9 tempest-ServerRescueNegativeTestJSON-234354250 tempest-ServerRescueNegativeTestJSON-234354250-project] new path /v2/schemas/image {{(pid=114576) process_request /opt/stack/glance/glance/api/middleware/version_negotiation.py:70}}
Sep 01 17:31:31.455975 dv-cinder-852211-8-iscsi devstack@g-api.service[114576]: [pid: 114576|app: 0|req: 9/20] 127.0.0.1 () {40 vars in 797 bytes} [Thu Sep 1 17:31:31 2022] GET /v2/schemas/image => generated 6083 bytes in 12 msecs (HTTP/1.1 200) 4 headers in 158 bytes (1 switches on core 0)
Sep 01 17:31:31.486554 dv-cinder-852211-8-iscsi devstack@g-api.service[114575]: [pid: 114575|app: 0|req: 12/21] 127.0.0.1 () {40 vars in 857 bytes} [Thu Sep 1 17:31:31 2022] GET /v2/images/a41d65cc-7038-49ae-88df-7dc657d6b6f8 => generated 946 bytes in 51 msecs (HTTP/1.1 200) 4 headers in 157 bytes (1 switches on core 0)
