Aug 24 08:08:42.728932 dv-cinder-852211-5-smb devstack@c-api.service[113886]: DEBUG cinder.api.openstack.wsgi [None req-880d42dc-63a1-4d05-b7d6-1d786d133a32 tempest-GroupsTest-549693132 tempest-GroupsTest-549693132-project] Calling method 'detail' {{(pid=113886) _process_stack /opt/stack/cinder/cinder/api/openstack/wsgi.py:868}}
Aug 24 08:08:42.729793 dv-cinder-852211-5-smb devstack@c-api.service[113886]: DEBUG cinder.api.api_utils [None req-880d42dc-63a1-4d05-b7d6-1d786d133a32 tempest-GroupsTest-549693132 tempest-GroupsTest-549693132-project] Removing options '' from query. {{(pid=113886) remove_invalid_filter_options /opt/stack/cinder/cinder/api/api_utils.py:83}}
Aug 24 08:08:42.731726 dv-cinder-852211-5-smb devstack@c-api.service[113886]: DEBUG cinder.volume.api [None req-880d42dc-63a1-4d05-b7d6-1d786d133a32 tempest-GroupsTest-549693132 tempest-GroupsTest-549693132-project] Searching by: MultiDict([('no_migration_targets', True)]). {{(pid=113886) get_all /opt/stack/cinder/cinder/volume/api.py:664}}
Aug 24 08:08:42.911101 dv-cinder-852211-5-smb devstack@c-api.service[113886]: INFO cinder.volume.api [None req-880d42dc-63a1-4d05-b7d6-1d786d133a32 tempest-GroupsTest-549693132 tempest-GroupsTest-549693132-project] Get all volumes completed successfully.
Aug 24 08:08:42.927274 dv-cinder-852211-5-smb devstack@c-api.service[113886]: WARNING stevedore.named [None req-880d42dc-63a1-4d05-b7d6-1d786d133a32 tempest-GroupsTest-549693132 tempest-GroupsTest-549693132-project] Could not load cinder.keymgr.conf_key_mgr.ConfKeyManager
Aug 24 08:08:42.929460 dv-cinder-852211-5-smb devstack@c-api.service[113886]: WARNING castellan.key_manager [None req-880d42dc-63a1-4d05-b7d6-1d786d133a32 tempest-GroupsTest-549693132 tempest-GroupsTest-549693132-project] Deprecation Warning : cinder.keymgr.conf_key_mgr.ConfKeyManager is not a stevedore based driver, trying to load it as a class: stevedore.exception.NoMatches: No 'castellan.drivers' driver found, looking for 'cinder.keymgr.conf_key_mgr.ConfKeyManager'
Aug 24 08:08:42.947173 dv-cinder-852211-5-smb devstack@c-api.service[113886]: DEBUG oslo_db.sqlalchemy.engines [None req-880d42dc-63a1-4d05-b7d6-1d786d133a32 tempest-GroupsTest-549693132 tempest-GroupsTest-549693132-project] MySQL server mode set to STRICT_TRANS_TABLES,STRICT_ALL_TABLES,NO_ZERO_IN_DATE,NO_ZERO_DATE,ERROR_FOR_DIVISION_BY_ZERO,TRADITIONAL,NO_ENGINE_SUBSTITUTION {{(pid=113886) _check_effective_sql_mode /usr/local/lib/python3.8/dist-packages/oslo_db/sqlalchemy/engines.py:314}}
Aug 24 08:08:42.960621 dv-cinder-852211-5-smb devstack@c-api.service[113886]: /usr/local/lib/python3.8/dist-packages/oslo_context/context.py:100: DeprecationWarning: Policy enforcement is depending on the value of is_admin. This key is deprecated. Please update your policy file to use the standard policy values.
Aug 24 08:08:42.960621 dv-cinder-852211-5-smb devstack@c-api.service[113886]: warnings.warn('Policy enforcement is depending on the value of '
Aug 24 08:08:42.978330 dv-cinder-852211-5-smb devstack@c-api.service[113885]: INFO cinder.api.openstack.wsgi [None req-f97c0f5a-1f0d-44c4-904b-4cebf0b02b8a tempest-GroupsV314Test-773769000 tempest-GroupsV314Test-773769000-project-admin] POST http://10.222.0.62/volume/v3/a6b0669d0275499bbbfdc8cd1625f6d5/types
Aug 24 08:08:42.979089 dv-cinder-852211-5-smb devstack@c-api.service[113885]: DEBUG cinder.api.openstack.wsgi [None req-f97c0f5a-1f0d-44c4-904b-4cebf0b02b8a tempest-GroupsV314Test-773769000 tempest-GroupsV314Test-773769000-project-admin] Action: 'create', calling method: _create, body: {"volume_type": {"name": "tempest-GroupsV314Test-volume-type-1725817024"}} {{(pid=113885) _process_stack /opt/stack/cinder/cinder/api/openstack/wsgi.py:866}}
Aug 24 08:08:42.995432 dv-cinder-852211-5-smb devstack@c-api.service[113885]: /usr/local/lib/python3.8/dist-packages/oslo_context/context.py:100: DeprecationWarning: Policy enforcement is depending on the value of is_admin. This key is deprecated. Please update your policy file to use the standard policy values.
Aug 24 08:08:42.995432 dv-cinder-852211-5-smb devstack@c-api.service[113885]: warnings.warn('Policy enforcement is depending on the value of '
Aug 24 08:08:43.028464 dv-cinder-852211-5-smb devstack@c-api.service[113886]: INFO cinder.api.openstack.wsgi [None req-880d42dc-63a1-4d05-b7d6-1d786d133a32 tempest-GroupsTest-549693132 tempest-GroupsTest-549693132-project] http://10.222.0.62/volume/v3/320f7c0486a54b1fad4571e0642ee66d/volumes/detail returned with HTTP 200
Aug 24 08:08:43.029904 dv-cinder-852211-5-smb devstack@c-api.service[113886]: [pid: 113886|app: 0|req: 37/77] 10.222.0.62 () {60 vars in 1276 bytes} [Wed Aug 24 08:08:42 2022] GET /volume/v3/320f7c0486a54b1fad4571e0642ee66d/volumes/detail => generated 976 bytes in 310 msecs (HTTP/1.1 200) 7 headers in 286 bytes (1 switches on core 0)
Aug 24 08:08:43.049205 dv-cinder-852211-5-smb devstack@c-api.service[113886]: DEBUG cinder.api.middleware.request_id [None req-ceda5576-8c28-41b7-9a2d-ed4b768fefd5 None None] RequestId filter calling following filter/app {{(pid=113886) _context_setter /opt/stack/cinder/cinder/api/middleware/request_id.py:62}}
Aug 24 08:08:43.061461 dv-cinder-852211-5-smb devstack@c-api.service[113886]: INFO cinder.api.openstack.wsgi [None req-ceda5576-8c28-41b7-9a2d-ed4b768fefd5 tempest-GroupsTest-549693132 tempest-GroupsTest-549693132-project] POST http://10.222.0.62/volume/v3/320f7c0486a54b1fad4571e0642ee66d/groups/f0ecd030-ac7f-4c6c-993c-620519a82708/action
Aug 24 08:08:43.063669 dv-cinder-852211-5-smb devstack@c-api.service[113886]: DEBUG cinder.api.openstack.wsgi [None req-ceda5576-8c28-41b7-9a2d-ed4b768fefd5 tempest-GroupsTest-549693132 tempest-GroupsTest-549693132-project] Action body: b'{"delete": {"delete-volumes": true}}' {{(pid=113886) get_method /opt/stack/cinder/cinder/api/openstack/wsgi.py:983}}
Aug 24 08:08:43.065034 dv-cinder-852211-5-smb devstack@c-api.service[113886]: DEBUG cinder.api.openstack.wsgi [None req-ceda5576-8c28-41b7-9a2d-ed4b768fefd5 tempest-GroupsTest-549693132 tempest-GroupsTest-549693132-project] Action: 'action', calling method: version_select, body: {"delete": {"delete-volumes": true}} {{(pid=113886) _process_stack /opt/stack/cinder/cinder/api/openstack/wsgi.py:866}}
Aug 24 08:08:43.072166 dv-cinder-852211-5-smb devstack@c-api.service[113886]: DEBUG cinder.api.v3.groups [None req-ceda5576-8c28-41b7-9a2d-ed4b768fefd5 tempest-GroupsTest-549693132 tempest-GroupsTest-549693132-project] delete called for group f0ecd030-ac7f-4c6c-993c-620519a82708 {{(pid=113886) _delete /opt/stack/cinder/cinder/api/v3/groups.py:117}}
Aug 24 08:08:43.073011 dv-cinder-852211-5-smb devstack@c-api.service[113886]: INFO cinder.api.v3.groups [None req-ceda5576-8c28-41b7-9a2d-ed4b768fefd5 tempest-GroupsTest-549693132 tempest-GroupsTest-549693132-project] Delete group with id: f0ecd030-ac7f-4c6c-993c-620519a82708
Aug 24 08:08:43.097204 dv-cinder-852211-5-smb devstack@c-api.service[113886]: /usr/local/lib/python3.8/dist-packages/oslo_context/context.py:100: DeprecationWarning: Policy enforcement is depending on the value of is_admin. This key is deprecated. Please update your policy file to use the standard policy values.
Aug 24 08:08:43.097204 dv-cinder-852211-5-smb devstack@c-api.service[113886]: warnings.warn('Policy enforcement is depending on the value of '
Aug 24 08:08:43.119519 dv-cinder-852211-5-smb devstack@c-api.service[113885]: DEBUG dbcounter [-] [113885] Writing DB stats cinder:SELECT=77,cinder:INSERT=11,cinder:UPDATE=12 {{(pid=113885) stat_writer /usr/local/lib/python3.8/dist-packages/dbcounter.py:114}}
Aug 24 08:08:43.125636 dv-cinder-852211-5-smb devstack@c-api.service[113885]: INFO cinder.api.openstack.wsgi [None req-f97c0f5a-1f0d-44c4-904b-4cebf0b02b8a tempest-GroupsV314Test-773769000 tempest-GroupsV314Test-773769000-project-admin] http://10.222.0.62/volume/v3/a6b0669d0275499bbbfdc8cd1625f6d5/types returned with HTTP 200
Aug 24 08:08:43.132730 dv-cinder-852211-5-smb devstack@c-api.service[113885]: [pid: 113885|app: 0|req: 41/78] 10.222.0.62 () {60 vars in 1229 bytes} [Wed Aug 24 08:08:42 2022] POST /volume/v3/a6b0669d0275499bbbfdc8cd1625f6d5/types => generated 220 bytes in 675 msecs (HTTP/1.1 200) 7 headers in 285 bytes (2 switches on core 0)
Aug 24 08:08:43.134533 dv-cinder-852211-5-smb devstack@c-api.service[113885]: DEBUG cinder.api.middleware.request_id [None req-af6f3a41-ec54-4fbb-8794-ef05ccafaa06 None None] RequestId filter calling following filter/app {{(pid=113885) _context_setter /opt/stack/cinder/cinder/api/middleware/request_id.py:62}}
Aug 24 08:08:43.157173 dv-cinder-852211-5-smb devstack@c-api.service[113885]: INFO cinder.api.openstack.wsgi [None req-af6f3a41-ec54-4fbb-8794-ef05ccafaa06 tempest-GroupsV314Test-773769000 tempest-GroupsV314Test-773769000-project-admin] POST http://10.222.0.62/volume/v3/a6b0669d0275499bbbfdc8cd1625f6d5/group_types
Aug 24 08:08:43.167253 dv-cinder-852211-5-smb devstack@c-api.service[113885]: DEBUG cinder.api.openstack.wsgi [None req-af6f3a41-ec54-4fbb-8794-ef05ccafaa06 tempest-GroupsV314Test-773769000 tempest-GroupsV314Test-773769000-project-admin] Action: 'create', calling method: version_select, body: {"group_type": {"name": "tempest-GroupsV314Test-group-type-782242845"}} {{(pid=113885) _process_stack /opt/stack/cinder/cinder/api/openstack/wsgi.py:866}}
Aug 24 08:08:43.325778 dv-cinder-852211-5-smb devstack@c-api.service[113885]: INFO cinder.api.openstack.wsgi [None req-af6f3a41-ec54-4fbb-8794-ef05ccafaa06 tempest-GroupsV314Test-773769000 tempest-GroupsV314Test-773769000-project-admin] http://10.222.0.62/volume/v3/a6b0669d0275499bbbfdc8cd1625f6d5/group_types returned with HTTP 202
Aug 24 08:08:43.327533 dv-cinder-852211-5-smb devstack@c-api.service[113885]: [pid: 113885|app: 0|req: 42/79] 10.222.0.62 () {62 vars in 1288 bytes} [Wed Aug 24 08:08:43 2022] POST /volume/v3/a6b0669d0275499bbbfdc8cd1625f6d5/group_types => generated 176 bytes in 194 msecs (HTTP/1.1 202) 7 headers in 292 bytes (2 switches on core 0)
Aug 24 08:08:43.336281 dv-cinder-852211-5-smb devstack@c-api.service[113885]: DEBUG cinder.api.middleware.request_id [None req-be2fbafd-2581-45b4-a49a-14c57950afaf None None] RequestId filter calling following filter/app {{(pid=113885) _context_setter /opt/stack/cinder/cinder/api/middleware/request_id.py:62}}
Aug 24 08:08:43.522946 dv-cinder-852211-5-smb devstack@c-api.service[113886]: INFO cinder.api.openstack.wsgi [None req-ceda5576-8c28-41b7-9a2d-ed4b768fefd5 tempest-GroupsTest-549693132 tempest-GroupsTest-549693132-project] http://10.222.0.62/volume/v3/320f7c0486a54b1fad4571e0642ee66d/groups/f0ecd030-ac7f-4c6c-993c-620519a82708/action returned with HTTP 202
Aug 24 08:08:43.526039 dv-cinder-852211-5-smb devstack@c-api.service[113886]: [pid: 113886|app: 0|req: 38/80] 10.222.0.62 () {62 vars in 1405 bytes} [Wed Aug 24 08:08:43 2022] POST /volume/v3/320f7c0486a54b1fad4571e0642ee66d/groups/f0ecd030-ac7f-4c6c-993c-620519a82708/action => generated 0 bytes in 479 msecs (HTTP/1.1 202) 6 headers in 234 bytes (2 switches on core 0)
Aug 24 08:08:43.530765 dv-cinder-852211-5-smb devstack@c-api.service[113886]: DEBUG cinder.api.middleware.request_id [None req-0bac6900-3667-4d8e-bcd3-bc18472d7785 None None] RequestId filter calling following filter/app {{(pid=113886) _context_setter /opt/stack/cinder/cinder/api/middleware/request_id.py:62}}
Aug 24 08:08:43.542859 dv-cinder-852211-5-smb devstack@c-api.service[113886]: INFO cinder.api.openstack.wsgi [None req-0bac6900-3667-4d8e-bcd3-bc18472d7785 tempest-GroupsTest-549693132 tempest-GroupsTest-549693132-project] GET http://10.222.0.62/volume/v3/320f7c0486a54b1fad4571e0642ee66d/volumes/e2031dae-6162-405e-8309-68eb467befdc
Aug 24 08:08:43.545454 dv-cinder-852211-5-smb devstack@c-api.service[113886]: DEBUG cinder.api.openstack.wsgi [None req-0bac6900-3667-4d8e-bcd3-bc18472d7785 tempest-GroupsTest-549693132 tempest-GroupsTest-549693132-project] Empty body provided in request {{(pid=113886) get_body /opt/stack/cinder/cinder/api/openstack/wsgi.py:715}}
Aug 24 08:08:43.545971 dv-cinder-852211-5-smb devstack@c-api.service[113886]: DEBUG cinder.api.openstack.wsgi [None req-0bac6900-3667-4d8e-bcd3-bc18472d7785 tempest-GroupsTest-549693132 tempest-GroupsTest-549693132-project] Calling method 'show' {{(pid=113886) _process_stack /opt/stack/cinder/cinder/api/openstack/wsgi.py:868}}
Aug 24 08:08:43.603965 dv-cinder-852211-5-smb devstack@c-api.service[113886]: /usr/local/lib/python3.8/dist-packages/oslo_context/context.py:100: DeprecationWarning: Policy enforcement is depending on the value of is_admin. This key is deprecated. Please update your policy file to use the standard policy values.
Aug 24 08:08:43.603965 dv-cinder-852211-5-smb devstack@c-api.service[113886]: warnings.warn('Policy enforcement is depending on the value of '
Aug 24 08:08:43.615541 dv-cinder-852211-5-smb devstack@c-api.service[113886]: DEBUG dbcounter [-] [113886] Writing DB stats cinder:SELECT=92,cinder:INSERT=3,cinder:UPDATE=5 {{(pid=113886) stat_writer /usr/local/lib/python3.8/dist-packages/dbcounter.py:114}}
Aug 24 08:08:43.628960 dv-cinder-852211-5-smb devstack@c-api.service[113886]: INFO cinder.volume.api [None req-0bac6900-3667-4d8e-bcd3-bc18472d7785 tempest-GroupsTest-549693132 tempest-GroupsTest-549693132-project] Volume info retrieved successfully.
Aug 24 08:08:43.630025 dv-cinder-852211-5-smb devstack@c-api.service[113886]: WARNING stevedore.named [None req-0bac6900-3667-4d8e-bcd3-bc18472d7785 tempest-GroupsTest-549693132 tempest-GroupsTest-549693132-project] Could not load cinder.keymgr.conf_key_mgr.ConfKeyManager
Aug 24 08:08:43.638782 dv-cinder-852211-5-smb devstack@c-api.service[113886]: WARNING castellan.key_manager [None req-0bac6900-3667-4d8e-bcd3-bc18472d7785 tempest-GroupsTest-549693132 tempest-GroupsTest-549693132-project] Deprecation Warning : cinder.keymgr.conf_key_mgr.ConfKeyManager is not a stevedore based driver, trying to load it as a class: stevedore.exception.NoMatches: No 'castellan.drivers' driver found, looking for 'cinder.keymgr.conf_key_mgr.ConfKeyManager'
Aug 24 08:08:43.661502 dv-cinder-852211-5-smb devstack@c-api.service[113886]: DEBUG oslo_db.sqlalchemy.engines [None req-0bac6900-3667-4d8e-bcd3-bc18472d7785 tempest-GroupsTest-549693132 tempest-GroupsTest-549693132-project] MySQL server mode set to STRICT_TRANS_TABLES,STRICT_ALL_TABLES,NO_ZERO_IN_DATE,NO_ZERO_DATE,ERROR_FOR_DIVISION_BY_ZERO,TRADITIONAL,NO_ENGINE_SUBSTITUTION {{(pid=113886) _check_effective_sql_mode /usr/local/lib/python3.8/dist-packages/oslo_db/sqlalchemy/engines.py:314}}
Aug 24 08:08:43.689583 dv-cinder-852211-5-smb devstack@c-api.service[113886]: /usr/local/lib/python3.8/dist-packages/oslo_context/context.py:100: DeprecationWarning: Policy enforcement is depending on the value of is_admin. This key is deprecated. Please update your policy file to use the standard policy values.
Aug 24 08:08:43.689583 dv-cinder-852211-5-smb devstack@c-api.service[113886]: warnings.warn('Policy enforcement is depending on the value of '
Aug 24 08:08:43.752566 dv-cinder-852211-5-smb devstack@c-api.service[113886]: INFO cinder.api.openstack.wsgi [None req-0bac6900-3667-4d8e-bcd3-bc18472d7785 tempest-GroupsTest-549693132 tempest-GroupsTest-549693132-project] http://10.222.0.62/volume/v3/320f7c0486a54b1fad4571e0642ee66d/volumes/e2031dae-6162-405e-8309-68eb467befdc returned with HTTP 200
Aug 24 08:08:43.753919 dv-cinder-852211-5-smb devstack@c-api.service[113886]: [pid: 113886|app: 0|req: 39/81] 10.222.0.62 () {60 vars in 1366 bytes} [Wed Aug 24 08:08:43 2022] GET /volume/v3/320f7c0486a54b1fad4571e0642ee66d/volumes/e2031dae-6162-405e-8309-68eb467befdc => generated 972 bytes in 224 msecs (HTTP/1.1 200) 7 headers in 286 bytes (1 switches on core 0)
Aug 24 08:08:44.186567 dv-cinder-852211-5-smb devstack@c-api.service[113885]: INFO cinder.api.openstack.wsgi [None req-be2fbafd-2581-45b4-a49a-14c57950afaf tempest-GroupsV314Test-612154679 tempest-GroupsV314Test-612154679-project] POST http://10.222.0.62/volume/v3/cc4e844639564937ae84ab5f9955967d/groups
Aug 24 08:08:44.188045 dv-cinder-852211-5-smb devstack@c-api.service[113885]: DEBUG cinder.api.openstack.wsgi [None req-be2fbafd-2581-45b4-a49a-14c57950afaf tempest-GroupsV314Test-612154679 tempest-GroupsV314Test-612154679-project] Action: 'create', calling method: version_select, body: {"group": {"group_type": "3192db38-4838-47bb-89e3-fbaeff3f5efe", "volume_types": ["c4808c3f-62c3-4c20-812e-0f8db1d51cbe"], "name": "tempest-GroupsV314Test-Group-353931730"}} {{(pid=113885) _process_stack /opt/stack/cinder/cinder/api/openstack/wsgi.py:866}}
Aug 24 08:08:44.190904 dv-cinder-852211-5-smb devstack@c-api.service[113885]: DEBUG cinder.api.v3.groups [None req-be2fbafd-2581-45b4-a49a-14c57950afaf tempest-GroupsV314Test-612154679 tempest-GroupsV314Test-612154679-project] Creating new group {'group': {'group_type': '3192db38-4838-47bb-89e3-fbaeff3f5efe', 'volume_types': ['c4808c3f-62c3-4c20-812e-0f8db1d51cbe'], 'name': 'tempest-GroupsV314Test-Group-353931730'}} {{(pid=113885) create /opt/stack/cinder/cinder/api/v3/groups.py:190}}
Aug 24 08:08:44.215615 dv-cinder-852211-5-smb devstack@c-api.service[113885]: INFO cinder.api.v3.groups [None req-be2fbafd-2581-45b4-a49a-14c57950afaf tempest-GroupsV314Test-612154679 tempest-GroupsV314Test-612154679-project] Creating group tempest-GroupsV314Test-Group-353931730.
Aug 24 08:08:44.276802 dv-cinder-852211-5-smb devstack@c-api.service[113885]: INFO cinder.volume.api [None req-be2fbafd-2581-45b4-a49a-14c57950afaf tempest-GroupsV314Test-612154679 tempest-GroupsV314Test-612154679-project] Availability Zones retrieved successfully.
Aug 24 08:08:44.584158 dv-cinder-852211-5-smb devstack@c-api.service[113885]: DEBUG cinder.quota [None req-be2fbafd-2581-45b4-a49a-14c57950afaf tempest-GroupsV314Test-612154679 tempest-GroupsV314Test-612154679-project] Created reservations ['673e92bf-e73f-4b79-84ea-ec28fbd5de52'] {{(pid=113885) reserve /opt/stack/cinder/cinder/quota.py:755}}
Aug 24 08:08:44.770102 dv-cinder-852211-5-smb devstack@c-api.service[113886]: DEBUG cinder.api.middleware.request_id [None req-c0fd4637-8bfc-411e-ae51-94bebce9035d None None] RequestId filter calling following filter/app {{(pid=113886) _context_setter /opt/stack/cinder/cinder/api/middleware/request_id.py:62}}
Aug 24 08:08:44.774727 dv-cinder-852211-5-smb devstack@c-api.service[113886]: INFO cinder.api.openstack.wsgi [None req-c0fd4637-8bfc-411e-ae51-94bebce9035d tempest-GroupsTest-549693132 tempest-GroupsTest-549693132-project] GET http://10.222.0.62/volume/v3/320f7c0486a54b1fad4571e0642ee66d/volumes/e2031dae-6162-405e-8309-68eb467befdc
Aug 24 08:08:44.775230 dv-cinder-852211-5-smb devstack@c-api.service[113886]: DEBUG cinder.api.openstack.wsgi [None req-c0fd4637-8bfc-411e-ae51-94bebce9035d tempest-GroupsTest-549693132 tempest-GroupsTest-549693132-project] Empty body provided in request {{(pid=113886) get_body /opt/stack/cinder/cinder/api/openstack/wsgi.py:715}}
Aug 24 08:08:44.775685 dv-cinder-852211-5-smb devstack@c-api.service[113886]: DEBUG cinder.api.openstack.wsgi [None req-c0fd4637-8bfc-411e-ae51-94bebce9035d tempest-GroupsTest-549693132 tempest-GroupsTest-549693132-project] Calling method 'show' {{(pid=113886) _process_stack /opt/stack/cinder/cinder/api/openstack/wsgi.py:868}}
Aug 24 08:08:44.806526 dv-cinder-852211-5-smb devstack@c-api.service[113885]: INFO cinder.api.openstack.wsgi [None req-be2fbafd-2581-45b4-a49a-14c57950afaf tempest-GroupsV314Test-612154679 tempest-GroupsV314Test-612154679-project] http://10.222.0.62/volume/v3/cc4e844639564937ae84ab5f9955967d/groups returned with HTTP 202
Aug 24 08:08:44.808246 dv-cinder-852211-5-smb devstack@c-api.service[113885]: [pid: 113885|app: 0|req: 43/82] 10.222.0.62 () {62 vars in 1274 bytes} [Wed Aug 24 08:08:43 2022] POST /volume/v3/cc4e844639564937ae84ab5f9955967d/groups => generated 107 bytes in 1475 msecs (HTTP/1.1 202) 7 headers in 292 bytes (2 switches on core 0)
Aug 24 08:08:44.816765 dv-cinder-852211-5-smb devstack@c-api.service[113885]: DEBUG cinder.api.middleware.request_id [None req-89920daf-49d3-451e-9cd8-df7d1338955a None None] RequestId filter calling following filter/app {{(pid=113885) _context_setter /opt/stack/cinder/cinder/api/middleware/request_id.py:62}}
Aug 24 08:08:44.820705 dv-cinder-852211-5-smb devstack@c-api.service[113886]: INFO cinder.api.openstack.wsgi [None req-c0fd4637-8bfc-411e-ae51-94bebce9035d tempest-GroupsTest-549693132 tempest-GroupsTest-549693132-project] http://10.222.0.62/volume/v3/320f7c0486a54b1fad4571e0642ee66d/volumes/e2031dae-6162-405e-8309-68eb467befdc returned with HTTP 404
Aug 24 08:08:44.826988 dv-cinder-852211-5-smb devstack@c-api.service[113886]: [pid: 113886|app: 0|req: 40/83] 10.222.0.62 () {60 vars in 1366 bytes} [Wed Aug 24 08:08:44 2022] GET /volume/v3/320f7c0486a54b1fad4571e0642ee66d/volumes/e2031dae-6162-405e-8309-68eb467befdc => generated 109 bytes in 58 msecs (HTTP/1.1 404) 7 headers in 293 bytes (1 switches on core 0)
Aug 24 08:08:44.831646 dv-cinder-852211-5-smb devstack@c-api.service[113886]: DEBUG cinder.api.middleware.request_id [None req-131df03d-7a79-4d84-bc9c-2cb875d3f6bc None None] RequestId filter calling following filter/app {{(pid=113886) _context_setter /opt/stack/cinder/cinder/api/middleware/request_id.py:62}}
Aug 24 08:08:44.841037 dv-cinder-852211-5-smb devstack@c-api.service[113885]: INFO cinder.api.openstack.wsgi [None req-89920daf-49d3-451e-9cd8-df7d1338955a tempest-GroupsV314Test-612154679 tempest-GroupsV314Test-612154679-project] GET http://10.222.0.62/volume/v3/cc4e844639564937ae84ab5f9955967d/groups/a1f2d1b0-c175-429e-abf0-994c173506dd
Aug 24 08:08:44.843498 dv-cinder-852211-5-smb devstack@c-api.service[113885]: DEBUG cinder.api.openstack.wsgi [None req-89920daf-49d3-451e-9cd8-df7d1338955a tempest-GroupsV314Test-612154679 tempest-GroupsV314Test-612154679-project] Empty body provided in request {{(pid=113885) get_body /opt/stack/cinder/cinder/api/openstack/wsgi.py:715}}
Aug 24 08:08:44.845713 dv-cinder-852211-5-smb devstack@c-api.service[113886]: INFO cinder.api.openstack.wsgi [None req-131df03d-7a79-4d84-bc9c-2cb875d3f6bc tempest-GroupsTest-549693132 tempest-GroupsTest-549693132-project] GET http://10.222.0.62/volume/v3/320f7c0486a54b1fad4571e0642ee66d/groups/f0ecd030-ac7f-4c6c-993c-620519a82708
Aug 24 08:08:44.845947 dv-cinder-852211-5-smb devstack@c-api.service[113885]: DEBUG cinder.api.openstack.wsgi [None req-89920daf-49d3-451e-9cd8-df7d1338955a tempest-GroupsV314Test-612154679 tempest-GroupsV314Test-612154679-project] Calling method 'version_select' {{(pid=113885) _process_stack /opt/stack/cinder/cinder/api/openstack/wsgi.py:868}}
Aug 24 08:08:44.846280 dv-cinder-852211-5-smb devstack@c-api.service[113886]: DEBUG cinder.api.openstack.wsgi [None req-131df03d-7a79-4d84-bc9c-2cb875d3f6bc tempest-GroupsTest-549693132 tempest-GroupsTest-549693132-project] Empty body provided in request {{(pid=113886) get_body /opt/stack/cinder/cinder/api/openstack/wsgi.py:715}}
Aug 24 08:08:44.846380 dv-cinder-852211-5-smb devstack@c-api.service[113885]: DEBUG cinder.api.v3.groups [None req-89920daf-49d3-451e-9cd8-df7d1338955a tempest-GroupsV314Test-612154679 tempest-GroupsV314Test-612154679-project] show called for member a1f2d1b0-c175-429e-abf0-994c173506dd {{(pid=113885) show /opt/stack/cinder/cinder/api/v3/groups.py:58}}
Aug 24 08:08:44.846658 dv-cinder-852211-5-smb devstack@c-api.service[113886]: DEBUG cinder.api.openstack.wsgi [None req-131df03d-7a79-4d84-bc9c-2cb875d3f6bc tempest-GroupsTest-549693132 tempest-GroupsTest-549693132-project] Calling method 'version_select' {{(pid=113886) _process_stack /opt/stack/cinder/cinder/api/openstack/wsgi.py:868}}
Aug 24 08:08:44.856140 dv-cinder-852211-5-smb devstack@c-api.service[113886]: DEBUG cinder.api.v3.groups [None req-131df03d-7a79-4d84-bc9c-2cb875d3f6bc tempest-GroupsTest-549693132 tempest-GroupsTest-549693132-project] show called for member f0ecd030-ac7f-4c6c-993c-620519a82708 {{(pid=113886) show /opt/stack/cinder/cinder/api/v3/groups.py:58}}
Aug 24 08:08:44.869259 dv-cinder-852211-5-smb devstack@c-api.service[113885]: /usr/local/lib/python3.8/dist-packages/oslo_context/context.py:100: DeprecationWarning: Policy enforcement is depending on the value of is_admin. This key is deprecated. Please update your policy file to use the standard policy values.
Aug 24 08:08:44.869259 dv-cinder-852211-5-smb devstack@c-api.service[113885]: warnings.warn('Policy enforcement is depending on the value of '
Aug 24 08:08:44.884444 dv-cinder-852211-5-smb devstack@c-api.service[113886]: INFO cinder.api.openstack.wsgi [None req-131df03d-7a79-4d84-bc9c-2cb875d3f6bc tempest-GroupsTest-549693132 tempest-GroupsTest-549693132-project] http://10.222.0.62/volume/v3/320f7c0486a54b1fad4571e0642ee66d/groups/f0ecd030-ac7f-4c6c-993c-620519a82708 returned with HTTP 404
Aug 24 08:08:44.892429 dv-cinder-852211-5-smb devstack@c-api.service[113886]: [pid: 113886|app: 0|req: 41/84] 10.222.0.62 () {60 vars in 1363 bytes} [Wed Aug 24 08:08:44 2022] GET /volume/v3/320f7c0486a54b1fad4571e0642ee66d/groups/f0ecd030-ac7f-4c6c-993c-620519a82708 => generated 108 bytes in 62 msecs (HTTP/1.1 404) 7 headers in 293 bytes (1 switches on core 0)
Aug 24 08:08:44.897645 dv-cinder-852211-5-smb devstack@c-api.service[113886]: DEBUG cinder.api.middleware.request_id [None req-b58e22a2-083e-436b-ae11-8f2aed404e19 None None] RequestId filter calling following filter/app {{(pid=113886) _context_setter /opt/stack/cinder/cinder/api/middleware/request_id.py:62}}
Aug 24 08:08:44.917873 dv-cinder-852211-5-smb devstack@c-api.service[113886]: INFO cinder.api.openstack.wsgi [None req-b58e22a2-083e-436b-ae11-8f2aed404e19 tempest-GroupsTest-549693132 tempest-GroupsTest-549693132-project] POST http://10.222.0.62/volume/v3/320f7c0486a54b1fad4571e0642ee66d/groups/ec7f4b10-f0d7-47a8-9718-c332be98b8d9/action
Aug 24 08:08:44.920781 dv-cinder-852211-5-smb devstack@c-api.service[113886]: DEBUG cinder.api.openstack.wsgi [None req-b58e22a2-083e-436b-ae11-8f2aed404e19 tempest-GroupsTest-549693132 tempest-GroupsTest-549693132-project] Action body: b'{"delete": {"delete-volumes": false}}' {{(pid=113886) get_method /opt/stack/cinder/cinder/api/openstack/wsgi.py:983}}
Aug 24 08:08:44.921299 dv-cinder-852211-5-smb devstack@c-api.service[113886]: DEBUG cinder.api.openstack.wsgi [None req-b58e22a2-083e-436b-ae11-8f2aed404e19 tempest-GroupsTest-549693132 tempest-GroupsTest-549693132-project] Action: 'action', calling method: delete_group, body: {"delete": {"delete-volumes": false}} {{(pid=113886) _process_stack /opt/stack/cinder/cinder/api/openstack/wsgi.py:866}}
Aug 24 08:08:44.921802 dv-cinder-852211-5-smb devstack@c-api.service[113885]: INFO cinder.api.openstack.wsgi [None req-89920daf-49d3-451e-9cd8-df7d1338955a tempest-GroupsV314Test-612154679 tempest-GroupsV314Test-612154679-project] http://10.222.0.62/volume/v3/cc4e844639564937ae84ab5f9955967d/groups/a1f2d1b0-c175-429e-abf0-994c173506dd returned with HTTP 200
Aug 24 08:08:44.926480 dv-cinder-852211-5-smb devstack@c-api.service[113886]: DEBUG cinder.api.v3.groups [None req-b58e22a2-083e-436b-ae11-8f2aed404e19 tempest-GroupsTest-549693132 tempest-GroupsTest-549693132-project] delete called for group ec7f4b10-f0d7-47a8-9718-c332be98b8d9 {{(pid=113886) _delete /opt/stack/cinder/cinder/api/v3/groups.py:117}}
Aug 24 08:08:44.928341 dv-cinder-852211-5-smb devstack@c-api.service[113886]: INFO cinder.api.v3.groups [None req-b58e22a2-083e-436b-ae11-8f2aed404e19 tempest-GroupsTest-549693132 tempest-GroupsTest-549693132-project] Delete group with id: ec7f4b10-f0d7-47a8-9718-c332be98b8d9
Aug 24 08:08:44.935300 dv-cinder-852211-5-smb devstack@c-api.service[113885]: [pid: 113885|app: 0|req: 44/85] 10.222.0.62 () {60 vars in 1363 bytes} [Wed Aug 24 08:08:44 2022] GET /volume/v3/cc4e844639564937ae84ab5f9955967d/groups/a1f2d1b0-c175-429e-abf0-994c173506dd => generated 387 bytes in 121 msecs (HTTP/1.1 200) 7 headers in 286 bytes (1 switches on core 0)
Aug 24 08:08:44.948082 dv-cinder-852211-5-smb devstack@c-api.service[113886]: /usr/local/lib/python3.8/dist-packages/oslo_context/context.py:100: DeprecationWarning: Policy enforcement is depending on the value of is_admin. This key is deprecated. Please update your policy file to use the standard policy values.
Aug 24 08:08:44.948082 dv-cinder-852211-5-smb devstack@c-api.service[113886]: warnings.warn('Policy enforcement is depending on the value of '
Aug 24 08:08:45.110215 dv-cinder-852211-5-smb devstack@c-api.service[113886]: INFO cinder.api.openstack.wsgi [None req-b58e22a2-083e-436b-ae11-8f2aed404e19 tempest-GroupsTest-549693132 tempest-GroupsTest-549693132-project] http://10.222.0.62/volume/v3/320f7c0486a54b1fad4571e0642ee66d/groups/ec7f4b10-f0d7-47a8-9718-c332be98b8d9/action returned with HTTP 202
Aug 24 08:08:45.117906 dv-cinder-852211-5-smb devstack@c-api.service[113885]: DEBUG cinder.api.middleware.request_id [None req-95c2f83b-6524-4ea2-9c25-8d02071ba05e None None] RequestId filter calling following filter/app {{(pid=113885) _context_setter /opt/stack/cinder/cinder/api/middleware/request_id.py:62}}
Aug 24 08:08:45.119757 dv-cinder-852211-5-smb devstack@c-api.service[113886]: [pid: 113886|app: 0|req: 42/86] 10.222.0.62 () {62 vars in 1405 bytes} [Wed Aug 24 08:08:44 2022] POST /volume/v3/320f7c0486a54b1fad4571e0642ee66d/groups/ec7f4b10-f0d7-47a8-9718-c332be98b8d9/action => generated 0 bytes in 223 msecs (HTTP/1.1 202) 6 headers in 234 bytes (1 switches on core 0)
Aug 24 08:08:45.123245 dv-cinder-852211-5-smb devstack@c-api.service[113885]: INFO cinder.api.openstack.wsgi [None req-95c2f83b-6524-4ea2-9c25-8d02071ba05e tempest-GroupsTest-549693132 tempest-GroupsTest-549693132-project] GET http://10.222.0.62/volume/v3/320f7c0486a54b1fad4571e0642ee66d/groups/ec7f4b10-f0d7-47a8-9718-c332be98b8d9
Aug 24 08:08:45.123753 dv-cinder-852211-5-smb devstack@c-api.service[113885]: DEBUG cinder.api.openstack.wsgi [None req-95c2f83b-6524-4ea2-9c25-8d02071ba05e tempest-GroupsTest-549693132 tempest-GroupsTest-549693132-project] Empty body provided in request {{(pid=113885) get_body /opt/stack/cinder/cinder/api/openstack/wsgi.py:715}}
Aug 24 08:08:45.124231 dv-cinder-852211-5-smb devstack@c-api.service[113885]: DEBUG cinder.api.openstack.wsgi [None req-95c2f83b-6524-4ea2-9c25-8d02071ba05e tempest-GroupsTest-549693132 tempest-GroupsTest-549693132-project] Calling method 'version_select' {{(pid=113885) _process_stack /opt/stack/cinder/cinder/api/openstack/wsgi.py:868}}
Aug 24 08:08:45.125734 dv-cinder-852211-5-smb devstack@c-api.service[113885]: DEBUG cinder.api.v3.groups [None req-95c2f83b-6524-4ea2-9c25-8d02071ba05e tempest-GroupsTest-549693132 tempest-GroupsTest-549693132-project] show called for member ec7f4b10-f0d7-47a8-9718-c332be98b8d9 {{(pid=113885) show /opt/stack/cinder/cinder/api/v3/groups.py:58}}
Aug 24 08:08:45.150386 dv-cinder-852211-5-smb devstack@c-api.service[113885]: /usr/local/lib/python3.8/dist-packages/oslo_context/context.py:100: DeprecationWarning: Policy enforcement is depending on the value of is_admin. This key is deprecated. Please update your policy file to use the standard policy values.
Aug 24 08:08:45.150386 dv-cinder-852211-5-smb devstack@c-api.service[113885]: warnings.warn('Policy enforcement is depending on the value of '
Aug 24 08:08:45.215987 dv-cinder-852211-5-smb devstack@c-api.service[113885]: INFO cinder.api.openstack.wsgi [None req-95c2f83b-6524-4ea2-9c25-8d02071ba05e tempest-GroupsTest-549693132 tempest-GroupsTest-549693132-project] http://10.222.0.62/volume/v3/320f7c0486a54b1fad4571e0642ee66d/groups/ec7f4b10-f0d7-47a8-9718-c332be98b8d9 returned with HTTP 200
Aug 24 08:08:45.225338 dv-cinder-852211-5-smb devstack@c-api.service[113885]: [pid: 113885|app: 0|req: 45/87] 10.222.0.62 () {60 vars in 1363 bytes} [Wed Aug 24 08:08:45 2022] GET /volume/v3/320f7c0486a54b1fad4571e0642ee66d/groups/ec7f4b10-f0d7-47a8-9718-c332be98b8d9 => generated 318 bytes in 108 msecs (HTTP/1.1 200) 7 headers in 286 bytes (1 switches on core 0)
Aug 24 08:08:45.931392 dv-cinder-852211-5-smb devstack@c-api.service[113886]: DEBUG cinder.api.middleware.request_id [None req-e1c1e59f-1380-435e-979c-19d025482f65 None None] RequestId filter calling following filter/app {{(pid=113886) _context_setter /opt/stack/cinder/cinder/api/middleware/request_id.py:62}}
Aug 24 08:08:45.937556 dv-cinder-852211-5-smb devstack@c-api.service[113886]: INFO cinder.api.openstack.wsgi [None req-e1c1e59f-1380-435e-979c-19d025482f65 tempest-GroupsV314Test-612154679 tempest-GroupsV314Test-612154679-project] GET http://10.222.0.62/volume/v3/cc4e844639564937ae84ab5f9955967d/groups/a1f2d1b0-c175-429e-abf0-994c173506dd
Aug 24 08:08:45.938239 dv-cinder-852211-5-smb devstack@c-api.service[113886]: DEBUG cinder.api.openstack.wsgi [None req-e1c1e59f-1380-435e-979c-19d025482f65 tempest-GroupsV314Test-612154679 tempest-GroupsV314Test-612154679-project] Empty body provided in request {{(pid=113886) get_body /opt/stack/cinder/cinder/api/openstack/wsgi.py:715}}
Aug 24 08:08:45.939441 dv-cinder-852211-5-smb devstack@c-api.service[113886]: DEBUG cinder.api.openstack.wsgi [None req-e1c1e59f-1380-435e-979c-19d025482f65 tempest-GroupsV314Test-612154679 tempest-GroupsV314Test-612154679-project] Calling method 'version_select' {{(pid=113886) _process_stack /opt/stack/cinder/cinder/api/openstack/wsgi.py:868}}
Aug 24 08:08:45.940006 dv-cinder-852211-5-smb devstack@c-api.service[113886]: DEBUG cinder.api.v3.groups [None req-e1c1e59f-1380-435e-979c-19d025482f65 tempest-GroupsV314Test-612154679 tempest-GroupsV314Test-612154679-project] show called for member a1f2d1b0-c175-429e-abf0-994c173506dd {{(pid=113886) show /opt/stack/cinder/cinder/api/v3/groups.py:58}}
Aug 24 08:08:45.946669 dv-cinder-852211-5-smb devstack@c-api.service[113886]: /usr/local/lib/python3.8/dist-packages/oslo_context/context.py:100: DeprecationWarning: Policy enforcement is depending on the value of is_admin. This key is deprecated. Please update your policy file to use the standard policy values.
Aug 24 08:08:45.946669 dv-cinder-852211-5-smb devstack@c-api.service[113886]: warnings.warn('Policy enforcement is depending on the value of '
Aug 24 08:08:45.987960 dv-cinder-852211-5-smb devstack@c-api.service[113886]: INFO cinder.api.openstack.wsgi [None req-e1c1e59f-1380-435e-979c-19d025482f65 tempest-GroupsV314Test-612154679 tempest-GroupsV314Test-612154679-project] http://10.222.0.62/volume/v3/cc4e844639564937ae84ab5f9955967d/groups/a1f2d1b0-c175-429e-abf0-994c173506dd returned with HTTP 200
Aug 24 08:08:46.000153 dv-cinder-852211-5-smb devstack@c-api.service[113886]: [pid: 113886|app: 0|req: 43/88] 10.222.0.62 () {60 vars in 1363 bytes} [Wed Aug 24 08:08:45 2022] GET /volume/v3/cc4e844639564937ae84ab5f9955967d/groups/a1f2d1b0-c175-429e-abf0-994c173506dd => generated 388 bytes in 59 msecs (HTTP/1.1 200) 7 headers in 286 bytes (1 switches on core 0)
Aug 24 08:08:46.001025 dv-cinder-852211-5-smb devstack@c-api.service[113885]: DEBUG cinder.api.middleware.request_id [None req-e8d554cc-7ab5-447f-8096-6cd13c602b7f None None] RequestId filter calling following filter/app {{(pid=113885) _context_setter /opt/stack/cinder/cinder/api/middleware/request_id.py:62}}
Aug 24 08:08:46.004766 dv-cinder-852211-5-smb devstack@c-api.service[113885]: INFO cinder.api.openstack.wsgi [None req-e8d554cc-7ab5-447f-8096-6cd13c602b7f tempest-GroupsV314Test-612154679 tempest-GroupsV314Test-612154679-project] POST http://10.222.0.62/volume/v3/cc4e844639564937ae84ab5f9955967d/volumes
Aug 24 08:08:46.005777 dv-cinder-852211-5-smb devstack@c-api.service[113885]: DEBUG cinder.api.openstack.wsgi [None req-e8d554cc-7ab5-447f-8096-6cd13c602b7f tempest-GroupsV314Test-612154679 tempest-GroupsV314Test-612154679-project] Action: 'create', calling method: create, body: {"volume": {"volume_type": "c4808c3f-62c3-4c20-812e-0f8db1d51cbe", "group_id": "a1f2d1b0-c175-429e-abf0-994c173506dd", "size": 1, "name": "tempest-GroupsV314Test-Volume-547134281"}} {{(pid=113885) _process_stack /opt/stack/cinder/cinder/api/openstack/wsgi.py:866}}
Aug 24 08:08:46.010415 dv-cinder-852211-5-smb devstack@c-api.service[113885]: DEBUG cinder.api.v3.volumes [None req-e8d554cc-7ab5-447f-8096-6cd13c602b7f tempest-GroupsV314Test-612154679 tempest-GroupsV314Test-612154679-project] Create volume request body: {'volume': {'volume_type': 'c4808c3f-62c3-4c20-812e-0f8db1d51cbe', 'group_id': 'a1f2d1b0-c175-429e-abf0-994c173506dd', 'size': 1, 'name': 'tempest-GroupsV314Test-Volume-547134281'}} {{(pid=113885) create /opt/stack/cinder/cinder/api/v3/volumes.py:298}}
Aug 24 08:08:46.056216 dv-cinder-852211-5-smb devstack@c-api.service[113885]: /usr/local/lib/python3.8/dist-packages/oslo_context/context.py:100: DeprecationWarning: Policy enforcement is depending on the value of is_admin. This key is deprecated. Please update your policy file to use the standard policy values.
Aug 24 08:08:46.056216 dv-cinder-852211-5-smb devstack@c-api.service[113885]: warnings.warn('Policy enforcement is depending on the value of '
Aug 24 08:08:46.057967 dv-cinder-852211-5-smb devstack@c-api.service[113885]: INFO cinder.api.v3.volumes [None req-e8d554cc-7ab5-447f-8096-6cd13c602b7f tempest-GroupsV314Test-612154679 tempest-GroupsV314Test-612154679-project] Create volume of 1 GB
Aug 24 08:08:46.095178 dv-cinder-852211-5-smb devstack@c-api.service[113885]: INFO cinder.volume.api [None req-e8d554cc-7ab5-447f-8096-6cd13c602b7f tempest-GroupsV314Test-612154679 tempest-GroupsV314Test-612154679-project] Availability Zones retrieved successfully.
Aug 24 08:08:46.150870 dv-cinder-852211-5-smb devstack@c-api.service[113885]: DEBUG cinder.volume.api [None req-e8d554cc-7ab5-447f-8096-6cd13c602b7f tempest-GroupsV314Test-612154679 tempest-GroupsV314Test-612154679-project] Flow 'volume_create_api' (41868697-74b0-48d1-a85a-24efd5d75525) transitioned into state 'RUNNING' from state 'PENDING' {{(pid=113885) _flow_receiver /usr/local/lib/python3.8/dist-packages/taskflow/listeners/logging.py:141}}
Aug 24 08:08:46.158577 dv-cinder-852211-5-smb devstack@c-api.service[113885]: DEBUG cinder.volume.api [None req-e8d554cc-7ab5-447f-8096-6cd13c602b7f tempest-GroupsV314Test-612154679 tempest-GroupsV314Test-612154679-project] Task 'cinder.volume.flows.api.create_volume.ExtractVolumeRequestTask;volume:create' (c7f8362e-736f-4b6e-9b92-6eda79d9acb3) transitioned into state 'RUNNING' from state 'PENDING' {{(pid=113885) _task_receiver /usr/local/lib/python3.8/dist-packages/taskflow/listeners/logging.py:190}}
Aug 24 08:08:46.164577 dv-cinder-852211-5-smb devstack@c-api.service[113885]: /usr/local/lib/python3.8/dist-packages/oslo_context/context.py:100: DeprecationWarning: Policy enforcement is depending on the value of is_admin. This key is deprecated. Please update your policy file to use the standard policy values.
Aug 24 08:08:46.164577 dv-cinder-852211-5-smb devstack@c-api.service[113885]: warnings.warn('Policy enforcement is depending on the value of '
Aug 24 08:08:46.173536 dv-cinder-852211-5-smb devstack@c-api.service[113885]: DEBUG cinder.volume.flows.api.create_volume [None req-e8d554cc-7ab5-447f-8096-6cd13c602b7f tempest-GroupsV314Test-612154679 tempest-GroupsV314Test-612154679-project] Validating volume size '1' using validate_int {{(pid=113885) _extract_size /opt/stack/cinder/cinder/volume/flows/api/create_volume.py:228}}
Aug 24 08:08:46.233825 dv-cinder-852211-5-smb devstack@c-api.service[113886]: DEBUG cinder.api.middleware.request_id [None req-5631c4bc-5e47-436d-b0f9-4046c5e25f31 None None] RequestId filter calling following filter/app {{(pid=113886) _context_setter /opt/stack/cinder/cinder/api/middleware/request_id.py:62}}
Aug 24 08:08:46.239792 dv-cinder-852211-5-smb devstack@c-api.service[113886]: INFO cinder.api.openstack.wsgi [None req-5631c4bc-5e47-436d-b0f9-4046c5e25f31 tempest-GroupsTest-549693132 tempest-GroupsTest-549693132-project] GET http://10.222.0.62/volume/v3/320f7c0486a54b1fad4571e0642ee66d/groups/ec7f4b10-f0d7-47a8-9718-c332be98b8d9
Aug 24 08:08:46.241144 dv-cinder-852211-5-smb devstack@c-api.service[113886]: DEBUG cinder.api.openstack.wsgi [None req-5631c4bc-5e47-436d-b0f9-4046c5e25f31 tempest-GroupsTest-549693132 tempest-GroupsTest-549693132-project] Empty body provided in request {{(pid=113886) get_body /opt/stack/cinder/cinder/api/openstack/wsgi.py:715}}
Aug 24 08:08:46.241750 dv-cinder-852211-5-smb devstack@c-api.service[113886]: DEBUG cinder.api.openstack.wsgi [None req-5631c4bc-5e47-436d-b0f9-4046c5e25f31 tempest-GroupsTest-549693132 tempest-GroupsTest-549693132-project] Calling method 'version_select' {{(pid=113886) _process_stack /opt/stack/cinder/cinder/api/openstack/wsgi.py:868}}
Aug 24 08:08:46.242764 dv-cinder-852211-5-smb devstack@c-api.service[113886]: DEBUG cinder.api.v3.groups [None req-5631c4bc-5e47-436d-b0f9-4046c5e25f31 tempest-GroupsTest-549693132 tempest-GroupsTest-549693132-project] show called for member ec7f4b10-f0d7-47a8-9718-c332be98b8d9 {{(pid=113886) show /opt/stack/cinder/cinder/api/v3/groups.py:58}}
Aug 24 08:08:46.245938 dv-cinder-852211-5-smb devstack@c-api.service[113885]: DEBUG cinder.volume.api [None req-e8d554cc-7ab5-447f-8096-6cd13c602b7f tempest-GroupsV314Test-612154679 tempest-GroupsV314Test-612154679-project] Task 'cinder.volume.flows.api.create_volume.ExtractVolumeRequestTask;volume:create' (c7f8362e-736f-4b6e-9b92-6eda79d9acb3) transitioned into state 'SUCCESS' from state 'RUNNING' with result '{'size': 1, 'snapshot_id': None, 'source_volid': None, 'volume_type': VolumeType(created_at=2022-08-24T08:08:43Z,deleted=False,deleted_at=None,description=None,extra_specs={},id=c4808c3f-62c3-4c20-812e-0f8db1d51cbe,is_public=True,name='tempest-GroupsV314Test-volume-type-1725817024',projects=[],qos_specs=,qos_specs_id=None,updated_at=None), 'volume_type_id': 'c4808c3f-62c3-4c20-812e-0f8db1d51cbe', 'encryption_key_id': None, 'qos_specs': None, 'consistencygroup_id': None, 'cgsnapshot_id': None, 'group_id': 'a1f2d1b0-c175-429e-abf0-994c173506dd', 'replication_status': 'disabled', 'refresh_az': False, 'backup_id': None, 'multiattach': False, 'availability_zones': ['nova']}' {{(pid=113885) _task_receiver /usr/local/lib/python3.8/dist-packages/taskflow/listeners/logging.py:178}}
Aug 24 08:08:46.250816 dv-cinder-852211-5-smb devstack@c-api.service[113886]: INFO cinder.api.openstack.wsgi [None req-5631c4bc-5e47-436d-b0f9-4046c5e25f31 tempest-GroupsTest-549693132 tempest-GroupsTest-549693132-project] http://10.222.0.62/volume/v3/320f7c0486a54b1fad4571e0642ee66d/groups/ec7f4b10-f0d7-47a8-9718-c332be98b8d9 returned with HTTP 404
Aug 24 08:08:46.253509 dv-cinder-852211-5-smb devstack@c-api.service[113886]: [pid: 113886|app: 0|req: 44/89] 10.222.0.62 () {60 vars in 1363 bytes} [Wed Aug 24 08:08:46 2022] GET /volume/v3/320f7c0486a54b1fad4571e0642ee66d/groups/ec7f4b10-f0d7-47a8-9718-c332be98b8d9 => generated 108 bytes in 21 msecs (HTTP/1.1 404) 7 headers in 293 bytes (1 switches on core 0)
Aug 24 08:08:46.254240 dv-cinder-852211-5-smb devstack@c-api.service[113885]: DEBUG cinder.volume.api [None req-e8d554cc-7ab5-447f-8096-6cd13c602b7f tempest-GroupsV314Test-612154679 tempest-GroupsV314Test-612154679-project] Task 'cinder.volume.flows.api.create_volume.QuotaReserveTask;volume:create' (2d4f9904-942b-49e9-bc49-1dc2ce27b9f9) transitioned into state 'RUNNING' from state 'PENDING' {{(pid=113885) _task_receiver /usr/local/lib/python3.8/dist-packages/taskflow/listeners/logging.py:190}}
Aug 24 08:08:46.262204 dv-cinder-852211-5-smb devstack@c-api.service[113886]: DEBUG cinder.api.middleware.request_id [None req-96cb16a4-7c91-4b96-913f-bdaa9852e485 None None] RequestId filter calling following filter/app {{(pid=113886) _context_setter /opt/stack/cinder/cinder/api/middleware/request_id.py:62}}
Aug 24 08:08:46.270111 dv-cinder-852211-5-smb devstack@c-api.service[113886]: INFO cinder.api.openstack.wsgi [None req-96cb16a4-7c91-4b96-913f-bdaa9852e485 tempest-GroupsTest-549693132 tempest-GroupsTest-549693132-project] GET http://10.222.0.62/volume/v3/320f7c0486a54b1fad4571e0642ee66d/groups/detail
Aug 24 08:08:46.270608 dv-cinder-852211-5-smb devstack@c-api.service[113886]: DEBUG cinder.api.openstack.wsgi [None req-96cb16a4-7c91-4b96-913f-bdaa9852e485 tempest-GroupsTest-549693132 tempest-GroupsTest-549693132-project] Empty body provided in request {{(pid=113886) get_body /opt/stack/cinder/cinder/api/openstack/wsgi.py:715}}
Aug 24 08:08:46.271059 dv-cinder-852211-5-smb devstack@c-api.service[113886]: DEBUG cinder.api.openstack.wsgi [None req-96cb16a4-7c91-4b96-913f-bdaa9852e485 tempest-GroupsTest-549693132 tempest-GroupsTest-549693132-project] Calling method 'version_select' {{(pid=113886) _process_stack /opt/stack/cinder/cinder/api/openstack/wsgi.py:868}}
Aug 24 08:08:46.271974 dv-cinder-852211-5-smb devstack@c-api.service[113886]: /usr/local/lib/python3.8/dist-packages/oslo_context/context.py:100: DeprecationWarning: Policy enforcement is depending on the value of is_admin. This key is deprecated. Please update your policy file to use the standard policy values.
Aug 24 08:08:46.271974 dv-cinder-852211-5-smb devstack@c-api.service[113886]: warnings.warn('Policy enforcement is depending on the value of '
Aug 24 08:08:46.290619 dv-cinder-852211-5-smb devstack@c-api.service[113886]: INFO cinder.api.openstack.wsgi [None req-96cb16a4-7c91-4b96-913f-bdaa9852e485 tempest-GroupsTest-549693132 tempest-GroupsTest-549693132-project] http://10.222.0.62/volume/v3/320f7c0486a54b1fad4571e0642ee66d/groups/detail returned with HTTP 200
Aug 24 08:08:46.291699 dv-cinder-852211-5-smb devstack@c-api.service[113886]: [pid: 113886|app: 0|req: 45/90] 10.222.0.62 () {60 vars in 1273 bytes} [Wed Aug 24 08:08:46 2022] GET /volume/v3/320f7c0486a54b1fad4571e0642ee66d/groups/detail => generated 14 bytes in 31 msecs (HTTP/1.1 200) 7 headers in 285 bytes (1 switches on core 0)
Aug 24 08:08:46.302360 dv-cinder-852211-5-smb devstack@c-api.service[113886]: DEBUG cinder.api.middleware.request_id [None req-9db42094-b37e-4b0d-b8a6-d1517fdf15f4 None None] RequestId filter calling following filter/app {{(pid=113886) _context_setter /opt/stack/cinder/cinder/api/middleware/request_id.py:62}}
Aug 24 08:08:46.307721 dv-cinder-852211-5-smb devstack@c-api.service[113886]: INFO cinder.api.openstack.wsgi [None req-9db42094-b37e-4b0d-b8a6-d1517fdf15f4 tempest-GroupsTest-549693132 tempest-GroupsTest-549693132-project] GET http://10.222.0.62/volume/v3/320f7c0486a54b1fad4571e0642ee66d/volumes/detail
Aug 24 08:08:46.308458 dv-cinder-852211-5-smb devstack@c-api.service[113886]: DEBUG cinder.api.openstack.wsgi [None req-9db42094-b37e-4b0d-b8a6-d1517fdf15f4 tempest-GroupsTest-549693132 tempest-GroupsTest-549693132-project] Empty body provided in request {{(pid=113886) get_body /opt/stack/cinder/cinder/api/openstack/wsgi.py:715}}
Aug 24 08:08:46.310035 dv-cinder-852211-5-smb devstack@c-api.service[113886]: DEBUG cinder.api.openstack.wsgi [None req-9db42094-b37e-4b0d-b8a6-d1517fdf15f4 tempest-GroupsTest-549693132 tempest-GroupsTest-549693132-project] Calling method 'detail' {{(pid=113886) _process_stack /opt/stack/cinder/cinder/api/openstack/wsgi.py:868}}
Aug 24 08:08:46.310757 dv-cinder-852211-5-smb devstack@c-api.service[113886]: DEBUG cinder.api.api_utils [None req-9db42094-b37e-4b0d-b8a6-d1517fdf15f4 tempest-GroupsTest-549693132 tempest-GroupsTest-549693132-project] Removing options '' from query. {{(pid=113886) remove_invalid_filter_options /opt/stack/cinder/cinder/api/api_utils.py:83}}
Aug 24 08:08:46.312837 dv-cinder-852211-5-smb devstack@c-api.service[113886]: DEBUG cinder.volume.api [None req-9db42094-b37e-4b0d-b8a6-d1517fdf15f4 tempest-GroupsTest-549693132 tempest-GroupsTest-549693132-project] Searching by: MultiDict([('no_migration_targets', True)]). {{(pid=113886) get_all /opt/stack/cinder/cinder/volume/api.py:664}}
Aug 24 08:08:46.402999 dv-cinder-852211-5-smb devstack@c-api.service[113886]: INFO cinder.volume.api [None req-9db42094-b37e-4b0d-b8a6-d1517fdf15f4 tempest-GroupsTest-549693132 tempest-GroupsTest-549693132-project] Get all volumes completed successfully.
Aug 24 08:08:46.403590 dv-cinder-852211-5-smb devstack@c-api.service[113885]: WARNING cinder.quota [None req-e8d554cc-7ab5-447f-8096-6cd13c602b7f tempest-GroupsV314Test-612154679 tempest-GroupsV314Test-612154679-project] Deprecated: Default quota for resource: volumes_tempest-GroupsV314Test-volume-type-1725817024 is set by the default quota flag: quota_volumes_tempest-GroupsV314Test-volume-type-1725817024, it is now deprecated. Please use the default quota class for default quota.
Aug 24 08:08:46.404395 dv-cinder-852211-5-smb devstack@c-api.service[113885]: WARNING cinder.quota [None req-e8d554cc-7ab5-447f-8096-6cd13c602b7f tempest-GroupsV314Test-612154679 tempest-GroupsV314Test-612154679-project] Deprecated: Default quota for resource: gigabytes_tempest-GroupsV314Test-volume-type-1725817024 is set by the default quota flag: quota_gigabytes_tempest-GroupsV314Test-volume-type-1725817024, it is now deprecated. Please use the default quota class for default quota.
Aug 24 08:08:46.408877 dv-cinder-852211-5-smb devstack@c-api.service[113886]: INFO cinder.api.openstack.wsgi [None req-9db42094-b37e-4b0d-b8a6-d1517fdf15f4 tempest-GroupsTest-549693132 tempest-GroupsTest-549693132-project] http://10.222.0.62/volume/v3/320f7c0486a54b1fad4571e0642ee66d/volumes/detail returned with HTTP 200
Aug 24 08:08:46.415887 dv-cinder-852211-5-smb devstack@c-api.service[113886]: [pid: 113886|app: 0|req: 46/91] 10.222.0.62 () {60 vars in 1276 bytes} [Wed Aug 24 08:08:46 2022] GET /volume/v3/320f7c0486a54b1fad4571e0642ee66d/volumes/detail => generated 15 bytes in 109 msecs (HTTP/1.1 200) 7 headers in 285 bytes (1 switches on core 0)
Aug 24 08:08:46.437618 dv-cinder-852211-5-smb devstack@c-api.service[113886]: DEBUG cinder.api.middleware.request_id [None req-e7f73ff7-dcf5-4625-bbde-97fa615c79c2 None None] RequestId filter calling following filter/app {{(pid=113886) _context_setter /opt/stack/cinder/cinder/api/middleware/request_id.py:62}}
