Aug 08 17:02:52.703723 dv-cinder-852211-4-smb devstack@placement-api.service[104813]: DEBUG placement.objects.research_context [req-920da3e2-1d69-4dd4-ac35-67a6c33dac7a req-21674240-8cb8-42a6-bada-dba1519181c3 service placement] found 1 providers with available 1 VCPU {{(pid=104813) get_provider_ids_matching /opt/stack/placement/placement/objects/research_context.py:563}}
Aug 08 17:02:52.704203 dv-cinder-852211-4-smb devstack@placement-api.service[104813]: DEBUG placement.objects.research_context [req-920da3e2-1d69-4dd4-ac35-67a6c33dac7a req-21674240-8cb8-42a6-bada-dba1519181c3 service placement] found 1 providers after filtering by previous result {{(pid=104813) get_provider_ids_matching /opt/stack/placement/placement/objects/research_context.py:594}}
Aug 08 17:02:52.716423 dv-cinder-852211-4-smb devstack@placement-api.service[104813]: DEBUG placement.objects.allocation_candidate [req-920da3e2-1d69-4dd4-ac35-67a6c33dac7a req-21674240-8cb8-42a6-bada-dba1519181c3 service placement] RequestGroup(use_same_provider=False, resources={DISK_GB:1, MEMORY_MB:1024, VCPU:1}, traits=(), aggregates=[]) (suffix '') returned 1 matches {{(pid=104813) _get_by_requests /opt/stack/placement/placement/objects/allocation_candidate.py:156}}
Aug 08 17:02:52.716745 dv-cinder-852211-4-smb devstack@placement-api.service[104813]: DEBUG placement.objects.allocation_candidate [req-920da3e2-1d69-4dd4-ac35-67a6c33dac7a req-21674240-8cb8-42a6-bada-dba1519181c3 service placement] Merging candidates yields 1 allocation requests and 1 provider summaries {{(pid=104813) _merge_candidates /opt/stack/placement/placement/objects/allocation_candidate.py:809}}
Aug 08 17:02:52.718340 dv-cinder-852211-4-smb devstack@placement-api.service[104813]: INFO placement.requestlog [req-920da3e2-1d69-4dd4-ac35-67a6c33dac7a req-21674240-8cb8-42a6-bada-dba1519181c3 service placement] 10.222.0.59 "GET /placement/allocation_candidates?limit=1000&resources=DISK_GB%3A1%2CMEMORY_MB%3A1024%2CVCPU%3A1&root_required=%21COMPUTE_STATUS_DISABLED" status: 200 len: 767 microversion: 1.36
Aug 08 17:02:52.718714 dv-cinder-852211-4-smb devstack@placement-api.service[104813]: [pid: 104813|app: 0|req: 24/47] 10.222.0.59 () {60 vars in 1506 bytes} [Mon Aug 8 17:02:52 2022] GET /placement/allocation_candidates?limit=1000&resources=DISK_GB%3A1%2CMEMORY_MB%3A1024%2CVCPU%3A1&root_required=%21COMPUTE_STATUS_DISABLED => generated 767 bytes in 84 msecs (HTTP/1.1 200) 8 headers in 296 bytes (1 switches on core 0)
Aug 08 17:02:52.780956 dv-cinder-852211-4-smb devstack@placement-api.service[104812]: DEBUG placement.requestlog [req-920da3e2-1d69-4dd4-ac35-67a6c33dac7a req-cb07c3c1-f09c-4a2c-87f0-75e01e01a056 None None] Starting request: 10.222.0.59 "GET /placement/allocations/2bb688e6-7db1-47d8-9fff-722f684530ed" {{(pid=104812) __call__ /opt/stack/placement/placement/requestlog.py:55}}
Aug 08 17:02:52.798304 dv-cinder-852211-4-smb devstack@placement-api.service[104812]: INFO placement.requestlog [req-920da3e2-1d69-4dd4-ac35-67a6c33dac7a req-cb07c3c1-f09c-4a2c-87f0-75e01e01a056 service placement] 10.222.0.59 "GET /placement/allocations/2bb688e6-7db1-47d8-9fff-722f684530ed" status: 200 len: 19 microversion: 1.28
Aug 08 17:02:52.798837 dv-cinder-852211-4-smb devstack@placement-api.service[104812]: [pid: 104812|app: 0|req: 24/48] 10.222.0.59 () {60 vars in 1380 bytes} [Mon Aug 8 17:02:52 2022] GET /placement/allocations/2bb688e6-7db1-47d8-9fff-722f684530ed => generated 19 bytes in 19 msecs (HTTP/1.1 200) 8 headers in 295 bytes (1 switches on core 0)
Aug 08 17:02:52.805724 dv-cinder-852211-4-smb devstack@placement-api.service[104813]: DEBUG placement.requestlog [req-920da3e2-1d69-4dd4-ac35-67a6c33dac7a req-583bc6a1-fc66-4173-890d-40d36ba7069d None None] Starting request: 10.222.0.59 "PUT /placement/allocations/2bb688e6-7db1-47d8-9fff-722f684530ed" {{(pid=104813) __call__ /opt/stack/placement/placement/requestlog.py:55}}
Aug 08 17:02:53.353168 dv-cinder-852211-4-smb devstack@placement-api.service[104813]: DEBUG placement.handlers.allocation [req-920da3e2-1d69-4dd4-ac35-67a6c33dac7a req-583bc6a1-fc66-4173-890d-40d36ba7069d service placement] Successfully wrote allocations [, , ] {{(pid=104813) _update_consumers_and_create_allocations /opt/stack/placement/placement/handlers/allocation.py:462}}
Aug 08 17:02:53.432514 dv-cinder-852211-4-smb devstack@placement-api.service[104812]: DEBUG placement.requestlog [req-bcc2ebfa-0618-432d-a631-94192cca51cb req-00777880-561d-409d-b0e6-b90cdde49942 None None] Starting request: 10.222.0.30 "DELETE /placement/allocations/2e0fb421-215a-44bc-b6e5-585c7ea5e3e1" {{(pid=104812) __call__ /opt/stack/placement/placement/requestlog.py:55}}
Aug 08 17:02:53.481056 dv-cinder-852211-4-smb devstack@placement-api.service[104813]: INFO placement.requestlog [req-920da3e2-1d69-4dd4-ac35-67a6c33dac7a req-583bc6a1-fc66-4173-890d-40d36ba7069d service placement] 10.222.0.59 "PUT /placement/allocations/2bb688e6-7db1-47d8-9fff-722f684530ed" status: 204 len: 0 microversion: 1.36
Aug 08 17:02:53.481448 dv-cinder-852211-4-smb devstack@placement-api.service[104813]: [pid: 104813|app: 0|req: 25/49] 10.222.0.59 () {64 vars in 1433 bytes} [Mon Aug 8 17:02:52 2022] PUT /placement/allocations/2bb688e6-7db1-47d8-9fff-722f684530ed => generated 0 bytes in 676 msecs (HTTP/1.1 204) 5 headers in 199 bytes (1 switches on core 0)
Aug 08 17:02:53.640250 dv-cinder-852211-4-smb devstack@placement-api.service[104812]: DEBUG placement.handlers.allocation [req-bcc2ebfa-0618-432d-a631-94192cca51cb req-00777880-561d-409d-b0e6-b90cdde49942 service placement] Successfully deleted allocations [, , ] {{(pid=104812) delete_allocations /opt/stack/placement/placement/handlers/allocation.py:627}}
Aug 08 17:02:53.640859 dv-cinder-852211-4-smb devstack@placement-api.service[104812]: INFO placement.requestlog [req-bcc2ebfa-0618-432d-a631-94192cca51cb req-00777880-561d-409d-b0e6-b90cdde49942 service placement] 10.222.0.30 "DELETE /placement/allocations/2e0fb421-215a-44bc-b6e5-585c7ea5e3e1" status: 204 len: 0 microversion: 1.0
Aug 08 17:02:53.641248 dv-cinder-852211-4-smb devstack@placement-api.service[104812]: [pid: 104812|app: 0|req: 25/50] 10.222.0.30 () {60 vars in 1355 bytes} [Mon Aug 8 17:02:53 2022] DELETE /placement/allocations/2e0fb421-215a-44bc-b6e5-585c7ea5e3e1 => generated 0 bytes in 209 msecs (HTTP/1.1 204) 5 headers in 198 bytes (2 switches on core 0)
Aug 08 17:02:54.619940 dv-cinder-852211-4-smb devstack@placement-api.service[104813]: DEBUG placement.requestlog [req-920da3e2-1d69-4dd4-ac35-67a6c33dac7a req-d2ae2ba1-7ed7-44cc-9df7-3eeb3081cf02 None None] Starting request: 10.222.0.30 "GET /placement/allocations/2bb688e6-7db1-47d8-9fff-722f684530ed" {{(pid=104813) __call__ /opt/stack/placement/placement/requestlog.py:55}}
Aug 08 17:02:54.639107 dv-cinder-852211-4-smb devstack@placement-api.service[104813]: INFO placement.requestlog [req-920da3e2-1d69-4dd4-ac35-67a6c33dac7a req-d2ae2ba1-7ed7-44cc-9df7-3eeb3081cf02 service placement] 10.222.0.30 "GET /placement/allocations/2bb688e6-7db1-47d8-9fff-722f684530ed" status: 200 len: 258 microversion: 1.28
Aug 08 17:02:54.641205 dv-cinder-852211-4-smb devstack@placement-api.service[104813]: [pid: 104813|app: 0|req: 26/51] 10.222.0.30 () {60 vars in 1377 bytes} [Mon Aug 8 17:02:54 2022] GET /placement/allocations/2bb688e6-7db1-47d8-9fff-722f684530ed => generated 258 bytes in 20 msecs (HTTP/1.1 200) 8 headers in 296 bytes (1 switches on core 0)
Aug 08 17:02:55.200331 dv-cinder-852211-4-smb devstack@placement-api.service[104812]: DEBUG placement.requestlog [req-57e6b0ba-e74d-4e2e-a898-c73bef2a8024 req-0fb90366-c640-4f50-88e9-3076947a2378 None None] Starting request: 10.222.0.59 "GET /placement/allocation_candidates?limit=1000&resources=DISK_GB%3A1%2CMEMORY_MB%3A1024%2CVCPU%3A1&root_required=%21COMPUTE_STATUS_DISABLED" {{(pid=104812) __call__ /opt/stack/placement/placement/requestlog.py:55}}
Aug 08 17:02:55.256577 dv-cinder-852211-4-smb devstack@placement-api.service[104812]: DEBUG placement.objects.research_context [req-57e6b0ba-e74d-4e2e-a898-c73bef2a8024 req-0fb90366-c640-4f50-88e9-3076947a2378 service placement] getting providers with 1 DISK_GB {{(pid=104812) __init__ /opt/stack/placement/placement/objects/research_context.py:136}}
Aug 08 17:02:55.256577 dv-cinder-852211-4-smb devstack@placement-api.service[104812]: DEBUG placement.objects.research_context [req-57e6b0ba-e74d-4e2e-a898-c73bef2a8024 req-0fb90366-c640-4f50-88e9-3076947a2378 service placement] getting providers with 1024 MEMORY_MB {{(pid=104812) __init__ /opt/stack/placement/placement/objects/research_context.py:136}}
Aug 08 17:02:55.256871 dv-cinder-852211-4-smb devstack@placement-api.service[104812]: DEBUG placement.objects.research_context [req-57e6b0ba-e74d-4e2e-a898-c73bef2a8024 req-0fb90366-c640-4f50-88e9-3076947a2378 service placement] getting providers with 1 VCPU {{(pid=104812) __init__ /opt/stack/placement/placement/objects/research_context.py:136}}
Aug 08 17:02:55.262744 dv-cinder-852211-4-smb devstack@placement-api.service[104812]: DEBUG placement.objects.research_context [req-57e6b0ba-e74d-4e2e-a898-c73bef2a8024 req-0fb90366-c640-4f50-88e9-3076947a2378 service placement] found 1 providers with available 1 DISK_GB {{(pid=104812) get_provider_ids_matching /opt/stack/placement/placement/objects/research_context.py:563}}
Aug 08 17:02:55.263865 dv-cinder-852211-4-smb devstack@placement-api.service[104812]: DEBUG placement.objects.research_context [req-57e6b0ba-e74d-4e2e-a898-c73bef2a8024 req-0fb90366-c640-4f50-88e9-3076947a2378 service placement] found 1 providers with available 1024 MEMORY_MB {{(pid=104812) get_provider_ids_matching /opt/stack/placement/placement/objects/research_context.py:563}}
Aug 08 17:02:55.263865 dv-cinder-852211-4-smb devstack@placement-api.service[104812]: DEBUG placement.objects.research_context [req-57e6b0ba-e74d-4e2e-a898-c73bef2a8024 req-0fb90366-c640-4f50-88e9-3076947a2378 service placement] found 1 providers after filtering by previous result {{(pid=104812) get_provider_ids_matching /opt/stack/placement/placement/objects/research_context.py:594}}
Aug 08 17:02:55.263865 dv-cinder-852211-4-smb devstack@placement-api.service[104812]: DEBUG placement.objects.research_context [req-57e6b0ba-e74d-4e2e-a898-c73bef2a8024 req-0fb90366-c640-4f50-88e9-3076947a2378 service placement] found 1 providers with available 1 VCPU {{(pid=104812) get_provider_ids_matching /opt/stack/placement/placement/objects/research_context.py:563}}
Aug 08 17:02:55.263865 dv-cinder-852211-4-smb devstack@placement-api.service[104812]: DEBUG placement.objects.research_context [req-57e6b0ba-e74d-4e2e-a898-c73bef2a8024 req-0fb90366-c640-4f50-88e9-3076947a2378 service placement] found 1 providers after filtering by previous result {{(pid=104812) get_provider_ids_matching /opt/stack/placement/placement/objects/research_context.py:594}}
Aug 08 17:02:55.276638 dv-cinder-852211-4-smb devstack@placement-api.service[104812]: DEBUG placement.objects.allocation_candidate [req-57e6b0ba-e74d-4e2e-a898-c73bef2a8024 req-0fb90366-c640-4f50-88e9-3076947a2378 service placement] RequestGroup(use_same_provider=False, resources={DISK_GB:1, MEMORY_MB:1024, VCPU:1}, traits=(), aggregates=[]) (suffix '') returned 1 matches {{(pid=104812) _get_by_requests /opt/stack/placement/placement/objects/allocation_candidate.py:156}}
Aug 08 17:02:55.277108 dv-cinder-852211-4-smb devstack@placement-api.service[104812]: DEBUG placement.objects.allocation_candidate [req-57e6b0ba-e74d-4e2e-a898-c73bef2a8024 req-0fb90366-c640-4f50-88e9-3076947a2378 service placement] Merging candidates yields 1 allocation requests and 1 provider summaries {{(pid=104812) _merge_candidates /opt/stack/placement/placement/objects/allocation_candidate.py:809}}
Aug 08 17:02:55.278632 dv-cinder-852211-4-smb devstack@placement-api.service[104812]: INFO placement.requestlog [req-57e6b0ba-e74d-4e2e-a898-c73bef2a8024 req-0fb90366-c640-4f50-88e9-3076947a2378 service placement] 10.222.0.59 "GET /placement/allocation_candidates?limit=1000&resources=DISK_GB%3A1%2CMEMORY_MB%3A1024%2CVCPU%3A1&root_required=%21COMPUTE_STATUS_DISABLED" status: 200 len: 767 microversion: 1.36
Aug 08 17:02:55.279086 dv-cinder-852211-4-smb devstack@placement-api.service[104812]: [pid: 104812|app: 0|req: 26/52] 10.222.0.59 () {60 vars in 1506 bytes} [Mon Aug 8 17:02:55 2022] GET /placement/allocation_candidates?limit=1000&resources=DISK_GB%3A1%2CMEMORY_MB%3A1024%2CVCPU%3A1&root_required=%21COMPUTE_STATUS_DISABLED => generated 767 bytes in 79 msecs (HTTP/1.1 200) 8 headers in 296 bytes (1 switches on core 0)
Aug 08 17:02:55.319583 dv-cinder-852211-4-smb devstack@placement-api.service[104813]: DEBUG placement.requestlog [req-57e6b0ba-e74d-4e2e-a898-c73bef2a8024 req-ef8a6b0d-9b3a-4f24-8731-59fd02e0449f None None] Starting request: 10.222.0.59 "GET /placement/allocations/37ab06b1-45df-4bf7-bd57-6414088cc087" {{(pid=104813) __call__ /opt/stack/placement/placement/requestlog.py:55}}
Aug 08 17:02:55.344298 dv-cinder-852211-4-smb devstack@placement-api.service[104813]: INFO placement.requestlog [req-57e6b0ba-e74d-4e2e-a898-c73bef2a8024 req-ef8a6b0d-9b3a-4f24-8731-59fd02e0449f service placement] 10.222.0.59 "GET /placement/allocations/37ab06b1-45df-4bf7-bd57-6414088cc087" status: 200 len: 19 microversion: 1.28
Aug 08 17:02:55.344298 dv-cinder-852211-4-smb devstack@placement-api.service[104813]: [pid: 104813|app: 0|req: 27/53] 10.222.0.59 () {60 vars in 1380 bytes} [Mon Aug 8 17:02:55 2022] GET /placement/allocations/37ab06b1-45df-4bf7-bd57-6414088cc087 => generated 19 bytes in 24 msecs (HTTP/1.1 200) 8 headers in 295 bytes (1 switches on core 0)
Aug 08 17:02:55.362799 dv-cinder-852211-4-smb devstack@placement-api.service[104812]: DEBUG placement.requestlog [req-57e6b0ba-e74d-4e2e-a898-c73bef2a8024 req-9ab9ae8f-d863-41e4-9d78-a453507a8d15 None None] Starting request: 10.222.0.59 "PUT /placement/allocations/37ab06b1-45df-4bf7-bd57-6414088cc087" {{(pid=104812) __call__ /opt/stack/placement/placement/requestlog.py:55}}
Aug 08 17:02:55.526905 dv-cinder-852211-4-smb devstack@placement-api.service[104812]: DEBUG placement.handlers.allocation [req-57e6b0ba-e74d-4e2e-a898-c73bef2a8024 req-9ab9ae8f-d863-41e4-9d78-a453507a8d15 service placement] Successfully wrote allocations [, , ] {{(pid=104812) _update_consumers_and_create_allocations /opt/stack/placement/placement/handlers/allocation.py:462}}
Aug 08 17:02:55.567876 dv-cinder-852211-4-smb devstack@placement-api.service[104813]: DEBUG placement.requestlog [req-63b923ec-04b1-4d01-9005-24926efb5c0d req-1ed92462-a012-467e-a6a8-8f97e825f0a2 None None] Starting request: 10.222.0.59 "GET /placement/allocation_candidates?limit=1000&resources=DISK_GB%3A1%2CMEMORY_MB%3A1024%2CVCPU%3A1&root_required=%21COMPUTE_STATUS_DISABLED" {{(pid=104813) __call__ /opt/stack/placement/placement/requestlog.py:55}}
Aug 08 17:02:55.597063 dv-cinder-852211-4-smb devstack@placement-api.service[104812]: INFO placement.requestlog [req-57e6b0ba-e74d-4e2e-a898-c73bef2a8024 req-9ab9ae8f-d863-41e4-9d78-a453507a8d15 service placement] 10.222.0.59 "PUT /placement/allocations/37ab06b1-45df-4bf7-bd57-6414088cc087" status: 204 len: 0 microversion: 1.36
Aug 08 17:02:55.598061 dv-cinder-852211-4-smb devstack@placement-api.service[104812]: [pid: 104812|app: 0|req: 27/54] 10.222.0.59 () {64 vars in 1433 bytes} [Mon Aug 8 17:02:55 2022] PUT /placement/allocations/37ab06b1-45df-4bf7-bd57-6414088cc087 => generated 0 bytes in 235 msecs (HTTP/1.1 204) 5 headers in 199 bytes (1 switches on core 0)
Aug 08 17:02:55.625296 dv-cinder-852211-4-smb devstack@placement-api.service[104813]: DEBUG placement.objects.research_context [req-63b923ec-04b1-4d01-9005-24926efb5c0d req-1ed92462-a012-467e-a6a8-8f97e825f0a2 service placement] getting providers with 1 DISK_GB {{(pid=104813) __init__ /opt/stack/placement/placement/objects/research_context.py:136}}
Aug 08 17:02:55.632871 dv-cinder-852211-4-smb devstack@placement-api.service[104813]: DEBUG placement.objects.research_context [req-63b923ec-04b1-4d01-9005-24926efb5c0d req-1ed92462-a012-467e-a6a8-8f97e825f0a2 service placement] getting providers with 1024 MEMORY_MB {{(pid=104813) __init__ /opt/stack/placement/placement/objects/research_context.py:136}}
Aug 08 17:02:55.646737 dv-cinder-852211-4-smb devstack@placement-api.service[104813]: DEBUG placement.objects.research_context [req-63b923ec-04b1-4d01-9005-24926efb5c0d req-1ed92462-a012-467e-a6a8-8f97e825f0a2 service placement] getting providers with 1 VCPU {{(pid=104813) __init__ /opt/stack/placement/placement/objects/research_context.py:136}}
Aug 08 17:02:55.654917 dv-cinder-852211-4-smb devstack@placement-api.service[104813]: DEBUG placement.objects.research_context [req-63b923ec-04b1-4d01-9005-24926efb5c0d req-1ed92462-a012-467e-a6a8-8f97e825f0a2 service placement] found 1 providers with available 1 DISK_GB {{(pid=104813) get_provider_ids_matching /opt/stack/placement/placement/objects/research_context.py:563}}
Aug 08 17:02:55.655664 dv-cinder-852211-4-smb devstack@placement-api.service[104813]: DEBUG placement.objects.research_context [req-63b923ec-04b1-4d01-9005-24926efb5c0d req-1ed92462-a012-467e-a6a8-8f97e825f0a2 service placement] found 1 providers with available 1024 MEMORY_MB {{(pid=104813) get_provider_ids_matching /opt/stack/placement/placement/objects/research_context.py:563}}
Aug 08 17:02:55.665314 dv-cinder-852211-4-smb devstack@placement-api.service[104813]: DEBUG placement.objects.research_context [req-63b923ec-04b1-4d01-9005-24926efb5c0d req-1ed92462-a012-467e-a6a8-8f97e825f0a2 service placement] found 1 providers after filtering by previous result {{(pid=104813) get_provider_ids_matching /opt/stack/placement/placement/objects/research_context.py:594}}
Aug 08 17:02:55.665664 dv-cinder-852211-4-smb devstack@placement-api.service[104813]: DEBUG placement.objects.research_context [req-63b923ec-04b1-4d01-9005-24926efb5c0d req-1ed92462-a012-467e-a6a8-8f97e825f0a2 service placement] found 1 providers with available 1 VCPU {{(pid=104813) get_provider_ids_matching /opt/stack/placement/placement/objects/research_context.py:563}}
Aug 08 17:02:55.667501 dv-cinder-852211-4-smb devstack@placement-api.service[104813]: DEBUG placement.objects.research_context [req-63b923ec-04b1-4d01-9005-24926efb5c0d req-1ed92462-a012-467e-a6a8-8f97e825f0a2 service placement] found 1 providers after filtering by previous result {{(pid=104813) get_provider_ids_matching /opt/stack/placement/placement/objects/research_context.py:594}}
Aug 08 17:02:55.687934 dv-cinder-852211-4-smb devstack@placement-api.service[104813]: DEBUG placement.objects.allocation_candidate [req-63b923ec-04b1-4d01-9005-24926efb5c0d req-1ed92462-a012-467e-a6a8-8f97e825f0a2 service placement] RequestGroup(use_same_provider=False, resources={DISK_GB:1, MEMORY_MB:1024, VCPU:1}, traits=(), aggregates=[]) (suffix '') returned 1 matches {{(pid=104813) _get_by_requests /opt/stack/placement/placement/objects/allocation_candidate.py:156}}
Aug 08 17:02:55.688655 dv-cinder-852211-4-smb devstack@placement-api.service[104813]: DEBUG placement.objects.allocation_candidate [req-63b923ec-04b1-4d01-9005-24926efb5c0d req-1ed92462-a012-467e-a6a8-8f97e825f0a2 service placement] Merging candidates yields 1 allocation requests and 1 provider summaries {{(pid=104813) _merge_candidates /opt/stack/placement/placement/objects/allocation_candidate.py:809}}
Aug 08 17:02:55.690680 dv-cinder-852211-4-smb devstack@placement-api.service[104813]: INFO placement.requestlog [req-63b923ec-04b1-4d01-9005-24926efb5c0d req-1ed92462-a012-467e-a6a8-8f97e825f0a2 service placement] 10.222.0.59 "GET /placement/allocation_candidates?limit=1000&resources=DISK_GB%3A1%2CMEMORY_MB%3A1024%2CVCPU%3A1&root_required=%21COMPUTE_STATUS_DISABLED" status: 200 len: 767 microversion: 1.36
Aug 08 17:02:55.691072 dv-cinder-852211-4-smb devstack@placement-api.service[104813]: [pid: 104813|app: 0|req: 28/55] 10.222.0.59 () {60 vars in 1506 bytes} [Mon Aug 8 17:02:55 2022] GET /placement/allocation_candidates?limit=1000&resources=DISK_GB%3A1%2CMEMORY_MB%3A1024%2CVCPU%3A1&root_required=%21COMPUTE_STATUS_DISABLED => generated 767 bytes in 124 msecs (HTTP/1.1 200) 8 headers in 296 bytes (1 switches on core 0)
Aug 08 17:02:55.738670 dv-cinder-852211-4-smb devstack@placement-api.service[104812]: DEBUG placement.requestlog [req-63b923ec-04b1-4d01-9005-24926efb5c0d req-f3d6687c-cf8e-407c-bbb5-1534736dc9ab None None] Starting request: 10.222.0.59 "GET /placement/allocations/48c1db56-cb10-4caf-8129-4fe840d35698" {{(pid=104812) __call__ /opt/stack/placement/placement/requestlog.py:55}}
Aug 08 17:02:55.751968 dv-cinder-852211-4-smb devstack@placement-api.service[104812]: INFO placement.requestlog [req-63b923ec-04b1-4d01-9005-24926efb5c0d req-f3d6687c-cf8e-407c-bbb5-1534736dc9ab service placement] 10.222.0.59 "GET /placement/allocations/48c1db56-cb10-4caf-8129-4fe840d35698" status: 200 len: 19 microversion: 1.28
Aug 08 17:02:55.752333 dv-cinder-852211-4-smb devstack@placement-api.service[104812]: [pid: 104812|app: 0|req: 28/56] 10.222.0.59 () {60 vars in 1380 bytes} [Mon Aug 8 17:02:55 2022] GET /placement/allocations/48c1db56-cb10-4caf-8129-4fe840d35698 => generated 19 bytes in 14 msecs (HTTP/1.1 200) 8 headers in 295 bytes (2 switches on core 0)
Aug 08 17:02:55.760542 dv-cinder-852211-4-smb devstack@placement-api.service[104813]: DEBUG placement.requestlog [req-63b923ec-04b1-4d01-9005-24926efb5c0d req-e3cecdce-527a-441d-a0d6-017803c110f4 None None] Starting request: 10.222.0.59 "PUT /placement/allocations/48c1db56-cb10-4caf-8129-4fe840d35698" {{(pid=104813) __call__ /opt/stack/placement/placement/requestlog.py:55}}
Aug 08 17:02:56.089019 dv-cinder-852211-4-smb devstack@placement-api.service[104813]: DEBUG placement.handlers.allocation [req-63b923ec-04b1-4d01-9005-24926efb5c0d req-e3cecdce-527a-441d-a0d6-017803c110f4 service placement] Successfully wrote allocations [, , ] {{(pid=104813) _update_consumers_and_create_allocations /opt/stack/placement/placement/handlers/allocation.py:462}}
Aug 08 17:02:56.184448 dv-cinder-852211-4-smb devstack@placement-api.service[104813]: INFO placement.requestlog [req-63b923ec-04b1-4d01-9005-24926efb5c0d req-e3cecdce-527a-441d-a0d6-017803c110f4 service placement] 10.222.0.59 "PUT /placement/allocations/48c1db56-cb10-4caf-8129-4fe840d35698" status: 204 len: 0 microversion: 1.36
Aug 08 17:02:56.184974 dv-cinder-852211-4-smb devstack@placement-api.service[104813]: [pid: 104813|app: 0|req: 29/57] 10.222.0.59 () {64 vars in 1433 bytes} [Mon Aug 8 17:02:55 2022] PUT /placement/allocations/48c1db56-cb10-4caf-8129-4fe840d35698 => generated 0 bytes in 425 msecs (HTTP/1.1 204) 5 headers in 199 bytes (1 switches on core 0)
Aug 08 17:02:56.893109 dv-cinder-852211-4-smb devstack@placement-api.service[104812]: DEBUG placement.requestlog [req-57e6b0ba-e74d-4e2e-a898-c73bef2a8024 req-a787a84f-4989-4bc2-8abd-83eefdd311e7 None None] Starting request: 10.222.0.30 "GET /placement/allocations/37ab06b1-45df-4bf7-bd57-6414088cc087" {{(pid=104812) __call__ /opt/stack/placement/placement/requestlog.py:55}}
Aug 08 17:02:56.910544 dv-cinder-852211-4-smb devstack@placement-api.service[104812]: INFO placement.requestlog [req-57e6b0ba-e74d-4e2e-a898-c73bef2a8024 req-a787a84f-4989-4bc2-8abd-83eefdd311e7 service placement] 10.222.0.30 "GET /placement/allocations/37ab06b1-45df-4bf7-bd57-6414088cc087" status: 200 len: 259 microversion: 1.28
Aug 08 17:02:56.911504 dv-cinder-852211-4-smb devstack@placement-api.service[104812]: [pid: 104812|app: 0|req: 29/58] 10.222.0.30 () {60 vars in 1377 bytes} [Mon Aug 8 17:02:56 2022] GET /placement/allocations/37ab06b1-45df-4bf7-bd57-6414088cc087 => generated 259 bytes in 22 msecs (HTTP/1.1 200) 8 headers in 296 bytes (1 switches on core 0)
Aug 08 17:02:57.655238 dv-cinder-852211-4-smb devstack@placement-api.service[104813]: DEBUG placement.requestlog [req-63b923ec-04b1-4d01-9005-24926efb5c0d req-4962d1a9-8820-41b7-a102-1a6fadab9420 None None] Starting request: 10.222.0.30 "GET /placement/allocations/48c1db56-cb10-4caf-8129-4fe840d35698" {{(pid=104813) __call__ /opt/stack/placement/placement/requestlog.py:55}}
Aug 08 17:02:57.675265 dv-cinder-852211-4-smb devstack@placement-api.service[104813]: INFO placement.requestlog [req-63b923ec-04b1-4d01-9005-24926efb5c0d req-4962d1a9-8820-41b7-a102-1a6fadab9420 service placement] 10.222.0.30 "GET /placement/allocations/48c1db56-cb10-4caf-8129-4fe840d35698" status: 200 len: 259 microversion: 1.28
Aug 08 17:02:57.675640 dv-cinder-852211-4-smb devstack@placement-api.service[104813]: [pid: 104813|app: 0|req: 30/59] 10.222.0.30 () {60 vars in 1377 bytes} [Mon Aug 8 17:02:57 2022] GET /placement/allocations/48c1db56-cb10-4caf-8129-4fe840d35698 => generated 259 bytes in 21 msecs (HTTP/1.1 200) 8 headers in 296 bytes (1 switches on core 0)
Aug 08 17:03:06.908014 dv-cinder-852211-4-smb devstack@placement-api.service[104812]: DEBUG dbcounter [-] [104812] Writing DB stats placement:SELECT=40,placement:DELETE=4,placement:INSERT=4,placement:UPDATE=2 {{(pid=104812) stat_writer /usr/local/lib/python3.8/dist-packages/dbcounter.py:114}}
Aug 08 17:03:07.672942 dv-cinder-852211-4-smb devstack@placement-api.service[104813]: DEBUG dbcounter [-] [104813] Writing DB stats placement:SELECT=64,placement:INSERT=12,placement:DELETE=4,placement:UPDATE=4 {{(pid=104813) stat_writer /usr/local/lib/python3.8/dist-packages/dbcounter.py:114}}
Aug 08 17:03:08.931493 dv-cinder-852211-4-smb devstack@placement-api.service[104812]: DEBUG placement.requestlog [None req-13fac676-ad77-491d-9633-fffb0c8a9a15 None None] Starting request: 10.222.0.59 "GET /placement/resource_providers/3719663b-cf4f-4694-9cd5-74d08070a4c9/aggregates" {{(pid=104812) __call__ /opt/stack/placement/placement/requestlog.py:55}}
Aug 08 17:03:08.944511 dv-cinder-852211-4-smb devstack@placement-api.service[104812]: INFO placement.requestlog [None req-13fac676-ad77-491d-9633-fffb0c8a9a15 service placement] 10.222.0.59 "GET /placement/resource_providers/3719663b-cf4f-4694-9cd5-74d08070a4c9/aggregates" status: 404 len: 235 microversion: 1.1
Aug 08 17:03:08.945125 dv-cinder-852211-4-smb devstack@placement-api.service[104812]: [pid: 104812|app: 0|req: 30/60] 10.222.0.59 () {58 vars in 1362 bytes} [Mon Aug 8 17:03:08 2022] GET /placement/resource_providers/3719663b-cf4f-4694-9cd5-74d08070a4c9/aggregates => generated 235 bytes in 14 msecs (HTTP/1.1 404) 5 headers in 202 bytes (2 switches on core 0)
Aug 08 17:03:08.974669 dv-cinder-852211-4-smb devstack@placement-api.service[104813]: DEBUG placement.requestlog [None req-3e69bb9b-b723-4626-8215-0fdafef39f58 None None] Starting request: 10.222.0.59 "DELETE /placement/resource_providers/3719663b-cf4f-4694-9cd5-74d08070a4c9" {{(pid=104813) __call__ /opt/stack/placement/placement/requestlog.py:55}}
Aug 08 17:03:08.992003 dv-cinder-852211-4-smb devstack@placement-api.service[104813]: DEBUG placement.wsgi_wrapper [None req-3e69bb9b-b723-4626-8215-0fdafef39f58 service placement] Placement API returning an error response: No resource provider with uuid 3719663b-cf4f-4694-9cd5-74d08070a4c9 found for delete {{(pid=104813) call_func /opt/stack/placement/placement/wsgi_wrapper.py:31}}
Aug 08 17:03:08.993347 dv-cinder-852211-4-smb devstack@placement-api.service[104813]: INFO placement.requestlog [None req-3e69bb9b-b723-4626-8215-0fdafef39f58 service placement] 10.222.0.59 "DELETE /placement/resource_providers/3719663b-cf4f-4694-9cd5-74d08070a4c9" status: 404 len: 246 microversion: 1.1
Aug 08 17:03:08.994112 dv-cinder-852211-4-smb devstack@placement-api.service[104813]: [pid: 104813|app: 0|req: 31/61] 10.222.0.59 () {60 vars in 1351 bytes} [Mon Aug 8 17:03:08 2022] DELETE /placement/resource_providers/3719663b-cf4f-4694-9cd5-74d08070a4c9 => generated 246 bytes in 20 msecs (HTTP/1.1 404) 6 headers in 231 bytes (1 switches on core 0)
Aug 08 17:03:09.799174 dv-cinder-852211-4-smb devstack@placement-api.service[104812]: DEBUG placement.requestlog [None req-930dfb76-3e0e-464a-a8a9-92a8f4e43ba5 None None] Starting request: 10.222.0.59 "GET /placement/resource_providers/b7129ed3-35b0-4cbb-9a2b-dab0b2220ffe/aggregates" {{(pid=104812) __call__ /opt/stack/placement/placement/requestlog.py:55}}
Aug 08 17:03:09.810374 dv-cinder-852211-4-smb devstack@placement-api.service[104812]: INFO placement.requestlog [None req-930dfb76-3e0e-464a-a8a9-92a8f4e43ba5 service placement] 10.222.0.59 "GET /placement/resource_providers/b7129ed3-35b0-4cbb-9a2b-dab0b2220ffe/aggregates" status: 404 len: 235 microversion: 1.1
Aug 08 17:03:09.810726 dv-cinder-852211-4-smb devstack@placement-api.service[104812]: [pid: 104812|app: 0|req: 31/62] 10.222.0.59 () {58 vars in 1362 bytes} [Mon Aug 8 17:03:09 2022] GET /placement/resource_providers/b7129ed3-35b0-4cbb-9a2b-dab0b2220ffe/aggregates => generated 235 bytes in 12 msecs (HTTP/1.1 404) 5 headers in 202 bytes (1 switches on core 0)
Aug 08 17:03:09.834243 dv-cinder-852211-4-smb devstack@placement-api.service[104813]: DEBUG placement.requestlog [None req-9a604bae-843f-4c6e-9bb7-dab69445b607 None None] Starting request: 10.222.0.59 "DELETE /placement/resource_providers/b7129ed3-35b0-4cbb-9a2b-dab0b2220ffe" {{(pid=104813) __call__ /opt/stack/placement/placement/requestlog.py:55}}
Aug 08 17:03:09.845837 dv-cinder-852211-4-smb devstack@placement-api.service[104813]: DEBUG placement.wsgi_wrapper [None req-9a604bae-843f-4c6e-9bb7-dab69445b607 service placement] Placement API returning an error response: No resource provider with uuid b7129ed3-35b0-4cbb-9a2b-dab0b2220ffe found for delete {{(pid=104813) call_func /opt/stack/placement/placement/wsgi_wrapper.py:31}}
Aug 08 17:03:09.846723 dv-cinder-852211-4-smb devstack@placement-api.service[104813]: INFO placement.requestlog [None req-9a604bae-843f-4c6e-9bb7-dab69445b607 service placement] 10.222.0.59 "DELETE /placement/resource_providers/b7129ed3-35b0-4cbb-9a2b-dab0b2220ffe" status: 404 len: 246 microversion: 1.1
Aug 08 17:03:09.847159 dv-cinder-852211-4-smb devstack@placement-api.service[104813]: [pid: 104813|app: 0|req: 32/63] 10.222.0.59 () {60 vars in 1351 bytes} [Mon Aug 8 17:03:09 2022] DELETE /placement/resource_providers/b7129ed3-35b0-4cbb-9a2b-dab0b2220ffe => generated 246 bytes in 13 msecs (HTTP/1.1 404) 6 headers in 231 bytes (2 switches on core 0)
Aug 08 17:03:19.808545 dv-cinder-852211-4-smb devstack@placement-api.service[104812]: DEBUG dbcounter [-] [104812] Writing DB stats placement:SELECT=4 {{(pid=104812) stat_writer /usr/local/lib/python3.8/dist-packages/dbcounter.py:114}}
Aug 08 17:03:19.842846 dv-cinder-852211-4-smb devstack@placement-api.service[104813]: DEBUG dbcounter [-] [104813] Writing DB stats placement:SELECT=4 {{(pid=104813) stat_writer /usr/local/lib/python3.8/dist-packages/dbcounter.py:114}}
Aug 08 17:03:24.239091 dv-cinder-852211-4-smb devstack@placement-api.service[104812]: DEBUG placement.requestlog [req-186f4abc-a720-44df-9da4-2808d107b6e8 req-ce47a2f9-bcd4-494b-94f0-0ecf47800218 None None] Starting request: 10.222.0.30 "GET /placement/resource_providers/a5e9c291-6104-494e-ba35-7c40dfc453a5/allocations" {{(pid=104812) __call__ /opt/stack/placement/placement/requestlog.py:55}}
Aug 08 17:03:24.274425 dv-cinder-852211-4-smb devstack@placement-api.service[104812]: INFO placement.requestlog [req-186f4abc-a720-44df-9da4-2808d107b6e8 req-ce47a2f9-bcd4-494b-94f0-0ecf47800218 service placement] 10.222.0.30 "GET /placement/resource_providers/a5e9c291-6104-494e-ba35-7c40dfc453a5/allocations" status: 200 len: 659 microversion: 1.0
Aug 08 17:03:24.275127 dv-cinder-852211-4-smb devstack@placement-api.service[104812]: [pid: 104812|app: 0|req: 32/64] 10.222.0.30 () {58 vars in 1390 bytes} [Mon Aug 8 17:03:24 2022] GET /placement/resource_providers/a5e9c291-6104-494e-ba35-7c40dfc453a5/allocations => generated 659 bytes in 36 msecs (HTTP/1.1 200) 6 headers in 224 bytes (1 switches on core 0)
Aug 08 17:03:33.497551 dv-cinder-852211-4-smb devstack@placement-api.service[104813]: DEBUG placement.requestlog [req-2132c3af-11ff-42d2-82c0-bd0a35938626 req-a43050cf-48b6-4342-b1ef-f15c20d71169 None None] Starting request: 10.222.0.30 "DELETE /placement/allocations/37ab06b1-45df-4bf7-bd57-6414088cc087" {{(pid=104813) __call__ /opt/stack/placement/placement/requestlog.py:55}}
Aug 08 17:03:33.707684 dv-cinder-852211-4-smb devstack@placement-api.service[104813]: DEBUG placement.handlers.allocation [req-2132c3af-11ff-42d2-82c0-bd0a35938626 req-a43050cf-48b6-4342-b1ef-f15c20d71169 service placement] Successfully deleted allocations [, , ] {{(pid=104813) delete_allocations /opt/stack/placement/placement/handlers/allocation.py:627}}
Aug 08 17:03:33.708231 dv-cinder-852211-4-smb devstack@placement-api.service[104813]: INFO placement.requestlog [req-2132c3af-11ff-42d2-82c0-bd0a35938626 req-a43050cf-48b6-4342-b1ef-f15c20d71169 service placement] 10.222.0.30 "DELETE /placement/allocations/37ab06b1-45df-4bf7-bd57-6414088cc087" status: 204 len: 0 microversion: 1.0
Aug 08 17:03:33.713720 dv-cinder-852211-4-smb devstack@placement-api.service[104813]: [pid: 104813|app: 0|req: 33/65] 10.222.0.30 () {60 vars in 1355 bytes} [Mon Aug 8 17:03:33 2022] DELETE /placement/allocations/37ab06b1-45df-4bf7-bd57-6414088cc087 => generated 0 bytes in 212 msecs (HTTP/1.1 204) 5 headers in 198 bytes (1 switches on core 0)
Aug 08 17:03:34.268758 dv-cinder-852211-4-smb devstack@placement-api.service[104812]: DEBUG dbcounter [-] [104812] Writing DB stats placement:SELECT=6 {{(pid=104812) stat_writer /usr/local/lib/python3.8/dist-packages/dbcounter.py:114}}
Aug 08 17:03:35.104231 dv-cinder-852211-4-smb devstack@placement-api.service[104812]: DEBUG placement.requestlog [req-ee42bef0-76a8-4511-a36a-bd6938a12148 req-8aea8aca-02bd-45dc-8141-9b5c894c52ec None None] Starting request: 10.222.0.30 "DELETE /placement/allocations/48c1db56-cb10-4caf-8129-4fe840d35698" {{(pid=104812) __call__ /opt/stack/placement/placement/requestlog.py:55}}
Aug 08 17:03:35.280658 dv-cinder-852211-4-smb devstack@placement-api.service[104812]: DEBUG placement.handlers.allocation [req-ee42bef0-76a8-4511-a36a-bd6938a12148 req-8aea8aca-02bd-45dc-8141-9b5c894c52ec service placement] Successfully deleted allocations [, , ] {{(pid=104812) delete_allocations /opt/stack/placement/placement/handlers/allocation.py:627}}
Aug 08 17:03:35.281224 dv-cinder-852211-4-smb devstack@placement-api.service[104812]: INFO placement.requestlog [req-ee42bef0-76a8-4511-a36a-bd6938a12148 req-8aea8aca-02bd-45dc-8141-9b5c894c52ec service placement] 10.222.0.30 "DELETE /placement/allocations/48c1db56-cb10-4caf-8129-4fe840d35698" status: 204 len: 0 microversion: 1.0
Aug 08 17:03:35.281648 dv-cinder-852211-4-smb devstack@placement-api.service[104812]: [pid: 104812|app: 0|req: 33/66] 10.222.0.30 () {60 vars in 1355 bytes} [Mon Aug 8 17:03:35 2022] DELETE /placement/allocations/48c1db56-cb10-4caf-8129-4fe840d35698 => generated 0 bytes in 178 msecs (HTTP/1.1 204) 5 headers in 198 bytes (1 switches on core 0)
Aug 08 17:03:43.608627 dv-cinder-852211-4-smb devstack@placement-api.service[104813]: DEBUG dbcounter [-] [104813] Writing DB stats placement:SELECT=7,placement:DELETE=2 {{(pid=104813) stat_writer /usr/local/lib/python3.8/dist-packages/dbcounter.py:114}}
Aug 08 17:03:45.204526 dv-cinder-852211-4-smb devstack@placement-api.service[104812]: DEBUG dbcounter [-] [104812] Writing DB stats placement:SELECT=7,placement:DELETE=2 {{(pid=104812) stat_writer /usr/local/lib/python3.8/dist-packages/dbcounter.py:114}}
Aug 08 17:03:55.685669 dv-cinder-852211-4-smb devstack@placement-api.service[104813]: DEBUG placement.requestlog [req-2966f9cd-ebfa-4c5b-9f0a-3306e9009b7f req-9711d0aa-e131-4a1c-9d47-c259ecb71137 None None] Starting request: 10.222.0.59 "GET /placement/allocation_candidates?limit=1000&resources=DISK_GB%3A1%2CMEMORY_MB%3A1024%2CVCPU%3A1&root_required=%21COMPUTE_STATUS_DISABLED" {{(pid=104813) __call__ /opt/stack/placement/placement/requestlog.py:55}}
Aug 08 17:03:55.754597 dv-cinder-852211-4-smb devstack@placement-api.service[104813]: DEBUG placement.objects.research_context [req-2966f9cd-ebfa-4c5b-9f0a-3306e9009b7f req-9711d0aa-e131-4a1c-9d47-c259ecb71137 service placement] getting providers with 1 DISK_GB {{(pid=104813) __init__ /opt/stack/placement/placement/objects/research_context.py:136}}
Aug 08 17:03:55.763100 dv-cinder-852211-4-smb devstack@placement-api.service[104813]: DEBUG placement.objects.research_context [req-2966f9cd-ebfa-4c5b-9f0a-3306e9009b7f req-9711d0aa-e131-4a1c-9d47-c259ecb71137 service placement] getting providers with 1024 MEMORY_MB {{(pid=104813) __init__ /opt/stack/placement/placement/objects/research_context.py:136}}
Aug 08 17:03:55.770073 dv-cinder-852211-4-smb devstack@placement-api.service[104813]: DEBUG placement.objects.research_context [req-2966f9cd-ebfa-4c5b-9f0a-3306e9009b7f req-9711d0aa-e131-4a1c-9d47-c259ecb71137 service placement] getting providers with 1 VCPU {{(pid=104813) __init__ /opt/stack/placement/placement/objects/research_context.py:136}}
Aug 08 17:03:55.778184 dv-cinder-852211-4-smb devstack@placement-api.service[104813]: DEBUG placement.objects.research_context [req-2966f9cd-ebfa-4c5b-9f0a-3306e9009b7f req-9711d0aa-e131-4a1c-9d47-c259ecb71137 service placement] found 1 providers with available 1 DISK_GB {{(pid=104813) get_provider_ids_matching /opt/stack/placement/placement/objects/research_context.py:563}}
Aug 08 17:03:55.778184 dv-cinder-852211-4-smb devstack@placement-api.service[104813]: DEBUG placement.objects.research_context [req-2966f9cd-ebfa-4c5b-9f0a-3306e9009b7f req-9711d0aa-e131-4a1c-9d47-c259ecb71137 service placement] found 1 providers with available 1024 MEMORY_MB {{(pid=104813) get_provider_ids_matching /opt/stack/placement/placement/objects/research_context.py:563}}
Aug 08 17:03:55.778184 dv-cinder-852211-4-smb devstack@placement-api.service[104813]: DEBUG placement.objects.research_context [req-2966f9cd-ebfa-4c5b-9f0a-3306e9009b7f req-9711d0aa-e131-4a1c-9d47-c259ecb71137 service placement] found 1 providers after filtering by previous result {{(pid=104813) get_provider_ids_matching /opt/stack/placement/placement/objects/research_context.py:594}}
Aug 08 17:03:55.778184 dv-cinder-852211-4-smb devstack@placement-api.service[104813]: DEBUG placement.objects.research_context [req-2966f9cd-ebfa-4c5b-9f0a-3306e9009b7f req-9711d0aa-e131-4a1c-9d47-c259ecb71137 service placement] found 1 providers with available 1 VCPU {{(pid=104813) get_provider_ids_matching /opt/stack/placement/placement/objects/research_context.py:563}}
Aug 08 17:03:55.778855 dv-cinder-852211-4-smb devstack@placement-api.service[104813]: DEBUG placement.objects.research_context [req-2966f9cd-ebfa-4c5b-9f0a-3306e9009b7f req-9711d0aa-e131-4a1c-9d47-c259ecb71137 service placement] found 1 providers after filtering by previous result {{(pid=104813) get_provider_ids_matching /opt/stack/placement/placement/objects/research_context.py:594}}
Aug 08 17:03:55.790184 dv-cinder-852211-4-smb devstack@placement-api.service[104813]: DEBUG placement.objects.allocation_candidate [req-2966f9cd-ebfa-4c5b-9f0a-3306e9009b7f req-9711d0aa-e131-4a1c-9d47-c259ecb71137 service placement] RequestGroup(use_same_provider=False, resources={DISK_GB:1, MEMORY_MB:1024, VCPU:1}, traits=(), aggregates=[]) (suffix '') returned 1 matches {{(pid=104813) _get_by_requests /opt/stack/placement/placement/objects/allocation_candidate.py:156}}
Aug 08 17:03:55.791027 dv-cinder-852211-4-smb devstack@placement-api.service[104813]: DEBUG placement.objects.allocation_candidate [req-2966f9cd-ebfa-4c5b-9f0a-3306e9009b7f req-9711d0aa-e131-4a1c-9d47-c259ecb71137 service placement] Merging candidates yields 1 allocation requests and 1 provider summaries {{(pid=104813) _merge_candidates /opt/stack/placement/placement/objects/allocation_candidate.py:809}}
Aug 08 17:03:55.793231 dv-cinder-852211-4-smb devstack@placement-api.service[104813]: INFO placement.requestlog [req-2966f9cd-ebfa-4c5b-9f0a-3306e9009b7f req-9711d0aa-e131-4a1c-9d47-c259ecb71137 service placement] 10.222.0.59 "GET /placement/allocation_candidates?limit=1000&resources=DISK_GB%3A1%2CMEMORY_MB%3A1024%2CVCPU%3A1&root_required=%21COMPUTE_STATUS_DISABLED" status: 200 len: 767 microversion: 1.36
Aug 08 17:03:55.793860 dv-cinder-852211-4-smb devstack@placement-api.service[104813]: [pid: 104813|app: 0|req: 34/67] 10.222.0.59 () {60 vars in 1506 bytes} [Mon Aug 8 17:03:55 2022] GET /placement/allocation_candidates?limit=1000&resources=DISK_GB%3A1%2CMEMORY_MB%3A1024%2CVCPU%3A1&root_required=%21COMPUTE_STATUS_DISABLED => generated 767 bytes in 108 msecs (HTTP/1.1 200) 8 headers in 296 bytes (1 switches on core 0)
Aug 08 17:03:55.852481 dv-cinder-852211-4-smb devstack@placement-api.service[104812]: DEBUG placement.requestlog [req-2966f9cd-ebfa-4c5b-9f0a-3306e9009b7f req-1d73037d-fb10-4620-b2d2-ddb97deaa924 None None] Starting request: 10.222.0.59 "GET /placement/allocations/7bf52882-77b4-47cc-8aa3-fbff1811d6f6" {{(pid=104812) __call__ /opt/stack/placement/placement/requestlog.py:55}}
Aug 08 17:03:55.863950 dv-cinder-852211-4-smb devstack@placement-api.service[104812]: INFO placement.requestlog [req-2966f9cd-ebfa-4c5b-9f0a-3306e9009b7f req-1d73037d-fb10-4620-b2d2-ddb97deaa924 service placement] 10.222.0.59 "GET /placement/allocations/7bf52882-77b4-47cc-8aa3-fbff1811d6f6" status: 200 len: 19 microversion: 1.28
Aug 08 17:03:55.865417 dv-cinder-852211-4-smb devstack@placement-api.service[104812]: [pid: 104812|app: 0|req: 34/68] 10.222.0.59 () {60 vars in 1380 bytes} [Mon Aug 8 17:03:55 2022] GET /placement/allocations/7bf52882-77b4-47cc-8aa3-fbff1811d6f6 => generated 19 bytes in 13 msecs (HTTP/1.1 200) 8 headers in 295 bytes (1 switches on core 0)
Aug 08 17:03:55.873070 dv-cinder-852211-4-smb devstack@placement-api.service[104813]: DEBUG placement.requestlog [req-2966f9cd-ebfa-4c5b-9f0a-3306e9009b7f req-612847c9-2d18-4052-bfc0-8db536514be8 None None] Starting request: 10.222.0.59 "PUT /placement/allocations/7bf52882-77b4-47cc-8aa3-fbff1811d6f6" {{(pid=104813) __call__ /opt/stack/placement/placement/requestlog.py:55}}
Aug 08 17:03:55.988447 dv-cinder-852211-4-smb devstack@placement-api.service[104813]: DEBUG placement.handlers.allocation [req-2966f9cd-ebfa-4c5b-9f0a-3306e9009b7f req-612847c9-2d18-4052-bfc0-8db536514be8 service placement] Successfully wrote allocations [, , ] {{(pid=104813) _update_consumers_and_create_allocations /opt/stack/placement/placement/handlers/allocation.py:462}}
Aug 08 17:03:56.053609 dv-cinder-852211-4-smb devstack@placement-api.service[104813]: INFO placement.requestlog [req-2966f9cd-ebfa-4c5b-9f0a-3306e9009b7f req-612847c9-2d18-4052-bfc0-8db536514be8 service placement] 10.222.0.59 "PUT /placement/allocations/7bf52882-77b4-47cc-8aa3-fbff1811d6f6" status: 204 len: 0 microversion: 1.36
Aug 08 17:03:56.054307 dv-cinder-852211-4-smb devstack@placement-api.service[104813]: [pid: 104813|app: 0|req: 35/69] 10.222.0.59 () {64 vars in 1433 bytes} [Mon Aug 8 17:03:55 2022] PUT /placement/allocations/7bf52882-77b4-47cc-8aa3-fbff1811d6f6 => generated 0 bytes in 181 msecs (HTTP/1.1 204) 5 headers in 199 bytes (1 switches on core 0)
Aug 08 17:03:57.152923 dv-cinder-852211-4-smb devstack@placement-api.service[104812]: DEBUG placement.requestlog [req-2966f9cd-ebfa-4c5b-9f0a-3306e9009b7f req-6833decd-f07a-41c6-bf3d-ce62da932fac None None] Starting request: 10.222.0.30 "GET /placement/allocations/7bf52882-77b4-47cc-8aa3-fbff1811d6f6" {{(pid=104812) __call__ /opt/stack/placement/placement/requestlog.py:55}}
Aug 08 17:03:57.188602 dv-cinder-852211-4-smb devstack@placement-api.service[104812]: INFO placement.requestlog [req-2966f9cd-ebfa-4c5b-9f0a-3306e9009b7f req-6833decd-f07a-41c6-bf3d-ce62da932fac service placement] 10.222.0.30 "GET /placement/allocations/7bf52882-77b4-47cc-8aa3-fbff1811d6f6" status: 200 len: 259 microversion: 1.28
Aug 08 17:03:57.192445 dv-cinder-852211-4-smb devstack@placement-api.service[104812]: [pid: 104812|app: 0|req: 35/70] 10.222.0.30 () {60 vars in 1377 bytes} [Mon Aug 8 17:03:57 2022] GET /placement/allocations/7bf52882-77b4-47cc-8aa3-fbff1811d6f6 => generated 259 bytes in 40 msecs (HTTP/1.1 200) 8 headers in 296 bytes (1 switches on core 0)
Aug 08 17:04:05.988087 dv-cinder-852211-4-smb devstack@placement-api.service[104813]: DEBUG dbcounter [-] [104813] Writing DB stats placement:SELECT=25,placement:INSERT=4,placement:DELETE=2,placement:UPDATE=2 {{(pid=104813) stat_writer /usr/local/lib/python3.8/dist-packages/dbcounter.py:114}}
Aug 08 17:04:07.180028 dv-cinder-852211-4-smb devstack@placement-api.service[104812]: DEBUG dbcounter [-] [104812] Writing DB stats placement:SELECT=6 {{(pid=104812) stat_writer /usr/local/lib/python3.8/dist-packages/dbcounter.py:114}}
Aug 08 17:04:07.937107 dv-cinder-852211-4-smb devstack@placement-api.service[104813]: DEBUG placement.requestlog [None req-b9e12de0-1584-4b7d-ac2d-78956cd1223b None None] Starting request: 10.222.0.59 "GET /placement/resource_providers/583e6fb9-219f-45c1-a81e-13801c23009d/aggregates" {{(pid=104813) __call__ /opt/stack/placement/placement/requestlog.py:55}}
Aug 08 17:04:07.955008 dv-cinder-852211-4-smb devstack@placement-api.service[104813]: INFO placement.requestlog [None req-b9e12de0-1584-4b7d-ac2d-78956cd1223b service placement] 10.222.0.59 "GET /placement/resource_providers/583e6fb9-219f-45c1-a81e-13801c23009d/aggregates" status: 404 len: 235 microversion: 1.1
Aug 08 17:04:07.959774 dv-cinder-852211-4-smb devstack@placement-api.service[104813]: [pid: 104813|app: 0|req: 36/71] 10.222.0.59 () {58 vars in 1362 bytes} [Mon Aug 8 17:04:07 2022] GET /placement/resource_providers/583e6fb9-219f-45c1-a81e-13801c23009d/aggregates => generated 235 bytes in 22 msecs (HTTP/1.1 404) 5 headers in 202 bytes (1 switches on core 0)
Aug 08 17:04:07.971019 dv-cinder-852211-4-smb devstack@placement-api.service[104812]: DEBUG placement.requestlog [None req-0d5c7fed-4d99-4633-b532-f36fcacb3897 None None] Starting request: 10.222.0.59 "DELETE /placement/resource_providers/583e6fb9-219f-45c1-a81e-13801c23009d" {{(pid=104812) __call__ /opt/stack/placement/placement/requestlog.py:55}}
Aug 08 17:04:07.982399 dv-cinder-852211-4-smb devstack@placement-api.service[104812]: DEBUG placement.wsgi_wrapper [None req-0d5c7fed-4d99-4633-b532-f36fcacb3897 service placement] Placement API returning an error response: No resource provider with uuid 583e6fb9-219f-45c1-a81e-13801c23009d found for delete {{(pid=104812) call_func /opt/stack/placement/placement/wsgi_wrapper.py:31}}
Aug 08 17:04:07.983459 dv-cinder-852211-4-smb devstack@placement-api.service[104812]: INFO placement.requestlog [None req-0d5c7fed-4d99-4633-b532-f36fcacb3897 service placement] 10.222.0.59 "DELETE /placement/resource_providers/583e6fb9-219f-45c1-a81e-13801c23009d" status: 404 len: 246 microversion: 1.1
Aug 08 17:04:07.984058 dv-cinder-852211-4-smb devstack@placement-api.service[104812]: [pid: 104812|app: 0|req: 36/72] 10.222.0.59 () {60 vars in 1351 bytes} [Mon Aug 8 17:04:07 2022] DELETE /placement/resource_providers/583e6fb9-219f-45c1-a81e-13801c23009d => generated 246 bytes in 13 msecs (HTTP/1.1 404) 6 headers in 231 bytes (1 switches on core 0)
Aug 08 17:04:13.561466 dv-cinder-852211-4-smb devstack@placement-api.service[104813]: DEBUG placement.requestlog [req-953e30fd-485d-4224-8476-5c9402f9c878 req-2c1e3c0d-6c9f-4be1-91fb-9812abf65b2a None None] Starting request: 10.222.0.30 "GET /placement/resource_providers/a5e9c291-6104-494e-ba35-7c40dfc453a5/allocations" {{(pid=104813) __call__ /opt/stack/placement/placement/requestlog.py:55}}
Aug 08 17:04:13.586513 dv-cinder-852211-4-smb devstack@placement-api.service[104813]: INFO placement.requestlog [req-953e30fd-485d-4224-8476-5c9402f9c878 req-2c1e3c0d-6c9f-4be1-91fb-9812abf65b2a service placement] 10.222.0.30 "GET /placement/resource_providers/a5e9c291-6104-494e-ba35-7c40dfc453a5/allocations" status: 200 len: 558 microversion: 1.0
Aug 08 17:04:13.586957 dv-cinder-852211-4-smb devstack@placement-api.service[104813]: [pid: 104813|app: 0|req: 37/73] 10.222.0.30 () {58 vars in 1390 bytes} [Mon Aug 8 17:04:13 2022] GET /placement/resource_providers/a5e9c291-6104-494e-ba35-7c40dfc453a5/allocations => generated 558 bytes in 26 msecs (HTTP/1.1 200) 6 headers in 224 bytes (1 switches on core 0)
Aug 08 17:04:17.980571 dv-cinder-852211-4-smb devstack@placement-api.service[104812]: DEBUG dbcounter [-] [104812] Writing DB stats placement:SELECT=2 {{(pid=104812) stat_writer /usr/local/lib/python3.8/dist-packages/dbcounter.py:114}}
Aug 08 17:04:23.582966 dv-cinder-852211-4-smb devstack@placement-api.service[104813]: DEBUG dbcounter [-] [104813] Writing DB stats placement:SELECT=8 {{(pid=104813) stat_writer /usr/local/lib/python3.8/dist-packages/dbcounter.py:114}}
Aug 08 17:04:28.309892 dv-cinder-852211-4-smb devstack@placement-api.service[104812]: DEBUG placement.requestlog [req-d18517bc-1869-42f8-8f6d-e151f457689c req-dd57e4b0-142f-4649-abcb-f9f23bb346e4 None None] Starting request: 10.222.0.59 "GET /placement/allocation_candidates?limit=1000&resources=DISK_GB%3A1%2CMEMORY_MB%3A1024%2CVCPU%3A1&root_required=%21COMPUTE_STATUS_DISABLED" {{(pid=104812) __call__ /opt/stack/placement/placement/requestlog.py:55}}
Aug 08 17:04:28.364143 dv-cinder-852211-4-smb devstack@placement-api.service[104812]: DEBUG placement.objects.research_context [req-d18517bc-1869-42f8-8f6d-e151f457689c req-dd57e4b0-142f-4649-abcb-f9f23bb346e4 service placement] getting providers with 1 DISK_GB {{(pid=104812) __init__ /opt/stack/placement/placement/objects/research_context.py:136}}
Aug 08 17:04:28.364143 dv-cinder-852211-4-smb devstack@placement-api.service[104812]: DEBUG placement.objects.research_context [req-d18517bc-1869-42f8-8f6d-e151f457689c req-dd57e4b0-142f-4649-abcb-f9f23bb346e4 service placement] getting providers with 1024 MEMORY_MB {{(pid=104812) __init__ /opt/stack/placement/placement/objects/research_context.py:136}}
