Aug 08 16:42:27.444135 dv-cinder-852211-4-smb devstack@keystone.service[80308]: DEBUG keystone.server.flask.request_processing.req_logging [None req-876392a3-796f-449d-9f05-b390d746f22f None admin] REQUEST_METHOD: `GET` {{(pid=80308) log_request_info /opt/stack/keystone/keystone/server/flask/request_processing/req_logging.py:27}}
Aug 08 16:42:27.444412 dv-cinder-852211-4-smb devstack@keystone.service[80308]: DEBUG keystone.server.flask.request_processing.req_logging [None req-876392a3-796f-449d-9f05-b390d746f22f None admin] SCRIPT_NAME: `/identity` {{(pid=80308) log_request_info /opt/stack/keystone/keystone/server/flask/request_processing/req_logging.py:28}}
Aug 08 16:42:27.444735 dv-cinder-852211-4-smb devstack@keystone.service[80308]: DEBUG keystone.server.flask.request_processing.req_logging [None req-876392a3-796f-449d-9f05-b390d746f22f None admin] PATH_INFO: `/v3/roles` {{(pid=80308) log_request_info /opt/stack/keystone/keystone/server/flask/request_processing/req_logging.py:29}}
Aug 08 16:42:27.445406 dv-cinder-852211-4-smb devstack@keystone.service[80308]: DEBUG keystone.common.rbac_enforcer.enforcer [None req-876392a3-796f-449d-9f05-b390d746f22f None admin] RBAC: Adding query filter params (name=anotherrole) {{(pid=80308) _extract_filter_values /opt/stack/keystone/keystone/common/rbac_enforcer/enforcer.py:167}}
Aug 08 16:42:27.445703 dv-cinder-852211-4-smb devstack@keystone.service[80308]: DEBUG keystone.common.rbac_enforcer.enforcer [None req-876392a3-796f-449d-9f05-b390d746f22f None admin] RBAC: Authorizing `identity:list_roles()` {{(pid=80308) enforce_call /opt/stack/keystone/keystone/common/rbac_enforcer/enforcer.py:449}}
Aug 08 16:42:27.447117 dv-cinder-852211-4-smb devstack@keystone.service[80308]: DEBUG keystone.common.rbac_enforcer.enforcer [None req-876392a3-796f-449d-9f05-b390d746f22f None admin] RBAC: Authorization granted {{(pid=80308) enforce_call /opt/stack/keystone/keystone/common/rbac_enforcer/enforcer.py:457}}
Aug 08 16:42:27.471105 dv-cinder-852211-4-smb devstack@keystone.service[80308]: [pid: 80308|app: 0|req: 129/261] 10.222.0.59 () {56 vars in 1111 bytes} [Mon Aug 8 16:42:27 2022] GET /identity/v3/roles?name=anotherrole => generated 334 bytes in 361 msecs (HTTP/1.1 200) 5 headers in 177 bytes (1 switches on core 0)
Aug 08 16:42:27.476585 dv-cinder-852211-4-smb devstack@keystone.service[80308]: DEBUG keystone.server.flask.request_processing.middleware.auth_context [None req-876392a3-796f-449d-9f05-b390d746f22f None admin] Authenticating user token {{(pid=80308) process_request /usr/local/lib/python3.8/dist-packages/keystonemiddleware/auth_token/__init__.py:407}}
Aug 08 16:42:27.626669 dv-cinder-852211-4-smb devstack@keystone.service[80307]: DEBUG keystone.server.flask.request_processing.middleware.auth_context [None req-644d4881-5794-4bb2-8a17-350cc10b5626 None admin] Validating token access rules against request {{(pid=80307) validate_allowed_request /usr/local/lib/python3.8/dist-packages/keystonemiddleware/auth_token/__init__.py:545}}
Aug 08 16:42:27.702034 dv-cinder-852211-4-smb devstack@keystone.service[80308]: DEBUG keystone.server.flask.request_processing.middleware.auth_context [None req-876392a3-796f-449d-9f05-b390d746f22f None admin] Validating token access rules against request {{(pid=80308) validate_allowed_request /usr/local/lib/python3.8/dist-packages/keystonemiddleware/auth_token/__init__.py:545}}
Aug 08 16:42:27.713975 dv-cinder-852211-4-smb devstack@keystone.service[80307]: DEBUG keystone.server.flask.request_processing.middleware.auth_context [None req-fd527cc2-5473-4770-9f33-05b689298c10 None admin] RBAC: auth_context: {'token': , 'domain_id': None, 'trust_id': None, 'trustor_id': None, 'trustee_id': None, 'domain_name': None, 'group_ids': [], 'user_id': '6f4490d651d344eabf504c2d03df7a83', 'user_domain_id': 'default', 'system_scope': 'all', 'project_id': None, 'project_domain_id': None, 'roles': ['admin', 'member', 'reader'], 'is_admin_project': True, 'service_user_id': None, 'service_user_domain_id': None, 'service_project_id': None, 'service_project_domain_id': None, 'service_roles': []} {{(pid=80307) fill_context /opt/stack/keystone/keystone/server/flask/request_processing/middleware/auth_context.py:478}}
Aug 08 16:42:27.714786 dv-cinder-852211-4-smb devstack@keystone.service[80307]: DEBUG keystone.server.flask.request_processing.req_logging [None req-fd527cc2-5473-4770-9f33-05b689298c10 None admin] REQUEST_METHOD: `GET` {{(pid=80307) log_request_info /opt/stack/keystone/keystone/server/flask/request_processing/req_logging.py:27}}
Aug 08 16:42:27.715066 dv-cinder-852211-4-smb devstack@keystone.service[80307]: DEBUG keystone.server.flask.request_processing.req_logging [None req-fd527cc2-5473-4770-9f33-05b689298c10 None admin] SCRIPT_NAME: `/identity` {{(pid=80307) log_request_info /opt/stack/keystone/keystone/server/flask/request_processing/req_logging.py:28}}
Aug 08 16:42:27.715339 dv-cinder-852211-4-smb devstack@keystone.service[80307]: DEBUG keystone.server.flask.request_processing.req_logging [None req-fd527cc2-5473-4770-9f33-05b689298c10 None admin] PATH_INFO: `/v3/roles` {{(pid=80307) log_request_info /opt/stack/keystone/keystone/server/flask/request_processing/req_logging.py:29}}
Aug 08 16:42:27.716038 dv-cinder-852211-4-smb devstack@keystone.service[80307]: DEBUG keystone.common.rbac_enforcer.enforcer [None req-fd527cc2-5473-4770-9f33-05b689298c10 None admin] RBAC: Adding query filter params (name=member) {{(pid=80307) _extract_filter_values /opt/stack/keystone/keystone/common/rbac_enforcer/enforcer.py:167}}
Aug 08 16:42:27.716343 dv-cinder-852211-4-smb devstack@keystone.service[80307]: DEBUG keystone.common.rbac_enforcer.enforcer [None req-fd527cc2-5473-4770-9f33-05b689298c10 None admin] RBAC: Authorizing `identity:list_roles()` {{(pid=80307) enforce_call /opt/stack/keystone/keystone/common/rbac_enforcer/enforcer.py:449}}
Aug 08 16:42:27.717794 dv-cinder-852211-4-smb devstack@keystone.service[80307]: DEBUG keystone.common.rbac_enforcer.enforcer [None req-fd527cc2-5473-4770-9f33-05b689298c10 None admin] RBAC: Authorization granted {{(pid=80307) enforce_call /opt/stack/keystone/keystone/common/rbac_enforcer/enforcer.py:457}}
Aug 08 16:42:27.734953 dv-cinder-852211-4-smb devstack@keystone.service[80307]: [pid: 80307|app: 0|req: 133/262] 10.222.0.59 () {56 vars in 1101 bytes} [Mon Aug 8 16:42:27 2022] GET /identity/v3/roles?name=member => generated 341 bytes in 292 msecs (HTTP/1.1 200) 5 headers in 177 bytes (1 switches on core 0)
Aug 08 16:42:27.740872 dv-cinder-852211-4-smb devstack@keystone.service[80307]: DEBUG keystone.server.flask.request_processing.middleware.auth_context [None req-fd527cc2-5473-4770-9f33-05b689298c10 None admin] Authenticating user token {{(pid=80307) process_request /usr/local/lib/python3.8/dist-packages/keystonemiddleware/auth_token/__init__.py:407}}
Aug 08 16:42:27.743115 dv-cinder-852211-4-smb devstack@keystone.service[80308]: DEBUG keystone.server.flask.request_processing.middleware.auth_context [None req-6c333492-c840-4cca-b44e-efc0ec03368c None admin] RBAC: auth_context: {'token': , 'domain_id': None, 'trust_id': None, 'trustor_id': None, 'trustee_id': None, 'domain_name': None, 'group_ids': [], 'user_id': '6f4490d651d344eabf504c2d03df7a83', 'user_domain_id': 'default', 'system_scope': 'all', 'project_id': None, 'project_domain_id': None, 'roles': ['admin', 'member', 'reader'], 'is_admin_project': True, 'service_user_id': None, 'service_user_domain_id': None, 'service_project_id': None, 'service_project_domain_id': None, 'service_roles': []} {{(pid=80308) fill_context /opt/stack/keystone/keystone/server/flask/request_processing/middleware/auth_context.py:478}}
Aug 08 16:42:27.743772 dv-cinder-852211-4-smb devstack@keystone.service[80308]: DEBUG keystone.server.flask.request_processing.req_logging [None req-6c333492-c840-4cca-b44e-efc0ec03368c None admin] REQUEST_METHOD: `GET` {{(pid=80308) log_request_info /opt/stack/keystone/keystone/server/flask/request_processing/req_logging.py:27}}
Aug 08 16:42:27.744054 dv-cinder-852211-4-smb devstack@keystone.service[80308]: DEBUG keystone.server.flask.request_processing.req_logging [None req-6c333492-c840-4cca-b44e-efc0ec03368c None admin] SCRIPT_NAME: `/identity` {{(pid=80308) log_request_info /opt/stack/keystone/keystone/server/flask/request_processing/req_logging.py:28}}
Aug 08 16:42:27.744371 dv-cinder-852211-4-smb devstack@keystone.service[80308]: DEBUG keystone.server.flask.request_processing.req_logging [None req-6c333492-c840-4cca-b44e-efc0ec03368c None admin] PATH_INFO: `/v3/users/48d57cbdd8ba42a8adc3e1c72534f4eb` {{(pid=80308) log_request_info /opt/stack/keystone/keystone/server/flask/request_processing/req_logging.py:29}}
Aug 08 16:42:27.745560 dv-cinder-852211-4-smb devstack@keystone.service[80308]: DEBUG keystone.common.rbac_enforcer.enforcer [None req-6c333492-c840-4cca-b44e-efc0ec03368c None admin] RBAC: Authorizing `identity:get_user(user_id=48d57cbdd8ba42a8adc3e1c72534f4eb)` {{(pid=80308) enforce_call /opt/stack/keystone/keystone/common/rbac_enforcer/enforcer.py:449}}
Aug 08 16:42:27.747007 dv-cinder-852211-4-smb devstack@keystone.service[80308]: DEBUG keystone.common.rbac_enforcer.enforcer [None req-6c333492-c840-4cca-b44e-efc0ec03368c None admin] RBAC: Authorization granted {{(pid=80308) enforce_call /opt/stack/keystone/keystone/common/rbac_enforcer/enforcer.py:457}}
Aug 08 16:42:27.748916 dv-cinder-852211-4-smb devstack@keystone.service[80308]: [pid: 80308|app: 0|req: 130/263] 10.222.0.59 () {56 vars in 1177 bytes} [Mon Aug 8 16:42:27 2022] GET /identity/v3/users/48d57cbdd8ba42a8adc3e1c72534f4eb => generated 283 bytes in 273 msecs (HTTP/1.1 200) 5 headers in 177 bytes (2 switches on core 0)
Aug 08 16:42:27.762763 dv-cinder-852211-4-smb devstack@keystone.service[80308]: DEBUG keystone.server.flask.request_processing.middleware.auth_context [None req-6c333492-c840-4cca-b44e-efc0ec03368c None admin] Authenticating user token {{(pid=80308) process_request /usr/local/lib/python3.8/dist-packages/keystonemiddleware/auth_token/__init__.py:407}}
Aug 08 16:42:27.788774 dv-cinder-852211-4-smb devstack@keystone.service[80307]: DEBUG dbcounter [-] [80307] Writing DB stats keystone:SELECT=100 {{(pid=80307) stat_writer /usr/local/lib/python3.8/dist-packages/dbcounter.py:114}}
Aug 08 16:42:27.799130 dv-cinder-852211-4-smb devstack@keystone.service[80308]: DEBUG dbcounter [-] [80308] Writing DB stats keystone:SELECT=100 {{(pid=80308) stat_writer /usr/local/lib/python3.8/dist-packages/dbcounter.py:114}}
Aug 08 16:42:27.959171 dv-cinder-852211-4-smb devstack@keystone.service[80307]: DEBUG keystone.server.flask.request_processing.middleware.auth_context [None req-fd527cc2-5473-4770-9f33-05b689298c10 None admin] Validating token access rules against request {{(pid=80307) validate_allowed_request /usr/local/lib/python3.8/dist-packages/keystonemiddleware/auth_token/__init__.py:545}}
Aug 08 16:42:27.974901 dv-cinder-852211-4-smb devstack@keystone.service[80308]: DEBUG keystone.server.flask.request_processing.middleware.auth_context [None req-6c333492-c840-4cca-b44e-efc0ec03368c None admin] Validating token access rules against request {{(pid=80308) validate_allowed_request /usr/local/lib/python3.8/dist-packages/keystonemiddleware/auth_token/__init__.py:545}}
Aug 08 16:42:28.023148 dv-cinder-852211-4-smb devstack@keystone.service[80307]: DEBUG keystone.server.flask.request_processing.middleware.auth_context [None req-9e4f5fe8-514a-447b-9f67-5aa576dbcbae None admin] RBAC: auth_context: {'token': , 'domain_id': None, 'trust_id': None, 'trustor_id': None, 'trustee_id': None, 'domain_name': None, 'group_ids': [], 'user_id': '6f4490d651d344eabf504c2d03df7a83', 'user_domain_id': 'default', 'system_scope': 'all', 'project_id': None, 'project_domain_id': None, 'roles': ['admin', 'member', 'reader'], 'is_admin_project': True, 'service_user_id': None, 'service_user_domain_id': None, 'service_project_id': None, 'service_project_domain_id': None, 'service_roles': []} {{(pid=80307) fill_context /opt/stack/keystone/keystone/server/flask/request_processing/middleware/auth_context.py:478}}
Aug 08 16:42:28.023823 dv-cinder-852211-4-smb devstack@keystone.service[80307]: DEBUG keystone.server.flask.request_processing.req_logging [None req-9e4f5fe8-514a-447b-9f67-5aa576dbcbae None admin] REQUEST_METHOD: `GET` {{(pid=80307) log_request_info /opt/stack/keystone/keystone/server/flask/request_processing/req_logging.py:27}}
Aug 08 16:42:28.024247 dv-cinder-852211-4-smb devstack@keystone.service[80307]: DEBUG keystone.server.flask.request_processing.req_logging [None req-9e4f5fe8-514a-447b-9f67-5aa576dbcbae None admin] SCRIPT_NAME: `/identity` {{(pid=80307) log_request_info /opt/stack/keystone/keystone/server/flask/request_processing/req_logging.py:28}}
Aug 08 16:42:28.024525 dv-cinder-852211-4-smb devstack@keystone.service[80307]: DEBUG keystone.server.flask.request_processing.req_logging [None req-9e4f5fe8-514a-447b-9f67-5aa576dbcbae None admin] PATH_INFO: `/v3/users/4e7c1e26e8d0472a9f1d651fbbebd3b9` {{(pid=80307) log_request_info /opt/stack/keystone/keystone/server/flask/request_processing/req_logging.py:29}}
Aug 08 16:42:28.027116 dv-cinder-852211-4-smb devstack@keystone.service[80307]: DEBUG keystone.common.rbac_enforcer.enforcer [None req-9e4f5fe8-514a-447b-9f67-5aa576dbcbae None admin] RBAC: Authorizing `identity:get_user(user_id=4e7c1e26e8d0472a9f1d651fbbebd3b9)` {{(pid=80307) enforce_call /opt/stack/keystone/keystone/common/rbac_enforcer/enforcer.py:449}}
Aug 08 16:42:28.028712 dv-cinder-852211-4-smb devstack@keystone.service[80307]: DEBUG keystone.common.rbac_enforcer.enforcer [None req-9e4f5fe8-514a-447b-9f67-5aa576dbcbae None admin] RBAC: Authorization granted {{(pid=80307) enforce_call /opt/stack/keystone/keystone/common/rbac_enforcer/enforcer.py:457}}
Aug 08 16:42:28.030393 dv-cinder-852211-4-smb devstack@keystone.service[80307]: [pid: 80307|app: 0|req: 134/264] 10.222.0.59 () {56 vars in 1177 bytes} [Mon Aug 8 16:42:27 2022] GET /identity/v3/users/4e7c1e26e8d0472a9f1d651fbbebd3b9 => generated 297 bytes in 290 msecs (HTTP/1.1 200) 5 headers in 177 bytes (2 switches on core 0)
Aug 08 16:42:28.036494 dv-cinder-852211-4-smb devstack@keystone.service[80307]: DEBUG keystone.server.flask.request_processing.middleware.auth_context [None req-9e4f5fe8-514a-447b-9f67-5aa576dbcbae None admin] Authenticating user token {{(pid=80307) process_request /usr/local/lib/python3.8/dist-packages/keystonemiddleware/auth_token/__init__.py:407}}
Aug 08 16:42:28.044729 dv-cinder-852211-4-smb devstack@keystone.service[80308]: DEBUG keystone.server.flask.request_processing.middleware.auth_context [None req-c3247b12-2f68-49b5-9772-ed9064d45221 None admin] RBAC: auth_context: {'token': , 'domain_id': None, 'trust_id': None, 'trustor_id': None, 'trustee_id': None, 'domain_name': None, 'group_ids': [], 'user_id': '6f4490d651d344eabf504c2d03df7a83', 'user_domain_id': 'default', 'system_scope': 'all', 'project_id': None, 'project_domain_id': None, 'roles': ['admin', 'member', 'reader'], 'is_admin_project': True, 'service_user_id': None, 'service_user_domain_id': None, 'service_project_id': None, 'service_project_domain_id': None, 'service_roles': []} {{(pid=80308) fill_context /opt/stack/keystone/keystone/server/flask/request_processing/middleware/auth_context.py:478}}
Aug 08 16:42:28.045344 dv-cinder-852211-4-smb devstack@keystone.service[80308]: DEBUG keystone.server.flask.request_processing.req_logging [None req-c3247b12-2f68-49b5-9772-ed9064d45221 None admin] REQUEST_METHOD: `GET` {{(pid=80308) log_request_info /opt/stack/keystone/keystone/server/flask/request_processing/req_logging.py:27}}
Aug 08 16:42:28.045620 dv-cinder-852211-4-smb devstack@keystone.service[80308]: DEBUG keystone.server.flask.request_processing.req_logging [None req-c3247b12-2f68-49b5-9772-ed9064d45221 None admin] SCRIPT_NAME: `/identity` {{(pid=80308) log_request_info /opt/stack/keystone/keystone/server/flask/request_processing/req_logging.py:28}}
Aug 08 16:42:28.045894 dv-cinder-852211-4-smb devstack@keystone.service[80308]: DEBUG keystone.server.flask.request_processing.req_logging [None req-c3247b12-2f68-49b5-9772-ed9064d45221 None admin] PATH_INFO: `/v3/auth/tokens` {{(pid=80308) log_request_info /opt/stack/keystone/keystone/server/flask/request_processing/req_logging.py:29}}
Aug 08 16:42:28.172695 dv-cinder-852211-4-smb devstack@keystone.service[80308]: DEBUG keystone.common.rbac_enforcer.enforcer [None req-c3247b12-2f68-49b5-9772-ed9064d45221 None admin] RBAC: Authorizing `identity:validate_token()` {{(pid=80308) enforce_call /opt/stack/keystone/keystone/common/rbac_enforcer/enforcer.py:449}}
Aug 08 16:42:28.174388 dv-cinder-852211-4-smb devstack@keystone.service[80308]: DEBUG keystone.common.rbac_enforcer.enforcer [None req-c3247b12-2f68-49b5-9772-ed9064d45221 None admin] RBAC: Authorization granted {{(pid=80308) enforce_call /opt/stack/keystone/keystone/common/rbac_enforcer/enforcer.py:457}}
Aug 08 16:42:28.198088 dv-cinder-852211-4-smb devstack@keystone.service[80307]: DEBUG dbcounter [-] [80307] Writing DB stats keystone:SELECT=100 {{(pid=80307) stat_writer /usr/local/lib/python3.8/dist-packages/dbcounter.py:114}}
Aug 08 16:42:28.208689 dv-cinder-852211-4-smb devstack@keystone.service[80308]: DEBUG dbcounter [-] [80308] Writing DB stats keystone:SELECT=100 {{(pid=80308) stat_writer /usr/local/lib/python3.8/dist-packages/dbcounter.py:114}}
Aug 08 16:42:28.222409 dv-cinder-852211-4-smb devstack@keystone.service[80307]: DEBUG keystone.server.flask.request_processing.middleware.auth_context [None req-9e4f5fe8-514a-447b-9f67-5aa576dbcbae None admin] Validating token access rules against request {{(pid=80307) validate_allowed_request /usr/local/lib/python3.8/dist-packages/keystonemiddleware/auth_token/__init__.py:545}}
Aug 08 16:42:28.262021 dv-cinder-852211-4-smb devstack@keystone.service[80307]: DEBUG keystone.server.flask.request_processing.middleware.auth_context [None req-b95c7ff0-2273-4d2a-b28d-37d027d54f54 None admin] RBAC: auth_context: {'token': , 'domain_id': None, 'trust_id': None, 'trustor_id': None, 'trustee_id': None, 'domain_name': None, 'group_ids': [], 'user_id': '6f4490d651d344eabf504c2d03df7a83', 'user_domain_id': 'default', 'system_scope': 'all', 'project_id': None, 'project_domain_id': None, 'roles': ['admin', 'member', 'reader'], 'is_admin_project': True, 'service_user_id': None, 'service_user_domain_id': None, 'service_project_id': None, 'service_project_domain_id': None, 'service_roles': []} {{(pid=80307) fill_context /opt/stack/keystone/keystone/server/flask/request_processing/middleware/auth_context.py:478}}
Aug 08 16:42:28.262665 dv-cinder-852211-4-smb devstack@keystone.service[80307]: DEBUG keystone.server.flask.request_processing.req_logging [None req-b95c7ff0-2273-4d2a-b28d-37d027d54f54 None admin] REQUEST_METHOD: `GET` {{(pid=80307) log_request_info /opt/stack/keystone/keystone/server/flask/request_processing/req_logging.py:27}}
Aug 08 16:42:28.263950 dv-cinder-852211-4-smb devstack@keystone.service[80307]: DEBUG keystone.server.flask.request_processing.req_logging [None req-b95c7ff0-2273-4d2a-b28d-37d027d54f54 None admin] SCRIPT_NAME: `/identity` {{(pid=80307) log_request_info /opt/stack/keystone/keystone/server/flask/request_processing/req_logging.py:28}}
Aug 08 16:42:28.264609 dv-cinder-852211-4-smb devstack@keystone.service[80307]: DEBUG keystone.server.flask.request_processing.req_logging [None req-b95c7ff0-2273-4d2a-b28d-37d027d54f54 None admin] PATH_INFO: `/v3/projects/00815aff1c7b46af9c2a636d2203ad86` {{(pid=80307) log_request_info /opt/stack/keystone/keystone/server/flask/request_processing/req_logging.py:29}}
Aug 08 16:42:28.266693 dv-cinder-852211-4-smb devstack@keystone.service[80307]: DEBUG keystone.common.rbac_enforcer.enforcer [None req-b95c7ff0-2273-4d2a-b28d-37d027d54f54 None admin] RBAC: Authorizing `identity:get_project(project_id=00815aff1c7b46af9c2a636d2203ad86)` {{(pid=80307) enforce_call /opt/stack/keystone/keystone/common/rbac_enforcer/enforcer.py:449}}
Aug 08 16:42:28.268783 dv-cinder-852211-4-smb devstack@keystone.service[80307]: DEBUG keystone.common.rbac_enforcer.enforcer [None req-b95c7ff0-2273-4d2a-b28d-37d027d54f54 None admin] RBAC: Authorization granted {{(pid=80307) enforce_call /opt/stack/keystone/keystone/common/rbac_enforcer/enforcer.py:457}}
Aug 08 16:42:28.270914 dv-cinder-852211-4-smb devstack@keystone.service[80307]: [pid: 80307|app: 0|req: 135/265] 10.222.0.59 () {56 vars in 1186 bytes} [Mon Aug 8 16:42:28 2022] GET /identity/v3/projects/00815aff1c7b46af9c2a636d2203ad86 => generated 302 bytes in 235 msecs (HTTP/1.1 200) 5 headers in 177 bytes (1 switches on core 0)
Aug 08 16:42:28.272446 dv-cinder-852211-4-smb devstack@keystone.service[80307]: DEBUG keystone.server.flask.request_processing.req_logging [None req-4b0e2516-1bb6-4ecf-bc1b-43df39e3528e None None] REQUEST_METHOD: `GET` {{(pid=80307) log_request_info /opt/stack/keystone/keystone/server/flask/request_processing/req_logging.py:27}}
Aug 08 16:42:28.273355 dv-cinder-852211-4-smb devstack@keystone.service[80307]: DEBUG keystone.server.flask.request_processing.req_logging [None req-4b0e2516-1bb6-4ecf-bc1b-43df39e3528e None None] SCRIPT_NAME: `/identity` {{(pid=80307) log_request_info /opt/stack/keystone/keystone/server/flask/request_processing/req_logging.py:28}}
Aug 08 16:42:28.273828 dv-cinder-852211-4-smb devstack@keystone.service[80307]: DEBUG keystone.server.flask.request_processing.req_logging [None req-4b0e2516-1bb6-4ecf-bc1b-43df39e3528e None None] PATH_INFO: `/` {{(pid=80307) log_request_info /opt/stack/keystone/keystone/server/flask/request_processing/req_logging.py:29}}
Aug 08 16:42:28.275611 dv-cinder-852211-4-smb devstack@keystone.service[80307]: [pid: 80307|app: 0|req: 136/266] 10.222.0.59 () {54 vars in 927 bytes} [Mon Aug 8 16:42:28 2022] GET /identity => generated 270 bytes in 4 msecs (HTTP/1.1 300) 6 headers in 234 bytes (1 switches on core 0)
Aug 08 16:42:28.281215 dv-cinder-852211-4-smb devstack@keystone.service[80307]: DEBUG keystone.server.flask.request_processing.middleware.auth_context [None req-4b0e2516-1bb6-4ecf-bc1b-43df39e3528e None None] Authenticating user token {{(pid=80307) process_request /usr/local/lib/python3.8/dist-packages/keystonemiddleware/auth_token/__init__.py:407}}
Aug 08 16:42:28.330677 dv-cinder-852211-4-smb devstack@keystone.service[80308]: [pid: 80308|app: 0|req: 131/267] 10.222.0.59 () {58 vars in 1282 bytes} [Mon Aug 8 16:42:27 2022] GET /identity/v3/auth/tokens => generated 799 bytes in 568 msecs (HTTP/1.1 200) 6 headers in 358 bytes (1 switches on core 0)
Aug 08 16:42:28.336908 dv-cinder-852211-4-smb devstack@keystone.service[80308]: DEBUG keystone.server.flask.request_processing.req_logging [None req-30e6ff74-6c8a-461c-a6e2-ccb669f7108c None None] REQUEST_METHOD: `POST` {{(pid=80308) log_request_info /opt/stack/keystone/keystone/server/flask/request_processing/req_logging.py:27}}
Aug 08 16:42:28.337397 dv-cinder-852211-4-smb devstack@keystone.service[80308]: DEBUG keystone.server.flask.request_processing.req_logging [None req-30e6ff74-6c8a-461c-a6e2-ccb669f7108c None None] SCRIPT_NAME: `/identity` {{(pid=80308) log_request_info /opt/stack/keystone/keystone/server/flask/request_processing/req_logging.py:28}}
Aug 08 16:42:28.337912 dv-cinder-852211-4-smb devstack@keystone.service[80308]: DEBUG keystone.server.flask.request_processing.req_logging [None req-30e6ff74-6c8a-461c-a6e2-ccb669f7108c None None] PATH_INFO: `/v3/auth/tokens` {{(pid=80308) log_request_info /opt/stack/keystone/keystone/server/flask/request_processing/req_logging.py:29}}
Aug 08 16:42:28.356479 dv-cinder-852211-4-smb devstack@keystone.service[80308]: DEBUG keystone.auth.core [None req-30e6ff74-6c8a-461c-a6e2-ccb669f7108c None None] MFA Rules not processed for user `6f4490d651d344eabf504c2d03df7a83`. Rule list: `[]` (Enabled: `True`). {{(pid=80308) check_auth_methods_against_rules /opt/stack/keystone/keystone/auth/core.py:438}}
Aug 08 16:42:28.357950 dv-cinder-852211-4-smb devstack@keystone.service[80308]: DEBUG keystone.common.fernet_utils [None req-30e6ff74-6c8a-461c-a6e2-ccb669f7108c None None] Loaded 2 Fernet keys from /etc/keystone/fernet-keys/, but `[fernet_tokens] max_active_keys = 3`; perhaps there have not been enough key rotations to reach `max_active_keys` yet? {{(pid=80308) load_keys /opt/stack/keystone/keystone/common/fernet_utils.py:286}}
Aug 08 16:42:28.417680 dv-cinder-852211-4-smb devstack@keystone.service[80307]: DEBUG keystone.server.flask.request_processing.middleware.auth_context [None req-4b0e2516-1bb6-4ecf-bc1b-43df39e3528e None None] Validating token access rules against request {{(pid=80307) validate_allowed_request /usr/local/lib/python3.8/dist-packages/keystonemiddleware/auth_token/__init__.py:545}}
Aug 08 16:42:28.439600 dv-cinder-852211-4-smb devstack@keystone.service[80308]: [pid: 80308|app: 0|req: 132/268] 10.222.0.59 () {58 vars in 1024 bytes} [Mon Aug 8 16:42:28 2022] POST /identity/v3/auth/tokens => generated 799 bytes in 104 msecs (HTTP/1.1 201) 6 headers in 363 bytes (1 switches on core 0)
Aug 08 16:42:28.439600 dv-cinder-852211-4-smb devstack@keystone.service[80308]: DEBUG keystone.server.flask.request_processing.middleware.auth_context [None req-30e6ff74-6c8a-461c-a6e2-ccb669f7108c None None] Authenticating user token {{(pid=80308) process_request /usr/local/lib/python3.8/dist-packages/keystonemiddleware/auth_token/__init__.py:407}}
Aug 08 16:42:28.454178 dv-cinder-852211-4-smb devstack@keystone.service[80307]: DEBUG keystone.server.flask.request_processing.middleware.auth_context [None req-cc8e7b27-33e6-4626-ac0f-84a44f986216 None admin] RBAC: auth_context: {'token': , 'domain_id': None, 'trust_id': None, 'trustor_id': None, 'trustee_id': None, 'domain_name': None, 'group_ids': [], 'user_id': '6f4490d651d344eabf504c2d03df7a83', 'user_domain_id': 'default', 'system_scope': 'all', 'project_id': None, 'project_domain_id': None, 'roles': ['admin', 'member', 'reader'], 'is_admin_project': True, 'service_user_id': None, 'service_user_domain_id': None, 'service_project_id': None, 'service_project_domain_id': None, 'service_roles': []} {{(pid=80307) fill_context /opt/stack/keystone/keystone/server/flask/request_processing/middleware/auth_context.py:478}}
Aug 08 16:42:28.454839 dv-cinder-852211-4-smb devstack@keystone.service[80307]: DEBUG keystone.server.flask.request_processing.req_logging [None req-cc8e7b27-33e6-4626-ac0f-84a44f986216 None admin] REQUEST_METHOD: `PUT` {{(pid=80307) log_request_info /opt/stack/keystone/keystone/server/flask/request_processing/req_logging.py:27}}
Aug 08 16:42:28.455119 dv-cinder-852211-4-smb devstack@keystone.service[80307]: DEBUG keystone.server.flask.request_processing.req_logging [None req-cc8e7b27-33e6-4626-ac0f-84a44f986216 None admin] SCRIPT_NAME: `/identity` {{(pid=80307) log_request_info /opt/stack/keystone/keystone/server/flask/request_processing/req_logging.py:28}}
Aug 08 16:42:28.455391 dv-cinder-852211-4-smb devstack@keystone.service[80307]: DEBUG keystone.server.flask.request_processing.req_logging [None req-cc8e7b27-33e6-4626-ac0f-84a44f986216 None admin] PATH_INFO: `/v3/projects/00815aff1c7b46af9c2a636d2203ad86/users/4e7c1e26e8d0472a9f1d651fbbebd3b9/roles/9e44acebc600410f822ec2ad17dc648e` {{(pid=80307) log_request_info /opt/stack/keystone/keystone/server/flask/request_processing/req_logging.py:29}}
Aug 08 16:42:28.457365 dv-cinder-852211-4-smb devstack@keystone.service[80307]: DEBUG keystone.common.rbac_enforcer.enforcer [None req-cc8e7b27-33e6-4626-ac0f-84a44f986216 None admin] RBAC: Authorizing `identity:create_grant(project_id=00815aff1c7b46af9c2a636d2203ad86, user_id=4e7c1e26e8d0472a9f1d651fbbebd3b9, role_id=9e44acebc600410f822ec2ad17dc648e)` {{(pid=80307) enforce_call /opt/stack/keystone/keystone/common/rbac_enforcer/enforcer.py:449}}
Aug 08 16:42:28.458808 dv-cinder-852211-4-smb devstack@keystone.service[80307]: DEBUG keystone.common.rbac_enforcer.enforcer [None req-cc8e7b27-33e6-4626-ac0f-84a44f986216 None admin] RBAC: Authorization granted {{(pid=80307) enforce_call /opt/stack/keystone/keystone/common/rbac_enforcer/enforcer.py:457}}
Aug 08 16:42:28.489572 dv-cinder-852211-4-smb devstack@keystone.service[80308]: DEBUG dbcounter [-] [80308] Writing DB stats keystone:SELECT=100 {{(pid=80308) stat_writer /usr/local/lib/python3.8/dist-packages/dbcounter.py:114}}
Aug 08 16:42:28.543906 dv-cinder-852211-4-smb devstack@keystone.service[80307]: [pid: 80307|app: 0|req: 137/269] 10.222.0.59 () {58 vars in 1439 bytes} [Mon Aug 8 16:42:28 2022] PUT /identity/v3/projects/00815aff1c7b46af9c2a636d2203ad86/users/4e7c1e26e8d0472a9f1d651fbbebd3b9/roles/9e44acebc600410f822ec2ad17dc648e => generated 0 bytes in 254 msecs (HTTP/1.1 204) 3 headers in 132 bytes (0 switches on core 0)
Aug 08 16:42:28.543906 dv-cinder-852211-4-smb devstack@keystone.service[80307]: DEBUG keystone.server.flask.request_processing.req_logging [None req-a6bc2304-6bf2-4657-8fde-36ea030f2d27 None None] REQUEST_METHOD: `GET` {{(pid=80307) log_request_info /opt/stack/keystone/keystone/server/flask/request_processing/req_logging.py:27}}
Aug 08 16:42:28.543906 dv-cinder-852211-4-smb devstack@keystone.service[80307]: DEBUG keystone.server.flask.request_processing.req_logging [None req-a6bc2304-6bf2-4657-8fde-36ea030f2d27 None None] SCRIPT_NAME: `/identity` {{(pid=80307) log_request_info /opt/stack/keystone/keystone/server/flask/request_processing/req_logging.py:28}}
Aug 08 16:42:28.543906 dv-cinder-852211-4-smb devstack@keystone.service[80307]: DEBUG keystone.server.flask.request_processing.req_logging [None req-a6bc2304-6bf2-4657-8fde-36ea030f2d27 None None] PATH_INFO: `/` {{(pid=80307) log_request_info /opt/stack/keystone/keystone/server/flask/request_processing/req_logging.py:29}}
Aug 08 16:42:28.543906 dv-cinder-852211-4-smb devstack@keystone.service[80307]: [pid: 80307|app: 0|req: 138/270] 10.222.0.59 () {54 vars in 927 bytes} [Mon Aug 8 16:42:28 2022] GET /identity => generated 270 bytes in 3 msecs (HTTP/1.1 300) 6 headers in 234 bytes (1 switches on core 0)
Aug 08 16:42:28.543906 dv-cinder-852211-4-smb devstack@keystone.service[80307]: DEBUG keystone.server.flask.request_processing.middleware.auth_context [None req-a6bc2304-6bf2-4657-8fde-36ea030f2d27 None None] Authenticating user token {{(pid=80307) process_request /usr/local/lib/python3.8/dist-packages/keystonemiddleware/auth_token/__init__.py:407}}
Aug 08 16:42:28.555864 dv-cinder-852211-4-smb devstack@keystone.service[80308]: DEBUG keystone.server.flask.request_processing.middleware.auth_context [None req-30e6ff74-6c8a-461c-a6e2-ccb669f7108c None None] Validating token access rules against request {{(pid=80308) validate_allowed_request /usr/local/lib/python3.8/dist-packages/keystonemiddleware/auth_token/__init__.py:545}}
Aug 08 16:42:28.564096 dv-cinder-852211-4-smb devstack@keystone.service[80307]: DEBUG dbcounter [-] [80307] Writing DB stats keystone:SELECT=99,keystone:INSERT=1 {{(pid=80307) stat_writer /usr/local/lib/python3.8/dist-packages/dbcounter.py:114}}
Aug 08 16:42:28.606602 dv-cinder-852211-4-smb devstack@keystone.service[80308]: DEBUG keystone.server.flask.request_processing.middleware.auth_context [None req-c9be5622-e59e-46e2-a32a-fc66b7af3ea1 None admin] RBAC: auth_context: {'token': , 'domain_id': None, 'trust_id': None, 'trustor_id': None, 'trustee_id': None, 'domain_name': None, 'group_ids': [], 'user_id': '6f4490d651d344eabf504c2d03df7a83', 'user_domain_id': 'default', 'system_scope': 'all', 'project_id': None, 'project_domain_id': None, 'roles': ['admin', 'member', 'reader'], 'is_admin_project': True, 'service_user_id': None, 'service_user_domain_id': None, 'service_project_id': None, 'service_project_domain_id': None, 'service_roles': []} {{(pid=80308) fill_context /opt/stack/keystone/keystone/server/flask/request_processing/middleware/auth_context.py:478}}
Aug 08 16:42:28.608039 dv-cinder-852211-4-smb devstack@keystone.service[80308]: DEBUG keystone.server.flask.request_processing.req_logging [None req-c9be5622-e59e-46e2-a32a-fc66b7af3ea1 None admin] REQUEST_METHOD: `GET` {{(pid=80308) log_request_info /opt/stack/keystone/keystone/server/flask/request_processing/req_logging.py:27}}
Aug 08 16:42:28.608315 dv-cinder-852211-4-smb devstack@keystone.service[80308]: DEBUG keystone.server.flask.request_processing.req_logging [None req-c9be5622-e59e-46e2-a32a-fc66b7af3ea1 None admin] SCRIPT_NAME: `/identity` {{(pid=80308) log_request_info /opt/stack/keystone/keystone/server/flask/request_processing/req_logging.py:28}}
Aug 08 16:42:28.608640 dv-cinder-852211-4-smb devstack@keystone.service[80308]: DEBUG keystone.server.flask.request_processing.req_logging [None req-c9be5622-e59e-46e2-a32a-fc66b7af3ea1 None admin] PATH_INFO: `/v3/projects/00815aff1c7b46af9c2a636d2203ad86` {{(pid=80308) log_request_info /opt/stack/keystone/keystone/server/flask/request_processing/req_logging.py:29}}
Aug 08 16:42:28.610450 dv-cinder-852211-4-smb devstack@keystone.service[80308]: DEBUG keystone.common.rbac_enforcer.enforcer [None req-c9be5622-e59e-46e2-a32a-fc66b7af3ea1 None admin] RBAC: Authorizing `identity:get_project(project_id=00815aff1c7b46af9c2a636d2203ad86)` {{(pid=80308) enforce_call /opt/stack/keystone/keystone/common/rbac_enforcer/enforcer.py:449}}
Aug 08 16:42:28.613087 dv-cinder-852211-4-smb devstack@keystone.service[80308]: DEBUG keystone.common.rbac_enforcer.enforcer [None req-c9be5622-e59e-46e2-a32a-fc66b7af3ea1 None admin] RBAC: Authorization granted {{(pid=80308) enforce_call /opt/stack/keystone/keystone/common/rbac_enforcer/enforcer.py:457}}
Aug 08 16:42:28.615573 dv-cinder-852211-4-smb devstack@keystone.service[80308]: [pid: 80308|app: 0|req: 133/271] 10.222.0.59 () {56 vars in 1186 bytes} [Mon Aug 8 16:42:28 2022] GET /identity/v3/projects/00815aff1c7b46af9c2a636d2203ad86 => generated 302 bytes in 179 msecs (HTTP/1.1 200) 5 headers in 177 bytes (1 switches on core 0)
Aug 08 16:42:28.617593 dv-cinder-852211-4-smb devstack@keystone.service[80308]: DEBUG keystone.server.flask.request_processing.req_logging [None req-ceb907c8-8b53-4cc4-95ba-bc1139d15f1a None None] REQUEST_METHOD: `POST` {{(pid=80308) log_request_info /opt/stack/keystone/keystone/server/flask/request_processing/req_logging.py:27}}
Aug 08 16:42:28.618046 dv-cinder-852211-4-smb devstack@keystone.service[80308]: DEBUG keystone.server.flask.request_processing.req_logging [None req-ceb907c8-8b53-4cc4-95ba-bc1139d15f1a None None] SCRIPT_NAME: `/identity` {{(pid=80308) log_request_info /opt/stack/keystone/keystone/server/flask/request_processing/req_logging.py:28}}
Aug 08 16:42:28.618917 dv-cinder-852211-4-smb devstack@keystone.service[80308]: DEBUG keystone.server.flask.request_processing.req_logging [None req-ceb907c8-8b53-4cc4-95ba-bc1139d15f1a None None] PATH_INFO: `/v3/auth/tokens` {{(pid=80308) log_request_info /opt/stack/keystone/keystone/server/flask/request_processing/req_logging.py:29}}
Aug 08 16:42:28.646404 dv-cinder-852211-4-smb devstack@keystone.service[80308]: DEBUG keystone.auth.core [None req-ceb907c8-8b53-4cc4-95ba-bc1139d15f1a None None] MFA Rules not processed for user `6f4490d651d344eabf504c2d03df7a83`. Rule list: `[]` (Enabled: `True`). {{(pid=80308) check_auth_methods_against_rules /opt/stack/keystone/keystone/auth/core.py:438}}
Aug 08 16:42:28.648390 dv-cinder-852211-4-smb devstack@keystone.service[80308]: DEBUG keystone.common.fernet_utils [None req-ceb907c8-8b53-4cc4-95ba-bc1139d15f1a None None] Loaded 2 Fernet keys from /etc/keystone/fernet-keys/, but `[fernet_tokens] max_active_keys = 3`; perhaps there have not been enough key rotations to reach `max_active_keys` yet? {{(pid=80308) load_keys /opt/stack/keystone/keystone/common/fernet_utils.py:286}}
Aug 08 16:42:28.664564 dv-cinder-852211-4-smb devstack@keystone.service[80307]: DEBUG keystone.server.flask.request_processing.middleware.auth_context [None req-a6bc2304-6bf2-4657-8fde-36ea030f2d27 None None] Validating token access rules against request {{(pid=80307) validate_allowed_request /usr/local/lib/python3.8/dist-packages/keystonemiddleware/auth_token/__init__.py:545}}
Aug 08 16:42:28.708591 dv-cinder-852211-4-smb devstack@keystone.service[80307]: DEBUG keystone.server.flask.request_processing.middleware.auth_context [None req-9b7a99a2-7b4f-4352-8634-d24a3c28114c None admin] RBAC: auth_context: {'token': , 'domain_id': None, 'trust_id': None, 'trustor_id': None, 'trustee_id': None, 'domain_name': None, 'group_ids': [], 'user_id': '6f4490d651d344eabf504c2d03df7a83', 'user_domain_id': 'default', 'system_scope': 'all', 'project_id': None, 'project_domain_id': None, 'roles': ['admin', 'member', 'reader'], 'is_admin_project': True, 'service_user_id': None, 'service_user_domain_id': None, 'service_project_id': None, 'service_project_domain_id': None, 'service_roles': []} {{(pid=80307) fill_context /opt/stack/keystone/keystone/server/flask/request_processing/middleware/auth_context.py:478}}
Aug 08 16:42:28.709708 dv-cinder-852211-4-smb devstack@keystone.service[80307]: DEBUG keystone.server.flask.request_processing.req_logging [None req-9b7a99a2-7b4f-4352-8634-d24a3c28114c None admin] REQUEST_METHOD: `GET` {{(pid=80307) log_request_info /opt/stack/keystone/keystone/server/flask/request_processing/req_logging.py:27}}
Aug 08 16:42:28.710185 dv-cinder-852211-4-smb devstack@keystone.service[80307]: DEBUG keystone.server.flask.request_processing.req_logging [None req-9b7a99a2-7b4f-4352-8634-d24a3c28114c None admin] SCRIPT_NAME: `/identity` {{(pid=80307) log_request_info /opt/stack/keystone/keystone/server/flask/request_processing/req_logging.py:28}}
Aug 08 16:42:28.710655 dv-cinder-852211-4-smb devstack@keystone.service[80307]: DEBUG keystone.server.flask.request_processing.req_logging [None req-9b7a99a2-7b4f-4352-8634-d24a3c28114c None admin] PATH_INFO: `/v3/roles/member` {{(pid=80307) log_request_info /opt/stack/keystone/keystone/server/flask/request_processing/req_logging.py:29}}
Aug 08 16:42:28.725959 dv-cinder-852211-4-smb devstack@keystone.service[80307]: DEBUG keystone.common.rbac_enforcer.enforcer [None req-9b7a99a2-7b4f-4352-8634-d24a3c28114c None admin] Extracting inferred target data resulted in "NOT FOUND (404)". {{(pid=80307) enforce_call /opt/stack/keystone/keystone/common/rbac_enforcer/enforcer.py:409}}
Aug 08 16:42:28.731684 dv-cinder-852211-4-smb devstack@keystone.service[80307]: ERROR keystone.server.flask.application [None req-9b7a99a2-7b4f-4352-8634-d24a3c28114c None admin] Could not find role: member.: keystone.exception.RoleNotFound: Could not find role: member.
Aug 08 16:42:28.731684 dv-cinder-852211-4-smb devstack@keystone.service[80307]: ERROR keystone.server.flask.application
Traceback (most recent call last):
Aug 08 16:42:28.731684 dv-cinder-852211-4-smb devstack@keystone.service[80307]: ERROR keystone.server.flask.application
File "/usr/local/lib/python3.8/dist-packages/flask/app.py", line 1820, in full_dispatch_request
Aug 08 16:42:28.731684 dv-cinder-852211-4-smb devstack@keystone.service[80307]: ERROR keystone.server.flask.application rv = self.dispatch_request()
Aug 08 16:42:28.731684 dv-cinder-852211-4-smb devstack@keystone.service[80307]: ERROR keystone.server.flask.application
File "/usr/local/lib/python3.8/dist-packages/flask/app.py", line 1796, in dispatch_request
Aug 08 16:42:28.731684 dv-cinder-852211-4-smb devstack@keystone.service[80307]: ERROR keystone.server.flask.application return self.ensure_sync(self.view_functions[rule.endpoint])(**view_args)
Aug 08 16:42:28.731684 dv-cinder-852211-4-smb devstack@keystone.service[80307]: ERROR keystone.server.flask.application
File "/usr/local/lib/python3.8/dist-packages/flask_restful/__init__.py", line 467, in wrapper
Aug 08 16:42:28.731684 dv-cinder-852211-4-smb devstack@keystone.service[80307]: ERROR keystone.server.flask.application resp = resource(*args, **kwargs)
Aug 08 16:42:28.731684 dv-cinder-852211-4-smb devstack@keystone.service[80307]: ERROR keystone.server.flask.application
File "/usr/local/lib/python3.8/dist-packages/flask/views.py", line 107, in view
Aug 08 16:42:28.731684 dv-cinder-852211-4-smb devstack@keystone.service[80307]: ERROR keystone.server.flask.application return current_app.ensure_sync(self.dispatch_request)(**kwargs)
Aug 08 16:42:28.731684 dv-cinder-852211-4-smb devstack@keystone.service[80307]: ERROR keystone.server.flask.application
File "/usr/local/lib/python3.8/dist-packages/flask_restful/__init__.py", line 582, in dispatch_request
Aug 08 16:42:28.731684 dv-cinder-852211-4-smb devstack@keystone.service[80307]: ERROR keystone.server.flask.application resp = meth(*args, **kwargs)
Aug 08 16:42:28.731684 dv-cinder-852211-4-smb devstack@keystone.service[80307]: ERROR keystone.server.flask.application
File "/opt/stack/keystone/keystone/api/roles.py", line 50, in get
Aug 08 16:42:28.731684 dv-cinder-852211-4-smb devstack@keystone.service[80307]: ERROR keystone.server.flask.application return self._get_role(role_id)
Aug 08 16:42:28.731684 dv-cinder-852211-4-smb devstack@keystone.service[80307]: ERROR keystone.server.flask.application
File "/opt/stack/keystone/keystone/api/roles.py", line 70, in _get_role
Aug 08 16:42:28.731684 dv-cinder-852211-4-smb devstack@keystone.service[80307]: ERROR keystone.server.flask.application ENFORCER.enforce_call(action='identity:get_role')
Aug 08 16:42:28.732577 dv-cinder-852211-4-smb devstack@keystone.service[80307]: ERROR keystone.server.flask.application
File "/opt/stack/keystone/keystone/common/rbac_enforcer/enforcer.py", line 402, in enforce_call
Aug 08 16:42:28.732577 dv-cinder-852211-4-smb devstack@keystone.service[80307]: ERROR keystone.server.flask.application policy_dict.update(cls._extract_member_target_data(
Aug 08 16:42:28.732577 dv-cinder-852211-4-smb devstack@keystone.service[80307]: ERROR keystone.server.flask.application
File "/opt/stack/keystone/keystone/common/rbac_enforcer/enforcer.py", line 234, in _extract_member_target_data
Aug 08 16:42:28.732577 dv-cinder-852211-4-smb devstack@keystone.service[80307]: ERROR keystone.server.flask.application member_name: func(flask.request.view_args[key])
Aug 08 16:42:28.732577 dv-cinder-852211-4-smb devstack@keystone.service[80307]: ERROR keystone.server.flask.application
File "/opt/stack/keystone/keystone/common/manager.py", line 115, in wrapped
Aug 08 16:42:28.732577 dv-cinder-852211-4-smb devstack@keystone.service[80307]: ERROR keystone.server.flask.application __ret_val = __f(*args, **kwargs)
Aug 08 16:42:28.732577 dv-cinder-852211-4-smb devstack@keystone.service[80307]: ERROR keystone.server.flask.application
File "/usr/local/lib/python3.8/dist-packages/decorator.py", line 232, in fun
Aug 08 16:42:28.732577 dv-cinder-852211-4-smb devstack@keystone.service[80307]: ERROR keystone.server.flask.application return caller(func, *(extras + args), **kw)
Aug 08 16:42:28.732577 dv-cinder-852211-4-smb devstack@keystone.service[80307]: ERROR keystone.server.flask.application
File "/usr/local/lib/python3.8/dist-packages/dogpile/cache/region.py", line 1577, in get_or_create_for_user_func
Aug 08 16:42:28.732577 dv-cinder-852211-4-smb devstack@keystone.service[80307]: ERROR keystone.server.flask.application return self.get_or_create(
Aug 08 16:42:28.732577 dv-cinder-852211-4-smb devstack@keystone.service[80307]: ERROR keystone.server.flask.application
File "/usr/local/lib/python3.8/dist-packages/dogpile/cache/region.py", line 1042, in get_or_create
Aug 08 16:42:28.732577 dv-cinder-852211-4-smb devstack@keystone.service[80307]: ERROR keystone.server.flask.application with Lock(
Aug 08 16:42:28.732577 dv-cinder-852211-4-smb devstack@keystone.service[80307]: ERROR keystone.server.flask.application
File "/usr/local/lib/python3.8/dist-packages/dogpile/lock.py", line 185, in __enter__
Aug 08 16:42:28.732577 dv-cinder-852211-4-smb devstack@keystone.service[80307]: ERROR keystone.server.flask.application return self._enter()
Aug 08 16:42:28.732577 dv-cinder-852211-4-smb devstack@keystone.service[80307]: ERROR keystone.server.flask.application
File "/usr/local/lib/python3.8/dist-packages/dogpile/lock.py", line 94, in _enter
Aug 08 16:42:28.732577 dv-cinder-852211-4-smb devstack@keystone.service[80307]: ERROR keystone.server.flask.application generated = self._enter_create(value, createdtime)
Aug 08 16:42:28.733383 dv-cinder-852211-4-smb devstack@keystone.service[80307]: ERROR keystone.server.flask.application
File "/usr/local/lib/python3.8/dist-packages/dogpile/lock.py", line 178, in _enter_create
Aug 08 16:42:28.733383 dv-cinder-852211-4-smb devstack@keystone.service[80307]: ERROR keystone.server.flask.application return self.creator()
Aug 08 16:42:28.733383 dv-cinder-852211-4-smb devstack@keystone.service[80307]: ERROR keystone.server.flask.application
File "/usr/local/lib/python3.8/dist-packages/dogpile/cache/region.py", line 995, in gen_value
Aug 08 16:42:28.733383 dv-cinder-852211-4-smb devstack@keystone.service[80307]: ERROR keystone.server.flask.application created_value = creator(
Aug 08 16:42:28.733383 dv-cinder-852211-4-smb devstack@keystone.service[80307]: ERROR keystone.server.flask.application
File "/opt/stack/keystone/keystone/assignment/core.py", line 1276, in get_role
Aug 08 16:42:28.733383 dv-cinder-852211-4-smb devstack@keystone.service[80307]: ERROR keystone.server.flask.application return self.driver.get_role(role_id)
Aug 08 16:42:28.733383 dv-cinder-852211-4-smb devstack@keystone.service[80307]: ERROR keystone.server.flask.application
File "/opt/stack/keystone/keystone/assignment/role_backends/sql.py", line 70, in get_role
Aug 08 16:42:28.733383 dv-cinder-852211-4-smb devstack@keystone.service[80307]: ERROR keystone.server.flask.application return self._get_role(session, role_id).to_dict()
Aug 08 16:42:28.733383 dv-cinder-852211-4-smb devstack@keystone.service[80307]: ERROR keystone.server.flask.application
File "/opt/stack/keystone/keystone/assignment/role_backends/sql.py", line 65, in _get_role
Aug 08 16:42:28.733383 dv-cinder-852211-4-smb devstack@keystone.service[80307]: ERROR keystone.server.flask.application raise exception.RoleNotFound(role_id=role_id)
Aug 08 16:42:28.733383 dv-cinder-852211-4-smb devstack@keystone.service[80307]: ERROR keystone.server.flask.application keystone.exception.RoleNotFound: Could not find role: member.
Aug 08 16:42:28.733383 dv-cinder-852211-4-smb devstack@keystone.service[80307]: ERROR keystone.server.flask.application
Aug 08 16:42:28.735363 dv-cinder-852211-4-smb devstack@keystone.service[80307]: [pid: 80307|app: 0|req: 139/272] 10.222.0.59 () {56 vars in 1099 bytes} [Mon Aug 8 16:42:28 2022] GET /identity/v3/roles/member => generated 84 bytes in 198 msecs (HTTP/1.1 404) 5 headers in 183 bytes (1 switches on core 0)
Aug 08 16:42:28.736594 dv-cinder-852211-4-smb devstack@keystone.service[80307]: DEBUG keystone.server.flask.request_processing.middleware.auth_context [None req-9b7a99a2-7b4f-4352-8634-d24a3c28114c None admin] Authenticating user token {{(pid=80307) process_request /usr/local/lib/python3.8/dist-packages/keystonemiddleware/auth_token/__init__.py:407}}
Aug 08 16:42:28.741681 dv-cinder-852211-4-smb devstack@keystone.service[80308]: [pid: 80308|app: 0|req: 134/273] 10.222.0.59 () {58 vars in 1024 bytes} [Mon Aug 8 16:42:28 2022] POST /identity/v3/auth/tokens => generated 799 bytes in 125 msecs (HTTP/1.1 201) 6 headers in 363 bytes (1 switches on core 0)
Aug 08 16:42:28.743657 dv-cinder-852211-4-smb devstack@keystone.service[80308]: DEBUG keystone.server.flask.request_processing.middleware.auth_context [None req-ceb907c8-8b53-4cc4-95ba-bc1139d15f1a None None] Authenticating user token {{(pid=80308) process_request /usr/local/lib/python3.8/dist-packages/keystonemiddleware/auth_token/__init__.py:407}}
Aug 08 16:42:28.803558 dv-cinder-852211-4-smb devstack@keystone.service[80308]: DEBUG dbcounter [-] [80308] Writing DB stats keystone:SELECT=100 {{(pid=80308) stat_writer /usr/local/lib/python3.8/dist-packages/dbcounter.py:114}}
Aug 08 16:42:28.827015 dv-cinder-852211-4-smb devstack@keystone.service[80307]: DEBUG dbcounter [-] [80307] Writing DB stats keystone:SELECT=100 {{(pid=80307) stat_writer /usr/local/lib/python3.8/dist-packages/dbcounter.py:114}}
Aug 08 16:42:28.860932 dv-cinder-852211-4-smb devstack@keystone.service[80307]: DEBUG keystone.server.flask.request_processing.middleware.auth_context [None req-9b7a99a2-7b4f-4352-8634-d24a3c28114c None admin] Validating token access rules against request {{(pid=80307) validate_allowed_request /usr/local/lib/python3.8/dist-packages/keystonemiddleware/auth_token/__init__.py:545}}
Aug 08 16:42:28.875233 dv-cinder-852211-4-smb devstack@keystone.service[80308]: DEBUG keystone.server.flask.request_processing.middleware.auth_context [None req-ceb907c8-8b53-4cc4-95ba-bc1139d15f1a None None] Validating token access rules against request {{(pid=80308) validate_allowed_request /usr/local/lib/python3.8/dist-packages/keystonemiddleware/auth_token/__init__.py:545}}
Aug 08 16:42:28.903958 dv-cinder-852211-4-smb devstack@keystone.service[80307]: DEBUG keystone.server.flask.request_processing.middleware.auth_context [None req-59253ab2-c988-4666-ac68-97184db608c9 None admin] RBAC: auth_context: {'token': , 'domain_id': None, 'trust_id': None, 'trustor_id': None, 'trustee_id': None, 'domain_name': None, 'group_ids': [], 'user_id': '6f4490d651d344eabf504c2d03df7a83', 'user_domain_id': 'default', 'system_scope': 'all', 'project_id': None, 'project_domain_id': None, 'roles': ['admin', 'member', 'reader'], 'is_admin_project': True, 'service_user_id': None, 'service_user_domain_id': None, 'service_project_id': None, 'service_project_domain_id': None, 'service_roles': []} {{(pid=80307) fill_context /opt/stack/keystone/keystone/server/flask/request_processing/middleware/auth_context.py:478}}
