Sep 09 12:13:57.747495 dv-cinder-852211-12-smb devstack@c-api.service[113490]: /usr/local/lib/python3.8/dist-packages/oslo_context/context.py:100: DeprecationWarning: Policy enforcement is depending on the value of is_admin. This key is deprecated. Please update your policy file to use the standard policy values.
Sep 09 12:13:57.747495 dv-cinder-852211-12-smb devstack@c-api.service[113490]: warnings.warn('Policy enforcement is depending on the value of '
Sep 09 12:13:57.748531 dv-cinder-852211-12-smb devstack@c-api.service[113490]: INFO cinder.volume.api [None req-0e1d25d9-7e82-4310-9e2e-c02a8995cac4 tempest-SnapshotMetadataTestJSON-1821832762 tempest-SnapshotMetadataTestJSON-1821832762-project] Snapshot retrieved successfully.
Sep 09 12:13:57.793754 dv-cinder-852211-12-smb devstack@c-api.service[113490]: INFO cinder.volume.api [None req-0e1d25d9-7e82-4310-9e2e-c02a8995cac4 tempest-SnapshotMetadataTestJSON-1821832762 tempest-SnapshotMetadataTestJSON-1821832762-project] Update snapshot metadata completed successfully.
Sep 09 12:13:57.794557 dv-cinder-852211-12-smb devstack@c-api.service[113490]: INFO cinder.api.openstack.wsgi [None req-0e1d25d9-7e82-4310-9e2e-c02a8995cac4 tempest-SnapshotMetadataTestJSON-1821832762 tempest-SnapshotMetadataTestJSON-1821832762-project] http://10.222.0.44/volume/v3/9ba26552c3484a08aa5a5aad8396e228/snapshots/d3b987de-dd9c-436f-8513-c19ea9aded4d/metadata returned with HTTP 200
Sep 09 12:13:57.795609 dv-cinder-852211-12-smb devstack@c-api.service[113490]: [pid: 113490|app: 0|req: 159/322] 10.222.0.44 () {60 vars in 1378 bytes} [Fri Sep 9 12:13:57 2022] PUT /volume/v3/9ba26552c3484a08aa5a5aad8396e228/snapshots/d3b987de-dd9c-436f-8513-c19ea9aded4d/metadata => generated 16 bytes in 95 msecs (HTTP/1.1 200) 7 headers in 284 bytes (1 switches on core 0)
Sep 09 12:13:57.810377 dv-cinder-852211-12-smb devstack@c-api.service[113490]: DEBUG cinder.api.middleware.request_id [None req-fdf0035f-0d9c-43de-955e-9177bf62900b None None] RequestId filter calling following filter/app {{(pid=113490) _context_setter /opt/stack/cinder/cinder/api/middleware/request_id.py:62}}
Sep 09 12:13:57.814510 dv-cinder-852211-12-smb devstack@c-api.service[113490]: INFO cinder.api.openstack.wsgi [None req-fdf0035f-0d9c-43de-955e-9177bf62900b tempest-SnapshotMetadataTestJSON-1821832762 tempest-SnapshotMetadataTestJSON-1821832762-project] POST http://10.222.0.44/volume/v3/9ba26552c3484a08aa5a5aad8396e228/snapshots/d3b987de-dd9c-436f-8513-c19ea9aded4d/metadata
Sep 09 12:13:57.815429 dv-cinder-852211-12-smb devstack@c-api.service[113490]: DEBUG cinder.api.openstack.wsgi [None req-fdf0035f-0d9c-43de-955e-9177bf62900b tempest-SnapshotMetadataTestJSON-1821832762 tempest-SnapshotMetadataTestJSON-1821832762-project] Action: 'create', calling method: create, body: {"metadata": {"key1": "value1", "key2": "value2", "key3": "value3"}} {{(pid=113490) _process_stack /opt/stack/cinder/cinder/api/openstack/wsgi.py:866}}
Sep 09 12:13:57.848114 dv-cinder-852211-12-smb devstack@c-api.service[113490]: /usr/local/lib/python3.8/dist-packages/oslo_context/context.py:100: DeprecationWarning: Policy enforcement is depending on the value of is_admin. This key is deprecated. Please update your policy file to use the standard policy values.
Sep 09 12:13:57.848114 dv-cinder-852211-12-smb devstack@c-api.service[113490]: warnings.warn('Policy enforcement is depending on the value of '
Sep 09 12:13:57.849199 dv-cinder-852211-12-smb devstack@c-api.service[113490]: INFO cinder.volume.api [None req-fdf0035f-0d9c-43de-955e-9177bf62900b tempest-SnapshotMetadataTestJSON-1821832762 tempest-SnapshotMetadataTestJSON-1821832762-project] Snapshot retrieved successfully.
Sep 09 12:13:57.899132 dv-cinder-852211-12-smb devstack@c-api.service[113489]: INFO cinder.api.openstack.wsgi [req-c9379908-67b0-453e-83e9-e87560b038ee req-fb580abd-2ac5-4524-8045-2b896d696301 tempest-DeleteServersTestJSON-1182638411 tempest-DeleteServersTestJSON-1182638411-project] http://10.222.0.44/volume/v3/e3bbb3b19a0e4631993dbdfa094ea3ce/attachments returned with HTTP 200
Sep 09 12:13:57.901340 dv-cinder-852211-12-smb devstack@c-api.service[113489]: [pid: 113489|app: 0|req: 164/323] 10.222.0.44 () {66 vars in 1574 bytes} [Fri Sep 9 12:13:57 2022] POST /volume/v3/e3bbb3b19a0e4631993dbdfa094ea3ce/attachments => generated 273 bytes in 378 msecs (HTTP/1.1 200) 7 headers in 286 bytes (2 switches on core 0)
Sep 09 12:13:57.942776 dv-cinder-852211-12-smb devstack@c-api.service[113490]: INFO cinder.volume.api [None req-fdf0035f-0d9c-43de-955e-9177bf62900b tempest-SnapshotMetadataTestJSON-1821832762 tempest-SnapshotMetadataTestJSON-1821832762-project] Update snapshot metadata completed successfully.
Sep 09 12:13:57.943369 dv-cinder-852211-12-smb devstack@c-api.service[113490]: INFO cinder.api.openstack.wsgi [None req-fdf0035f-0d9c-43de-955e-9177bf62900b tempest-SnapshotMetadataTestJSON-1821832762 tempest-SnapshotMetadataTestJSON-1821832762-project] http://10.222.0.44/volume/v3/9ba26552c3484a08aa5a5aad8396e228/snapshots/d3b987de-dd9c-436f-8513-c19ea9aded4d/metadata returned with HTTP 200
Sep 09 12:13:57.946370 dv-cinder-852211-12-smb devstack@c-api.service[113490]: [pid: 113490|app: 0|req: 160/324] 10.222.0.44 () {60 vars in 1379 bytes} [Fri Sep 9 12:13:57 2022] POST /volume/v3/9ba26552c3484a08aa5a5aad8396e228/snapshots/d3b987de-dd9c-436f-8513-c19ea9aded4d/metadata => generated 68 bytes in 137 msecs (HTTP/1.1 200) 7 headers in 284 bytes (1 switches on core 0)
Sep 09 12:13:57.960012 dv-cinder-852211-12-smb devstack@c-api.service[113489]: DEBUG cinder.api.middleware.request_id [None req-d86e5a55-53cf-4c36-9cdc-bca1e8f600b7 None None] RequestId filter calling following filter/app {{(pid=113489) _context_setter /opt/stack/cinder/cinder/api/middleware/request_id.py:62}}
Sep 09 12:13:57.968431 dv-cinder-852211-12-smb devstack@c-api.service[113489]: INFO cinder.api.openstack.wsgi [None req-d86e5a55-53cf-4c36-9cdc-bca1e8f600b7 tempest-SnapshotMetadataTestJSON-1821832762 tempest-SnapshotMetadataTestJSON-1821832762-project] GET http://10.222.0.44/volume/v3/9ba26552c3484a08aa5a5aad8396e228/snapshots/d3b987de-dd9c-436f-8513-c19ea9aded4d/metadata
Sep 09 12:13:57.969529 dv-cinder-852211-12-smb devstack@c-api.service[113489]: DEBUG cinder.api.openstack.wsgi [None req-d86e5a55-53cf-4c36-9cdc-bca1e8f600b7 tempest-SnapshotMetadataTestJSON-1821832762 tempest-SnapshotMetadataTestJSON-1821832762-project] Empty body provided in request {{(pid=113489) get_body /opt/stack/cinder/cinder/api/openstack/wsgi.py:715}}
Sep 09 12:13:57.970434 dv-cinder-852211-12-smb devstack@c-api.service[113489]: DEBUG cinder.api.openstack.wsgi [None req-d86e5a55-53cf-4c36-9cdc-bca1e8f600b7 tempest-SnapshotMetadataTestJSON-1821832762 tempest-SnapshotMetadataTestJSON-1821832762-project] Calling method 'index' {{(pid=113489) _process_stack /opt/stack/cinder/cinder/api/openstack/wsgi.py:868}}
Sep 09 12:13:57.997451 dv-cinder-852211-12-smb devstack@c-api.service[113489]: /usr/local/lib/python3.8/dist-packages/oslo_context/context.py:100: DeprecationWarning: Policy enforcement is depending on the value of is_admin. This key is deprecated. Please update your policy file to use the standard policy values.
Sep 09 12:13:57.997451 dv-cinder-852211-12-smb devstack@c-api.service[113489]: warnings.warn('Policy enforcement is depending on the value of '
Sep 09 12:13:58.001746 dv-cinder-852211-12-smb devstack@c-api.service[113489]: INFO cinder.volume.api [None req-d86e5a55-53cf-4c36-9cdc-bca1e8f600b7 tempest-SnapshotMetadataTestJSON-1821832762 tempest-SnapshotMetadataTestJSON-1821832762-project] Snapshot retrieved successfully.
Sep 09 12:13:58.017336 dv-cinder-852211-12-smb devstack@c-api.service[113489]: INFO cinder.volume.api [None req-d86e5a55-53cf-4c36-9cdc-bca1e8f600b7 tempest-SnapshotMetadataTestJSON-1821832762 tempest-SnapshotMetadataTestJSON-1821832762-project] Get snapshot metadata completed successfully.
Sep 09 12:13:58.022148 dv-cinder-852211-12-smb devstack@c-api.service[113489]: INFO cinder.api.openstack.wsgi [None req-d86e5a55-53cf-4c36-9cdc-bca1e8f600b7 tempest-SnapshotMetadataTestJSON-1821832762 tempest-SnapshotMetadataTestJSON-1821832762-project] http://10.222.0.44/volume/v3/9ba26552c3484a08aa5a5aad8396e228/snapshots/d3b987de-dd9c-436f-8513-c19ea9aded4d/metadata returned with HTTP 200
Sep 09 12:13:58.023446 dv-cinder-852211-12-smb devstack@c-api.service[113489]: [pid: 113489|app: 0|req: 165/325] 10.222.0.44 () {58 vars in 1358 bytes} [Fri Sep 9 12:13:57 2022] GET /volume/v3/9ba26552c3484a08aa5a5aad8396e228/snapshots/d3b987de-dd9c-436f-8513-c19ea9aded4d/metadata => generated 68 bytes in 66 msecs (HTTP/1.1 200) 7 headers in 284 bytes (1 switches on core 0)
Sep 09 12:13:58.033287 dv-cinder-852211-12-smb devstack@c-api.service[113490]: DEBUG cinder.api.middleware.request_id [None req-d1d5d645-7090-4710-9714-6d8b907f5bae None None] RequestId filter calling following filter/app {{(pid=113490) _context_setter /opt/stack/cinder/cinder/api/middleware/request_id.py:62}}
Sep 09 12:13:58.037398 dv-cinder-852211-12-smb devstack@c-api.service[113490]: INFO cinder.api.openstack.wsgi [None req-d1d5d645-7090-4710-9714-6d8b907f5bae tempest-DeleteServersTestJSON-1182638411 tempest-DeleteServersTestJSON-1182638411-project] GET http://10.222.0.44/volume/v3/e3bbb3b19a0e4631993dbdfa094ea3ce/volumes/75d5c24b-5a59-4832-94a1-371a10c7dba1
Sep 09 12:13:58.037872 dv-cinder-852211-12-smb devstack@c-api.service[113490]: DEBUG cinder.api.openstack.wsgi [None req-d1d5d645-7090-4710-9714-6d8b907f5bae tempest-DeleteServersTestJSON-1182638411 tempest-DeleteServersTestJSON-1182638411-project] Empty body provided in request {{(pid=113490) get_body /opt/stack/cinder/cinder/api/openstack/wsgi.py:715}}
Sep 09 12:13:58.038334 dv-cinder-852211-12-smb devstack@c-api.service[113490]: DEBUG cinder.api.openstack.wsgi [None req-d1d5d645-7090-4710-9714-6d8b907f5bae tempest-DeleteServersTestJSON-1182638411 tempest-DeleteServersTestJSON-1182638411-project] Calling method 'show' {{(pid=113490) _process_stack /opt/stack/cinder/cinder/api/openstack/wsgi.py:868}}
Sep 09 12:13:58.051115 dv-cinder-852211-12-smb devstack@c-api.service[113489]: DEBUG cinder.api.middleware.request_id [None req-893e25b6-d315-4a8b-8c45-a39b31119695 None None] RequestId filter calling following filter/app {{(pid=113489) _context_setter /opt/stack/cinder/cinder/api/middleware/request_id.py:62}}
Sep 09 12:13:58.057436 dv-cinder-852211-12-smb devstack@c-api.service[113489]: INFO cinder.api.openstack.wsgi [None req-893e25b6-d315-4a8b-8c45-a39b31119695 tempest-SnapshotMetadataTestJSON-1821832762 tempest-SnapshotMetadataTestJSON-1821832762-project] PUT http://10.222.0.44/volume/v3/9ba26552c3484a08aa5a5aad8396e228/snapshots/d3b987de-dd9c-436f-8513-c19ea9aded4d/metadata/key3
Sep 09 12:13:58.058487 dv-cinder-852211-12-smb devstack@c-api.service[113489]: DEBUG cinder.api.openstack.wsgi [None req-893e25b6-d315-4a8b-8c45-a39b31119695 tempest-SnapshotMetadataTestJSON-1821832762 tempest-SnapshotMetadataTestJSON-1821832762-project] Action: 'update', calling method: update, body: {"meta": {"key3": "value3_update"}} {{(pid=113489) _process_stack /opt/stack/cinder/cinder/api/openstack/wsgi.py:866}}
Sep 09 12:13:58.093234 dv-cinder-852211-12-smb devstack@c-api.service[113489]: /usr/local/lib/python3.8/dist-packages/oslo_context/context.py:100: DeprecationWarning: Policy enforcement is depending on the value of is_admin. This key is deprecated. Please update your policy file to use the standard policy values.
Sep 09 12:13:58.093234 dv-cinder-852211-12-smb devstack@c-api.service[113489]: warnings.warn('Policy enforcement is depending on the value of '
Sep 09 12:13:58.095235 dv-cinder-852211-12-smb devstack@c-api.service[113489]: INFO cinder.volume.api [None req-893e25b6-d315-4a8b-8c45-a39b31119695 tempest-SnapshotMetadataTestJSON-1821832762 tempest-SnapshotMetadataTestJSON-1821832762-project] Snapshot retrieved successfully.
Sep 09 12:13:58.099427 dv-cinder-852211-12-smb devstack@c-api.service[113490]: /usr/local/lib/python3.8/dist-packages/oslo_context/context.py:100: DeprecationWarning: Policy enforcement is depending on the value of is_admin. This key is deprecated. Please update your policy file to use the standard policy values.
Sep 09 12:13:58.099427 dv-cinder-852211-12-smb devstack@c-api.service[113490]: warnings.warn('Policy enforcement is depending on the value of '
Sep 09 12:13:58.118343 dv-cinder-852211-12-smb devstack@c-api.service[113490]: INFO cinder.volume.api [None req-d1d5d645-7090-4710-9714-6d8b907f5bae tempest-DeleteServersTestJSON-1182638411 tempest-DeleteServersTestJSON-1182638411-project] Volume info retrieved successfully.
Sep 09 12:13:58.149339 dv-cinder-852211-12-smb devstack@c-api.service[113490]: INFO cinder.api.openstack.wsgi [None req-d1d5d645-7090-4710-9714-6d8b907f5bae tempest-DeleteServersTestJSON-1182638411 tempest-DeleteServersTestJSON-1182638411-project] http://10.222.0.44/volume/v3/e3bbb3b19a0e4631993dbdfa094ea3ce/volumes/75d5c24b-5a59-4832-94a1-371a10c7dba1 returned with HTTP 200
Sep 09 12:13:58.150666 dv-cinder-852211-12-smb devstack@c-api.service[113490]: [pid: 113490|app: 0|req: 161/326] 10.222.0.44 () {58 vars in 1325 bytes} [Fri Sep 9 12:13:58 2022] GET /volume/v3/e3bbb3b19a0e4631993dbdfa094ea3ce/volumes/75d5c24b-5a59-4832-94a1-371a10c7dba1 => generated 913 bytes in 118 msecs (HTTP/1.1 200) 7 headers in 285 bytes (1 switches on core 0)
Sep 09 12:13:58.197331 dv-cinder-852211-12-smb devstack@c-api.service[113490]: DEBUG cinder.api.middleware.request_id [None req-9382c9ef-eb98-4e66-9b32-96c59161d959 None None] RequestId filter calling following filter/app {{(pid=113490) _context_setter /opt/stack/cinder/cinder/api/middleware/request_id.py:62}}
Sep 09 12:13:58.198900 dv-cinder-852211-12-smb devstack@c-api.service[113490]: INFO cinder.api.openstack.wsgi [None req-9382c9ef-eb98-4e66-9b32-96c59161d959 None None] GET http://10.222.0.44/volume//
Sep 09 12:13:58.199388 dv-cinder-852211-12-smb devstack@c-api.service[113490]: DEBUG cinder.api.openstack.wsgi [None req-9382c9ef-eb98-4e66-9b32-96c59161d959 None None] Empty body provided in request {{(pid=113490) get_body /opt/stack/cinder/cinder/api/openstack/wsgi.py:715}}
Sep 09 12:13:58.199896 dv-cinder-852211-12-smb devstack@c-api.service[113490]: DEBUG cinder.api.openstack.wsgi [None req-9382c9ef-eb98-4e66-9b32-96c59161d959 None None] Calling method 'all' {{(pid=113490) _process_stack /opt/stack/cinder/cinder/api/openstack/wsgi.py:868}}
Sep 09 12:13:58.201429 dv-cinder-852211-12-smb devstack@c-api.service[113490]: INFO cinder.api.openstack.wsgi [None req-9382c9ef-eb98-4e66-9b32-96c59161d959 None None] http://10.222.0.44/volume// returned with HTTP 300
Sep 09 12:13:58.202531 dv-cinder-852211-12-smb devstack@c-api.service[113490]: [pid: 113490|app: 0|req: 162/327] 10.222.0.70 () {56 vars in 1098 bytes} [Fri Sep 9 12:13:58 2022] GET /volume/ => generated 386 bytes in 6 msecs (HTTP/1.1 300) 7 headers in 299 bytes (1 switches on core 0)
Sep 09 12:13:58.241775 dv-cinder-852211-12-smb devstack@c-api.service[113489]: INFO cinder.volume.api [None req-893e25b6-d315-4a8b-8c45-a39b31119695 tempest-SnapshotMetadataTestJSON-1821832762 tempest-SnapshotMetadataTestJSON-1821832762-project] Update snapshot metadata completed successfully.
Sep 09 12:13:58.244543 dv-cinder-852211-12-smb devstack@c-api.service[113489]: INFO cinder.api.openstack.wsgi [None req-893e25b6-d315-4a8b-8c45-a39b31119695 tempest-SnapshotMetadataTestJSON-1821832762 tempest-SnapshotMetadataTestJSON-1821832762-project] http://10.222.0.44/volume/v3/9ba26552c3484a08aa5a5aad8396e228/snapshots/d3b987de-dd9c-436f-8513-c19ea9aded4d/metadata/key3 returned with HTTP 200
Sep 09 12:13:58.251998 dv-cinder-852211-12-smb devstack@c-api.service[113490]: DEBUG cinder.api.middleware.request_id [req-c9379908-67b0-453e-83e9-e87560b038ee req-f03a4a91-01df-43fa-9215-1003b2cc43bb None None] RequestId filter calling following filter/app {{(pid=113490) _context_setter /opt/stack/cinder/cinder/api/middleware/request_id.py:62}}
Sep 09 12:13:58.254412 dv-cinder-852211-12-smb devstack@c-api.service[113489]: [pid: 113489|app: 0|req: 166/328] 10.222.0.44 () {60 vars in 1393 bytes} [Fri Sep 9 12:13:58 2022] PUT /volume/v3/9ba26552c3484a08aa5a5aad8396e228/snapshots/d3b987de-dd9c-436f-8513-c19ea9aded4d/metadata/key3 => generated 35 bytes in 205 msecs (HTTP/1.1 200) 7 headers in 284 bytes (2 switches on core 0)
Sep 09 12:13:58.257167 dv-cinder-852211-12-smb devstack@c-api.service[113490]: INFO cinder.api.openstack.wsgi [req-c9379908-67b0-453e-83e9-e87560b038ee req-f03a4a91-01df-43fa-9215-1003b2cc43bb tempest-DeleteServersTestJSON-1182638411 tempest-DeleteServersTestJSON-1182638411-project] GET http://10.222.0.44/volume/v3/e3bbb3b19a0e4631993dbdfa094ea3ce/volumes/75d5c24b-5a59-4832-94a1-371a10c7dba1
Sep 09 12:13:58.257666 dv-cinder-852211-12-smb devstack@c-api.service[113490]: DEBUG cinder.api.openstack.wsgi [req-c9379908-67b0-453e-83e9-e87560b038ee req-f03a4a91-01df-43fa-9215-1003b2cc43bb tempest-DeleteServersTestJSON-1182638411 tempest-DeleteServersTestJSON-1182638411-project] Empty body provided in request {{(pid=113490) get_body /opt/stack/cinder/cinder/api/openstack/wsgi.py:715}}
Sep 09 12:13:58.258114 dv-cinder-852211-12-smb devstack@c-api.service[113490]: DEBUG cinder.api.openstack.wsgi [req-c9379908-67b0-453e-83e9-e87560b038ee req-f03a4a91-01df-43fa-9215-1003b2cc43bb tempest-DeleteServersTestJSON-1182638411 tempest-DeleteServersTestJSON-1182638411-project] Calling method 'show' {{(pid=113490) _process_stack /opt/stack/cinder/cinder/api/openstack/wsgi.py:868}}
Sep 09 12:13:58.258502 dv-cinder-852211-12-smb devstack@c-api.service[113489]: DEBUG cinder.api.middleware.request_id [None req-35b3fb99-3ad7-4ada-85f5-5ef694d360bc None None] RequestId filter calling following filter/app {{(pid=113489) _context_setter /opt/stack/cinder/cinder/api/middleware/request_id.py:62}}
Sep 09 12:13:58.267750 dv-cinder-852211-12-smb devstack@c-api.service[113489]: INFO cinder.api.openstack.wsgi [None req-35b3fb99-3ad7-4ada-85f5-5ef694d360bc tempest-SnapshotMetadataTestJSON-1821832762 tempest-SnapshotMetadataTestJSON-1821832762-project] GET http://10.222.0.44/volume/v3/9ba26552c3484a08aa5a5aad8396e228/snapshots/d3b987de-dd9c-436f-8513-c19ea9aded4d/metadata/key3
Sep 09 12:13:58.269285 dv-cinder-852211-12-smb devstack@c-api.service[113489]: DEBUG cinder.api.openstack.wsgi [None req-35b3fb99-3ad7-4ada-85f5-5ef694d360bc tempest-SnapshotMetadataTestJSON-1821832762 tempest-SnapshotMetadataTestJSON-1821832762-project] Empty body provided in request {{(pid=113489) get_body /opt/stack/cinder/cinder/api/openstack/wsgi.py:715}}
Sep 09 12:13:58.270348 dv-cinder-852211-12-smb devstack@c-api.service[113489]: DEBUG cinder.api.openstack.wsgi [None req-35b3fb99-3ad7-4ada-85f5-5ef694d360bc tempest-SnapshotMetadataTestJSON-1821832762 tempest-SnapshotMetadataTestJSON-1821832762-project] Calling method 'show' {{(pid=113489) _process_stack /opt/stack/cinder/cinder/api/openstack/wsgi.py:868}}
Sep 09 12:13:58.301101 dv-cinder-852211-12-smb devstack@c-api.service[113489]: /usr/local/lib/python3.8/dist-packages/oslo_context/context.py:100: DeprecationWarning: Policy enforcement is depending on the value of is_admin. This key is deprecated. Please update your policy file to use the standard policy values.
Sep 09 12:13:58.301101 dv-cinder-852211-12-smb devstack@c-api.service[113489]: warnings.warn('Policy enforcement is depending on the value of '
Sep 09 12:13:58.303296 dv-cinder-852211-12-smb devstack@c-api.service[113489]: INFO cinder.volume.api [None req-35b3fb99-3ad7-4ada-85f5-5ef694d360bc tempest-SnapshotMetadataTestJSON-1821832762 tempest-SnapshotMetadataTestJSON-1821832762-project] Snapshot retrieved successfully.
Sep 09 12:13:58.307422 dv-cinder-852211-12-smb devstack@c-api.service[113489]: INFO cinder.volume.api [None req-35b3fb99-3ad7-4ada-85f5-5ef694d360bc tempest-SnapshotMetadataTestJSON-1821832762 tempest-SnapshotMetadataTestJSON-1821832762-project] Get snapshot metadata completed successfully.
Sep 09 12:13:58.308683 dv-cinder-852211-12-smb devstack@c-api.service[113489]: INFO cinder.api.openstack.wsgi [None req-35b3fb99-3ad7-4ada-85f5-5ef694d360bc tempest-SnapshotMetadataTestJSON-1821832762 tempest-SnapshotMetadataTestJSON-1821832762-project] http://10.222.0.44/volume/v3/9ba26552c3484a08aa5a5aad8396e228/snapshots/d3b987de-dd9c-436f-8513-c19ea9aded4d/metadata/key3 returned with HTTP 200
Sep 09 12:13:58.317280 dv-cinder-852211-12-smb devstack@c-api.service[113489]: [pid: 113489|app: 0|req: 167/329] 10.222.0.44 () {58 vars in 1373 bytes} [Fri Sep 9 12:13:58 2022] GET /volume/v3/9ba26552c3484a08aa5a5aad8396e228/snapshots/d3b987de-dd9c-436f-8513-c19ea9aded4d/metadata/key3 => generated 35 bytes in 55 msecs (HTTP/1.1 200) 7 headers in 284 bytes (1 switches on core 0)
Sep 09 12:13:58.318616 dv-cinder-852211-12-smb devstack@c-api.service[113490]: /usr/local/lib/python3.8/dist-packages/oslo_context/context.py:100: DeprecationWarning: Policy enforcement is depending on the value of is_admin. This key is deprecated. Please update your policy file to use the standard policy values.
Sep 09 12:13:58.318616 dv-cinder-852211-12-smb devstack@c-api.service[113490]: warnings.warn('Policy enforcement is depending on the value of '
Sep 09 12:13:58.322298 dv-cinder-852211-12-smb devstack@c-api.service[113489]: DEBUG cinder.api.middleware.request_id [None req-bcd8692a-60c3-4d4b-9239-4e65bfd49e7d None None] RequestId filter calling following filter/app {{(pid=113489) _context_setter /opt/stack/cinder/cinder/api/middleware/request_id.py:62}}
Sep 09 12:13:58.332377 dv-cinder-852211-12-smb devstack@c-api.service[113489]: INFO cinder.api.openstack.wsgi [None req-bcd8692a-60c3-4d4b-9239-4e65bfd49e7d tempest-SnapshotMetadataTestJSON-1821832762 tempest-SnapshotMetadataTestJSON-1821832762-project] GET http://10.222.0.44/volume/v3/9ba26552c3484a08aa5a5aad8396e228/snapshots/d3b987de-dd9c-436f-8513-c19ea9aded4d/metadata
Sep 09 12:13:58.333544 dv-cinder-852211-12-smb devstack@c-api.service[113489]: DEBUG cinder.api.openstack.wsgi [None req-bcd8692a-60c3-4d4b-9239-4e65bfd49e7d tempest-SnapshotMetadataTestJSON-1821832762 tempest-SnapshotMetadataTestJSON-1821832762-project] Empty body provided in request {{(pid=113489) get_body /opt/stack/cinder/cinder/api/openstack/wsgi.py:715}}
Sep 09 12:13:58.334838 dv-cinder-852211-12-smb devstack@c-api.service[113489]: DEBUG cinder.api.openstack.wsgi [None req-bcd8692a-60c3-4d4b-9239-4e65bfd49e7d tempest-SnapshotMetadataTestJSON-1821832762 tempest-SnapshotMetadataTestJSON-1821832762-project] Calling method 'index' {{(pid=113489) _process_stack /opt/stack/cinder/cinder/api/openstack/wsgi.py:868}}
Sep 09 12:13:58.341218 dv-cinder-852211-12-smb devstack@c-api.service[113490]: INFO cinder.volume.api [req-c9379908-67b0-453e-83e9-e87560b038ee req-f03a4a91-01df-43fa-9215-1003b2cc43bb tempest-DeleteServersTestJSON-1182638411 tempest-DeleteServersTestJSON-1182638411-project] Volume info retrieved successfully.
Sep 09 12:13:58.368876 dv-cinder-852211-12-smb devstack@c-api.service[113490]: INFO cinder.api.openstack.wsgi [req-c9379908-67b0-453e-83e9-e87560b038ee req-f03a4a91-01df-43fa-9215-1003b2cc43bb tempest-DeleteServersTestJSON-1182638411 tempest-DeleteServersTestJSON-1182638411-project] http://10.222.0.44/volume/v3/e3bbb3b19a0e4631993dbdfa094ea3ce/volumes/75d5c24b-5a59-4832-94a1-371a10c7dba1 returned with HTTP 200
Sep 09 12:13:58.372370 dv-cinder-852211-12-smb devstack@c-api.service[113490]: [pid: 113490|app: 0|req: 163/330] 10.222.0.70 () {60 vars in 1412 bytes} [Fri Sep 9 12:13:58 2022] GET /volume/v3/e3bbb3b19a0e4631993dbdfa094ea3ce/volumes/75d5c24b-5a59-4832-94a1-371a10c7dba1 => generated 1012 bytes in 121 msecs (HTTP/1.1 200) 7 headers in 287 bytes (2 switches on core 0)
Sep 09 12:13:58.377257 dv-cinder-852211-12-smb devstack@c-api.service[113489]: /usr/local/lib/python3.8/dist-packages/oslo_context/context.py:100: DeprecationWarning: Policy enforcement is depending on the value of is_admin. This key is deprecated. Please update your policy file to use the standard policy values.
Sep 09 12:13:58.377257 dv-cinder-852211-12-smb devstack@c-api.service[113489]: warnings.warn('Policy enforcement is depending on the value of '
Sep 09 12:13:58.386023 dv-cinder-852211-12-smb devstack@c-api.service[113489]: INFO cinder.volume.api [None req-bcd8692a-60c3-4d4b-9239-4e65bfd49e7d tempest-SnapshotMetadataTestJSON-1821832762 tempest-SnapshotMetadataTestJSON-1821832762-project] Snapshot retrieved successfully.
Sep 09 12:13:58.398097 dv-cinder-852211-12-smb devstack@c-api.service[113489]: INFO cinder.volume.api [None req-bcd8692a-60c3-4d4b-9239-4e65bfd49e7d tempest-SnapshotMetadataTestJSON-1821832762 tempest-SnapshotMetadataTestJSON-1821832762-project] Get snapshot metadata completed successfully.
Sep 09 12:13:58.399340 dv-cinder-852211-12-smb devstack@c-api.service[113489]: INFO cinder.api.openstack.wsgi [None req-bcd8692a-60c3-4d4b-9239-4e65bfd49e7d tempest-SnapshotMetadataTestJSON-1821832762 tempest-SnapshotMetadataTestJSON-1821832762-project] http://10.222.0.44/volume/v3/9ba26552c3484a08aa5a5aad8396e228/snapshots/d3b987de-dd9c-436f-8513-c19ea9aded4d/metadata returned with HTTP 200
Sep 09 12:13:58.402284 dv-cinder-852211-12-smb devstack@c-api.service[113489]: [pid: 113489|app: 0|req: 168/331] 10.222.0.44 () {58 vars in 1358 bytes} [Fri Sep 9 12:13:58 2022] GET /volume/v3/9ba26552c3484a08aa5a5aad8396e228/snapshots/d3b987de-dd9c-436f-8513-c19ea9aded4d/metadata => generated 75 bytes in 83 msecs (HTTP/1.1 200) 7 headers in 284 bytes (1 switches on core 0)
Sep 09 12:13:58.412684 dv-cinder-852211-12-smb devstack@c-api.service[113490]: DEBUG cinder.api.middleware.request_id [None req-ce9a0b84-5b59-477b-8c38-831003c08bb9 None None] RequestId filter calling following filter/app {{(pid=113490) _context_setter /opt/stack/cinder/cinder/api/middleware/request_id.py:62}}
Sep 09 12:13:58.416918 dv-cinder-852211-12-smb devstack@c-api.service[113490]: INFO cinder.api.openstack.wsgi [None req-ce9a0b84-5b59-477b-8c38-831003c08bb9 tempest-SnapshotMetadataTestJSON-1821832762 tempest-SnapshotMetadataTestJSON-1821832762-project] PUT http://10.222.0.44/volume/v3/9ba26552c3484a08aa5a5aad8396e228/snapshots/d3b987de-dd9c-436f-8513-c19ea9aded4d/metadata
Sep 09 12:13:58.417640 dv-cinder-852211-12-smb devstack@c-api.service[113490]: DEBUG cinder.api.openstack.wsgi [None req-ce9a0b84-5b59-477b-8c38-831003c08bb9 tempest-SnapshotMetadataTestJSON-1821832762 tempest-SnapshotMetadataTestJSON-1821832762-project] Action: 'update_all', calling method: update_all, body: {"metadata": {}} {{(pid=113490) _process_stack /opt/stack/cinder/cinder/api/openstack/wsgi.py:866}}
Sep 09 12:13:58.437626 dv-cinder-852211-12-smb devstack@c-api.service[113490]: /usr/local/lib/python3.8/dist-packages/oslo_context/context.py:100: DeprecationWarning: Policy enforcement is depending on the value of is_admin. This key is deprecated. Please update your policy file to use the standard policy values.
Sep 09 12:13:58.437626 dv-cinder-852211-12-smb devstack@c-api.service[113490]: warnings.warn('Policy enforcement is depending on the value of '
Sep 09 12:13:58.440972 dv-cinder-852211-12-smb devstack@c-api.service[113490]: INFO cinder.volume.api [None req-ce9a0b84-5b59-477b-8c38-831003c08bb9 tempest-SnapshotMetadataTestJSON-1821832762 tempest-SnapshotMetadataTestJSON-1821832762-project] Snapshot retrieved successfully.
Sep 09 12:13:58.528975 dv-cinder-852211-12-smb devstack@c-api.service[113490]: INFO cinder.volume.api [None req-ce9a0b84-5b59-477b-8c38-831003c08bb9 tempest-SnapshotMetadataTestJSON-1821832762 tempest-SnapshotMetadataTestJSON-1821832762-project] Update snapshot metadata completed successfully.
Sep 09 12:13:58.530534 dv-cinder-852211-12-smb devstack@c-api.service[113490]: INFO cinder.api.openstack.wsgi [None req-ce9a0b84-5b59-477b-8c38-831003c08bb9 tempest-SnapshotMetadataTestJSON-1821832762 tempest-SnapshotMetadataTestJSON-1821832762-project] http://10.222.0.44/volume/v3/9ba26552c3484a08aa5a5aad8396e228/snapshots/d3b987de-dd9c-436f-8513-c19ea9aded4d/metadata returned with HTTP 200
Sep 09 12:13:58.531816 dv-cinder-852211-12-smb devstack@c-api.service[113490]: [pid: 113490|app: 0|req: 164/332] 10.222.0.44 () {60 vars in 1378 bytes} [Fri Sep 9 12:13:58 2022] PUT /volume/v3/9ba26552c3484a08aa5a5aad8396e228/snapshots/d3b987de-dd9c-436f-8513-c19ea9aded4d/metadata => generated 16 bytes in 120 msecs (HTTP/1.1 200) 7 headers in 284 bytes (2 switches on core 0)
Sep 09 12:13:58.548356 dv-cinder-852211-12-smb devstack@c-api.service[113489]: DEBUG cinder.api.middleware.request_id [None req-f803d4e2-e382-474b-8f61-eb3d433bd332 None None] RequestId filter calling following filter/app {{(pid=113489) _context_setter /opt/stack/cinder/cinder/api/middleware/request_id.py:62}}
Sep 09 12:13:58.559831 dv-cinder-852211-12-smb devstack@c-api.service[113489]: INFO cinder.api.openstack.wsgi [None req-f803d4e2-e382-474b-8f61-eb3d433bd332 tempest-SnapshotMetadataTestJSON-1821832762 tempest-SnapshotMetadataTestJSON-1821832762-project] DELETE http://10.222.0.44/volume/v3/9ba26552c3484a08aa5a5aad8396e228/snapshots/d3b987de-dd9c-436f-8513-c19ea9aded4d
Sep 09 12:13:58.560809 dv-cinder-852211-12-smb devstack@c-api.service[113489]: DEBUG cinder.api.openstack.wsgi [None req-f803d4e2-e382-474b-8f61-eb3d433bd332 tempest-SnapshotMetadataTestJSON-1821832762 tempest-SnapshotMetadataTestJSON-1821832762-project] Empty body provided in request {{(pid=113489) get_body /opt/stack/cinder/cinder/api/openstack/wsgi.py:715}}
Sep 09 12:13:58.562271 dv-cinder-852211-12-smb devstack@c-api.service[113489]: DEBUG cinder.api.openstack.wsgi [None req-f803d4e2-e382-474b-8f61-eb3d433bd332 tempest-SnapshotMetadataTestJSON-1821832762 tempest-SnapshotMetadataTestJSON-1821832762-project] Calling method 'delete' {{(pid=113489) _process_stack /opt/stack/cinder/cinder/api/openstack/wsgi.py:868}}
Sep 09 12:13:58.568918 dv-cinder-852211-12-smb devstack@c-api.service[113489]: INFO cinder.api.v2.snapshots [None req-f803d4e2-e382-474b-8f61-eb3d433bd332 tempest-SnapshotMetadataTestJSON-1821832762 tempest-SnapshotMetadataTestJSON-1821832762-project] Delete snapshot with id: d3b987de-dd9c-436f-8513-c19ea9aded4d
Sep 09 12:13:58.620866 dv-cinder-852211-12-smb devstack@c-api.service[113489]: /usr/local/lib/python3.8/dist-packages/oslo_context/context.py:100: DeprecationWarning: Policy enforcement is depending on the value of is_admin. This key is deprecated. Please update your policy file to use the standard policy values.
Sep 09 12:13:58.620866 dv-cinder-852211-12-smb devstack@c-api.service[113489]: warnings.warn('Policy enforcement is depending on the value of '
Sep 09 12:13:58.630796 dv-cinder-852211-12-smb devstack@c-api.service[113489]: INFO cinder.volume.api [None req-f803d4e2-e382-474b-8f61-eb3d433bd332 tempest-SnapshotMetadataTestJSON-1821832762 tempest-SnapshotMetadataTestJSON-1821832762-project] Snapshot retrieved successfully.
Sep 09 12:13:58.721405 dv-cinder-852211-12-smb devstack@c-api.service[113490]: DEBUG cinder.api.middleware.request_id [req-c9379908-67b0-453e-83e9-e87560b038ee req-129f1d27-270f-4ebf-99f7-1209da49d520 None None] RequestId filter calling following filter/app {{(pid=113490) _context_setter /opt/stack/cinder/cinder/api/middleware/request_id.py:62}}
Sep 09 12:13:58.728508 dv-cinder-852211-12-smb devstack@c-api.service[113490]: INFO cinder.api.openstack.wsgi [req-c9379908-67b0-453e-83e9-e87560b038ee req-129f1d27-270f-4ebf-99f7-1209da49d520 tempest-DeleteServersTestJSON-1182638411 tempest-DeleteServersTestJSON-1182638411-project] PUT http://10.222.0.44/volume/v3/e3bbb3b19a0e4631993dbdfa094ea3ce/attachments/07eb0028-cb8c-4e89-88cd-41363e9d74cf
Sep 09 12:13:58.729746 dv-cinder-852211-12-smb devstack@c-api.service[113490]: DEBUG cinder.api.openstack.wsgi [req-c9379908-67b0-453e-83e9-e87560b038ee req-129f1d27-270f-4ebf-99f7-1209da49d520 tempest-DeleteServersTestJSON-1182638411 tempest-DeleteServersTestJSON-1182638411-project] Action: 'update', calling method: version_select, body: {"attachment": {"connector": {"platform": "AMD64", "os_type": "win32", "ip": "10.222.0.70", "host": "hv-cinder-85221", "multipath": false, "initiator": "iqn.1991-05.com.microsoft:hv-cinder-85221", "mountpoint": "/dev/sdb"}}} {{(pid=113490) _process_stack /opt/stack/cinder/cinder/api/openstack/wsgi.py:866}}
Sep 09 12:13:58.740326 dv-cinder-852211-12-smb devstack@c-api.service[113489]: INFO cinder.volume.api [None req-f803d4e2-e382-474b-8f61-eb3d433bd332 tempest-SnapshotMetadataTestJSON-1821832762 tempest-SnapshotMetadataTestJSON-1821832762-project] Snapshot delete request issued successfully.
Sep 09 12:13:58.741328 dv-cinder-852211-12-smb devstack@c-api.service[113489]: INFO cinder.api.openstack.wsgi [None req-f803d4e2-e382-474b-8f61-eb3d433bd332 tempest-SnapshotMetadataTestJSON-1821832762 tempest-SnapshotMetadataTestJSON-1821832762-project] http://10.222.0.44/volume/v3/9ba26552c3484a08aa5a5aad8396e228/snapshots/d3b987de-dd9c-436f-8513-c19ea9aded4d returned with HTTP 202
Sep 09 12:13:58.748224 dv-cinder-852211-12-smb devstack@c-api.service[113489]: [pid: 113489|app: 0|req: 169/333] 10.222.0.44 () {58 vars in 1334 bytes} [Fri Sep 9 12:13:58 2022] DELETE /volume/v3/9ba26552c3484a08aa5a5aad8396e228/snapshots/d3b987de-dd9c-436f-8513-c19ea9aded4d => generated 0 bytes in 199 msecs (HTTP/1.1 202) 6 headers in 233 bytes (2 switches on core 0)
Sep 09 12:13:58.750354 dv-cinder-852211-12-smb devstack@c-api.service[113489]: DEBUG cinder.api.middleware.request_id [None req-4b660c9d-6b8e-4c12-b8a2-8783718836ac None None] RequestId filter calling following filter/app {{(pid=113489) _context_setter /opt/stack/cinder/cinder/api/middleware/request_id.py:62}}
Sep 09 12:13:58.762579 dv-cinder-852211-12-smb devstack@c-api.service[113489]: INFO cinder.api.openstack.wsgi [None req-4b660c9d-6b8e-4c12-b8a2-8783718836ac tempest-SnapshotMetadataTestJSON-1821832762 tempest-SnapshotMetadataTestJSON-1821832762-project] GET http://10.222.0.44/volume/v3/9ba26552c3484a08aa5a5aad8396e228/snapshots/d3b987de-dd9c-436f-8513-c19ea9aded4d
Sep 09 12:13:58.765760 dv-cinder-852211-12-smb devstack@c-api.service[113489]: DEBUG cinder.api.openstack.wsgi [None req-4b660c9d-6b8e-4c12-b8a2-8783718836ac tempest-SnapshotMetadataTestJSON-1821832762 tempest-SnapshotMetadataTestJSON-1821832762-project] Empty body provided in request {{(pid=113489) get_body /opt/stack/cinder/cinder/api/openstack/wsgi.py:715}}
Sep 09 12:13:58.766371 dv-cinder-852211-12-smb devstack@c-api.service[113489]: DEBUG cinder.api.openstack.wsgi [None req-4b660c9d-6b8e-4c12-b8a2-8783718836ac tempest-SnapshotMetadataTestJSON-1821832762 tempest-SnapshotMetadataTestJSON-1821832762-project] Calling method 'show' {{(pid=113489) _process_stack /opt/stack/cinder/cinder/api/openstack/wsgi.py:868}}
Sep 09 12:13:58.789548 dv-cinder-852211-12-smb devstack@c-api.service[113489]: /usr/local/lib/python3.8/dist-packages/oslo_context/context.py:100: DeprecationWarning: Policy enforcement is depending on the value of is_admin. This key is deprecated. Please update your policy file to use the standard policy values.
Sep 09 12:13:58.789548 dv-cinder-852211-12-smb devstack@c-api.service[113489]: warnings.warn('Policy enforcement is depending on the value of '
Sep 09 12:13:58.790312 dv-cinder-852211-12-smb devstack@c-api.service[113490]: DEBUG cinder.coordination [req-c9379908-67b0-453e-83e9-e87560b038ee req-129f1d27-270f-4ebf-99f7-1209da49d520 tempest-DeleteServersTestJSON-1182638411 tempest-DeleteServersTestJSON-1182638411-project] Acquiring lock "cinder-attachment_update-75d5c24b-5a59-4832-94a1-371a10c7dba1-hv-cinder-85221" by "attachment_update" {{(pid=113490) _synchronized /opt/stack/cinder/cinder/coordination.py:192}}
Sep 09 12:13:58.791433 dv-cinder-852211-12-smb devstack@c-api.service[113489]: INFO cinder.volume.api [None req-4b660c9d-6b8e-4c12-b8a2-8783718836ac tempest-SnapshotMetadataTestJSON-1821832762 tempest-SnapshotMetadataTestJSON-1821832762-project] Snapshot retrieved successfully.
Sep 09 12:13:58.799637 dv-cinder-852211-12-smb devstack@c-api.service[113489]: INFO cinder.api.openstack.wsgi [None req-4b660c9d-6b8e-4c12-b8a2-8783718836ac tempest-SnapshotMetadataTestJSON-1821832762 tempest-SnapshotMetadataTestJSON-1821832762-project] http://10.222.0.44/volume/v3/9ba26552c3484a08aa5a5aad8396e228/snapshots/d3b987de-dd9c-436f-8513-c19ea9aded4d returned with HTTP 200
Sep 09 12:13:58.800696 dv-cinder-852211-12-smb devstack@c-api.service[113489]: [pid: 113489|app: 0|req: 170/334] 10.222.0.44 () {58 vars in 1331 bytes} [Fri Sep 9 12:13:58 2022] GET /volume/v3/9ba26552c3484a08aa5a5aad8396e228/snapshots/d3b987de-dd9c-436f-8513-c19ea9aded4d => generated 469 bytes in 52 msecs (HTTP/1.1 200) 7 headers in 285 bytes (1 switches on core 0)
Sep 09 12:13:58.805049 dv-cinder-852211-12-smb devstack@c-api.service[113490]: DEBUG cinder.coordination [req-c9379908-67b0-453e-83e9-e87560b038ee req-129f1d27-270f-4ebf-99f7-1209da49d520 tempest-DeleteServersTestJSON-1182638411 tempest-DeleteServersTestJSON-1182638411-project] Lock "cinder-attachment_update-75d5c24b-5a59-4832-94a1-371a10c7dba1-hv-cinder-85221" acquired by "attachment_update" :: waited 0.015s {{(pid=113490) _synchronized /opt/stack/cinder/cinder/coordination.py:196}}
Sep 09 12:13:58.807862 dv-cinder-852211-12-smb devstack@c-api.service[113490]: /usr/local/lib/python3.8/dist-packages/oslo_context/context.py:100: DeprecationWarning: Policy enforcement is depending on the value of is_admin. This key is deprecated. Please update your policy file to use the standard policy values.
Sep 09 12:13:58.807862 dv-cinder-852211-12-smb devstack@c-api.service[113490]: warnings.warn('Policy enforcement is depending on the value of '
Sep 09 12:13:59.192018 dv-cinder-852211-12-smb devstack@c-api.service[113489]: DEBUG cinder.api.middleware.request_id [None req-99598cc7-3f5c-4c39-81e9-7ec9588168dc None None] RequestId filter calling following filter/app {{(pid=113489) _context_setter /opt/stack/cinder/cinder/api/middleware/request_id.py:62}}
Sep 09 12:13:59.196243 dv-cinder-852211-12-smb devstack@c-api.service[113489]: INFO cinder.api.openstack.wsgi [None req-99598cc7-3f5c-4c39-81e9-7ec9588168dc tempest-DeleteServersTestJSON-1182638411 tempest-DeleteServersTestJSON-1182638411-project] GET http://10.222.0.44/volume/v3/e3bbb3b19a0e4631993dbdfa094ea3ce/volumes/75d5c24b-5a59-4832-94a1-371a10c7dba1
Sep 09 12:13:59.196958 dv-cinder-852211-12-smb devstack@c-api.service[113489]: DEBUG cinder.api.openstack.wsgi [None req-99598cc7-3f5c-4c39-81e9-7ec9588168dc tempest-DeleteServersTestJSON-1182638411 tempest-DeleteServersTestJSON-1182638411-project] Empty body provided in request {{(pid=113489) get_body /opt/stack/cinder/cinder/api/openstack/wsgi.py:715}}
Sep 09 12:13:59.197594 dv-cinder-852211-12-smb devstack@c-api.service[113489]: DEBUG cinder.api.openstack.wsgi [None req-99598cc7-3f5c-4c39-81e9-7ec9588168dc tempest-DeleteServersTestJSON-1182638411 tempest-DeleteServersTestJSON-1182638411-project] Calling method 'show' {{(pid=113489) _process_stack /opt/stack/cinder/cinder/api/openstack/wsgi.py:868}}
Sep 09 12:13:59.206589 dv-cinder-852211-12-smb devstack@c-api.service[113489]: DEBUG dbcounter [-] [113489] Writing DB stats cinder:SELECT=88,cinder:UPDATE=11,cinder:INSERT=1 {{(pid=113489) stat_writer /usr/local/lib/python3.8/dist-packages/dbcounter.py:114}}
Sep 09 12:13:59.209265 dv-cinder-852211-12-smb devstack@c-api.service[113490]: DEBUG cinder.coordination [req-c9379908-67b0-453e-83e9-e87560b038ee req-129f1d27-270f-4ebf-99f7-1209da49d520 tempest-DeleteServersTestJSON-1182638411 tempest-DeleteServersTestJSON-1182638411-project] Lock "cinder-attachment_update-75d5c24b-5a59-4832-94a1-371a10c7dba1-hv-cinder-85221" released by "attachment_update" :: held 0.404s {{(pid=113490) _synchronized /opt/stack/cinder/cinder/coordination.py:207}}
Sep 09 12:13:59.210940 dv-cinder-852211-12-smb devstack@c-api.service[113490]: INFO cinder.api.openstack.wsgi [req-c9379908-67b0-453e-83e9-e87560b038ee req-129f1d27-270f-4ebf-99f7-1209da49d520 tempest-DeleteServersTestJSON-1182638411 tempest-DeleteServersTestJSON-1182638411-project] http://10.222.0.44/volume/v3/e3bbb3b19a0e4631993dbdfa094ea3ce/attachments/07eb0028-cb8c-4e89-88cd-41363e9d74cf returned with HTTP 200
Sep 09 12:13:59.212662 dv-cinder-852211-12-smb devstack@c-api.service[113490]: [pid: 113490|app: 0|req: 165/335] 10.222.0.70 () {64 vars in 1477 bytes} [Fri Sep 9 12:13:58 2022] PUT /volume/v3/e3bbb3b19a0e4631993dbdfa094ea3ce/attachments/07eb0028-cb8c-4e89-88cd-41363e9d74cf => generated 652 bytes in 494 msecs (HTTP/1.1 200) 7 headers in 286 bytes (1 switches on core 0)
Sep 09 12:13:59.240915 dv-cinder-852211-12-smb devstack@c-api.service[113489]: /usr/local/lib/python3.8/dist-packages/oslo_context/context.py:100: DeprecationWarning: Policy enforcement is depending on the value of is_admin. This key is deprecated. Please update your policy file to use the standard policy values.
Sep 09 12:13:59.240915 dv-cinder-852211-12-smb devstack@c-api.service[113489]: warnings.warn('Policy enforcement is depending on the value of '
Sep 09 12:13:59.251345 dv-cinder-852211-12-smb devstack@c-api.service[113489]: INFO cinder.volume.api [None req-99598cc7-3f5c-4c39-81e9-7ec9588168dc tempest-DeleteServersTestJSON-1182638411 tempest-DeleteServersTestJSON-1182638411-project] Volume info retrieved successfully.
Sep 09 12:13:59.265212 dv-cinder-852211-12-smb devstack@c-api.service[113489]: INFO cinder.api.openstack.wsgi [None req-99598cc7-3f5c-4c39-81e9-7ec9588168dc tempest-DeleteServersTestJSON-1182638411 tempest-DeleteServersTestJSON-1182638411-project] http://10.222.0.44/volume/v3/e3bbb3b19a0e4631993dbdfa094ea3ce/volumes/75d5c24b-5a59-4832-94a1-371a10c7dba1 returned with HTTP 200
Sep 09 12:13:59.266186 dv-cinder-852211-12-smb devstack@c-api.service[113489]: [pid: 113489|app: 0|req: 171/336] 10.222.0.44 () {58 vars in 1325 bytes} [Fri Sep 9 12:13:59 2022] GET /volume/v3/e3bbb3b19a0e4631993dbdfa094ea3ce/volumes/75d5c24b-5a59-4832-94a1-371a10c7dba1 => generated 914 bytes in 75 msecs (HTTP/1.1 200) 7 headers in 285 bytes (1 switches on core 0)
Sep 09 12:13:59.560286 dv-cinder-852211-12-smb devstack@c-api.service[113490]: DEBUG cinder.api.middleware.request_id [None req-99fc3597-f9ec-4475-a67c-04a43dd59538 None None] RequestId filter calling following filter/app {{(pid=113490) _context_setter /opt/stack/cinder/cinder/api/middleware/request_id.py:62}}
Sep 09 12:13:59.810968 dv-cinder-852211-12-smb devstack@c-api.service[113489]: DEBUG cinder.api.middleware.request_id [None req-c6e2d38e-e619-4c8a-9d2a-54bbef0c16be None None] RequestId filter calling following filter/app {{(pid=113489) _context_setter /opt/stack/cinder/cinder/api/middleware/request_id.py:62}}
Sep 09 12:13:59.815053 dv-cinder-852211-12-smb devstack@c-api.service[113489]: INFO cinder.api.openstack.wsgi [None req-c6e2d38e-e619-4c8a-9d2a-54bbef0c16be tempest-SnapshotMetadataTestJSON-1821832762 tempest-SnapshotMetadataTestJSON-1821832762-project] GET http://10.222.0.44/volume/v3/9ba26552c3484a08aa5a5aad8396e228/snapshots/d3b987de-dd9c-436f-8513-c19ea9aded4d
Sep 09 12:13:59.815523 dv-cinder-852211-12-smb devstack@c-api.service[113489]: DEBUG cinder.api.openstack.wsgi [None req-c6e2d38e-e619-4c8a-9d2a-54bbef0c16be tempest-SnapshotMetadataTestJSON-1821832762 tempest-SnapshotMetadataTestJSON-1821832762-project] Empty body provided in request {{(pid=113489) get_body /opt/stack/cinder/cinder/api/openstack/wsgi.py:715}}
Sep 09 12:13:59.815954 dv-cinder-852211-12-smb devstack@c-api.service[113489]: DEBUG cinder.api.openstack.wsgi [None req-c6e2d38e-e619-4c8a-9d2a-54bbef0c16be tempest-SnapshotMetadataTestJSON-1821832762 tempest-SnapshotMetadataTestJSON-1821832762-project] Calling method 'show' {{(pid=113489) _process_stack /opt/stack/cinder/cinder/api/openstack/wsgi.py:868}}
Sep 09 12:13:59.824491 dv-cinder-852211-12-smb devstack@c-api.service[113489]: INFO cinder.api.openstack.wsgi [None req-c6e2d38e-e619-4c8a-9d2a-54bbef0c16be tempest-SnapshotMetadataTestJSON-1821832762 tempest-SnapshotMetadataTestJSON-1821832762-project] http://10.222.0.44/volume/v3/9ba26552c3484a08aa5a5aad8396e228/snapshots/d3b987de-dd9c-436f-8513-c19ea9aded4d returned with HTTP 404
Sep 09 12:13:59.825491 dv-cinder-852211-12-smb devstack@c-api.service[113489]: [pid: 113489|app: 0|req: 172/337] 10.222.0.44 () {58 vars in 1331 bytes} [Fri Sep 9 12:13:59 2022] GET /volume/v3/9ba26552c3484a08aa5a5aad8396e228/snapshots/d3b987de-dd9c-436f-8513-c19ea9aded4d => generated 111 bytes in 16 msecs (HTTP/1.1 404) 7 headers in 292 bytes (2 switches on core 0)
Sep 09 12:13:59.830682 dv-cinder-852211-12-smb devstack@c-api.service[113489]: DEBUG cinder.api.middleware.request_id [None req-b63fced7-3a48-43a4-bd4d-e94526c2767e None None] RequestId filter calling following filter/app {{(pid=113489) _context_setter /opt/stack/cinder/cinder/api/middleware/request_id.py:62}}
Sep 09 12:13:59.834228 dv-cinder-852211-12-smb devstack@c-api.service[113489]: INFO cinder.api.openstack.wsgi [None req-b63fced7-3a48-43a4-bd4d-e94526c2767e tempest-SnapshotMetadataTestJSON-1821832762 tempest-SnapshotMetadataTestJSON-1821832762-project] DELETE http://10.222.0.44/volume/v3/9ba26552c3484a08aa5a5aad8396e228/volumes/e1f05c7a-60fb-49af-8332-3b119e39a5d4
Sep 09 12:13:59.834773 dv-cinder-852211-12-smb devstack@c-api.service[113489]: DEBUG cinder.api.openstack.wsgi [None req-b63fced7-3a48-43a4-bd4d-e94526c2767e tempest-SnapshotMetadataTestJSON-1821832762 tempest-SnapshotMetadataTestJSON-1821832762-project] Empty body provided in request {{(pid=113489) get_body /opt/stack/cinder/cinder/api/openstack/wsgi.py:715}}
Sep 09 12:13:59.835319 dv-cinder-852211-12-smb devstack@c-api.service[113489]: DEBUG cinder.api.openstack.wsgi [None req-b63fced7-3a48-43a4-bd4d-e94526c2767e tempest-SnapshotMetadataTestJSON-1821832762 tempest-SnapshotMetadataTestJSON-1821832762-project] Calling method 'delete' {{(pid=113489) _process_stack /opt/stack/cinder/cinder/api/openstack/wsgi.py:868}}
Sep 09 12:13:59.835815 dv-cinder-852211-12-smb devstack@c-api.service[113489]: INFO cinder.api.v3.volumes [None req-b63fced7-3a48-43a4-bd4d-e94526c2767e tempest-SnapshotMetadataTestJSON-1821832762 tempest-SnapshotMetadataTestJSON-1821832762-project] Delete volume with id: e1f05c7a-60fb-49af-8332-3b119e39a5d4
Sep 09 12:13:59.852452 dv-cinder-852211-12-smb devstack@c-api.service[113489]: /usr/local/lib/python3.8/dist-packages/oslo_context/context.py:100: DeprecationWarning: Policy enforcement is depending on the value of is_admin. This key is deprecated. Please update your policy file to use the standard policy values.
Sep 09 12:13:59.852452 dv-cinder-852211-12-smb devstack@c-api.service[113489]: warnings.warn('Policy enforcement is depending on the value of '
Sep 09 12:13:59.853908 dv-cinder-852211-12-smb devstack@c-api.service[113489]: INFO cinder.volume.api [None req-b63fced7-3a48-43a4-bd4d-e94526c2767e tempest-SnapshotMetadataTestJSON-1821832762 tempest-SnapshotMetadataTestJSON-1821832762-project] Volume info retrieved successfully.
Sep 09 12:13:59.865995 dv-cinder-852211-12-smb devstack@c-api.service[113490]: INFO cinder.api.openstack.wsgi [None req-99fc3597-f9ec-4475-a67c-04a43dd59538 tempest-VolumesListTestJSON-50283426 tempest-VolumesListTestJSON-50283426-project] GET http://10.222.0.44/volume/v3/c04ba2aa8a1046719d8f0d1eec29d0a2/volumes
Sep 09 12:13:59.866608 dv-cinder-852211-12-smb devstack@c-api.service[113490]: DEBUG cinder.api.openstack.wsgi [None req-99fc3597-f9ec-4475-a67c-04a43dd59538 tempest-VolumesListTestJSON-50283426 tempest-VolumesListTestJSON-50283426-project] Empty body provided in request {{(pid=113490) get_body /opt/stack/cinder/cinder/api/openstack/wsgi.py:715}}
Sep 09 12:13:59.867084 dv-cinder-852211-12-smb devstack@c-api.service[113490]: DEBUG cinder.api.openstack.wsgi [None req-99fc3597-f9ec-4475-a67c-04a43dd59538 tempest-VolumesListTestJSON-50283426 tempest-VolumesListTestJSON-50283426-project] Calling method 'index' {{(pid=113490) _process_stack /opt/stack/cinder/cinder/api/openstack/wsgi.py:868}}
Sep 09 12:13:59.867834 dv-cinder-852211-12-smb devstack@c-api.service[113490]: DEBUG cinder.api.api_utils [None req-99fc3597-f9ec-4475-a67c-04a43dd59538 tempest-VolumesListTestJSON-50283426 tempest-VolumesListTestJSON-50283426-project] Removing options '' from query. {{(pid=113490) remove_invalid_filter_options /opt/stack/cinder/cinder/api/api_utils.py:83}}
Sep 09 12:13:59.869125 dv-cinder-852211-12-smb devstack@c-api.service[113490]: /usr/local/lib/python3.8/dist-packages/oslo_context/context.py:100: DeprecationWarning: Policy enforcement is depending on the value of is_admin. This key is deprecated. Please update your policy file to use the standard policy values.
Sep 09 12:13:59.869125 dv-cinder-852211-12-smb devstack@c-api.service[113490]: warnings.warn('Policy enforcement is depending on the value of '
Sep 09 12:13:59.870872 dv-cinder-852211-12-smb devstack@c-api.service[113490]: DEBUG cinder.volume.api [None req-99fc3597-f9ec-4475-a67c-04a43dd59538 tempest-VolumesListTestJSON-50283426 tempest-VolumesListTestJSON-50283426-project] Searching by: MultiDict([('no_migration_targets', True)]). {{(pid=113490) get_all /opt/stack/cinder/cinder/volume/api.py:664}}
Sep 09 12:13:59.908909 dv-cinder-852211-12-smb devstack@c-api.service[113489]: INFO cinder.volume.api [None req-b63fced7-3a48-43a4-bd4d-e94526c2767e tempest-SnapshotMetadataTestJSON-1821832762 tempest-SnapshotMetadataTestJSON-1821832762-project] Delete volume request issued successfully.
Sep 09 12:13:59.909357 dv-cinder-852211-12-smb devstack@c-api.service[113489]: INFO cinder.api.openstack.wsgi [None req-b63fced7-3a48-43a4-bd4d-e94526c2767e tempest-SnapshotMetadataTestJSON-1821832762 tempest-SnapshotMetadataTestJSON-1821832762-project] http://10.222.0.44/volume/v3/9ba26552c3484a08aa5a5aad8396e228/volumes/e1f05c7a-60fb-49af-8332-3b119e39a5d4 returned with HTTP 202
