Sep 01 13:49:01.112321 dv-cinder-852210-7-smb neutron-server[112709]: DEBUG neutron_lib.callbacks.manager [None req-5bf021b9-84de-4688-bb5a-2887807830ef admin admin] Publish callbacks [] for security_group (f321ddfa-79eb-453d-b969-8c8d6fd86e6a), precommit_create {{(pid=112709) _notify_loop /usr/local/lib/python3.8/dist-packages/neutron_lib/callbacks/manager.py:176}}
Sep 01 13:49:01.116260 dv-cinder-852210-7-smb neutron-server[112709]: DEBUG neutron_lib.callbacks.manager [None req-5bf021b9-84de-4688-bb5a-2887807830ef admin admin] Publish callbacks ['neutron.plugins.ml2.ovo_rpc._ObjectChangeHandler.handle_event-4124056'] for security_group (f321ddfa-79eb-453d-b969-8c8d6fd86e6a), after_create {{(pid=112709) _notify_loop /usr/local/lib/python3.8/dist-packages/neutron_lib/callbacks/manager.py:176}}
Sep 01 13:49:01.159218 dv-cinder-852210-7-smb neutron-server[112709]: DEBUG neutron.api.rpc.handlers.resources_rpc [None req-5bf021b9-84de-4688-bb5a-2887807830ef admin admin] Pushing event updated for resources: {'SecurityGroup': ['ID=f321ddfa-79eb-453d-b969-8c8d6fd86e6a,revision_number=1']} {{(pid=112709) push /opt/stack/neutron/neutron/api/rpc/handlers/resources_rpc.py:237}}
Sep 01 13:49:01.166670 dv-cinder-852210-7-smb neutron-server[112709]: INFO neutron.wsgi [None req-5bf021b9-84de-4688-bb5a-2887807830ef admin admin] 10.222.0.49 "GET /networking/v2.0/security-groups?tenant_id=dfc09bd48a65481db952a449c7c87ceb&name=default HTTP/1.1" status: 200 len: 2996 time: 0.1738884
Sep 01 13:49:01.166917 dv-cinder-852210-7-smb neutron-server[112709]: DEBUG neutron.wsgi [-] (112709) accepted ('10.222.0.49', 52198) {{(pid=112709) server /usr/local/lib/python3.8/dist-packages/eventlet/wsgi.py:1004}}
Sep 01 13:49:01.226080 dv-cinder-852210-7-smb neutron-server[112709]: DEBUG neutron_lib.callbacks.manager [None req-e9878b10-d209-4b91-b0de-8a1e4cbbee73 admin admin] Publish callbacks [] for security_group (f321ddfa-79eb-453d-b969-8c8d6fd86e6a), before_delete {{(pid=112709) _notify_loop /usr/local/lib/python3.8/dist-packages/neutron_lib/callbacks/manager.py:176}}
Sep 01 13:49:01.249164 dv-cinder-852210-7-smb neutron-server[112709]: DEBUG neutron_lib.callbacks.manager [None req-e9878b10-d209-4b91-b0de-8a1e4cbbee73 admin admin] Publish callbacks [] for security_group (f321ddfa-79eb-453d-b969-8c8d6fd86e6a), precommit_delete {{(pid=112709) _notify_loop /usr/local/lib/python3.8/dist-packages/neutron_lib/callbacks/manager.py:176}}
Sep 01 13:49:01.309231 dv-cinder-852210-7-smb neutron-server[112709]: DEBUG neutron_lib.callbacks.manager [None req-e9878b10-d209-4b91-b0de-8a1e4cbbee73 admin admin] Publish callbacks ['neutron.plugins.ml2.ovo_rpc._ObjectChangeHandler.handle_event-4124056'] for security_group (f321ddfa-79eb-453d-b969-8c8d6fd86e6a), after_delete {{(pid=112709) _notify_loop /usr/local/lib/python3.8/dist-packages/neutron_lib/callbacks/manager.py:176}}
Sep 01 13:49:01.311973 dv-cinder-852210-7-smb neutron-server[112709]: DEBUG neutron_lib.callbacks.manager [None req-e9878b10-d209-4b91-b0de-8a1e4cbbee73 admin admin] Publish callbacks [] for security_group (None), before_response {{(pid=112709) _notify_loop /usr/local/lib/python3.8/dist-packages/neutron_lib/callbacks/manager.py:176}}
Sep 01 13:49:01.315892 dv-cinder-852210-7-smb neutron-server[112709]: INFO neutron.wsgi [None req-e9878b10-d209-4b91-b0de-8a1e4cbbee73 admin admin] 10.222.0.49 "DELETE /networking/v2.0/security-groups/f321ddfa-79eb-453d-b969-8c8d6fd86e6a HTTP/1.1" status: 204 len: 168 time: 0.1455595
Sep 01 13:49:01.322904 dv-cinder-852210-7-smb neutron-server[112709]: DEBUG neutron.api.rpc.handlers.resources_rpc [None req-e9878b10-d209-4b91-b0de-8a1e4cbbee73 admin admin] Pushing event deleted for resources: {'SecurityGroup': ['ID=f321ddfa-79eb-453d-b969-8c8d6fd86e6a,revision_number=None']} {{(pid=112709) push /opt/stack/neutron/neutron/api/rpc/handlers/resources_rpc.py:237}}
Sep 01 13:49:01.674245 dv-cinder-852210-7-smb neutron-server[112710]: INFO neutron.wsgi [req-13d2335e-008c-41a5-aab0-994348a2a455 req-4b11e0c3-071d-4bd8-bd1e-8eb6e1a46bc6 tempest-DeleteServersTestJSON-1362527254 tempest-DeleteServersTestJSON-1362527254-project] 10.222.0.49 "GET /networking/v2.0/ports?device_id=f93b95d1-7545-4480-8ca8-23c7c33f2d36 HTTP/1.1" status: 200 len: 210 time: 0.0375671
Sep 01 13:49:01.713309 dv-cinder-852210-7-smb neutron-server[112711]: DEBUG neutron.plugins.ml2.rpc [None req-3b9bcf2e-5d1a-46eb-93c8-39d9ca74441c None None] Device ff996330-6677-4fe4-bd6d-6d930e364edd details requested by agent hyperv_hv-cinder-85221 with host hv-cinder-85221 {{(pid=112711) get_device_details /opt/stack/neutron/neutron/plugins/ml2/rpc.py:102}}
Sep 01 13:49:01.872406 dv-cinder-852210-7-smb neutron-server[112711]: DEBUG neutron.plugins.ml2.db [None req-3b9bcf2e-5d1a-46eb-93c8-39d9ca74441c None None] For port ff996330-6677-4fe4-bd6d-6d930e364edd, host hv-cinder-85221, got binding levels [PortBindingLevel(driver='hyperv',host='hv-cinder-85221',level=0,port_id=ff996330-6677-4fe4-bd6d-6d930e364edd,segment=NetworkSegment(bc5752d1-d5f6-4fec-9e00-3fdf6ed8f890),segment_id=bc5752d1-d5f6-4fec-9e00-3fdf6ed8f890)] {{(pid=112711) get_binding_level_objs /opt/stack/neutron/neutron/plugins/ml2/db.py:74}}
Sep 01 13:49:01.885806 dv-cinder-852210-7-smb neutron-server[112711]: DEBUG neutron.plugins.ml2.rpc [None req-3b9bcf2e-5d1a-46eb-93c8-39d9ca74441c None None] Returning: {'device': 'ff996330-6677-4fe4-bd6d-6d930e364edd', 'network_id': 'e431b717-b46d-43e0-971d-c1706e3c08b6', 'port_id': 'ff996330-6677-4fe4-bd6d-6d930e364edd', 'mac_address': 'fa:16:3e:d5:48:aa', 'admin_state_up': True, 'network_type': 'vlan', 'segmentation_id': 741, 'physical_network': 'physnet1', 'mtu': 1500, 'fixed_ips': [{'subnet_id': '851acd4f-f3f6-432c-8ee6-03fca2b32e11', 'ip_address': '172.20.0.8'}], 'device_owner': 'compute:nova', 'allowed_address_pairs': [], 'port_security_enabled': True, 'qos_policy_id': None, 'qos_network_policy_id': None, 'profile': {}, 'propagate_uplink_status': False} {{(pid=112711) _get_device_details /opt/stack/neutron/neutron/plugins/ml2/rpc.py:184}}
Sep 01 13:49:01.961904 dv-cinder-852210-7-smb neutron-server[112711]: DEBUG neutron.plugins.ml2.plugin [None req-3b9bcf2e-5d1a-46eb-93c8-39d9ca74441c None None] Current status of the port ff996330-6677-4fe4-bd6d-6d930e364edd is: DOWN; New status is: BUILD {{(pid=112711) _update_individual_port_db_status /opt/stack/neutron/neutron/plugins/ml2/plugin.py:2302}}
Sep 01 13:49:01.963937 dv-cinder-852210-7-smb neutron-server[112711]: DEBUG neutron_lib.callbacks.manager [None req-3b9bcf2e-5d1a-46eb-93c8-39d9ca74441c None None] Publish callbacks ['neutron.plugins.ml2.plugin.SecurityGroupDbMixin._ensure_default_security_group_handler-894200'] for port (ff996330-6677-4fe4-bd6d-6d930e364edd), before_update {{(pid=112711) _notify_loop /usr/local/lib/python3.8/dist-packages/neutron_lib/callbacks/manager.py:176}}
Sep 01 13:49:01.980928 dv-cinder-852210-7-smb neutron-server[112711]: DEBUG neutron.notifiers.nova [None req-3b9bcf2e-5d1a-46eb-93c8-39d9ca74441c None None] Ignoring state change previous_port_status: DOWN current_port_status: BUILD port_id ff996330-6677-4fe4-bd6d-6d930e364edd {{(pid=112711) record_port_status_changed /opt/stack/neutron/neutron/notifiers/nova.py:233}}
Sep 01 13:49:01.998798 dv-cinder-852210-7-smb neutron-server[112710]: DEBUG neutron.pecan_wsgi.hooks.policy_enforcement [req-792112b7-fb38-47f6-a21b-fb9dbd94035b req-1ff8650f-ccfd-4f8e-bc1f-968e1e7a1423 tempest-VolumesActionsTest-2135021572 tempest-VolumesActionsTest-2135021572-project] Attributes excluded by policy engine: ['standard_attr_id', 'binding:profile', 'binding:host_id', 'binding:vif_type', 'binding:vif_details'] {{(pid=112710) _exclude_attributes_by_policy /opt/stack/neutron/neutron/pecan_wsgi/hooks/policy_enforcement.py:259}}
Sep 01 13:49:02.007580 dv-cinder-852210-7-smb neutron-server[112711]: DEBUG neutron.plugins.ml2.db [None req-3b9bcf2e-5d1a-46eb-93c8-39d9ca74441c None None] For port ff996330-6677-4fe4-bd6d-6d930e364edd, host hv-cinder-85221, got binding levels [PortBindingLevel(driver='hyperv',host='hv-cinder-85221',level=0,port_id=ff996330-6677-4fe4-bd6d-6d930e364edd,segment=NetworkSegment(bc5752d1-d5f6-4fec-9e00-3fdf6ed8f890),segment_id=bc5752d1-d5f6-4fec-9e00-3fdf6ed8f890)] {{(pid=112711) get_binding_level_objs /opt/stack/neutron/neutron/plugins/ml2/db.py:74}}
Sep 01 13:49:02.015258 dv-cinder-852210-7-smb neutron-server[112710]: INFO neutron.wsgi [req-792112b7-fb38-47f6-a21b-fb9dbd94035b req-1ff8650f-ccfd-4f8e-bc1f-968e1e7a1423 tempest-VolumesActionsTest-2135021572 tempest-VolumesActionsTest-2135021572-project] 10.222.0.49 "GET /networking/v2.0/ports?device_id=3751a5de-de3a-44ef-9ae2-d52f6176d77f HTTP/1.1" status: 200 len: 943 time: 0.0867479
Sep 01 13:49:02.025947 dv-cinder-852210-7-smb neutron-server[112711]: DEBUG neutron_lib.callbacks.manager [None req-3b9bcf2e-5d1a-46eb-93c8-39d9ca74441c None None] Publish callbacks ['neutron.plugins.ml2.plugin.SecurityGroupServerNotifierRpcMixin._notify_sg_on_port_change-894139', 'neutron.plugins.ml2.ovo_rpc._ObjectChangeHandler.handle_event-237238', 'neutron.api.rpc.agentnotifiers.dhcp_rpc_agent_api.DhcpAgentNotifyAPI._native_event_send_dhcp_notification-3683394', 'neutron.db.l3_db.L3RpcNotifierMixin._notify_gateway_port_ip_changed-8739258216322', 'neutron.db.l3_dvrscheduler_db._notify_l3_agent_port_update-8739257840011', 'neutron.db.l3_hascheduler_db._notify_l3_agent_ha_port_update-8739257840029'] for port (ff996330-6677-4fe4-bd6d-6d930e364edd), after_update {{(pid=112711) _notify_loop /usr/local/lib/python3.8/dist-packages/neutron_lib/callbacks/manager.py:176}}
Sep 01 13:49:02.114025 dv-cinder-852210-7-smb neutron-server[112710]: INFO neutron.wsgi [req-792112b7-fb38-47f6-a21b-fb9dbd94035b req-2c5d1ee5-1a0e-4daa-9ecf-1b530b1f9df5 tempest-VolumesActionsTest-2135021572 tempest-VolumesActionsTest-2135021572-project] 10.222.0.49 "GET /networking/v2.0/security-groups?id=506bae35-fb9d-4dc3-b60d-58251dcd53af&fields=id&fields=name HTTP/1.1" status: 200 len: 286 time: 0.0924342
Sep 01 13:49:02.158144 dv-cinder-852210-7-smb neutron-server[112709]: DEBUG neutron.wsgi [-] (112709) accepted ('10.222.0.49', 52252) {{(pid=112709) server /usr/local/lib/python3.8/dist-packages/eventlet/wsgi.py:1004}}
Sep 01 13:49:02.173578 dv-cinder-852210-7-smb neutron-server[112711]: DEBUG neutron.api.rpc.handlers.resources_rpc [None req-3b9bcf2e-5d1a-46eb-93c8-39d9ca74441c None None] Pushing event updated for resources: {'Port': ['ID=ff996330-6677-4fe4-bd6d-6d930e364edd,revision_number=4']} {{(pid=112711) push /opt/stack/neutron/neutron/api/rpc/handlers/resources_rpc.py:237}}
Sep 01 13:49:02.362644 dv-cinder-852210-7-smb neutron-server[112709]: DEBUG neutron_lib.callbacks.manager [None req-4470be6e-ca04-45dc-95a6-a62160146f7a admin admin] Publish callbacks [] for security_group (None), before_create {{(pid=112709) _notify_loop /usr/local/lib/python3.8/dist-packages/neutron_lib/callbacks/manager.py:176}}
Sep 01 13:49:02.465402 dv-cinder-852210-7-smb neutron-server[112709]: DEBUG neutron_lib.callbacks.manager [None req-4470be6e-ca04-45dc-95a6-a62160146f7a admin admin] Publish callbacks [] for security_group (5b108f33-be2e-422c-8b95-e6d22f27ef08), precommit_create {{(pid=112709) _notify_loop /usr/local/lib/python3.8/dist-packages/neutron_lib/callbacks/manager.py:176}}
Sep 01 13:49:02.469921 dv-cinder-852210-7-smb neutron-server[112709]: DEBUG neutron_lib.callbacks.manager [None req-4470be6e-ca04-45dc-95a6-a62160146f7a admin admin] Publish callbacks ['neutron.plugins.ml2.ovo_rpc._ObjectChangeHandler.handle_event-4124056'] for security_group (5b108f33-be2e-422c-8b95-e6d22f27ef08), after_create {{(pid=112709) _notify_loop /usr/local/lib/python3.8/dist-packages/neutron_lib/callbacks/manager.py:176}}
Sep 01 13:49:02.509527 dv-cinder-852210-7-smb neutron-server[112709]: DEBUG neutron.api.rpc.handlers.resources_rpc [None req-4470be6e-ca04-45dc-95a6-a62160146f7a admin admin] Pushing event updated for resources: {'SecurityGroup': ['ID=5b108f33-be2e-422c-8b95-e6d22f27ef08,revision_number=1']} {{(pid=112709) push /opt/stack/neutron/neutron/api/rpc/handlers/resources_rpc.py:237}}
Sep 01 13:49:02.527218 dv-cinder-852210-7-smb neutron-server[112709]: INFO neutron.wsgi [None req-4470be6e-ca04-45dc-95a6-a62160146f7a admin admin] 10.222.0.49 "GET /networking/v2.0/security-groups?tenant_id=3d92d3383af84b47b8acf12482cc8d73&name=default HTTP/1.1" status: 200 len: 2996 time: 0.3674839
Sep 01 13:49:02.529438 dv-cinder-852210-7-smb neutron-server[112709]: DEBUG neutron.wsgi [-] (112709) accepted ('10.222.0.49', 52282) {{(pid=112709) server /usr/local/lib/python3.8/dist-packages/eventlet/wsgi.py:1004}}
Sep 01 13:49:02.547914 dv-cinder-852210-7-smb neutron-server[112709]: DEBUG dbcounter [-] [112709] Writing DB stats neutron:SELECT=85,neutron:DELETE=6,neutron:INSERT=9 {{(pid=112709) stat_writer /usr/local/lib/python3.8/dist-packages/dbcounter.py:114}}
Sep 01 13:49:02.593601 dv-cinder-852210-7-smb neutron-server[112711]: DEBUG neutron.plugins.ml2.db [None req-3b9bcf2e-5d1a-46eb-93c8-39d9ca74441c None None] get_ports_and_sgs() called for port_ids ['ff996330-6677-4fe4-bd6d-6d930e364edd'] {{(pid=112711) get_ports_and_sgs /opt/stack/neutron/neutron/plugins/ml2/db.py:163}}
Sep 01 13:49:02.594204 dv-cinder-852210-7-smb neutron-server[112709]: DEBUG neutron_lib.callbacks.manager [None req-31bda28f-0213-463a-8f32-1e13875f6270 admin admin] Publish callbacks [] for security_group (5b108f33-be2e-422c-8b95-e6d22f27ef08), before_delete {{(pid=112709) _notify_loop /usr/local/lib/python3.8/dist-packages/neutron_lib/callbacks/manager.py:176}}
Sep 01 13:49:02.615540 dv-cinder-852210-7-smb neutron-server[112709]: DEBUG neutron_lib.callbacks.manager [None req-31bda28f-0213-463a-8f32-1e13875f6270 admin admin] Publish callbacks [] for security_group (5b108f33-be2e-422c-8b95-e6d22f27ef08), precommit_delete {{(pid=112709) _notify_loop /usr/local/lib/python3.8/dist-packages/neutron_lib/callbacks/manager.py:176}}
Sep 01 13:49:02.677616 dv-cinder-852210-7-smb neutron-server[112709]: DEBUG neutron_lib.callbacks.manager [None req-31bda28f-0213-463a-8f32-1e13875f6270 admin admin] Publish callbacks ['neutron.plugins.ml2.ovo_rpc._ObjectChangeHandler.handle_event-4124056'] for security_group (5b108f33-be2e-422c-8b95-e6d22f27ef08), after_delete {{(pid=112709) _notify_loop /usr/local/lib/python3.8/dist-packages/neutron_lib/callbacks/manager.py:176}}
Sep 01 13:49:02.681686 dv-cinder-852210-7-smb neutron-server[112709]: DEBUG neutron_lib.callbacks.manager [None req-31bda28f-0213-463a-8f32-1e13875f6270 admin admin] Publish callbacks [] for security_group (None), before_response {{(pid=112709) _notify_loop /usr/local/lib/python3.8/dist-packages/neutron_lib/callbacks/manager.py:176}}
Sep 01 13:49:02.685871 dv-cinder-852210-7-smb neutron-server[112709]: INFO neutron.wsgi [None req-31bda28f-0213-463a-8f32-1e13875f6270 admin admin] 10.222.0.49 "DELETE /networking/v2.0/security-groups/5b108f33-be2e-422c-8b95-e6d22f27ef08 HTTP/1.1" status: 204 len: 168 time: 0.1554031
Sep 01 13:49:02.696275 dv-cinder-852210-7-smb neutron-server[112709]: DEBUG neutron.api.rpc.handlers.resources_rpc [None req-31bda28f-0213-463a-8f32-1e13875f6270 admin admin] Pushing event deleted for resources: {'SecurityGroup': ['ID=5b108f33-be2e-422c-8b95-e6d22f27ef08,revision_number=None']} {{(pid=112709) push /opt/stack/neutron/neutron/api/rpc/handlers/resources_rpc.py:237}}
Sep 01 13:49:02.768002 dv-cinder-852210-7-smb neutron-server[112711]: DEBUG dbcounter [-] [112711] Writing DB stats neutron:SELECT=98,neutron:UPDATE=2 {{(pid=112711) stat_writer /usr/local/lib/python3.8/dist-packages/dbcounter.py:114}}
Sep 01 13:49:03.256905 dv-cinder-852210-7-smb neutron-server[112710]: DEBUG neutron.pecan_wsgi.hooks.policy_enforcement [req-60926717-89cf-458b-97c2-215fe80375b5 req-84119064-874c-4b13-a283-6e581864aec0 tempest-VolumesActionsTest-2135021572 tempest-VolumesActionsTest-2135021572-project] Attributes excluded by policy engine: ['standard_attr_id', 'binding:profile', 'binding:host_id', 'binding:vif_type', 'binding:vif_details'] {{(pid=112710) _exclude_attributes_by_policy /opt/stack/neutron/neutron/pecan_wsgi/hooks/policy_enforcement.py:259}}
Sep 01 13:49:03.258400 dv-cinder-852210-7-smb neutron-server[112710]: INFO neutron.wsgi [req-60926717-89cf-458b-97c2-215fe80375b5 req-84119064-874c-4b13-a283-6e581864aec0 tempest-VolumesActionsTest-2135021572 tempest-VolumesActionsTest-2135021572-project] 10.222.0.49 "GET /networking/v2.0/ports?device_id=3751a5de-de3a-44ef-9ae2-d52f6176d77f HTTP/1.1" status: 200 len: 944 time: 0.0509529
Sep 01 13:49:03.316341 dv-cinder-852210-7-smb neutron-server[112710]: INFO neutron.wsgi [req-60926717-89cf-458b-97c2-215fe80375b5 req-cd098cb7-15b2-493a-8cf4-52cf45a5c522 tempest-VolumesActionsTest-2135021572 tempest-VolumesActionsTest-2135021572-project] 10.222.0.49 "GET /networking/v2.0/security-groups?id=506bae35-fb9d-4dc3-b60d-58251dcd53af&fields=id&fields=name HTTP/1.1" status: 200 len: 286 time: 0.0481300
Sep 01 13:49:03.358880 dv-cinder-852210-7-smb neutron-server[112709]: DEBUG neutron.wsgi [-] (112709) accepted ('10.222.0.49', 52332) {{(pid=112709) server /usr/local/lib/python3.8/dist-packages/eventlet/wsgi.py:1004}}
Sep 01 13:49:03.554442 dv-cinder-852210-7-smb neutron-server[112709]: DEBUG neutron_lib.callbacks.manager [None req-dfdff51a-990c-4f94-8401-a5342e528801 admin admin] Publish callbacks [] for security_group (None), before_create {{(pid=112709) _notify_loop /usr/local/lib/python3.8/dist-packages/neutron_lib/callbacks/manager.py:176}}
Sep 01 13:49:03.600833 dv-cinder-852210-7-smb neutron-server[112709]: DEBUG dbcounter [-] [112709] Writing DB stats neutron:SELECT=77,neutron:INSERT=16,neutron:UPDATE=2,neutron:DELETE=5 {{(pid=112709) stat_writer /usr/local/lib/python3.8/dist-packages/dbcounter.py:114}}
Sep 01 13:49:03.676505 dv-cinder-852210-7-smb neutron-server[112709]: DEBUG neutron_lib.callbacks.manager [None req-dfdff51a-990c-4f94-8401-a5342e528801 admin admin] Publish callbacks [] for security_group (69b1c30d-5693-49de-9f2b-b35b91f982df), precommit_create {{(pid=112709) _notify_loop /usr/local/lib/python3.8/dist-packages/neutron_lib/callbacks/manager.py:176}}
Sep 01 13:49:03.681834 dv-cinder-852210-7-smb neutron-server[112709]: DEBUG neutron_lib.callbacks.manager [None req-dfdff51a-990c-4f94-8401-a5342e528801 admin admin] Publish callbacks ['neutron.plugins.ml2.ovo_rpc._ObjectChangeHandler.handle_event-4124056'] for security_group (69b1c30d-5693-49de-9f2b-b35b91f982df), after_create {{(pid=112709) _notify_loop /usr/local/lib/python3.8/dist-packages/neutron_lib/callbacks/manager.py:176}}
Sep 01 13:49:03.724021 dv-cinder-852210-7-smb neutron-server[112711]: DEBUG neutron.plugins.ml2.rpc [None req-3b9bcf2e-5d1a-46eb-93c8-39d9ca74441c None None] Device ff996330-6677-4fe4-bd6d-6d930e364edd up at agent hyperv_hv-cinder-85221 {{(pid=112711) update_device_up /opt/stack/neutron/neutron/plugins/ml2/rpc.py:296}}
Sep 01 13:49:03.731399 dv-cinder-852210-7-smb neutron-server[112709]: DEBUG neutron.api.rpc.handlers.resources_rpc [None req-dfdff51a-990c-4f94-8401-a5342e528801 admin admin] Pushing event updated for resources: {'SecurityGroup': ['ID=69b1c30d-5693-49de-9f2b-b35b91f982df,revision_number=1']} {{(pid=112709) push /opt/stack/neutron/neutron/api/rpc/handlers/resources_rpc.py:237}}
Sep 01 13:49:03.756654 dv-cinder-852210-7-smb neutron-server[112709]: INFO neutron.wsgi [None req-dfdff51a-990c-4f94-8401-a5342e528801 admin admin] 10.222.0.49 "GET /networking/v2.0/security-groups?tenant_id=5ad8c9a310da4bf9ac4e6994d2721f99&name=default HTTP/1.1" status: 200 len: 2996 time: 0.3963139
Sep 01 13:49:03.759161 dv-cinder-852210-7-smb neutron-server[112710]: DEBUG neutron.wsgi [-] (112710) accepted ('10.222.0.49', 52362) {{(pid=112710) server /usr/local/lib/python3.8/dist-packages/eventlet/wsgi.py:1004}}
Sep 01 13:49:03.791911 dv-cinder-852210-7-smb neutron-server[112711]: DEBUG neutron.db.provisioning_blocks [None req-3b9bcf2e-5d1a-46eb-93c8-39d9ca74441c None None] Provisioning for port ff996330-6677-4fe4-bd6d-6d930e364edd completed by entity L2. {{(pid=112711) provisioning_complete /opt/stack/neutron/neutron/db/provisioning_blocks.py:136}}
Sep 01 13:49:03.799169 dv-cinder-852210-7-smb neutron-server[112711]: DEBUG neutron.db.provisioning_blocks [None req-3b9bcf2e-5d1a-46eb-93c8-39d9ca74441c None None] Provisioning complete for port ff996330-6677-4fe4-bd6d-6d930e364edd triggered by entity L2. {{(pid=112711) provisioning_complete /opt/stack/neutron/neutron/db/provisioning_blocks.py:144}}
Sep 01 13:49:03.799893 dv-cinder-852210-7-smb neutron-server[112711]: DEBUG neutron_lib.callbacks.manager [None req-3b9bcf2e-5d1a-46eb-93c8-39d9ca74441c None None] Publish callbacks ['neutron.plugins.ml2.plugin.Ml2Plugin._port_provisioned-836179'] for port (ff996330-6677-4fe4-bd6d-6d930e364edd), provisioning_complete {{(pid=112711) _notify_loop /usr/local/lib/python3.8/dist-packages/neutron_lib/callbacks/manager.py:176}}
Sep 01 13:49:03.851252 dv-cinder-852210-7-smb neutron-server[112710]: DEBUG neutron_lib.callbacks.manager [None req-a49d1c23-48f1-4d45-9c31-9259eb184a0d admin admin] Publish callbacks [] for security_group (69b1c30d-5693-49de-9f2b-b35b91f982df), before_delete {{(pid=112710) _notify_loop /usr/local/lib/python3.8/dist-packages/neutron_lib/callbacks/manager.py:176}}
Sep 01 13:49:03.881207 dv-cinder-852210-7-smb neutron-server[112710]: DEBUG neutron_lib.callbacks.manager [None req-a49d1c23-48f1-4d45-9c31-9259eb184a0d admin admin] Publish callbacks [] for security_group (69b1c30d-5693-49de-9f2b-b35b91f982df), precommit_delete {{(pid=112710) _notify_loop /usr/local/lib/python3.8/dist-packages/neutron_lib/callbacks/manager.py:176}}
Sep 01 13:49:03.917791 dv-cinder-852210-7-smb neutron-server[112711]: DEBUG neutron.plugins.ml2.plugin [None req-3b9bcf2e-5d1a-46eb-93c8-39d9ca74441c None None] Current status of the port ff996330-6677-4fe4-bd6d-6d930e364edd is: BUILD; New status is: ACTIVE {{(pid=112711) _update_individual_port_db_status /opt/stack/neutron/neutron/plugins/ml2/plugin.py:2302}}
Sep 01 13:49:03.918532 dv-cinder-852210-7-smb neutron-server[112711]: DEBUG neutron_lib.callbacks.manager [None req-3b9bcf2e-5d1a-46eb-93c8-39d9ca74441c None None] Publish callbacks ['neutron.plugins.ml2.plugin.SecurityGroupDbMixin._ensure_default_security_group_handler-894200'] for port (ff996330-6677-4fe4-bd6d-6d930e364edd), before_update {{(pid=112711) _notify_loop /usr/local/lib/python3.8/dist-packages/neutron_lib/callbacks/manager.py:176}}
Sep 01 13:49:03.963109 dv-cinder-852210-7-smb neutron-server[112711]: DEBUG neutron.notifiers.nova [-] Sending events: [{'server_uuid': '3751a5de-de3a-44ef-9ae2-d52f6176d77f', 'name': 'network-vif-plugged', 'status': 'completed', 'tag': 'ff996330-6677-4fe4-bd6d-6d930e364edd'}] {{(pid=112711) send_events /opt/stack/neutron/neutron/notifiers/nova.py:271}}
Sep 01 13:49:03.964429 dv-cinder-852210-7-smb neutron-server[112710]: DEBUG neutron_lib.callbacks.manager [None req-a49d1c23-48f1-4d45-9c31-9259eb184a0d admin admin] Publish callbacks ['neutron.plugins.ml2.ovo_rpc._ObjectChangeHandler.handle_event-4124056'] for security_group (69b1c30d-5693-49de-9f2b-b35b91f982df), after_delete {{(pid=112710) _notify_loop /usr/local/lib/python3.8/dist-packages/neutron_lib/callbacks/manager.py:176}}
Sep 01 13:49:03.966168 dv-cinder-852210-7-smb neutron-server[112711]: DEBUG novaclient.v2.client [-] REQ: curl -g -i --cacert "/opt/stack/data/ca-bundle.pem" -X POST http://10.222.0.49/compute/v2.1/os-server-external-events -H "Accept: application/json" -H "Content-Type: application/json" -H "User-Agent: python-novaclient" -H "X-Auth-Token: {SHA256}fb1041e1484941c5c08c4cee8fa7385d715abc97c256c8a86e96b4877af3d3fa" -H "X-OpenStack-Nova-API-Version: 2.1" -H "X-OpenStack-Request-ID: req-cb22349d-77dc-4b6b-8b10-b7fd4efa7365" -d '{"events": [{"server_uuid": "3751a5de-de3a-44ef-9ae2-d52f6176d77f", "name": "network-vif-plugged", "status": "completed", "tag": "ff996330-6677-4fe4-bd6d-6d930e364edd"}]}' {{(pid=112711) _http_log_request /usr/local/lib/python3.8/dist-packages/keystoneauth1/session.py:519}}
Sep 01 13:49:03.971247 dv-cinder-852210-7-smb neutron-server[112710]: DEBUG neutron_lib.callbacks.manager [None req-a49d1c23-48f1-4d45-9c31-9259eb184a0d admin admin] Publish callbacks [] for security_group (None), before_response {{(pid=112710) _notify_loop /usr/local/lib/python3.8/dist-packages/neutron_lib/callbacks/manager.py:176}}
Sep 01 13:49:03.972960 dv-cinder-852210-7-smb neutron-server[112710]: INFO neutron.wsgi [None req-a49d1c23-48f1-4d45-9c31-9259eb184a0d admin admin] 10.222.0.49 "DELETE /networking/v2.0/security-groups/69b1c30d-5693-49de-9f2b-b35b91f982df HTTP/1.1" status: 204 len: 168 time: 0.2126758
Sep 01 13:49:03.999694 dv-cinder-852210-7-smb neutron-server[112710]: DEBUG neutron.api.rpc.handlers.resources_rpc [None req-a49d1c23-48f1-4d45-9c31-9259eb184a0d admin admin] Pushing event deleted for resources: {'SecurityGroup': ['ID=69b1c30d-5693-49de-9f2b-b35b91f982df,revision_number=None']} {{(pid=112710) push /opt/stack/neutron/neutron/api/rpc/handlers/resources_rpc.py:237}}
Sep 01 13:49:04.007643 dv-cinder-852210-7-smb neutron-server[112711]: DEBUG neutron.plugins.ml2.db [None req-3b9bcf2e-5d1a-46eb-93c8-39d9ca74441c None None] For port ff996330-6677-4fe4-bd6d-6d930e364edd, host hv-cinder-85221, got binding levels [PortBindingLevel(driver='hyperv',host='hv-cinder-85221',level=0,port_id=ff996330-6677-4fe4-bd6d-6d930e364edd,segment=NetworkSegment(bc5752d1-d5f6-4fec-9e00-3fdf6ed8f890),segment_id=bc5752d1-d5f6-4fec-9e00-3fdf6ed8f890)] {{(pid=112711) get_binding_level_objs /opt/stack/neutron/neutron/plugins/ml2/db.py:74}}
Sep 01 13:49:04.016281 dv-cinder-852210-7-smb neutron-server[112711]: DEBUG neutron_lib.callbacks.manager [None req-3b9bcf2e-5d1a-46eb-93c8-39d9ca74441c None None] Publish callbacks ['neutron.plugins.ml2.plugin.SecurityGroupServerNotifierRpcMixin._notify_sg_on_port_change-894139', 'neutron.plugins.ml2.ovo_rpc._ObjectChangeHandler.handle_event-237238', 'neutron.api.rpc.agentnotifiers.dhcp_rpc_agent_api.DhcpAgentNotifyAPI._native_event_send_dhcp_notification-3683394', 'neutron.db.l3_db.L3RpcNotifierMixin._notify_gateway_port_ip_changed-8739258216322', 'neutron.db.l3_dvrscheduler_db._notify_l3_agent_port_update-8739257840011', 'neutron.db.l3_hascheduler_db._notify_l3_agent_ha_port_update-8739257840029'] for port (ff996330-6677-4fe4-bd6d-6d930e364edd), after_update {{(pid=112711) _notify_loop /usr/local/lib/python3.8/dist-packages/neutron_lib/callbacks/manager.py:176}}
Sep 01 13:49:04.017420 dv-cinder-852210-7-smb neutron-server[112711]: DEBUG neutron.plugins.ml2.rpc [None req-3b9bcf2e-5d1a-46eb-93c8-39d9ca74441c None None] Device e1cc735d-b637-4fe3-84ad-2f430ad6c05f no longer exists at agent hyperv_hv-cinder-85221 {{(pid=112711) update_device_down /opt/stack/neutron/neutron/plugins/ml2/rpc.py:259}}
Sep 01 13:49:04.043778 dv-cinder-852210-7-smb neutron-server[112711]: DEBUG novaclient.v2.client [-] RESP: [200] Connection: close Content-Length: 183 Content-Type: application/json Date: Thu, 01 Sep 2022 13:49:03 GMT OpenStack-API-Version: compute 2.1 Server: Apache/2.4.41 (Ubuntu) Vary: OpenStack-API-Version,X-OpenStack-Nova-API-Version X-OpenStack-Nova-API-Version: 2.1 x-compute-request-id: req-5eed4d38-d00b-45d0-aded-6ad6f0bf2e38 x-openstack-request-id: req-5eed4d38-d00b-45d0-aded-6ad6f0bf2e38 {{(pid=112711) _http_log_response /usr/local/lib/python3.8/dist-packages/keystoneauth1/session.py:550}}
Sep 01 13:49:04.043997 dv-cinder-852210-7-smb neutron-server[112711]: DEBUG novaclient.v2.client [-] RESP BODY: {"events": [{"server_uuid": "3751a5de-de3a-44ef-9ae2-d52f6176d77f", "name": "network-vif-plugged", "status": "completed", "tag": "ff996330-6677-4fe4-bd6d-6d930e364edd", "code": 200}]} {{(pid=112711) _http_log_response /usr/local/lib/python3.8/dist-packages/keystoneauth1/session.py:582}}
Sep 01 13:49:04.044315 dv-cinder-852210-7-smb neutron-server[112711]: DEBUG novaclient.v2.client [-] POST call to compute for http://10.222.0.49/compute/v2.1/os-server-external-events used request id req-5eed4d38-d00b-45d0-aded-6ad6f0bf2e38 {{(pid=112711) request /usr/local/lib/python3.8/dist-packages/keystoneauth1/session.py:954}}
Sep 01 13:49:04.044771 dv-cinder-852210-7-smb neutron-server[112711]: INFO neutron.notifiers.nova [-] Nova event matching ['req-5eed4d38-d00b-45d0-aded-6ad6f0bf2e38'] response: {'server_uuid': '3751a5de-de3a-44ef-9ae2-d52f6176d77f', 'name': 'network-vif-plugged', 'status': 'completed', 'tag': 'ff996330-6677-4fe4-bd6d-6d930e364edd', 'code': 200}
Sep 01 13:49:04.088580 dv-cinder-852210-7-smb neutron-server[112711]: DEBUG neutron.plugins.ml2.plugin [None req-3b9bcf2e-5d1a-46eb-93c8-39d9ca74441c None None] No Port match for: e1cc735d-b637-4fe3-84ad-2f430ad6c05f {{(pid=112711) port_bound_to_host /opt/stack/neutron/neutron/plugins/ml2/plugin.py:2386}}
Sep 01 13:49:04.089027 dv-cinder-852210-7-smb neutron-server[112711]: DEBUG neutron.plugins.ml2.rpc [None req-3b9bcf2e-5d1a-46eb-93c8-39d9ca74441c None None] Device e1cc735d-b637-4fe3-84ad-2f430ad6c05f not bound to the agent host hv-cinder-85221 {{(pid=112711) update_device_down /opt/stack/neutron/neutron/plugins/ml2/rpc.py:269}}
Sep 01 13:49:04.112586 dv-cinder-852210-7-smb neutron-server[112711]: DEBUG neutron.api.rpc.handlers.resources_rpc [None req-3b9bcf2e-5d1a-46eb-93c8-39d9ca74441c None None] Pushing event updated for resources: {'Port': ['ID=ff996330-6677-4fe4-bd6d-6d930e364edd,revision_number=5']} {{(pid=112711) push /opt/stack/neutron/neutron/api/rpc/handlers/resources_rpc.py:237}}
Sep 01 13:49:04.430778 dv-cinder-852210-7-smb neutron-server[112709]: DEBUG neutron.wsgi [-] (112709) accepted ('10.222.0.49', 52394) {{(pid=112709) server /usr/local/lib/python3.8/dist-packages/eventlet/wsgi.py:1004}}
Sep 01 13:49:04.686232 dv-cinder-852210-7-smb neutron-server[112710]: DEBUG neutron.pecan_wsgi.hooks.policy_enforcement [req-468c80b4-957a-4693-8ada-a2fbd054fead req-1361b12c-45ef-4d70-8427-419541c07658 service neutron] Attributes excluded by policy engine: ['standard_attr_id'] {{(pid=112710) _exclude_attributes_by_policy /opt/stack/neutron/neutron/pecan_wsgi/hooks/policy_enforcement.py:259}}
Sep 01 13:49:04.687819 dv-cinder-852210-7-smb neutron-server[112710]: INFO neutron.wsgi [req-468c80b4-957a-4693-8ada-a2fbd054fead req-1361b12c-45ef-4d70-8427-419541c07658 service neutron] 10.222.0.57 "GET /networking/v2.0/ports?device_id=3751a5de-de3a-44ef-9ae2-d52f6176d77f HTTP/1.1" status: 200 len: 1129 time: 0.4253564
Sep 01 13:49:04.688414 dv-cinder-852210-7-smb neutron-server[112710]: DEBUG neutron.wsgi [-] (112710) accepted ('10.222.0.49', 52406) {{(pid=112710) server /usr/local/lib/python3.8/dist-packages/eventlet/wsgi.py:1004}}
Sep 01 13:49:04.734079 dv-cinder-852210-7-smb neutron-server[112710]: DEBUG neutron_lib.callbacks.manager [None req-d32c167d-b023-4671-ac92-5ad31943c657 admin admin] Publish callbacks [] for security_group (None), before_create {{(pid=112710) _notify_loop /usr/local/lib/python3.8/dist-packages/neutron_lib/callbacks/manager.py:176}}
Sep 01 13:49:04.776558 dv-cinder-852210-7-smb neutron-server[112710]: DEBUG neutron.pecan_wsgi.hooks.policy_enforcement [req-97f049e0-7429-43f1-86db-bf611a47252b req-82d627d9-f69d-4e0a-af9a-e28237c0651c tempest-VolumesActionsTest-2135021572 tempest-VolumesActionsTest-2135021572-project] Attributes excluded by policy engine: ['standard_attr_id', 'binding:profile', 'binding:host_id', 'binding:vif_type', 'binding:vif_details'] {{(pid=112710) _exclude_attributes_by_policy /opt/stack/neutron/neutron/pecan_wsgi/hooks/policy_enforcement.py:259}}
Sep 01 13:49:04.778429 dv-cinder-852210-7-smb neutron-server[112710]: INFO neutron.wsgi [req-97f049e0-7429-43f1-86db-bf611a47252b req-82d627d9-f69d-4e0a-af9a-e28237c0651c tempest-VolumesActionsTest-2135021572 tempest-VolumesActionsTest-2135021572-project] 10.222.0.49 "GET /networking/v2.0/ports?device_id=3751a5de-de3a-44ef-9ae2-d52f6176d77f HTTP/1.1" status: 200 len: 945 time: 0.1070821
Sep 01 13:49:04.835322 dv-cinder-852210-7-smb neutron-server[112710]: INFO neutron.wsgi [req-468c80b4-957a-4693-8ada-a2fbd054fead req-a68c8653-b132-4763-8496-da79e4710433 service neutron] 10.222.0.57 "GET /networking/v2.0/security-groups?id=506bae35-fb9d-4dc3-b60d-58251dcd53af&fields=id&fields=name HTTP/1.1" status: 200 len: 286 time: 0.1367111
Sep 01 13:49:04.881399 dv-cinder-852210-7-smb neutron-server[112710]: INFO neutron.wsgi [req-97f049e0-7429-43f1-86db-bf611a47252b req-d45e8eab-10ab-49ab-b296-4b12291c0c12 tempest-VolumesActionsTest-2135021572 tempest-VolumesActionsTest-2135021572-project] 10.222.0.49 "GET /networking/v2.0/security-groups?id=506bae35-fb9d-4dc3-b60d-58251dcd53af&fields=id&fields=name HTTP/1.1" status: 200 len: 286 time: 0.0907645
Sep 01 13:49:04.928299 dv-cinder-852210-7-smb neutron-server[112710]: DEBUG neutron_lib.callbacks.manager [None req-d32c167d-b023-4671-ac92-5ad31943c657 admin admin] Publish callbacks [] for security_group (3207acf9-90c7-4770-a407-ec7492938f5b), precommit_create {{(pid=112710) _notify_loop /usr/local/lib/python3.8/dist-packages/neutron_lib/callbacks/manager.py:176}}
Sep 01 13:49:04.932862 dv-cinder-852210-7-smb neutron-server[112710]: DEBUG neutron_lib.callbacks.manager [None req-d32c167d-b023-4671-ac92-5ad31943c657 admin admin] Publish callbacks ['neutron.plugins.ml2.ovo_rpc._ObjectChangeHandler.handle_event-4124056'] for security_group (3207acf9-90c7-4770-a407-ec7492938f5b), after_create {{(pid=112710) _notify_loop /usr/local/lib/python3.8/dist-packages/neutron_lib/callbacks/manager.py:176}}
Sep 01 13:49:04.971253 dv-cinder-852210-7-smb neutron-server[112710]: DEBUG neutron.api.rpc.handlers.resources_rpc [None req-d32c167d-b023-4671-ac92-5ad31943c657 admin admin] Pushing event updated for resources: {'SecurityGroup': ['ID=3207acf9-90c7-4770-a407-ec7492938f5b,revision_number=1']} {{(pid=112710) push /opt/stack/neutron/neutron/api/rpc/handlers/resources_rpc.py:237}}
Sep 01 13:49:04.980081 dv-cinder-852210-7-smb neutron-server[112710]: INFO neutron.wsgi [None req-d32c167d-b023-4671-ac92-5ad31943c657 admin admin] 10.222.0.49 "GET /networking/v2.0/security-groups?tenant_id=c69776cf8420412e9fb61ecc404dd4c3&name=default HTTP/1.1" status: 200 len: 2996 time: 0.2861876
Sep 01 13:49:04.980253 dv-cinder-852210-7-smb neutron-server[112709]: DEBUG neutron.wsgi [-] (112709) accepted ('10.222.0.49', 52412) {{(pid=112709) server /usr/local/lib/python3.8/dist-packages/eventlet/wsgi.py:1004}}
Sep 01 13:49:04.981745 dv-cinder-852210-7-smb neutron-server[112710]: DEBUG neutron.api.rpc.callbacks.version_manager [None req-d32c167d-b023-4671-ac92-5ad31943c657 admin admin] Version for resource type AddressGroup changed None to 1.2 on consumer Open vSwitch agent@dv-cinder-852210-7-smb {{(pid=112710) _set_version /opt/stack/neutron/neutron/api/rpc/callbacks/version_manager.py:113}}
Sep 01 13:49:04.982037 dv-cinder-852210-7-smb neutron-server[112710]: DEBUG neutron.api.rpc.callbacks.version_manager [None req-d32c167d-b023-4671-ac92-5ad31943c657 admin admin] Version for resource type Agent changed None to 1.1 on consumer Open vSwitch agent@dv-cinder-852210-7-smb {{(pid=112710) _set_version /opt/stack/neutron/neutron/api/rpc/callbacks/version_manager.py:113}}
Sep 01 13:49:04.982376 dv-cinder-852210-7-smb neutron-server[112710]: DEBUG neutron.api.rpc.callbacks.version_manager [None req-d32c167d-b023-4671-ac92-5ad31943c657 admin admin] Version for resource type ConntrackHelper changed None to 1.0 on consumer Open vSwitch agent@dv-cinder-852210-7-smb {{(pid=112710) _set_version /opt/stack/neutron/neutron/api/rpc/callbacks/version_manager.py:113}}
Sep 01 13:49:04.982734 dv-cinder-852210-7-smb neutron-server[112710]: DEBUG neutron.api.rpc.callbacks.version_manager [None req-d32c167d-b023-4671-ac92-5ad31943c657 admin admin] Version for resource type LocalIPAssociation changed None to 1.0 on consumer Open vSwitch agent@dv-cinder-852210-7-smb {{(pid=112710) _set_version /opt/stack/neutron/neutron/api/rpc/callbacks/version_manager.py:113}}
Sep 01 13:49:04.983072 dv-cinder-852210-7-smb neutron-server[112710]: DEBUG neutron.api.rpc.callbacks.version_manager [None req-d32c167d-b023-4671-ac92-5ad31943c657 admin admin] Version for resource type Log changed None to 1.0 on consumer Open vSwitch agent@dv-cinder-852210-7-smb {{(pid=112710) _set_version /opt/stack/neutron/neutron/api/rpc/callbacks/version_manager.py:113}}
Sep 01 13:49:04.983399 dv-cinder-852210-7-smb neutron-server[112710]: DEBUG neutron.api.rpc.callbacks.version_manager [None req-d32c167d-b023-4671-ac92-5ad31943c657 admin admin] Version for resource type NDPProxy changed None to 1.0 on consumer Open vSwitch agent@dv-cinder-852210-7-smb {{(pid=112710) _set_version /opt/stack/neutron/neutron/api/rpc/callbacks/version_manager.py:113}}
Sep 01 13:49:04.983727 dv-cinder-852210-7-smb neutron-server[112710]: DEBUG neutron.api.rpc.callbacks.version_manager [None req-d32c167d-b023-4671-ac92-5ad31943c657 admin admin] Version for resource type Network changed None to 1.1 on consumer Open vSwitch agent@dv-cinder-852210-7-smb {{(pid=112710) _set_version /opt/stack/neutron/neutron/api/rpc/callbacks/version_manager.py:113}}
Sep 01 13:49:04.984049 dv-cinder-852210-7-smb neutron-server[112710]: DEBUG neutron.api.rpc.callbacks.version_manager [None req-d32c167d-b023-4671-ac92-5ad31943c657 admin admin] Version for resource type Port changed None to 1.7 on consumer Open vSwitch agent@dv-cinder-852210-7-smb {{(pid=112710) _set_version /opt/stack/neutron/neutron/api/rpc/callbacks/version_manager.py:113}}
Sep 01 13:49:04.984373 dv-cinder-852210-7-smb neutron-server[112710]: DEBUG neutron.api.rpc.callbacks.version_manager [None req-d32c167d-b023-4671-ac92-5ad31943c657 admin admin] Version for resource type PortForwarding changed None to 1.3 on consumer Open vSwitch agent@dv-cinder-852210-7-smb {{(pid=112710) _set_version /opt/stack/neutron/neutron/api/rpc/callbacks/version_manager.py:113}}
Sep 01 13:49:04.984694 dv-cinder-852210-7-smb neutron-server[112710]: DEBUG neutron.api.rpc.callbacks.version_manager [None req-d32c167d-b023-4671-ac92-5ad31943c657 admin admin] Version for resource type QosPolicy changed None to 1.10 on consumer Open vSwitch agent@dv-cinder-852210-7-smb {{(pid=112710) _set_version /opt/stack/neutron/neutron/api/rpc/callbacks/version_manager.py:113}}
Sep 01 13:49:04.985014 dv-cinder-852210-7-smb neutron-server[112710]: DEBUG neutron.api.rpc.callbacks.version_manager [None req-d32c167d-b023-4671-ac92-5ad31943c657 admin admin] Version for resource type SecurityGroup changed None to 1.5 on consumer Open vSwitch agent@dv-cinder-852210-7-smb {{(pid=112710) _set_version /opt/stack/neutron/neutron/api/rpc/callbacks/version_manager.py:113}}
Sep 01 13:49:04.985343 dv-cinder-852210-7-smb neutron-server[112710]: DEBUG neutron.api.rpc.callbacks.version_manager [None req-d32c167d-b023-4671-ac92-5ad31943c657 admin admin] Version for resource type SecurityGroupRule changed None to 1.2 on consumer Open vSwitch agent@dv-cinder-852210-7-smb {{(pid=112710) _set_version /opt/stack/neutron/neutron/api/rpc/callbacks/version_manager.py:113}}
Sep 01 13:49:04.985818 dv-cinder-852210-7-smb neutron-server[112710]: DEBUG neutron.api.rpc.callbacks.version_manager [None req-d32c167d-b023-4671-ac92-5ad31943c657 admin admin] Version for resource type SubPort changed None to 1.0 on consumer Open vSwitch agent@dv-cinder-852210-7-smb {{(pid=112710) _set_version /opt/stack/neutron/neutron/api/rpc/callbacks/version_manager.py:113}}
Sep 01 13:49:04.986139 dv-cinder-852210-7-smb neutron-server[112710]: DEBUG neutron.api.rpc.callbacks.version_manager [None req-d32c167d-b023-4671-ac92-5ad31943c657 admin admin] Version for resource type Subnet changed None to 1.1 on consumer Open vSwitch agent@dv-cinder-852210-7-smb {{(pid=112710) _set_version /opt/stack/neutron/neutron/api/rpc/callbacks/version_manager.py:113}}
Sep 01 13:49:04.986456 dv-cinder-852210-7-smb neutron-server[112710]: DEBUG neutron.api.rpc.callbacks.version_manager [None req-d32c167d-b023-4671-ac92-5ad31943c657 admin admin] Version for resource type Trunk changed None to 1.1 on consumer Open vSwitch agent@dv-cinder-852210-7-smb {{(pid=112710) _set_version /opt/stack/neutron/neutron/api/rpc/callbacks/version_manager.py:113}}
Sep 01 13:49:05.037330 dv-cinder-852210-7-smb neutron-server[112709]: DEBUG neutron_lib.callbacks.manager [None req-2f027561-60c6-482d-bdf4-1371d387f7cd admin admin] Publish callbacks ['neutron.services.l3_router.l3_router_plugin.DVRResourceOperationHandler._cache_related_dvr_routers_info_before_interface_removal-4154097'] for router_interface (90263350-f417-4d8e-bca8-265e6fdca68d), before_delete {{(pid=112709) _notify_loop /usr/local/lib/python3.8/dist-packages/neutron_lib/callbacks/manager.py:176}}
Sep 01 13:49:05.083761 dv-cinder-852210-7-smb neutron-server[112709]: DEBUG neutron_lib.callbacks.manager [None req-4a2cf963-3214-4150-a5da-00c638815299 admin admin] Publish callbacks [] for security_group (3207acf9-90c7-4770-a407-ec7492938f5b), before_delete {{(pid=112709) _notify_loop /usr/local/lib/python3.8/dist-packages/neutron_lib/callbacks/manager.py:176}}
Sep 01 13:49:05.104503 dv-cinder-852210-7-smb neutron-server[112712]: DEBUG neutron.db.agents_db [None req-e0726b69-dcf3-47d5-b3a9-29ce2c4a595b None None] Agent healthcheck: found 6 active agents {{(pid=112712) agent_health_check /opt/stack/neutron/neutron/db/agents_db.py:317}}
Sep 01 13:49:05.144760 dv-cinder-852210-7-smb neutron-server[112709]: DEBUG neutron_lib.callbacks.manager [None req-4a2cf963-3214-4150-a5da-00c638815299 admin admin] Publish callbacks [] for security_group (3207acf9-90c7-4770-a407-ec7492938f5b), precommit_delete {{(pid=112709) _notify_loop /usr/local/lib/python3.8/dist-packages/neutron_lib/callbacks/manager.py:176}}
Sep 01 13:49:05.267214 dv-cinder-852210-7-smb neutron-server[112709]: DEBUG dbcounter [-] [112709] Writing DB stats neutron:SELECT=88,neutron:DELETE=3,neutron:INSERT=8,neutron:UPDATE=1 {{(pid=112709) stat_writer /usr/local/lib/python3.8/dist-packages/dbcounter.py:114}}
Sep 01 13:49:05.322293 dv-cinder-852210-7-smb neutron-server[112709]: DEBUG neutron_lib.callbacks.manager [None req-4a2cf963-3214-4150-a5da-00c638815299 admin admin] Publish callbacks ['neutron.plugins.ml2.ovo_rpc._ObjectChangeHandler.handle_event-4124056'] for security_group (3207acf9-90c7-4770-a407-ec7492938f5b), after_delete {{(pid=112709) _notify_loop /usr/local/lib/python3.8/dist-packages/neutron_lib/callbacks/manager.py:176}}
Sep 01 13:49:05.325270 dv-cinder-852210-7-smb neutron-server[112709]: DEBUG neutron_lib.callbacks.manager [None req-4a2cf963-3214-4150-a5da-00c638815299 admin admin] Publish callbacks [] for security_group (None), before_response {{(pid=112709) _notify_loop /usr/local/lib/python3.8/dist-packages/neutron_lib/callbacks/manager.py:176}}
Sep 01 13:49:05.326462 dv-cinder-852210-7-smb neutron-server[112709]: INFO neutron.wsgi [None req-4a2cf963-3214-4150-a5da-00c638815299 admin admin] 10.222.0.49 "DELETE /networking/v2.0/security-groups/3207acf9-90c7-4770-a407-ec7492938f5b HTTP/1.1" status: 204 len: 168 time: 0.3457758
Sep 01 13:49:05.342339 dv-cinder-852210-7-smb neutron-server[112709]: DEBUG neutron.api.rpc.handlers.resources_rpc [None req-4a2cf963-3214-4150-a5da-00c638815299 admin admin] Pushing event deleted for resources: {'SecurityGroup': ['ID=3207acf9-90c7-4770-a407-ec7492938f5b,revision_number=None']} {{(pid=112709) push /opt/stack/neutron/neutron/api/rpc/handlers/resources_rpc.py:237}}
Sep 01 13:49:05.354823 dv-cinder-852210-7-smb neutron-server[112709]: DEBUG neutron.api.rpc.callbacks.version_manager [None req-4a2cf963-3214-4150-a5da-00c638815299 admin admin] Version for resource type AddressGroup changed None to 1.2 on consumer Open vSwitch agent@dv-cinder-852210-7-smb {{(pid=112709) _set_version /opt/stack/neutron/neutron/api/rpc/callbacks/version_manager.py:113}}
Sep 01 13:49:05.355175 dv-cinder-852210-7-smb neutron-server[112709]: DEBUG neutron.api.rpc.callbacks.version_manager [None req-4a2cf963-3214-4150-a5da-00c638815299 admin admin] Version for resource type Agent changed None to 1.1 on consumer Open vSwitch agent@dv-cinder-852210-7-smb {{(pid=112709) _set_version /opt/stack/neutron/neutron/api/rpc/callbacks/version_manager.py:113}}
Sep 01 13:49:05.355539 dv-cinder-852210-7-smb neutron-server[112709]: DEBUG neutron.api.rpc.callbacks.version_manager [None req-4a2cf963-3214-4150-a5da-00c638815299 admin admin] Version for resource type ConntrackHelper changed None to 1.0 on consumer Open vSwitch agent@dv-cinder-852210-7-smb {{(pid=112709) _set_version /opt/stack/neutron/neutron/api/rpc/callbacks/version_manager.py:113}}
Sep 01 13:49:05.355885 dv-cinder-852210-7-smb neutron-server[112709]: DEBUG neutron.api.rpc.callbacks.version_manager [None req-4a2cf963-3214-4150-a5da-00c638815299 admin admin] Version for resource type LocalIPAssociation changed None to 1.0 on consumer Open vSwitch agent@dv-cinder-852210-7-smb {{(pid=112709) _set_version /opt/stack/neutron/neutron/api/rpc/callbacks/version_manager.py:113}}
Sep 01 13:49:05.356220 dv-cinder-852210-7-smb neutron-server[112709]: DEBUG neutron.api.rpc.callbacks.version_manager [None req-4a2cf963-3214-4150-a5da-00c638815299 admin admin] Version for resource type Log changed None to 1.0 on consumer Open vSwitch agent@dv-cinder-852210-7-smb {{(pid=112709) _set_version /opt/stack/neutron/neutron/api/rpc/callbacks/version_manager.py:113}}
Sep 01 13:49:05.356555 dv-cinder-852210-7-smb neutron-server[112709]: DEBUG neutron.api.rpc.callbacks.version_manager [None req-4a2cf963-3214-4150-a5da-00c638815299 admin admin] Version for resource type NDPProxy changed None to 1.0 on consumer Open vSwitch agent@dv-cinder-852210-7-smb {{(pid=112709) _set_version /opt/stack/neutron/neutron/api/rpc/callbacks/version_manager.py:113}}
Sep 01 13:49:05.356883 dv-cinder-852210-7-smb neutron-server[112709]: DEBUG neutron.api.rpc.callbacks.version_manager [None req-4a2cf963-3214-4150-a5da-00c638815299 admin admin] Version for resource type Network changed None to 1.1 on consumer Open vSwitch agent@dv-cinder-852210-7-smb {{(pid=112709) _set_version /opt/stack/neutron/neutron/api/rpc/callbacks/version_manager.py:113}}
Sep 01 13:49:05.357211 dv-cinder-852210-7-smb neutron-server[112709]: DEBUG neutron.api.rpc.callbacks.version_manager [None req-4a2cf963-3214-4150-a5da-00c638815299 admin admin] Version for resource type Port changed None to 1.7 on consumer Open vSwitch agent@dv-cinder-852210-7-smb {{(pid=112709) _set_version /opt/stack/neutron/neutron/api/rpc/callbacks/version_manager.py:113}}
Sep 01 13:49:05.357562 dv-cinder-852210-7-smb neutron-server[112709]: DEBUG neutron.api.rpc.callbacks.version_manager [None req-4a2cf963-3214-4150-a5da-00c638815299 admin admin] Version for resource type PortForwarding changed None to 1.3 on consumer Open vSwitch agent@dv-cinder-852210-7-smb {{(pid=112709) _set_version /opt/stack/neutron/neutron/api/rpc/callbacks/version_manager.py:113}}
Sep 01 13:49:05.357896 dv-cinder-852210-7-smb neutron-server[112709]: DEBUG neutron.api.rpc.callbacks.version_manager [None req-4a2cf963-3214-4150-a5da-00c638815299 admin admin] Version for resource type QosPolicy changed None to 1.10 on consumer Open vSwitch agent@dv-cinder-852210-7-smb {{(pid=112709) _set_version /opt/stack/neutron/neutron/api/rpc/callbacks/version_manager.py:113}}
Sep 01 13:49:05.358224 dv-cinder-852210-7-smb neutron-server[112709]: DEBUG neutron.api.rpc.callbacks.version_manager [None req-4a2cf963-3214-4150-a5da-00c638815299 admin admin] Version for resource type SecurityGroup changed None to 1.5 on consumer Open vSwitch agent@dv-cinder-852210-7-smb {{(pid=112709) _set_version /opt/stack/neutron/neutron/api/rpc/callbacks/version_manager.py:113}}
Sep 01 13:49:05.358570 dv-cinder-852210-7-smb neutron-server[112709]: DEBUG neutron.api.rpc.callbacks.version_manager [None req-4a2cf963-3214-4150-a5da-00c638815299 admin admin] Version for resource type SecurityGroupRule changed None to 1.2 on consumer Open vSwitch agent@dv-cinder-852210-7-smb {{(pid=112709) _set_version /opt/stack/neutron/neutron/api/rpc/callbacks/version_manager.py:113}}
Sep 01 13:49:05.358893 dv-cinder-852210-7-smb neutron-server[112709]: DEBUG neutron.api.rpc.callbacks.version_manager [None req-4a2cf963-3214-4150-a5da-00c638815299 admin admin] Version for resource type SubPort changed None to 1.0 on consumer Open vSwitch agent@dv-cinder-852210-7-smb {{(pid=112709) _set_version /opt/stack/neutron/neutron/api/rpc/callbacks/version_manager.py:113}}
Sep 01 13:49:05.359376 dv-cinder-852210-7-smb neutron-server[112709]: DEBUG neutron.api.rpc.callbacks.version_manager [None req-4a2cf963-3214-4150-a5da-00c638815299 admin admin] Version for resource type Subnet changed None to 1.1 on consumer Open vSwitch agent@dv-cinder-852210-7-smb {{(pid=112709) _set_version /opt/stack/neutron/neutron/api/rpc/callbacks/version_manager.py:113}}
Sep 01 13:49:05.359846 dv-cinder-852210-7-smb neutron-server[112709]: DEBUG neutron.api.rpc.callbacks.version_manager [None req-4a2cf963-3214-4150-a5da-00c638815299 admin admin] Version for resource type Trunk changed None to 1.1 on consumer Open vSwitch agent@dv-cinder-852210-7-smb {{(pid=112709) _set_version /opt/stack/neutron/neutron/api/rpc/callbacks/version_manager.py:113}}
Sep 01 13:49:05.622728 dv-cinder-852210-7-smb neutron-server[112709]: DEBUG neutron.plugins.ml2.plugin [None req-2f027561-60c6-482d-bdf4-1371d387f7cd admin admin] Deleting port 5b05b94d-5936-44bc-b1cc-6ef9810ae63e {{(pid=112709) _pre_delete_port /opt/stack/neutron/neutron/plugins/ml2/plugin.py:2047}}
