Sep 01 13:48:36.386199 dv-cinder-852210-7-smb devstack@c-api.service[119748]: DEBUG cinder.volume.api [None req-473820f9-f8ad-4370-8ec2-0c33ef7f8654 tempest-VolumesListAdminTestJSON-1734766888 tempest-VolumesListAdminTestJSON-1734766888-project] Flow 'volume_create_api' (4c9141e7-bae9-4375-a4d5-f7ecddf42b26) transitioned into state 'RUNNING' from state 'PENDING' {{(pid=119748) _flow_receiver /usr/local/lib/python3.8/dist-packages/taskflow/listeners/logging.py:141}}
Sep 01 13:48:36.386857 dv-cinder-852210-7-smb devstack@c-api.service[119747]: WARNING stevedore.named [None req-c29a3a69-60d8-4fd5-a286-8fce1b67d448 tempest-GroupSnapshotsTest-240231495 tempest-GroupSnapshotsTest-240231495-project] Could not load cinder.keymgr.conf_key_mgr.ConfKeyManager
Sep 01 13:48:36.387382 dv-cinder-852210-7-smb devstack@c-api.service[119747]: WARNING castellan.key_manager [None req-c29a3a69-60d8-4fd5-a286-8fce1b67d448 tempest-GroupSnapshotsTest-240231495 tempest-GroupSnapshotsTest-240231495-project] Deprecation Warning : cinder.keymgr.conf_key_mgr.ConfKeyManager is not a stevedore based driver, trying to load it as a class: stevedore.exception.NoMatches: No 'castellan.drivers' driver found, looking for 'cinder.keymgr.conf_key_mgr.ConfKeyManager'
Sep 01 13:48:36.388966 dv-cinder-852210-7-smb devstack@c-api.service[119748]: DEBUG cinder.volume.api [None req-473820f9-f8ad-4370-8ec2-0c33ef7f8654 tempest-VolumesListAdminTestJSON-1734766888 tempest-VolumesListAdminTestJSON-1734766888-project] Task 'cinder.volume.flows.api.create_volume.ExtractVolumeRequestTask;volume:create' (20b3e2aa-3b05-4021-bc9f-52e67657f0dd) transitioned into state 'RUNNING' from state 'PENDING' {{(pid=119748) _task_receiver /usr/local/lib/python3.8/dist-packages/taskflow/listeners/logging.py:190}}
Sep 01 13:48:36.391582 dv-cinder-852210-7-smb devstack@c-api.service[119748]: DEBUG cinder.volume.flows.api.create_volume [None req-473820f9-f8ad-4370-8ec2-0c33ef7f8654 tempest-VolumesListAdminTestJSON-1734766888 tempest-VolumesListAdminTestJSON-1734766888-project] Validating volume size '1' using validate_int {{(pid=119748) _extract_size /opt/stack/cinder/cinder/volume/flows/api/create_volume.py:228}}
Sep 01 13:48:36.405356 dv-cinder-852210-7-smb devstack@c-api.service[119747]: DEBUG oslo_db.sqlalchemy.engines [None req-c29a3a69-60d8-4fd5-a286-8fce1b67d448 tempest-GroupSnapshotsTest-240231495 tempest-GroupSnapshotsTest-240231495-project] MySQL server mode set to STRICT_TRANS_TABLES,STRICT_ALL_TABLES,NO_ZERO_IN_DATE,NO_ZERO_DATE,ERROR_FOR_DIVISION_BY_ZERO,TRADITIONAL,NO_ENGINE_SUBSTITUTION {{(pid=119747) _check_effective_sql_mode /usr/local/lib/python3.8/dist-packages/oslo_db/sqlalchemy/engines.py:314}}
Sep 01 13:48:36.416339 dv-cinder-852210-7-smb devstack@c-api.service[119747]: /usr/local/lib/python3.8/dist-packages/oslo_context/context.py:100: DeprecationWarning: Policy enforcement is depending on the value of is_admin. This key is deprecated. Please update your policy file to use the standard policy values.
Sep 01 13:48:36.416339 dv-cinder-852210-7-smb devstack@c-api.service[119747]: warnings.warn('Policy enforcement is depending on the value of '
Sep 01 13:48:36.419673 dv-cinder-852210-7-smb devstack@c-api.service[119748]: DEBUG dbcounter [-] [119748] Writing DB stats cinder:INSERT=6,cinder:SELECT=85,cinder:UPDATE=9 {{(pid=119748) stat_writer /usr/local/lib/python3.8/dist-packages/dbcounter.py:114}}
Sep 01 13:48:36.457258 dv-cinder-852210-7-smb devstack@c-api.service[119747]: INFO cinder.api.openstack.wsgi [None req-c29a3a69-60d8-4fd5-a286-8fce1b67d448 tempest-GroupSnapshotsTest-240231495 tempest-GroupSnapshotsTest-240231495-project] http://10.222.0.49/volume/v3/663ff843833946259b7bb9ef83e41b1c/volumes/1b151390-6c25-49fd-88e8-5b29e49c2c1c returned with HTTP 200
Sep 01 13:48:36.458395 dv-cinder-852210-7-smb devstack@c-api.service[119747]: [pid: 119747|app: 0|req: 82/178] 10.222.0.49 () {60 vars in 1366 bytes} [Thu Sep 1 13:48:36 2022] GET /volume/v3/663ff843833946259b7bb9ef83e41b1c/volumes/1b151390-6c25-49fd-88e8-5b29e49c2c1c => generated 993 bytes in 150 msecs (HTTP/1.1 200) 7 headers in 286 bytes (1 switches on core 0)
Sep 01 13:48:36.460289 dv-cinder-852210-7-smb devstack@c-api.service[119747]: DEBUG cinder.api.middleware.request_id [None req-0b83ca5b-4f37-4044-a6e4-09da126f9a7b None None] RequestId filter calling following filter/app {{(pid=119747) _context_setter /opt/stack/cinder/cinder/api/middleware/request_id.py:62}}
Sep 01 13:48:36.473637 dv-cinder-852210-7-smb devstack@c-api.service[119747]: INFO cinder.api.openstack.wsgi [None req-0b83ca5b-4f37-4044-a6e4-09da126f9a7b tempest-GroupsTest-231030126 tempest-GroupsTest-231030126-project-admin] POST http://10.222.0.49/volume/v3/96f778a91d9b4d7f94fa792c6bb81378/group_types
Sep 01 13:48:36.474199 dv-cinder-852210-7-smb devstack@c-api.service[119748]: DEBUG cinder.volume.api [None req-473820f9-f8ad-4370-8ec2-0c33ef7f8654 tempest-VolumesListAdminTestJSON-1734766888 tempest-VolumesListAdminTestJSON-1734766888-project] Task 'cinder.volume.flows.api.create_volume.ExtractVolumeRequestTask;volume:create' (20b3e2aa-3b05-4021-bc9f-52e67657f0dd) transitioned into state 'SUCCESS' from state 'RUNNING' with result '{'size': 1, 'snapshot_id': None, 'source_volid': None, 'volume_type': VolumeType(created_at=2022-09-01T13:38:31Z,deleted=False,deleted_at=None,description='Default Volume Type',extra_specs={},id=2a376675-f92b-42e9-bd9d-6e33565e9a3c,is_public=True,name='__DEFAULT__',projects=[],qos_specs=,qos_specs_id=None,updated_at=2022-09-01T13:38:31Z), 'volume_type_id': '2a376675-f92b-42e9-bd9d-6e33565e9a3c', 'encryption_key_id': None, 'qos_specs': None, 'consistencygroup_id': None, 'cgsnapshot_id': None, 'group_id': None, 'replication_status': 'disabled', 'refresh_az': False, 'backup_id': None, 'multiattach': False, 'availability_zones': ['nova']}' {{(pid=119748) _task_receiver /usr/local/lib/python3.8/dist-packages/taskflow/listeners/logging.py:178}}
Sep 01 13:48:36.474448 dv-cinder-852210-7-smb devstack@c-api.service[119747]: DEBUG cinder.api.openstack.wsgi [None req-0b83ca5b-4f37-4044-a6e4-09da126f9a7b tempest-GroupsTest-231030126 tempest-GroupsTest-231030126-project-admin] Action: 'create', calling method: version_select, body: {"group_type": {"name": "tempest-GroupsTest-group-type-184870105"}} {{(pid=119747) _process_stack /opt/stack/cinder/cinder/api/openstack/wsgi.py:866}}
Sep 01 13:48:36.477813 dv-cinder-852210-7-smb devstack@c-api.service[119748]: DEBUG cinder.volume.api [None req-473820f9-f8ad-4370-8ec2-0c33ef7f8654 tempest-VolumesListAdminTestJSON-1734766888 tempest-VolumesListAdminTestJSON-1734766888-project] Task 'cinder.volume.flows.api.create_volume.QuotaReserveTask;volume:create' (2dd2313f-ccfd-48c1-826b-003c7bdc6471) transitioned into state 'RUNNING' from state 'PENDING' {{(pid=119748) _task_receiver /usr/local/lib/python3.8/dist-packages/taskflow/listeners/logging.py:190}}
Sep 01 13:48:36.520067 dv-cinder-852210-7-smb devstack@c-api.service[119747]: INFO cinder.api.openstack.wsgi [None req-0b83ca5b-4f37-4044-a6e4-09da126f9a7b tempest-GroupsTest-231030126 tempest-GroupsTest-231030126-project-admin] http://10.222.0.49/volume/v3/96f778a91d9b4d7f94fa792c6bb81378/group_types returned with HTTP 202
Sep 01 13:48:36.521470 dv-cinder-852210-7-smb devstack@c-api.service[119747]: [pid: 119747|app: 0|req: 83/179] 10.222.0.49 () {62 vars in 1288 bytes} [Thu Sep 1 13:48:36 2022] POST /volume/v3/96f778a91d9b4d7f94fa792c6bb81378/group_types => generated 172 bytes in 62 msecs (HTTP/1.1 202) 7 headers in 292 bytes (1 switches on core 0)
Sep 01 13:48:36.523773 dv-cinder-852210-7-smb devstack@c-api.service[119747]: DEBUG cinder.api.middleware.request_id [None req-63dafb84-ae2d-42b9-a3f1-9dc2e73df586 None None] RequestId filter calling following filter/app {{(pid=119747) _context_setter /opt/stack/cinder/cinder/api/middleware/request_id.py:62}}
Sep 01 13:48:36.533019 dv-cinder-852210-7-smb devstack@c-api.service[119747]: INFO cinder.api.openstack.wsgi [None req-63dafb84-ae2d-42b9-a3f1-9dc2e73df586 tempest-GroupSnapshotsTest-240231495 tempest-GroupSnapshotsTest-240231495-project] GET http://10.222.0.49/volume/v3/663ff843833946259b7bb9ef83e41b1c/groups/d74c4eaa-4b66-4eec-9150-64397740da30
Sep 01 13:48:36.535930 dv-cinder-852210-7-smb devstack@c-api.service[119747]: DEBUG cinder.api.openstack.wsgi [None req-63dafb84-ae2d-42b9-a3f1-9dc2e73df586 tempest-GroupSnapshotsTest-240231495 tempest-GroupSnapshotsTest-240231495-project] Empty body provided in request {{(pid=119747) get_body /opt/stack/cinder/cinder/api/openstack/wsgi.py:715}}
Sep 01 13:48:36.536734 dv-cinder-852210-7-smb devstack@c-api.service[119747]: DEBUG cinder.api.openstack.wsgi [None req-63dafb84-ae2d-42b9-a3f1-9dc2e73df586 tempest-GroupSnapshotsTest-240231495 tempest-GroupSnapshotsTest-240231495-project] Calling method 'version_select' {{(pid=119747) _process_stack /opt/stack/cinder/cinder/api/openstack/wsgi.py:868}}
Sep 01 13:48:36.537279 dv-cinder-852210-7-smb devstack@c-api.service[119747]: DEBUG cinder.api.v3.groups [None req-63dafb84-ae2d-42b9-a3f1-9dc2e73df586 tempest-GroupSnapshotsTest-240231495 tempest-GroupSnapshotsTest-240231495-project] show called for member d74c4eaa-4b66-4eec-9150-64397740da30 {{(pid=119747) show /opt/stack/cinder/cinder/api/v3/groups.py:58}}
Sep 01 13:48:36.554573 dv-cinder-852210-7-smb devstack@c-api.service[119747]: /usr/local/lib/python3.8/dist-packages/oslo_context/context.py:100: DeprecationWarning: Policy enforcement is depending on the value of is_admin. This key is deprecated. Please update your policy file to use the standard policy values.
Sep 01 13:48:36.554573 dv-cinder-852210-7-smb devstack@c-api.service[119747]: warnings.warn('Policy enforcement is depending on the value of '
Sep 01 13:48:36.584235 dv-cinder-852210-7-smb devstack@c-api.service[119747]: INFO cinder.api.openstack.wsgi [None req-63dafb84-ae2d-42b9-a3f1-9dc2e73df586 tempest-GroupSnapshotsTest-240231495 tempest-GroupSnapshotsTest-240231495-project] http://10.222.0.49/volume/v3/663ff843833946259b7bb9ef83e41b1c/groups/d74c4eaa-4b66-4eec-9150-64397740da30 returned with HTTP 200
Sep 01 13:48:36.587098 dv-cinder-852210-7-smb devstack@c-api.service[119747]: [pid: 119747|app: 0|req: 84/180] 10.222.0.49 () {60 vars in 1363 bytes} [Thu Sep 1 13:48:36 2022] GET /volume/v3/663ff843833946259b7bb9ef83e41b1c/groups/d74c4eaa-4b66-4eec-9150-64397740da30 => generated 418 bytes in 64 msecs (HTTP/1.1 200) 7 headers in 286 bytes (1 switches on core 0)
Sep 01 13:48:36.588939 dv-cinder-852210-7-smb devstack@c-api.service[119747]: DEBUG cinder.api.middleware.request_id [None req-9d34c73a-9738-4383-befc-39311329b52c None None] RequestId filter calling following filter/app {{(pid=119747) _context_setter /opt/stack/cinder/cinder/api/middleware/request_id.py:62}}
Sep 01 13:48:36.649405 dv-cinder-852210-7-smb devstack@c-api.service[119748]: DEBUG cinder.quota [None req-473820f9-f8ad-4370-8ec2-0c33ef7f8654 tempest-VolumesListAdminTestJSON-1734766888 tempest-VolumesListAdminTestJSON-1734766888-project] Created reservations ['ef889288-f6dd-4866-864b-eea0624377f3', '33acb34e-d69d-43e1-8dfc-c5ec85a90b8b', 'd06494f5-a21f-49aa-9604-f0e8d380b8d5', 'a80ff30a-92ef-4f48-ba6a-a1a0d1a1834f'] {{(pid=119748) reserve /opt/stack/cinder/cinder/quota.py:755}}
Sep 01 13:48:36.654143 dv-cinder-852210-7-smb devstack@c-api.service[119748]: DEBUG cinder.volume.api [None req-473820f9-f8ad-4370-8ec2-0c33ef7f8654 tempest-VolumesListAdminTestJSON-1734766888 tempest-VolumesListAdminTestJSON-1734766888-project] Task 'cinder.volume.flows.api.create_volume.QuotaReserveTask;volume:create' (2dd2313f-ccfd-48c1-826b-003c7bdc6471) transitioned into state 'SUCCESS' from state 'RUNNING' with result '{'reservations': ['ef889288-f6dd-4866-864b-eea0624377f3', '33acb34e-d69d-43e1-8dfc-c5ec85a90b8b', 'd06494f5-a21f-49aa-9604-f0e8d380b8d5', 'a80ff30a-92ef-4f48-ba6a-a1a0d1a1834f']}' {{(pid=119748) _task_receiver /usr/local/lib/python3.8/dist-packages/taskflow/listeners/logging.py:178}}
Sep 01 13:48:36.658500 dv-cinder-852210-7-smb devstack@c-api.service[119748]: DEBUG cinder.volume.api [None req-473820f9-f8ad-4370-8ec2-0c33ef7f8654 tempest-VolumesListAdminTestJSON-1734766888 tempest-VolumesListAdminTestJSON-1734766888-project] Task 'cinder.volume.flows.api.create_volume.EntryCreateTask;volume:create' (de4f0e95-47ee-42b8-97d8-6ebb0d71401d) transitioned into state 'RUNNING' from state 'PENDING' {{(pid=119748) _task_receiver /usr/local/lib/python3.8/dist-packages/taskflow/listeners/logging.py:190}}
Sep 01 13:48:36.728138 dv-cinder-852210-7-smb devstack@c-api.service[119748]: DEBUG cinder.volume.api [None req-473820f9-f8ad-4370-8ec2-0c33ef7f8654 tempest-VolumesListAdminTestJSON-1734766888 tempest-VolumesListAdminTestJSON-1734766888-project] Task 'cinder.volume.flows.api.create_volume.EntryCreateTask;volume:create' (de4f0e95-47ee-42b8-97d8-6ebb0d71401d) transitioned into state 'SUCCESS' from state 'RUNNING' with result '{'volume_id': '91f152f5-bd43-4a0c-a1de-d61a305f44ad', 'volume_properties': VolumeProperties(attach_status='detached',availability_zone='nova',cgsnapshot_id=None,consistencygroup_id=None,display_description=None,display_name='tempest-VolumesListAdminTestJSON-Volume-9689392',encryption_key_id=None,group_id=None,group_type_id=,metadata={},multiattach=False,project_id='c02e288c7a7e47948b50d997b4c1033e',qos_specs=None,replication_status=,reservations=['ef889288-f6dd-4866-864b-eea0624377f3','33acb34e-d69d-43e1-8dfc-c5ec85a90b8b','d06494f5-a21f-49aa-9604-f0e8d380b8d5','a80ff30a-92ef-4f48-ba6a-a1a0d1a1834f'],size=1,snapshot_id=None,source_replicaid=,source_volid=None,status='creating',user_id='3feb673dbd9b4512a0887c2cda843324',volume_type_id=2a376675-f92b-42e9-bd9d-6e33565e9a3c), 'volume': Volume(_name_id=None,admin_metadata=,attach_status='detached',availability_zone='nova',bootable=False,cluster=,cluster_name=None,consistencygroup=,consistencygroup_id=None,created_at=2022-09-01T13:48:36Z,deleted=False,deleted_at=None,display_description=None,display_name='tempest-VolumesListAdminTestJSON-Volume-9689392',ec2_id=None,encryption_key_id=None,glance_metadata=,group=,group_id=None,host=None,id=91f152f5-bd43-4a0c-a1de-d61a305f44ad,launched_at=None,metadata={},migration_status=None,multiattach=False,previous_status=None,project_id='c02e288c7a7e47948b50d997b4c1033e',provider_auth=None,provider_geometry=None,provider_id=None,provider_location=None,replication_driver_data=None,replication_extended_status=None,replication_status=None,scheduled_at=None,service_uuid=None,shared_targets=True,size=1,snapshot_id=None,snapshots=,source_volid=None,status='creating',terminated_at=None,updated_at=None,use_quota=True,user_id='3feb673dbd9b4512a0887c2cda843324',volume_attachment=VolumeAttachmentList,volume_type=VolumeType(2a376675-f92b-42e9-bd9d-6e33565e9a3c),volume_type_id=2a376675-f92b-42e9-bd9d-6e33565e9a3c)}' {{(pid=119748) _task_receiver /usr/local/lib/python3.8/dist-packages/taskflow/listeners/logging.py:178}}
Sep 01 13:48:36.736182 dv-cinder-852210-7-smb devstack@c-api.service[119748]: DEBUG cinder.volume.api [None req-473820f9-f8ad-4370-8ec2-0c33ef7f8654 tempest-VolumesListAdminTestJSON-1734766888 tempest-VolumesListAdminTestJSON-1734766888-project] Task 'cinder.volume.flows.api.create_volume.QuotaCommitTask;volume:create' (b7736d4f-3fc6-4494-a358-79d3eb07335d) transitioned into state 'RUNNING' from state 'PENDING' {{(pid=119748) _task_receiver /usr/local/lib/python3.8/dist-packages/taskflow/listeners/logging.py:190}}
Sep 01 13:48:36.793135 dv-cinder-852210-7-smb devstack@c-api.service[119748]: DEBUG cinder.volume.api [None req-473820f9-f8ad-4370-8ec2-0c33ef7f8654 tempest-VolumesListAdminTestJSON-1734766888 tempest-VolumesListAdminTestJSON-1734766888-project] Task 'cinder.volume.flows.api.create_volume.QuotaCommitTask;volume:create' (b7736d4f-3fc6-4494-a358-79d3eb07335d) transitioned into state 'SUCCESS' from state 'RUNNING' with result '{'volume_properties': VolumeProperties(attach_status='detached',availability_zone='nova',cgsnapshot_id=None,consistencygroup_id=None,display_description=None,display_name='tempest-VolumesListAdminTestJSON-Volume-9689392',encryption_key_id=None,group_id=None,group_type_id=,metadata={},multiattach=False,project_id='c02e288c7a7e47948b50d997b4c1033e',qos_specs=None,replication_status=,reservations=['ef889288-f6dd-4866-864b-eea0624377f3','33acb34e-d69d-43e1-8dfc-c5ec85a90b8b','d06494f5-a21f-49aa-9604-f0e8d380b8d5','a80ff30a-92ef-4f48-ba6a-a1a0d1a1834f'],size=1,snapshot_id=None,source_replicaid=,source_volid=None,status='creating',user_id='3feb673dbd9b4512a0887c2cda843324',volume_type_id=2a376675-f92b-42e9-bd9d-6e33565e9a3c)}' {{(pid=119748) _task_receiver /usr/local/lib/python3.8/dist-packages/taskflow/listeners/logging.py:178}}
Sep 01 13:48:36.795280 dv-cinder-852210-7-smb devstack@c-api.service[119748]: DEBUG cinder.volume.api [None req-473820f9-f8ad-4370-8ec2-0c33ef7f8654 tempest-VolumesListAdminTestJSON-1734766888 tempest-VolumesListAdminTestJSON-1734766888-project] Task 'cinder.volume.flows.api.create_volume.VolumeCastTask;volume:create' (07e290a3-78ce-4fd5-82ab-32789d4c01c4) transitioned into state 'RUNNING' from state 'PENDING' {{(pid=119748) _task_receiver /usr/local/lib/python3.8/dist-packages/taskflow/listeners/logging.py:190}}
Sep 01 13:48:36.814383 dv-cinder-852210-7-smb devstack@c-api.service[119748]: DEBUG cinder.volume.api [None req-473820f9-f8ad-4370-8ec2-0c33ef7f8654 tempest-VolumesListAdminTestJSON-1734766888 tempest-VolumesListAdminTestJSON-1734766888-project] Task 'cinder.volume.flows.api.create_volume.VolumeCastTask;volume:create' (07e290a3-78ce-4fd5-82ab-32789d4c01c4) transitioned into state 'SUCCESS' from state 'RUNNING' with result 'None' {{(pid=119748) _task_receiver /usr/local/lib/python3.8/dist-packages/taskflow/listeners/logging.py:178}}
Sep 01 13:48:36.816940 dv-cinder-852210-7-smb devstack@c-api.service[119748]: DEBUG cinder.volume.api [None req-473820f9-f8ad-4370-8ec2-0c33ef7f8654 tempest-VolumesListAdminTestJSON-1734766888 tempest-VolumesListAdminTestJSON-1734766888-project] Flow 'volume_create_api' (4c9141e7-bae9-4375-a4d5-f7ecddf42b26) transitioned into state 'SUCCESS' from state 'RUNNING' {{(pid=119748) _flow_receiver /usr/local/lib/python3.8/dist-packages/taskflow/listeners/logging.py:141}}
Sep 01 13:48:36.817662 dv-cinder-852210-7-smb devstack@c-api.service[119748]: INFO cinder.volume.api [None req-473820f9-f8ad-4370-8ec2-0c33ef7f8654 tempest-VolumesListAdminTestJSON-1734766888 tempest-VolumesListAdminTestJSON-1734766888-project] Create volume request issued successfully.
Sep 01 13:48:36.820041 dv-cinder-852210-7-smb devstack@c-api.service[119748]: INFO cinder.api.openstack.wsgi [None req-473820f9-f8ad-4370-8ec2-0c33ef7f8654 tempest-VolumesListAdminTestJSON-1734766888 tempest-VolumesListAdminTestJSON-1734766888-project] http://10.222.0.49/volume/v3/c02e288c7a7e47948b50d997b4c1033e/volumes returned with HTTP 202
Sep 01 13:48:36.825590 dv-cinder-852210-7-smb devstack@c-api.service[119748]: [pid: 119748|app: 0|req: 97/181] 10.222.0.49 () {60 vars in 1235 bytes} [Thu Sep 1 13:48:36 2022] POST /volume/v3/c02e288c7a7e47948b50d997b4c1033e/volumes => generated 821 bytes in 496 msecs (HTTP/1.1 202) 7 headers in 291 bytes (1 switches on core 0)
Sep 01 13:48:36.825590 dv-cinder-852210-7-smb devstack@c-api.service[119748]: DEBUG cinder.api.middleware.request_id [None req-ab2e79f0-0868-47b0-8097-3af8ebbc253e None None] RequestId filter calling following filter/app {{(pid=119748) _context_setter /opt/stack/cinder/cinder/api/middleware/request_id.py:62}}
Sep 01 13:48:36.838194 dv-cinder-852210-7-smb devstack@c-api.service[119748]: INFO cinder.api.openstack.wsgi [None req-ab2e79f0-0868-47b0-8097-3af8ebbc253e tempest-GroupSnapshotsTest-240231495 tempest-GroupSnapshotsTest-240231495-project] GET http://10.222.0.49/volume/v3/663ff843833946259b7bb9ef83e41b1c/volumes/detail
Sep 01 13:48:36.838958 dv-cinder-852210-7-smb devstack@c-api.service[119748]: DEBUG cinder.api.openstack.wsgi [None req-ab2e79f0-0868-47b0-8097-3af8ebbc253e tempest-GroupSnapshotsTest-240231495 tempest-GroupSnapshotsTest-240231495-project] Empty body provided in request {{(pid=119748) get_body /opt/stack/cinder/cinder/api/openstack/wsgi.py:715}}
Sep 01 13:48:36.839637 dv-cinder-852210-7-smb devstack@c-api.service[119748]: DEBUG cinder.api.openstack.wsgi [None req-ab2e79f0-0868-47b0-8097-3af8ebbc253e tempest-GroupSnapshotsTest-240231495 tempest-GroupSnapshotsTest-240231495-project] Calling method 'detail' {{(pid=119748) _process_stack /opt/stack/cinder/cinder/api/openstack/wsgi.py:868}}
Sep 01 13:48:36.840508 dv-cinder-852210-7-smb devstack@c-api.service[119748]: DEBUG cinder.api.api_utils [None req-ab2e79f0-0868-47b0-8097-3af8ebbc253e tempest-GroupSnapshotsTest-240231495 tempest-GroupSnapshotsTest-240231495-project] Removing options '' from query. {{(pid=119748) remove_invalid_filter_options /opt/stack/cinder/cinder/api/api_utils.py:83}}
Sep 01 13:48:36.841570 dv-cinder-852210-7-smb devstack@c-api.service[119748]: /usr/local/lib/python3.8/dist-packages/oslo_context/context.py:100: DeprecationWarning: Policy enforcement is depending on the value of is_admin. This key is deprecated. Please update your policy file to use the standard policy values.
Sep 01 13:48:36.841570 dv-cinder-852210-7-smb devstack@c-api.service[119748]: warnings.warn('Policy enforcement is depending on the value of '
Sep 01 13:48:36.842938 dv-cinder-852210-7-smb devstack@c-api.service[119748]: DEBUG cinder.volume.api [None req-ab2e79f0-0868-47b0-8097-3af8ebbc253e tempest-GroupSnapshotsTest-240231495 tempest-GroupSnapshotsTest-240231495-project] Searching by: MultiDict([('no_migration_targets', True)]). {{(pid=119748) get_all /opt/stack/cinder/cinder/volume/api.py:664}}
Sep 01 13:48:36.923906 dv-cinder-852210-7-smb devstack@c-api.service[119747]: INFO cinder.api.openstack.wsgi [None req-9d34c73a-9738-4383-befc-39311329b52c tempest-GroupsTest-781160091 tempest-GroupsTest-781160091-project] POST http://10.222.0.49/volume/v3/9a58fdf16743436390279883aa73e5fd/groups
Sep 01 13:48:36.924678 dv-cinder-852210-7-smb devstack@c-api.service[119747]: DEBUG cinder.api.openstack.wsgi [None req-9d34c73a-9738-4383-befc-39311329b52c tempest-GroupsTest-781160091 tempest-GroupsTest-781160091-project] Action: 'create', calling method: version_select, body: {"group": {"group_type": "bcfacbfa-4235-44ed-a5d6-eb7a4e56b2bf", "volume_types": ["bcb4737f-b708-4ac6-8695-0b58ab7c8123"], "name": "tempest-Group1-1132227025"}} {{(pid=119747) _process_stack /opt/stack/cinder/cinder/api/openstack/wsgi.py:866}}
Sep 01 13:48:36.927044 dv-cinder-852210-7-smb devstack@c-api.service[119747]: DEBUG cinder.api.v3.groups [None req-9d34c73a-9738-4383-befc-39311329b52c tempest-GroupsTest-781160091 tempest-GroupsTest-781160091-project] Creating new group {'group': {'group_type': 'bcfacbfa-4235-44ed-a5d6-eb7a4e56b2bf', 'volume_types': ['bcb4737f-b708-4ac6-8695-0b58ab7c8123'], 'name': 'tempest-Group1-1132227025'}} {{(pid=119747) create /opt/stack/cinder/cinder/api/v3/groups.py:190}}
Sep 01 13:48:36.935798 dv-cinder-852210-7-smb devstack@c-api.service[119747]: INFO cinder.api.v3.groups [None req-9d34c73a-9738-4383-befc-39311329b52c tempest-GroupsTest-781160091 tempest-GroupsTest-781160091-project] Creating group tempest-Group1-1132227025.
Sep 01 13:48:36.936521 dv-cinder-852210-7-smb devstack@c-api.service[119747]: /usr/local/lib/python3.8/dist-packages/oslo_context/context.py:100: DeprecationWarning: Policy enforcement is depending on the value of is_admin. This key is deprecated. Please update your policy file to use the standard policy values.
Sep 01 13:48:36.936521 dv-cinder-852210-7-smb devstack@c-api.service[119747]: warnings.warn('Policy enforcement is depending on the value of '
Sep 01 13:48:36.949910 dv-cinder-852210-7-smb devstack@c-api.service[119747]: INFO cinder.volume.api [None req-9d34c73a-9738-4383-befc-39311329b52c tempest-GroupsTest-781160091 tempest-GroupsTest-781160091-project] Availability Zones retrieved successfully.
Sep 01 13:48:36.974654 dv-cinder-852210-7-smb devstack@c-api.service[119748]: INFO cinder.volume.api [None req-ab2e79f0-0868-47b0-8097-3af8ebbc253e tempest-GroupSnapshotsTest-240231495 tempest-GroupSnapshotsTest-240231495-project] Get all volumes completed successfully.
Sep 01 13:48:36.977293 dv-cinder-852210-7-smb devstack@c-api.service[119748]: WARNING stevedore.named [None req-ab2e79f0-0868-47b0-8097-3af8ebbc253e tempest-GroupSnapshotsTest-240231495 tempest-GroupSnapshotsTest-240231495-project] Could not load cinder.keymgr.conf_key_mgr.ConfKeyManager
Sep 01 13:48:36.979846 dv-cinder-852210-7-smb devstack@c-api.service[119748]: WARNING castellan.key_manager [None req-ab2e79f0-0868-47b0-8097-3af8ebbc253e tempest-GroupSnapshotsTest-240231495 tempest-GroupSnapshotsTest-240231495-project] Deprecation Warning : cinder.keymgr.conf_key_mgr.ConfKeyManager is not a stevedore based driver, trying to load it as a class: stevedore.exception.NoMatches: No 'castellan.drivers' driver found, looking for 'cinder.keymgr.conf_key_mgr.ConfKeyManager'
Sep 01 13:48:36.997487 dv-cinder-852210-7-smb devstack@c-api.service[119748]: DEBUG oslo_db.sqlalchemy.engines [None req-ab2e79f0-0868-47b0-8097-3af8ebbc253e tempest-GroupSnapshotsTest-240231495 tempest-GroupSnapshotsTest-240231495-project] MySQL server mode set to STRICT_TRANS_TABLES,STRICT_ALL_TABLES,NO_ZERO_IN_DATE,NO_ZERO_DATE,ERROR_FOR_DIVISION_BY_ZERO,TRADITIONAL,NO_ENGINE_SUBSTITUTION {{(pid=119748) _check_effective_sql_mode /usr/local/lib/python3.8/dist-packages/oslo_db/sqlalchemy/engines.py:314}}
Sep 01 13:48:37.004840 dv-cinder-852210-7-smb devstack@c-api.service[119748]: /usr/local/lib/python3.8/dist-packages/oslo_context/context.py:100: DeprecationWarning: Policy enforcement is depending on the value of is_admin. This key is deprecated. Please update your policy file to use the standard policy values.
Sep 01 13:48:37.004840 dv-cinder-852210-7-smb devstack@c-api.service[119748]: warnings.warn('Policy enforcement is depending on the value of '
Sep 01 13:48:37.018498 dv-cinder-852210-7-smb devstack@c-api.service[119748]: WARNING stevedore.named [None req-ab2e79f0-0868-47b0-8097-3af8ebbc253e tempest-GroupSnapshotsTest-240231495 tempest-GroupSnapshotsTest-240231495-project] Could not load cinder.keymgr.conf_key_mgr.ConfKeyManager
Sep 01 13:48:37.019020 dv-cinder-852210-7-smb devstack@c-api.service[119748]: WARNING castellan.key_manager [None req-ab2e79f0-0868-47b0-8097-3af8ebbc253e tempest-GroupSnapshotsTest-240231495 tempest-GroupSnapshotsTest-240231495-project] Deprecation Warning : cinder.keymgr.conf_key_mgr.ConfKeyManager is not a stevedore based driver, trying to load it as a class: stevedore.exception.NoMatches: No 'castellan.drivers' driver found, looking for 'cinder.keymgr.conf_key_mgr.ConfKeyManager'
Sep 01 13:48:37.049015 dv-cinder-852210-7-smb devstack@c-api.service[119748]: DEBUG oslo_db.sqlalchemy.engines [None req-ab2e79f0-0868-47b0-8097-3af8ebbc253e tempest-GroupSnapshotsTest-240231495 tempest-GroupSnapshotsTest-240231495-project] MySQL server mode set to STRICT_TRANS_TABLES,STRICT_ALL_TABLES,NO_ZERO_IN_DATE,NO_ZERO_DATE,ERROR_FOR_DIVISION_BY_ZERO,TRADITIONAL,NO_ENGINE_SUBSTITUTION {{(pid=119748) _check_effective_sql_mode /usr/local/lib/python3.8/dist-packages/oslo_db/sqlalchemy/engines.py:314}}
Sep 01 13:48:37.059114 dv-cinder-852210-7-smb devstack@c-api.service[119747]: DEBUG cinder.quota [None req-9d34c73a-9738-4383-befc-39311329b52c tempest-GroupsTest-781160091 tempest-GroupsTest-781160091-project] Created reservations ['f2caab54-461e-41c9-b418-113da9d8e8b7'] {{(pid=119747) reserve /opt/stack/cinder/cinder/quota.py:755}}
Sep 01 13:48:37.059306 dv-cinder-852210-7-smb devstack@c-api.service[119748]: /usr/local/lib/python3.8/dist-packages/oslo_context/context.py:100: DeprecationWarning: Policy enforcement is depending on the value of is_admin. This key is deprecated. Please update your policy file to use the standard policy values.
Sep 01 13:48:37.059306 dv-cinder-852210-7-smb devstack@c-api.service[119748]: warnings.warn('Policy enforcement is depending on the value of '
Sep 01 13:48:37.089137 dv-cinder-852210-7-smb devstack@c-api.service[119748]: INFO cinder.api.openstack.wsgi [None req-ab2e79f0-0868-47b0-8097-3af8ebbc253e tempest-GroupSnapshotsTest-240231495 tempest-GroupSnapshotsTest-240231495-project] http://10.222.0.49/volume/v3/663ff843833946259b7bb9ef83e41b1c/volumes/detail returned with HTTP 200
Sep 01 13:48:37.090322 dv-cinder-852210-7-smb devstack@c-api.service[119748]: [pid: 119748|app: 0|req: 98/182] 10.222.0.49 () {60 vars in 1276 bytes} [Thu Sep 1 13:48:36 2022] GET /volume/v3/663ff843833946259b7bb9ef83e41b1c/volumes/detail => generated 1987 bytes in 269 msecs (HTTP/1.1 200) 7 headers in 287 bytes (1 switches on core 0)
Sep 01 13:48:37.091869 dv-cinder-852210-7-smb devstack@c-api.service[119748]: DEBUG cinder.api.middleware.request_id [None req-6ad41f81-a88e-44fe-8cc6-252511cfe5a8 None None] RequestId filter calling following filter/app {{(pid=119748) _context_setter /opt/stack/cinder/cinder/api/middleware/request_id.py:62}}
Sep 01 13:48:37.098843 dv-cinder-852210-7-smb devstack@c-api.service[119748]: INFO cinder.api.openstack.wsgi [None req-6ad41f81-a88e-44fe-8cc6-252511cfe5a8 tempest-VolumesListAdminTestJSON-1734766888 tempest-VolumesListAdminTestJSON-1734766888-project] GET http://10.222.0.49/volume/v3/c02e288c7a7e47948b50d997b4c1033e/volumes/91f152f5-bd43-4a0c-a1de-d61a305f44ad
Sep 01 13:48:37.099295 dv-cinder-852210-7-smb devstack@c-api.service[119748]: DEBUG cinder.api.openstack.wsgi [None req-6ad41f81-a88e-44fe-8cc6-252511cfe5a8 tempest-VolumesListAdminTestJSON-1734766888 tempest-VolumesListAdminTestJSON-1734766888-project] Empty body provided in request {{(pid=119748) get_body /opt/stack/cinder/cinder/api/openstack/wsgi.py:715}}
Sep 01 13:48:37.101634 dv-cinder-852210-7-smb devstack@c-api.service[119748]: DEBUG cinder.api.openstack.wsgi [None req-6ad41f81-a88e-44fe-8cc6-252511cfe5a8 tempest-VolumesListAdminTestJSON-1734766888 tempest-VolumesListAdminTestJSON-1734766888-project] Calling method 'show' {{(pid=119748) _process_stack /opt/stack/cinder/cinder/api/openstack/wsgi.py:868}}
Sep 01 13:48:37.128859 dv-cinder-852210-7-smb devstack@c-api.service[119748]: /usr/local/lib/python3.8/dist-packages/oslo_context/context.py:100: DeprecationWarning: Policy enforcement is depending on the value of is_admin. This key is deprecated. Please update your policy file to use the standard policy values.
Sep 01 13:48:37.128859 dv-cinder-852210-7-smb devstack@c-api.service[119748]: warnings.warn('Policy enforcement is depending on the value of '
Sep 01 13:48:37.132634 dv-cinder-852210-7-smb devstack@c-api.service[119747]: INFO cinder.api.openstack.wsgi [None req-9d34c73a-9738-4383-befc-39311329b52c tempest-GroupsTest-781160091 tempest-GroupsTest-781160091-project] http://10.222.0.49/volume/v3/9a58fdf16743436390279883aa73e5fd/groups returned with HTTP 202
Sep 01 13:48:37.134451 dv-cinder-852210-7-smb devstack@c-api.service[119747]: [pid: 119747|app: 0|req: 85/183] 10.222.0.49 () {62 vars in 1274 bytes} [Thu Sep 1 13:48:36 2022] POST /volume/v3/9a58fdf16743436390279883aa73e5fd/groups => generated 94 bytes in 546 msecs (HTTP/1.1 202) 7 headers in 291 bytes (1 switches on core 0)
Sep 01 13:48:37.137609 dv-cinder-852210-7-smb devstack@c-api.service[119747]: DEBUG cinder.api.middleware.request_id [None req-df70b174-bf00-4f44-89eb-b55da34c5706 None None] RequestId filter calling following filter/app {{(pid=119747) _context_setter /opt/stack/cinder/cinder/api/middleware/request_id.py:62}}
Sep 01 13:48:37.148436 dv-cinder-852210-7-smb devstack@c-api.service[119747]: INFO cinder.api.openstack.wsgi [None req-df70b174-bf00-4f44-89eb-b55da34c5706 tempest-VolumeTypesTest-1849411474 tempest-VolumeTypesTest-1849411474-project] GET http://10.222.0.49/volume/v3/3af3381e4d704d81a9da532582ce6a6f/volumes/07c115d9-f972-4a2b-869b-398135e9cc77
Sep 01 13:48:37.149269 dv-cinder-852210-7-smb devstack@c-api.service[119747]: DEBUG cinder.api.openstack.wsgi [None req-df70b174-bf00-4f44-89eb-b55da34c5706 tempest-VolumeTypesTest-1849411474 tempest-VolumeTypesTest-1849411474-project] Empty body provided in request {{(pid=119747) get_body /opt/stack/cinder/cinder/api/openstack/wsgi.py:715}}
Sep 01 13:48:37.149631 dv-cinder-852210-7-smb devstack@c-api.service[119747]: DEBUG cinder.api.openstack.wsgi [None req-df70b174-bf00-4f44-89eb-b55da34c5706 tempest-VolumeTypesTest-1849411474 tempest-VolumeTypesTest-1849411474-project] Calling method 'show' {{(pid=119747) _process_stack /opt/stack/cinder/cinder/api/openstack/wsgi.py:868}}
Sep 01 13:48:37.150595 dv-cinder-852210-7-smb devstack@c-api.service[119748]: INFO cinder.volume.api [None req-6ad41f81-a88e-44fe-8cc6-252511cfe5a8 tempest-VolumesListAdminTestJSON-1734766888 tempest-VolumesListAdminTestJSON-1734766888-project] Volume info retrieved successfully.
Sep 01 13:48:37.170768 dv-cinder-852210-7-smb devstack@c-api.service[119748]: INFO cinder.api.openstack.wsgi [None req-6ad41f81-a88e-44fe-8cc6-252511cfe5a8 tempest-VolumesListAdminTestJSON-1734766888 tempest-VolumesListAdminTestJSON-1734766888-project] http://10.222.0.49/volume/v3/c02e288c7a7e47948b50d997b4c1033e/volumes/91f152f5-bd43-4a0c-a1de-d61a305f44ad returned with HTTP 200
Sep 01 13:48:37.172309 dv-cinder-852210-7-smb devstack@c-api.service[119748]: [pid: 119748|app: 0|req: 99/184] 10.222.0.49 () {58 vars in 1325 bytes} [Thu Sep 1 13:48:37 2022] GET /volume/v3/c02e288c7a7e47948b50d997b4c1033e/volumes/91f152f5-bd43-4a0c-a1de-d61a305f44ad => generated 913 bytes in 81 msecs (HTTP/1.1 200) 7 headers in 285 bytes (1 switches on core 0)
Sep 01 13:48:37.173813 dv-cinder-852210-7-smb devstack@c-api.service[119748]: DEBUG cinder.api.middleware.request_id [None req-bcde6993-c528-43c4-a405-03e72b809f95 None None] RequestId filter calling following filter/app {{(pid=119748) _context_setter /opt/stack/cinder/cinder/api/middleware/request_id.py:62}}
Sep 01 13:48:37.187790 dv-cinder-852210-7-smb devstack@c-api.service[119748]: INFO cinder.api.openstack.wsgi [None req-bcde6993-c528-43c4-a405-03e72b809f95 tempest-SnapshotsActionsTest-1185832281 tempest-SnapshotsActionsTest-1185832281-project] GET http://10.222.0.49/volume/v3/bd9541d01a4a46ec86bee7effa67c24b/snapshots/524a002f-5b62-4d0b-8b4c-edac80a7bcbf
Sep 01 13:48:37.188580 dv-cinder-852210-7-smb devstack@c-api.service[119748]: DEBUG cinder.api.openstack.wsgi [None req-bcde6993-c528-43c4-a405-03e72b809f95 tempest-SnapshotsActionsTest-1185832281 tempest-SnapshotsActionsTest-1185832281-project] Empty body provided in request {{(pid=119748) get_body /opt/stack/cinder/cinder/api/openstack/wsgi.py:715}}
Sep 01 13:48:37.189232 dv-cinder-852210-7-smb devstack@c-api.service[119748]: DEBUG cinder.api.openstack.wsgi [None req-bcde6993-c528-43c4-a405-03e72b809f95 tempest-SnapshotsActionsTest-1185832281 tempest-SnapshotsActionsTest-1185832281-project] Calling method 'show' {{(pid=119748) _process_stack /opt/stack/cinder/cinder/api/openstack/wsgi.py:868}}
Sep 01 13:48:37.192798 dv-cinder-852210-7-smb devstack@c-api.service[119747]: /usr/local/lib/python3.8/dist-packages/oslo_context/context.py:100: DeprecationWarning: Policy enforcement is depending on the value of is_admin. This key is deprecated. Please update your policy file to use the standard policy values.
Sep 01 13:48:37.192798 dv-cinder-852210-7-smb devstack@c-api.service[119747]: warnings.warn('Policy enforcement is depending on the value of '
Sep 01 13:48:37.202909 dv-cinder-852210-7-smb devstack@c-api.service[119748]: /usr/local/lib/python3.8/dist-packages/oslo_context/context.py:100: DeprecationWarning: Policy enforcement is depending on the value of is_admin. This key is deprecated. Please update your policy file to use the standard policy values.
Sep 01 13:48:37.202909 dv-cinder-852210-7-smb devstack@c-api.service[119748]: warnings.warn('Policy enforcement is depending on the value of '
Sep 01 13:48:37.204456 dv-cinder-852210-7-smb devstack@c-api.service[119748]: INFO cinder.volume.api [None req-bcde6993-c528-43c4-a405-03e72b809f95 tempest-SnapshotsActionsTest-1185832281 tempest-SnapshotsActionsTest-1185832281-project] Snapshot retrieved successfully.
Sep 01 13:48:37.206738 dv-cinder-852210-7-smb devstack@c-api.service[119748]: INFO cinder.api.openstack.wsgi [None req-bcde6993-c528-43c4-a405-03e72b809f95 tempest-SnapshotsActionsTest-1185832281 tempest-SnapshotsActionsTest-1185832281-project] http://10.222.0.49/volume/v3/bd9541d01a4a46ec86bee7effa67c24b/snapshots/524a002f-5b62-4d0b-8b4c-edac80a7bcbf returned with HTTP 200
Sep 01 13:48:37.211913 dv-cinder-852210-7-smb devstack@c-api.service[119747]: INFO cinder.volume.api [None req-df70b174-bf00-4f44-89eb-b55da34c5706 tempest-VolumeTypesTest-1849411474 tempest-VolumeTypesTest-1849411474-project] Volume info retrieved successfully.
Sep 01 13:48:37.216183 dv-cinder-852210-7-smb devstack@c-api.service[119748]: [pid: 119748|app: 0|req: 100/185] 10.222.0.49 () {58 vars in 1331 bytes} [Thu Sep 1 13:48:37 2022] GET /volume/v3/bd9541d01a4a46ec86bee7effa67c24b/snapshots/524a002f-5b62-4d0b-8b4c-edac80a7bcbf => generated 567 bytes in 43 msecs (HTTP/1.1 200) 7 headers in 285 bytes (1 switches on core 0)
Sep 01 13:48:37.219757 dv-cinder-852210-7-smb devstack@c-api.service[119748]: DEBUG cinder.api.middleware.request_id [None req-9fead996-5528-4e64-840f-c5eacfe18e91 None None] RequestId filter calling following filter/app {{(pid=119748) _context_setter /opt/stack/cinder/cinder/api/middleware/request_id.py:62}}
Sep 01 13:48:37.229605 dv-cinder-852210-7-smb devstack@c-api.service[119748]: INFO cinder.api.openstack.wsgi [None req-9fead996-5528-4e64-840f-c5eacfe18e91 tempest-GroupSnapshotsTest-240231495 tempest-GroupSnapshotsTest-240231495-project] POST http://10.222.0.49/volume/v3/663ff843833946259b7bb9ef83e41b1c/groups/d74c4eaa-4b66-4eec-9150-64397740da30/action
Sep 01 13:48:37.230587 dv-cinder-852210-7-smb devstack@c-api.service[119748]: DEBUG cinder.api.openstack.wsgi [None req-9fead996-5528-4e64-840f-c5eacfe18e91 tempest-GroupSnapshotsTest-240231495 tempest-GroupSnapshotsTest-240231495-project] Action body: b'{"delete": {"delete-volumes": true}}' {{(pid=119748) get_method /opt/stack/cinder/cinder/api/openstack/wsgi.py:983}}
Sep 01 13:48:37.230819 dv-cinder-852210-7-smb devstack@c-api.service[119748]: DEBUG cinder.api.openstack.wsgi [None req-9fead996-5528-4e64-840f-c5eacfe18e91 tempest-GroupSnapshotsTest-240231495 tempest-GroupSnapshotsTest-240231495-project] Action: 'action', calling method: delete_group, body: {"delete": {"delete-volumes": true}} {{(pid=119748) _process_stack /opt/stack/cinder/cinder/api/openstack/wsgi.py:866}}
Sep 01 13:48:37.232959 dv-cinder-852210-7-smb devstack@c-api.service[119748]: DEBUG cinder.api.v3.groups [None req-9fead996-5528-4e64-840f-c5eacfe18e91 tempest-GroupSnapshotsTest-240231495 tempest-GroupSnapshotsTest-240231495-project] delete called for group d74c4eaa-4b66-4eec-9150-64397740da30 {{(pid=119748) _delete /opt/stack/cinder/cinder/api/v3/groups.py:117}}
Sep 01 13:48:37.233262 dv-cinder-852210-7-smb devstack@c-api.service[119748]: INFO cinder.api.v3.groups [None req-9fead996-5528-4e64-840f-c5eacfe18e91 tempest-GroupSnapshotsTest-240231495 tempest-GroupSnapshotsTest-240231495-project] Delete group with id: d74c4eaa-4b66-4eec-9150-64397740da30
Sep 01 13:48:37.241500 dv-cinder-852210-7-smb devstack@c-api.service[119748]: /usr/local/lib/python3.8/dist-packages/oslo_context/context.py:100: DeprecationWarning: Policy enforcement is depending on the value of is_admin. This key is deprecated. Please update your policy file to use the standard policy values.
Sep 01 13:48:37.241500 dv-cinder-852210-7-smb devstack@c-api.service[119748]: warnings.warn('Policy enforcement is depending on the value of '
Sep 01 13:48:37.256604 dv-cinder-852210-7-smb devstack@c-api.service[119747]: INFO cinder.api.openstack.wsgi [None req-df70b174-bf00-4f44-89eb-b55da34c5706 tempest-VolumeTypesTest-1849411474 tempest-VolumeTypesTest-1849411474-project] http://10.222.0.49/volume/v3/3af3381e4d704d81a9da532582ce6a6f/volumes/07c115d9-f972-4a2b-869b-398135e9cc77 returned with HTTP 200
Sep 01 13:48:37.262026 dv-cinder-852210-7-smb devstack@c-api.service[119747]: [pid: 119747|app: 0|req: 86/186] 10.222.0.49 () {58 vars in 1325 bytes} [Thu Sep 1 13:48:37 2022] GET /volume/v3/3af3381e4d704d81a9da532582ce6a6f/volumes/07c115d9-f972-4a2b-869b-398135e9cc77 => generated 940 bytes in 127 msecs (HTTP/1.1 200) 7 headers in 285 bytes (1 switches on core 0)
Sep 01 13:48:37.264198 dv-cinder-852210-7-smb devstack@c-api.service[119747]: DEBUG cinder.api.middleware.request_id [None req-61ddc65c-6836-45dd-aead-937895cd01d9 None None] RequestId filter calling following filter/app {{(pid=119747) _context_setter /opt/stack/cinder/cinder/api/middleware/request_id.py:62}}
Sep 01 13:48:37.279278 dv-cinder-852210-7-smb devstack@c-api.service[119747]: INFO cinder.api.openstack.wsgi [None req-61ddc65c-6836-45dd-aead-937895cd01d9 tempest-GroupsTest-781160091 tempest-GroupsTest-781160091-project] GET http://10.222.0.49/volume/v3/9a58fdf16743436390279883aa73e5fd/groups/664c30c0-b313-417f-89bf-c4fda64424d8
Sep 01 13:48:37.280084 dv-cinder-852210-7-smb devstack@c-api.service[119747]: DEBUG cinder.api.openstack.wsgi [None req-61ddc65c-6836-45dd-aead-937895cd01d9 tempest-GroupsTest-781160091 tempest-GroupsTest-781160091-project] Empty body provided in request {{(pid=119747) get_body /opt/stack/cinder/cinder/api/openstack/wsgi.py:715}}
Sep 01 13:48:37.281014 dv-cinder-852210-7-smb devstack@c-api.service[119747]: DEBUG cinder.api.openstack.wsgi [None req-61ddc65c-6836-45dd-aead-937895cd01d9 tempest-GroupsTest-781160091 tempest-GroupsTest-781160091-project] Calling method 'version_select' {{(pid=119747) _process_stack /opt/stack/cinder/cinder/api/openstack/wsgi.py:868}}
Sep 01 13:48:37.281799 dv-cinder-852210-7-smb devstack@c-api.service[119747]: DEBUG cinder.api.v3.groups [None req-61ddc65c-6836-45dd-aead-937895cd01d9 tempest-GroupsTest-781160091 tempest-GroupsTest-781160091-project] show called for member 664c30c0-b313-417f-89bf-c4fda64424d8 {{(pid=119747) show /opt/stack/cinder/cinder/api/v3/groups.py:58}}
Sep 01 13:48:37.292915 dv-cinder-852210-7-smb devstack@c-api.service[119747]: /usr/local/lib/python3.8/dist-packages/oslo_context/context.py:100: DeprecationWarning: Policy enforcement is depending on the value of is_admin. This key is deprecated. Please update your policy file to use the standard policy values.
Sep 01 13:48:37.292915 dv-cinder-852210-7-smb devstack@c-api.service[119747]: warnings.warn('Policy enforcement is depending on the value of '
Sep 01 13:48:37.321393 dv-cinder-852210-7-smb devstack@c-api.service[119747]: INFO cinder.api.openstack.wsgi [None req-61ddc65c-6836-45dd-aead-937895cd01d9 tempest-GroupsTest-781160091 tempest-GroupsTest-781160091-project] http://10.222.0.49/volume/v3/9a58fdf16743436390279883aa73e5fd/groups/664c30c0-b313-417f-89bf-c4fda64424d8 returned with HTTP 200
Sep 01 13:48:37.326015 dv-cinder-852210-7-smb devstack@c-api.service[119747]: [pid: 119747|app: 0|req: 87/187] 10.222.0.49 () {60 vars in 1363 bytes} [Thu Sep 1 13:48:37 2022] GET /volume/v3/9a58fdf16743436390279883aa73e5fd/groups/664c30c0-b313-417f-89bf-c4fda64424d8 => generated 322 bytes in 63 msecs (HTTP/1.1 200) 7 headers in 286 bytes (1 switches on core 0)
Sep 01 13:48:37.333902 dv-cinder-852210-7-smb devstack@c-api.service[119747]: DEBUG cinder.api.middleware.request_id [None req-9481c611-8386-449a-ba24-2a842c57cedd None None] RequestId filter calling following filter/app {{(pid=119747) _context_setter /opt/stack/cinder/cinder/api/middleware/request_id.py:62}}
Sep 01 13:48:37.336132 dv-cinder-852210-7-smb devstack@c-api.service[119748]: INFO cinder.api.openstack.wsgi [None req-9fead996-5528-4e64-840f-c5eacfe18e91 tempest-GroupSnapshotsTest-240231495 tempest-GroupSnapshotsTest-240231495-project] http://10.222.0.49/volume/v3/663ff843833946259b7bb9ef83e41b1c/groups/d74c4eaa-4b66-4eec-9150-64397740da30/action returned with HTTP 202
Sep 01 13:48:37.338756 dv-cinder-852210-7-smb devstack@c-api.service[119748]: [pid: 119748|app: 0|req: 101/188] 10.222.0.49 () {62 vars in 1405 bytes} [Thu Sep 1 13:48:37 2022] POST /volume/v3/663ff843833946259b7bb9ef83e41b1c/groups/d74c4eaa-4b66-4eec-9150-64397740da30/action => generated 0 bytes in 121 msecs (HTTP/1.1 202) 6 headers in 234 bytes (1 switches on core 0)
Sep 01 13:48:37.341579 dv-cinder-852210-7-smb devstack@c-api.service[119748]: DEBUG cinder.api.middleware.request_id [None req-a48091cd-51f9-4a24-ad3d-23a8d8a31791 None None] RequestId filter calling following filter/app {{(pid=119748) _context_setter /opt/stack/cinder/cinder/api/middleware/request_id.py:62}}
Sep 01 13:48:37.346643 dv-cinder-852210-7-smb devstack@c-api.service[119747]: INFO cinder.api.openstack.wsgi [None req-9481c611-8386-449a-ba24-2a842c57cedd tempest-SnapshotsActionsTest-552004303 tempest-SnapshotsActionsTest-552004303-project-admin] POST http://10.222.0.49/volume/v3/111b836e00f34a7ab718458bd33fa474/snapshots/524a002f-5b62-4d0b-8b4c-edac80a7bcbf/action
Sep 01 13:48:37.346848 dv-cinder-852210-7-smb devstack@c-api.service[119748]: INFO cinder.api.openstack.wsgi [None req-a48091cd-51f9-4a24-ad3d-23a8d8a31791 tempest-VolumeTypesTest-1849411474 tempest-VolumeTypesTest-1849411474-project] POST http://10.222.0.49/volume/v3/3af3381e4d704d81a9da532582ce6a6f/volumes/07c115d9-f972-4a2b-869b-398135e9cc77/action
Sep 01 13:48:37.347564 dv-cinder-852210-7-smb devstack@c-api.service[119748]: DEBUG cinder.api.openstack.wsgi [None req-a48091cd-51f9-4a24-ad3d-23a8d8a31791 tempest-VolumeTypesTest-1849411474 tempest-VolumeTypesTest-1849411474-project] Action body: b'{"os-retype": {"new_type": "32e28bbe-3bfb-4a69-a225-4c3d28cf8c32"}}' {{(pid=119748) get_method /opt/stack/cinder/cinder/api/openstack/wsgi.py:983}}
Sep 01 13:48:37.347897 dv-cinder-852210-7-smb devstack@c-api.service[119748]: DEBUG cinder.api.openstack.wsgi [None req-a48091cd-51f9-4a24-ad3d-23a8d8a31791 tempest-VolumeTypesTest-1849411474 tempest-VolumeTypesTest-1849411474-project] Action: 'action', calling method: _retype, body: {"os-retype": {"new_type": "32e28bbe-3bfb-4a69-a225-4c3d28cf8c32"}} {{(pid=119748) _process_stack /opt/stack/cinder/cinder/api/openstack/wsgi.py:866}}
Sep 01 13:48:37.352370 dv-cinder-852210-7-smb devstack@c-api.service[119747]: DEBUG cinder.api.openstack.wsgi [None req-9481c611-8386-449a-ba24-2a842c57cedd tempest-SnapshotsActionsTest-552004303 tempest-SnapshotsActionsTest-552004303-project-admin] Action body: b'{"os-reset_status": {"status": "creating"}}' {{(pid=119747) get_method /opt/stack/cinder/cinder/api/openstack/wsgi.py:983}}
Sep 01 13:48:37.352953 dv-cinder-852210-7-smb devstack@c-api.service[119747]: DEBUG cinder.api.openstack.wsgi [None req-9481c611-8386-449a-ba24-2a842c57cedd tempest-SnapshotsActionsTest-552004303 tempest-SnapshotsActionsTest-552004303-project-admin] Action: 'action', calling method: _reset_status, body: {"os-reset_status": {"status": "creating"}} {{(pid=119747) _process_stack /opt/stack/cinder/cinder/api/openstack/wsgi.py:866}}
Sep 01 13:48:37.355613 dv-cinder-852210-7-smb devstack@c-api.service[119747]: DEBUG cinder.api.contrib.admin_actions [None req-9481c611-8386-449a-ba24-2a842c57cedd tempest-SnapshotsActionsTest-552004303 tempest-SnapshotsActionsTest-552004303-project-admin] Updating snapshot '524a002f-5b62-4d0b-8b4c-edac80a7bcbf' with '{'status': 'creating'}' {{(pid=119747) _reset_status /opt/stack/cinder/cinder/api/contrib/admin_actions.py:100}}
Sep 01 13:48:37.397496 dv-cinder-852210-7-smb devstack@c-api.service[119748]: /usr/local/lib/python3.8/dist-packages/oslo_context/context.py:100: DeprecationWarning: Policy enforcement is depending on the value of is_admin. This key is deprecated. Please update your policy file to use the standard policy values.
Sep 01 13:48:37.397496 dv-cinder-852210-7-smb devstack@c-api.service[119748]: warnings.warn('Policy enforcement is depending on the value of '
Sep 01 13:48:37.399783 dv-cinder-852210-7-smb devstack@c-api.service[119748]: INFO cinder.volume.api [None req-a48091cd-51f9-4a24-ad3d-23a8d8a31791 tempest-VolumeTypesTest-1849411474 tempest-VolumeTypesTest-1849411474-project] Volume info retrieved successfully.
Sep 01 13:48:37.411229 dv-cinder-852210-7-smb devstack@c-api.service[119748]: DEBUG dbcounter [-] [119748] Writing DB stats cinder:SELECT=76,cinder:INSERT=10,cinder:UPDATE=14 {{(pid=119748) stat_writer /usr/local/lib/python3.8/dist-packages/dbcounter.py:114}}
Sep 01 13:48:37.483070 dv-cinder-852210-7-smb devstack@c-api.service[119747]: /usr/local/lib/python3.8/dist-packages/oslo_context/context.py:100: DeprecationWarning: Policy enforcement is depending on the value of is_admin. This key is deprecated. Please update your policy file to use the standard policy values.
Sep 01 13:48:37.483070 dv-cinder-852210-7-smb devstack@c-api.service[119747]: warnings.warn('Policy enforcement is depending on the value of '
Sep 01 13:48:37.493114 dv-cinder-852210-7-smb devstack@c-api.service[119748]: WARNING cinder.quota [None req-a48091cd-51f9-4a24-ad3d-23a8d8a31791 tempest-VolumeTypesTest-1849411474 tempest-VolumeTypesTest-1849411474-project] Deprecated: Default quota for resource: volumes_tempest-VolumeTypesTest-volume-type-679184502 is set by the default quota flag: quota_volumes_tempest-VolumeTypesTest-volume-type-679184502, it is now deprecated. Please use the default quota class for default quota.
Sep 01 13:48:37.493947 dv-cinder-852210-7-smb devstack@c-api.service[119748]: WARNING cinder.quota [None req-a48091cd-51f9-4a24-ad3d-23a8d8a31791 tempest-VolumeTypesTest-1849411474 tempest-VolumeTypesTest-1849411474-project] Deprecated: Default quota for resource: gigabytes_tempest-VolumeTypesTest-volume-type-679184502 is set by the default quota flag: quota_gigabytes_tempest-VolumeTypesTest-volume-type-679184502, it is now deprecated. Please use the default quota class for default quota.
