Aug 31 19:17:53.078214 dv-cinder-852210-6-smb devstack@c-api.service[113508]: INFO cinder.api.openstack.wsgi [req-28e36f54-b4f3-4866-acbd-b9a80d939e68 req-9dd00cea-8cda-4388-bd0b-9a9e35eb4b30 tempest-VolumesGetTestJSON-1391953982 tempest-VolumesGetTestJSON-1391953982-project] GET http://10.222.0.79/volume/v3/209160d0cbe64f40bca6fedf0e31a4c9/volumes/1d96640c-80a2-424b-8548-91e6beaec772
Aug 31 19:17:53.079542 dv-cinder-852210-6-smb devstack@c-api.service[113508]: DEBUG cinder.api.openstack.wsgi [req-28e36f54-b4f3-4866-acbd-b9a80d939e68 req-9dd00cea-8cda-4388-bd0b-9a9e35eb4b30 tempest-VolumesGetTestJSON-1391953982 tempest-VolumesGetTestJSON-1391953982-project] Empty body provided in request {{(pid=113508) get_body /opt/stack/cinder/cinder/api/openstack/wsgi.py:715}}
Aug 31 19:17:53.080479 dv-cinder-852210-6-smb devstack@c-api.service[113508]: DEBUG cinder.api.openstack.wsgi [req-28e36f54-b4f3-4866-acbd-b9a80d939e68 req-9dd00cea-8cda-4388-bd0b-9a9e35eb4b30 tempest-VolumesGetTestJSON-1391953982 tempest-VolumesGetTestJSON-1391953982-project] Calling method 'show' {{(pid=113508) _process_stack /opt/stack/cinder/cinder/api/openstack/wsgi.py:868}}
Aug 31 19:17:53.165820 dv-cinder-852210-6-smb devstack@c-api.service[113509]: DEBUG cinder.quota [None req-83ad56b5-4486-4209-9ae7-23aec938a708 tempest-GroupsV314Test-814507419 tempest-GroupsV314Test-814507419-project] Created reservations ['fe9dbe84-2f34-4001-a0bc-b0e728950b7c', '03e2b466-f13e-477c-9fa8-9752bda07ab0', 'c572aaeb-6549-433a-9f8c-9ad65d784221', '7a50f413-3b53-49fc-84e0-ff95683cd9d7'] {{(pid=113509) reserve /opt/stack/cinder/cinder/quota.py:755}}
Aug 31 19:17:53.167979 dv-cinder-852210-6-smb devstack@c-api.service[113509]: DEBUG cinder.volume.api [None req-83ad56b5-4486-4209-9ae7-23aec938a708 tempest-GroupsV314Test-814507419 tempest-GroupsV314Test-814507419-project] Task 'cinder.volume.flows.api.create_volume.QuotaReserveTask;volume:create' (69292043-cbcd-401a-8224-6cabbb807597) transitioned into state 'SUCCESS' from state 'RUNNING' with result '{'reservations': ['fe9dbe84-2f34-4001-a0bc-b0e728950b7c', '03e2b466-f13e-477c-9fa8-9752bda07ab0', 'c572aaeb-6549-433a-9f8c-9ad65d784221', '7a50f413-3b53-49fc-84e0-ff95683cd9d7']}' {{(pid=113509) _task_receiver /usr/local/lib/python3.8/dist-packages/taskflow/listeners/logging.py:178}}
Aug 31 19:17:53.173003 dv-cinder-852210-6-smb devstack@c-api.service[113509]: DEBUG cinder.volume.api [None req-83ad56b5-4486-4209-9ae7-23aec938a708 tempest-GroupsV314Test-814507419 tempest-GroupsV314Test-814507419-project] Task 'cinder.volume.flows.api.create_volume.EntryCreateTask;volume:create' (8fd6718a-0d3f-40ba-bc55-b7fb9cb391d6) transitioned into state 'RUNNING' from state 'PENDING' {{(pid=113509) _task_receiver /usr/local/lib/python3.8/dist-packages/taskflow/listeners/logging.py:190}}
Aug 31 19:17:53.225744 dv-cinder-852210-6-smb devstack@c-api.service[113509]: DEBUG cinder.volume.api [None req-83ad56b5-4486-4209-9ae7-23aec938a708 tempest-GroupsV314Test-814507419 tempest-GroupsV314Test-814507419-project] Task 'cinder.volume.flows.api.create_volume.EntryCreateTask;volume:create' (8fd6718a-0d3f-40ba-bc55-b7fb9cb391d6) transitioned into state 'SUCCESS' from state 'RUNNING' with result '{'volume_id': 'daaa85bf-9437-4511-81e7-cbc86b708c17', 'volume_properties': VolumeProperties(attach_status='detached',availability_zone='nova',cgsnapshot_id=None,consistencygroup_id=None,display_description=None,display_name='tempest-GroupsV314Test-Volume-1590458157',encryption_key_id=None,group_id=d14df547-0088-437f-8406-bcd995792672,group_type_id=,metadata={},multiattach=False,project_id='843f2ea1f8d448118ac120c1631cc8f1',qos_specs=None,replication_status=,reservations=['fe9dbe84-2f34-4001-a0bc-b0e728950b7c','03e2b466-f13e-477c-9fa8-9752bda07ab0','c572aaeb-6549-433a-9f8c-9ad65d784221','7a50f413-3b53-49fc-84e0-ff95683cd9d7'],size=1,snapshot_id=None,source_replicaid=,source_volid=None,status='creating',user_id='cf98518c693a414bb27b543354f78e80',volume_type_id=bd4e4f35-a771-44f5-9317-92c0c0d7f9b2), 'volume': Volume(_name_id=None,admin_metadata=,attach_status='detached',availability_zone='nova',bootable=False,cluster=,cluster_name=None,consistencygroup=,consistencygroup_id=None,created_at=2022-08-31T19:17:53Z,deleted=False,deleted_at=None,display_description=None,display_name='tempest-GroupsV314Test-Volume-1590458157',ec2_id=None,encryption_key_id=None,glance_metadata=,group=,group_id=d14df547-0088-437f-8406-bcd995792672,host=None,id=daaa85bf-9437-4511-81e7-cbc86b708c17,launched_at=None,metadata={},migration_status=None,multiattach=False,previous_status=None,project_id='843f2ea1f8d448118ac120c1631cc8f1',provider_auth=None,provider_geometry=None,provider_id=None,provider_location=None,replication_driver_data=None,replication_extended_status=None,replication_status=None,scheduled_at=None,service_uuid=None,shared_targets=True,size=1,snapshot_id=None,snapshots=,source_volid=None,status='creating',terminated_at=None,updated_at=None,use_quota=True,user_id='cf98518c693a414bb27b543354f78e80',volume_attachment=VolumeAttachmentList,volume_type=VolumeType(bd4e4f35-a771-44f5-9317-92c0c0d7f9b2),volume_type_id=bd4e4f35-a771-44f5-9317-92c0c0d7f9b2)}' {{(pid=113509) _task_receiver /usr/local/lib/python3.8/dist-packages/taskflow/listeners/logging.py:178}}
Aug 31 19:17:53.235787 dv-cinder-852210-6-smb devstack@c-api.service[113509]: DEBUG cinder.volume.api [None req-83ad56b5-4486-4209-9ae7-23aec938a708 tempest-GroupsV314Test-814507419 tempest-GroupsV314Test-814507419-project] Task 'cinder.volume.flows.api.create_volume.QuotaCommitTask;volume:create' (f4db2646-4ab7-4cf9-88cf-3a00b1b7958c) transitioned into state 'RUNNING' from state 'PENDING' {{(pid=113509) _task_receiver /usr/local/lib/python3.8/dist-packages/taskflow/listeners/logging.py:190}}
Aug 31 19:17:53.313217 dv-cinder-852210-6-smb devstack@c-api.service[113509]: DEBUG cinder.volume.api [None req-83ad56b5-4486-4209-9ae7-23aec938a708 tempest-GroupsV314Test-814507419 tempest-GroupsV314Test-814507419-project] Task 'cinder.volume.flows.api.create_volume.QuotaCommitTask;volume:create' (f4db2646-4ab7-4cf9-88cf-3a00b1b7958c) transitioned into state 'SUCCESS' from state 'RUNNING' with result '{'volume_properties': VolumeProperties(attach_status='detached',availability_zone='nova',cgsnapshot_id=None,consistencygroup_id=None,display_description=None,display_name='tempest-GroupsV314Test-Volume-1590458157',encryption_key_id=None,group_id=d14df547-0088-437f-8406-bcd995792672,group_type_id=,metadata={},multiattach=False,project_id='843f2ea1f8d448118ac120c1631cc8f1',qos_specs=None,replication_status=,reservations=['fe9dbe84-2f34-4001-a0bc-b0e728950b7c','03e2b466-f13e-477c-9fa8-9752bda07ab0','c572aaeb-6549-433a-9f8c-9ad65d784221','7a50f413-3b53-49fc-84e0-ff95683cd9d7'],size=1,snapshot_id=None,source_replicaid=,source_volid=None,status='creating',user_id='cf98518c693a414bb27b543354f78e80',volume_type_id=bd4e4f35-a771-44f5-9317-92c0c0d7f9b2)}' {{(pid=113509) _task_receiver /usr/local/lib/python3.8/dist-packages/taskflow/listeners/logging.py:178}}
Aug 31 19:17:53.315204 dv-cinder-852210-6-smb devstack@c-api.service[113509]: DEBUG cinder.volume.api [None req-83ad56b5-4486-4209-9ae7-23aec938a708 tempest-GroupsV314Test-814507419 tempest-GroupsV314Test-814507419-project] Task 'cinder.volume.flows.api.create_volume.VolumeCastTask;volume:create' (9f0c1a24-89e0-4540-8a41-7d08cd11c444) transitioned into state 'RUNNING' from state 'PENDING' {{(pid=113509) _task_receiver /usr/local/lib/python3.8/dist-packages/taskflow/listeners/logging.py:190}}
Aug 31 19:17:53.372633 dv-cinder-852210-6-smb devstack@c-api.service[113509]: DEBUG cinder.volume.api [None req-83ad56b5-4486-4209-9ae7-23aec938a708 tempest-GroupsV314Test-814507419 tempest-GroupsV314Test-814507419-project] Task 'cinder.volume.flows.api.create_volume.VolumeCastTask;volume:create' (9f0c1a24-89e0-4540-8a41-7d08cd11c444) transitioned into state 'SUCCESS' from state 'RUNNING' with result 'None' {{(pid=113509) _task_receiver /usr/local/lib/python3.8/dist-packages/taskflow/listeners/logging.py:178}}
Aug 31 19:17:53.375072 dv-cinder-852210-6-smb devstack@c-api.service[113509]: DEBUG cinder.volume.api [None req-83ad56b5-4486-4209-9ae7-23aec938a708 tempest-GroupsV314Test-814507419 tempest-GroupsV314Test-814507419-project] Flow 'volume_create_api' (6b9626bd-efe6-46af-9b6f-586b02b37ca2) transitioned into state 'SUCCESS' from state 'RUNNING' {{(pid=113509) _flow_receiver /usr/local/lib/python3.8/dist-packages/taskflow/listeners/logging.py:141}}
Aug 31 19:17:53.375776 dv-cinder-852210-6-smb devstack@c-api.service[113509]: INFO cinder.volume.api [None req-83ad56b5-4486-4209-9ae7-23aec938a708 tempest-GroupsV314Test-814507419 tempest-GroupsV314Test-814507419-project] Create volume request issued successfully.
Aug 31 19:17:53.378680 dv-cinder-852210-6-smb devstack@c-api.service[113508]: INFO cinder.api.openstack.wsgi [req-28e36f54-b4f3-4866-acbd-b9a80d939e68 req-9dd00cea-8cda-4388-bd0b-9a9e35eb4b30 tempest-VolumesGetTestJSON-1391953982 tempest-VolumesGetTestJSON-1391953982-project] http://10.222.0.79/volume/v3/209160d0cbe64f40bca6fedf0e31a4c9/volumes/1d96640c-80a2-424b-8548-91e6beaec772 returned with HTTP 404
Aug 31 19:17:53.380967 dv-cinder-852210-6-smb devstack@c-api.service[113508]: [pid: 113508|app: 0|req: 21/33] 10.222.0.79 () {60 vars in 1578 bytes} [Wed Aug 31 19:17:53 2022] GET /volume/v3/209160d0cbe64f40bca6fedf0e31a4c9/volumes/1d96640c-80a2-424b-8548-91e6beaec772 => generated 109 bytes in 317 msecs (HTTP/1.1 404) 7 headers in 292 bytes (1 switches on core 0)
Aug 31 19:17:53.382589 dv-cinder-852210-6-smb devstack@c-api.service[113508]: DEBUG cinder.api.middleware.request_id [req-be319e10-d12b-4dfa-8ee5-6c3c1c587664 req-74463de7-b158-4762-88f6-d4fcdf1d6e66 None None] RequestId filter calling following filter/app {{(pid=113508) _context_setter /opt/stack/cinder/cinder/api/middleware/request_id.py:62}}
Aug 31 19:17:53.398437 dv-cinder-852210-6-smb devstack@c-api.service[113509]: WARNING stevedore.named [None req-83ad56b5-4486-4209-9ae7-23aec938a708 tempest-GroupsV314Test-814507419 tempest-GroupsV314Test-814507419-project] Could not load cinder.keymgr.conf_key_mgr.ConfKeyManager
Aug 31 19:17:53.399798 dv-cinder-852210-6-smb devstack@c-api.service[113508]: INFO cinder.api.openstack.wsgi [req-be319e10-d12b-4dfa-8ee5-6c3c1c587664 req-74463de7-b158-4762-88f6-d4fcdf1d6e66 tempest-VolumesSnapshotsTestJSON-1392212657 tempest-VolumesSnapshotsTestJSON-1392212657-project] GET http://10.222.0.79/volume/v3/1d53efe7d22341c68e74832d8d7e5dc2/snapshots/82cfddbc-7751-4766-9090-8aa3e60af780
Aug 31 19:17:53.404953 dv-cinder-852210-6-smb devstack@c-api.service[113508]: DEBUG cinder.api.openstack.wsgi [req-be319e10-d12b-4dfa-8ee5-6c3c1c587664 req-74463de7-b158-4762-88f6-d4fcdf1d6e66 tempest-VolumesSnapshotsTestJSON-1392212657 tempest-VolumesSnapshotsTestJSON-1392212657-project] Empty body provided in request {{(pid=113508) get_body /opt/stack/cinder/cinder/api/openstack/wsgi.py:715}}
Aug 31 19:17:53.405688 dv-cinder-852210-6-smb devstack@c-api.service[113508]: DEBUG cinder.api.openstack.wsgi [req-be319e10-d12b-4dfa-8ee5-6c3c1c587664 req-74463de7-b158-4762-88f6-d4fcdf1d6e66 tempest-VolumesSnapshotsTestJSON-1392212657 tempest-VolumesSnapshotsTestJSON-1392212657-project] Calling method 'show' {{(pid=113508) _process_stack /opt/stack/cinder/cinder/api/openstack/wsgi.py:868}}
Aug 31 19:17:53.406037 dv-cinder-852210-6-smb devstack@c-api.service[113509]: WARNING castellan.key_manager [None req-83ad56b5-4486-4209-9ae7-23aec938a708 tempest-GroupsV314Test-814507419 tempest-GroupsV314Test-814507419-project] Deprecation Warning : cinder.keymgr.conf_key_mgr.ConfKeyManager is not a stevedore based driver, trying to load it as a class: stevedore.exception.NoMatches: No 'castellan.drivers' driver found, looking for 'cinder.keymgr.conf_key_mgr.ConfKeyManager'
Aug 31 19:17:53.428398 dv-cinder-852210-6-smb devstack@c-api.service[113509]: DEBUG oslo_db.sqlalchemy.engines [None req-83ad56b5-4486-4209-9ae7-23aec938a708 tempest-GroupsV314Test-814507419 tempest-GroupsV314Test-814507419-project] MySQL server mode set to STRICT_TRANS_TABLES,STRICT_ALL_TABLES,NO_ZERO_IN_DATE,NO_ZERO_DATE,ERROR_FOR_DIVISION_BY_ZERO,TRADITIONAL,NO_ENGINE_SUBSTITUTION {{(pid=113509) _check_effective_sql_mode /usr/local/lib/python3.8/dist-packages/oslo_db/sqlalchemy/engines.py:314}}
Aug 31 19:17:53.428629 dv-cinder-852210-6-smb devstack@c-api.service[113508]: /usr/local/lib/python3.8/dist-packages/oslo_context/context.py:100: DeprecationWarning: Policy enforcement is depending on the value of is_admin. This key is deprecated. Please update your policy file to use the standard policy values.
Aug 31 19:17:53.428629 dv-cinder-852210-6-smb devstack@c-api.service[113508]: warnings.warn('Policy enforcement is depending on the value of '
Aug 31 19:17:53.429769 dv-cinder-852210-6-smb devstack@c-api.service[113508]: INFO cinder.volume.api [req-be319e10-d12b-4dfa-8ee5-6c3c1c587664 req-74463de7-b158-4762-88f6-d4fcdf1d6e66 tempest-VolumesSnapshotsTestJSON-1392212657 tempest-VolumesSnapshotsTestJSON-1392212657-project] Snapshot retrieved successfully.
Aug 31 19:17:53.442865 dv-cinder-852210-6-smb devstack@c-api.service[113509]: /usr/local/lib/python3.8/dist-packages/oslo_context/context.py:100: DeprecationWarning: Policy enforcement is depending on the value of is_admin. This key is deprecated. Please update your policy file to use the standard policy values.
Aug 31 19:17:53.442865 dv-cinder-852210-6-smb devstack@c-api.service[113509]: warnings.warn('Policy enforcement is depending on the value of '
Aug 31 19:17:53.451557 dv-cinder-852210-6-smb devstack@c-api.service[113508]: INFO cinder.api.openstack.wsgi [req-be319e10-d12b-4dfa-8ee5-6c3c1c587664 req-74463de7-b158-4762-88f6-d4fcdf1d6e66 tempest-VolumesSnapshotsTestJSON-1392212657 tempest-VolumesSnapshotsTestJSON-1392212657-project] http://10.222.0.79/volume/v3/1d53efe7d22341c68e74832d8d7e5dc2/snapshots/82cfddbc-7751-4766-9090-8aa3e60af780 returned with HTTP 200
Aug 31 19:17:53.452927 dv-cinder-852210-6-smb devstack@c-api.service[113508]: [pid: 113508|app: 0|req: 22/34] 10.222.0.79 () {60 vars in 1584 bytes} [Wed Aug 31 19:17:53 2022] GET /volume/v3/1d53efe7d22341c68e74832d8d7e5dc2/snapshots/82cfddbc-7751-4766-9090-8aa3e60af780 => generated 536 bytes in 71 msecs (HTTP/1.1 200) 7 headers in 285 bytes (1 switches on core 0)
Aug 31 19:17:53.454224 dv-cinder-852210-6-smb devstack@c-api.service[113508]: DEBUG cinder.api.middleware.request_id [None req-8c7ce5d3-c775-4763-9def-e34789bd73ac None None] RequestId filter calling following filter/app {{(pid=113508) _context_setter /opt/stack/cinder/cinder/api/middleware/request_id.py:62}}
Aug 31 19:17:53.459124 dv-cinder-852210-6-smb devstack@c-api.service[113508]: INFO cinder.api.openstack.wsgi [None req-8c7ce5d3-c775-4763-9def-e34789bd73ac tempest-GroupSnapshotsV319Test-280134050 tempest-GroupSnapshotsV319Test-280134050-project] GET http://10.222.0.79/volume/v3/9bf42bd08d2549c390e326f22b012e5b/volumes/aa54c08a-9c1b-4317-97b8-b12b5abeddd8
Aug 31 19:17:53.461555 dv-cinder-852210-6-smb devstack@c-api.service[113508]: DEBUG cinder.api.openstack.wsgi [None req-8c7ce5d3-c775-4763-9def-e34789bd73ac tempest-GroupSnapshotsV319Test-280134050 tempest-GroupSnapshotsV319Test-280134050-project] Empty body provided in request {{(pid=113508) get_body /opt/stack/cinder/cinder/api/openstack/wsgi.py:715}}
Aug 31 19:17:53.462142 dv-cinder-852210-6-smb devstack@c-api.service[113508]: DEBUG cinder.api.openstack.wsgi [None req-8c7ce5d3-c775-4763-9def-e34789bd73ac tempest-GroupSnapshotsV319Test-280134050 tempest-GroupSnapshotsV319Test-280134050-project] Calling method 'show' {{(pid=113508) _process_stack /opt/stack/cinder/cinder/api/openstack/wsgi.py:868}}
Aug 31 19:17:53.484796 dv-cinder-852210-6-smb devstack@c-api.service[113509]: INFO cinder.api.openstack.wsgi [None req-83ad56b5-4486-4209-9ae7-23aec938a708 tempest-GroupsV314Test-814507419 tempest-GroupsV314Test-814507419-project] http://10.222.0.79/volume/v3/843f2ea1f8d448118ac120c1631cc8f1/volumes returned with HTTP 202
Aug 31 19:17:53.485775 dv-cinder-852210-6-smb devstack@c-api.service[113509]: [pid: 113509|app: 0|req: 13/35] 10.222.0.79 () {62 vars in 1277 bytes} [Wed Aug 31 19:17:52 2022] POST /volume/v3/843f2ea1f8d448118ac120c1631cc8f1/volumes => generated 899 bytes in 845 msecs (HTTP/1.1 202) 7 headers in 292 bytes (1 switches on core 0)
Aug 31 19:17:53.501720 dv-cinder-852210-6-smb devstack@c-api.service[113509]: DEBUG cinder.api.middleware.request_id [None req-bc408993-ed01-4b9b-9b18-733e7b60160c None None] RequestId filter calling following filter/app {{(pid=113509) _context_setter /opt/stack/cinder/cinder/api/middleware/request_id.py:62}}
Aug 31 19:17:53.516508 dv-cinder-852210-6-smb devstack@c-api.service[113509]: INFO cinder.api.openstack.wsgi [None req-bc408993-ed01-4b9b-9b18-733e7b60160c tempest-GroupSnapshotsTest-91469447 tempest-GroupSnapshotsTest-91469447-project] GET http://10.222.0.79/volume/v3/12780e57c1084b889f58882232078614/group_snapshots/c89180f4-620e-4ef8-a19b-eb957590db59
Aug 31 19:17:53.518678 dv-cinder-852210-6-smb devstack@c-api.service[113509]: DEBUG cinder.api.openstack.wsgi [None req-bc408993-ed01-4b9b-9b18-733e7b60160c tempest-GroupSnapshotsTest-91469447 tempest-GroupSnapshotsTest-91469447-project] Empty body provided in request {{(pid=113509) get_body /opt/stack/cinder/cinder/api/openstack/wsgi.py:715}}
Aug 31 19:17:53.520117 dv-cinder-852210-6-smb devstack@c-api.service[113508]: /usr/local/lib/python3.8/dist-packages/oslo_context/context.py:100: DeprecationWarning: Policy enforcement is depending on the value of is_admin. This key is deprecated. Please update your policy file to use the standard policy values.
Aug 31 19:17:53.520117 dv-cinder-852210-6-smb devstack@c-api.service[113508]: warnings.warn('Policy enforcement is depending on the value of '
Aug 31 19:17:53.520875 dv-cinder-852210-6-smb devstack@c-api.service[113509]: DEBUG cinder.api.openstack.wsgi [None req-bc408993-ed01-4b9b-9b18-733e7b60160c tempest-GroupSnapshotsTest-91469447 tempest-GroupSnapshotsTest-91469447-project] Calling method 'version_select' {{(pid=113509) _process_stack /opt/stack/cinder/cinder/api/openstack/wsgi.py:868}}
Aug 31 19:17:53.522169 dv-cinder-852210-6-smb devstack@c-api.service[113509]: DEBUG cinder.api.v3.group_snapshots [None req-bc408993-ed01-4b9b-9b18-733e7b60160c tempest-GroupSnapshotsTest-91469447 tempest-GroupSnapshotsTest-91469447-project] show called for member c89180f4-620e-4ef8-a19b-eb957590db59 {{(pid=113509) show /opt/stack/cinder/cinder/api/v3/group_snapshots.py:58}}
Aug 31 19:17:53.563723 dv-cinder-852210-6-smb devstack@c-api.service[113508]: INFO cinder.volume.api [None req-8c7ce5d3-c775-4763-9def-e34789bd73ac tempest-GroupSnapshotsV319Test-280134050 tempest-GroupSnapshotsV319Test-280134050-project] Volume info retrieved successfully.
Aug 31 19:17:53.566183 dv-cinder-852210-6-smb devstack@c-api.service[113508]: WARNING stevedore.named [None req-8c7ce5d3-c775-4763-9def-e34789bd73ac tempest-GroupSnapshotsV319Test-280134050 tempest-GroupSnapshotsV319Test-280134050-project] Could not load cinder.keymgr.conf_key_mgr.ConfKeyManager
Aug 31 19:17:53.570189 dv-cinder-852210-6-smb devstack@c-api.service[113508]: WARNING castellan.key_manager [None req-8c7ce5d3-c775-4763-9def-e34789bd73ac tempest-GroupSnapshotsV319Test-280134050 tempest-GroupSnapshotsV319Test-280134050-project] Deprecation Warning : cinder.keymgr.conf_key_mgr.ConfKeyManager is not a stevedore based driver, trying to load it as a class: stevedore.exception.NoMatches: No 'castellan.drivers' driver found, looking for 'cinder.keymgr.conf_key_mgr.ConfKeyManager'
Aug 31 19:17:53.571908 dv-cinder-852210-6-smb devstack@c-api.service[113509]: /usr/local/lib/python3.8/dist-packages/oslo_context/context.py:100: DeprecationWarning: Policy enforcement is depending on the value of is_admin. This key is deprecated. Please update your policy file to use the standard policy values.
Aug 31 19:17:53.571908 dv-cinder-852210-6-smb devstack@c-api.service[113509]: warnings.warn('Policy enforcement is depending on the value of '
Aug 31 19:17:53.587219 dv-cinder-852210-6-smb devstack@c-api.service[113509]: DEBUG dbcounter [-] [113509] Writing DB stats cinder:SELECT=69,cinder:UPDATE=20,cinder:INSERT=11 {{(pid=113509) stat_writer /usr/local/lib/python3.8/dist-packages/dbcounter.py:114}}
Aug 31 19:17:53.587686 dv-cinder-852210-6-smb devstack@c-api.service[113508]: DEBUG oslo_db.sqlalchemy.engines [None req-8c7ce5d3-c775-4763-9def-e34789bd73ac tempest-GroupSnapshotsV319Test-280134050 tempest-GroupSnapshotsV319Test-280134050-project] MySQL server mode set to STRICT_TRANS_TABLES,STRICT_ALL_TABLES,NO_ZERO_IN_DATE,NO_ZERO_DATE,ERROR_FOR_DIVISION_BY_ZERO,TRADITIONAL,NO_ENGINE_SUBSTITUTION {{(pid=113508) _check_effective_sql_mode /usr/local/lib/python3.8/dist-packages/oslo_db/sqlalchemy/engines.py:314}}
Aug 31 19:17:53.595801 dv-cinder-852210-6-smb devstack@c-api.service[113508]: /usr/local/lib/python3.8/dist-packages/oslo_context/context.py:100: DeprecationWarning: Policy enforcement is depending on the value of is_admin. This key is deprecated. Please update your policy file to use the standard policy values.
Aug 31 19:17:53.595801 dv-cinder-852210-6-smb devstack@c-api.service[113508]: warnings.warn('Policy enforcement is depending on the value of '
Aug 31 19:17:53.602760 dv-cinder-852210-6-smb devstack@c-api.service[113509]: INFO cinder.api.openstack.wsgi [None req-bc408993-ed01-4b9b-9b18-733e7b60160c tempest-GroupSnapshotsTest-91469447 tempest-GroupSnapshotsTest-91469447-project] http://10.222.0.79/volume/v3/12780e57c1084b889f58882232078614/group_snapshots/c89180f4-620e-4ef8-a19b-eb957590db59 returned with HTTP 200
Aug 31 19:17:53.605226 dv-cinder-852210-6-smb devstack@c-api.service[113509]: [pid: 113509|app: 0|req: 14/36] 10.222.0.79 () {60 vars in 1390 bytes} [Wed Aug 31 19:17:53 2022] GET /volume/v3/12780e57c1084b889f58882232078614/group_snapshots/c89180f4-620e-4ef8-a19b-eb957590db59 => generated 307 bytes in 104 msecs (HTTP/1.1 200) 7 headers in 286 bytes (1 switches on core 0)
Aug 31 19:17:53.608782 dv-cinder-852210-6-smb devstack@c-api.service[113509]: DEBUG cinder.api.middleware.request_id [None req-54430064-5afe-42ca-849a-df875f028e91 None None] RequestId filter calling following filter/app {{(pid=113509) _context_setter /opt/stack/cinder/cinder/api/middleware/request_id.py:62}}
Aug 31 19:17:53.617680 dv-cinder-852210-6-smb devstack@c-api.service[113509]: INFO cinder.api.openstack.wsgi [None req-54430064-5afe-42ca-849a-df875f028e91 tempest-GroupsV314Test-814507419 tempest-GroupsV314Test-814507419-project] GET http://10.222.0.79/volume/v3/843f2ea1f8d448118ac120c1631cc8f1/volumes/daaa85bf-9437-4511-81e7-cbc86b708c17
Aug 31 19:17:53.623188 dv-cinder-852210-6-smb devstack@c-api.service[113509]: DEBUG cinder.api.openstack.wsgi [None req-54430064-5afe-42ca-849a-df875f028e91 tempest-GroupsV314Test-814507419 tempest-GroupsV314Test-814507419-project] Empty body provided in request {{(pid=113509) get_body /opt/stack/cinder/cinder/api/openstack/wsgi.py:715}}
Aug 31 19:17:53.623664 dv-cinder-852210-6-smb devstack@c-api.service[113509]: DEBUG cinder.api.openstack.wsgi [None req-54430064-5afe-42ca-849a-df875f028e91 tempest-GroupsV314Test-814507419 tempest-GroupsV314Test-814507419-project] Calling method 'show' {{(pid=113509) _process_stack /opt/stack/cinder/cinder/api/openstack/wsgi.py:868}}
Aug 31 19:17:53.649241 dv-cinder-852210-6-smb devstack@c-api.service[113508]: INFO cinder.api.openstack.wsgi [None req-8c7ce5d3-c775-4763-9def-e34789bd73ac tempest-GroupSnapshotsV319Test-280134050 tempest-GroupSnapshotsV319Test-280134050-project] http://10.222.0.79/volume/v3/9bf42bd08d2549c390e326f22b012e5b/volumes/aa54c08a-9c1b-4317-97b8-b12b5abeddd8 returned with HTTP 200
Aug 31 19:17:53.651761 dv-cinder-852210-6-smb devstack@c-api.service[113509]: /usr/local/lib/python3.8/dist-packages/oslo_context/context.py:100: DeprecationWarning: Policy enforcement is depending on the value of is_admin. This key is deprecated. Please update your policy file to use the standard policy values.
Aug 31 19:17:53.651761 dv-cinder-852210-6-smb devstack@c-api.service[113509]: warnings.warn('Policy enforcement is depending on the value of '
Aug 31 19:17:53.656058 dv-cinder-852210-6-smb devstack@c-api.service[113508]: [pid: 113508|app: 0|req: 23/37] 10.222.0.79 () {60 vars in 1366 bytes} [Wed Aug 31 19:17:53 2022] GET /volume/v3/9bf42bd08d2549c390e326f22b012e5b/volumes/aa54c08a-9c1b-4317-97b8-b12b5abeddd8 => generated 1009 bytes in 202 msecs (HTTP/1.1 200) 7 headers in 287 bytes (1 switches on core 0)
Aug 31 19:17:53.662690 dv-cinder-852210-6-smb devstack@c-api.service[113508]: DEBUG cinder.api.middleware.request_id [req-4a87ee17-af1b-4f95-9c57-80f0138dca1e req-eea6678b-ac53-4042-ad6d-cb1c5f5edeb1 None None] RequestId filter calling following filter/app {{(pid=113508) _context_setter /opt/stack/cinder/cinder/api/middleware/request_id.py:62}}
Aug 31 19:17:53.665931 dv-cinder-852210-6-smb devstack@c-api.service[113509]: INFO cinder.volume.api [None req-54430064-5afe-42ca-849a-df875f028e91 tempest-GroupsV314Test-814507419 tempest-GroupsV314Test-814507419-project] Volume info retrieved successfully.
Aug 31 19:17:53.670154 dv-cinder-852210-6-smb devstack@c-api.service[113509]: WARNING stevedore.named [None req-54430064-5afe-42ca-849a-df875f028e91 tempest-GroupsV314Test-814507419 tempest-GroupsV314Test-814507419-project] Could not load cinder.keymgr.conf_key_mgr.ConfKeyManager
Aug 31 19:17:53.671493 dv-cinder-852210-6-smb devstack@c-api.service[113509]: WARNING castellan.key_manager [None req-54430064-5afe-42ca-849a-df875f028e91 tempest-GroupsV314Test-814507419 tempest-GroupsV314Test-814507419-project] Deprecation Warning : cinder.keymgr.conf_key_mgr.ConfKeyManager is not a stevedore based driver, trying to load it as a class: stevedore.exception.NoMatches: No 'castellan.drivers' driver found, looking for 'cinder.keymgr.conf_key_mgr.ConfKeyManager'
Aug 31 19:17:53.673904 dv-cinder-852210-6-smb devstack@c-api.service[113508]: INFO cinder.api.openstack.wsgi [req-4a87ee17-af1b-4f95-9c57-80f0138dca1e req-eea6678b-ac53-4042-ad6d-cb1c5f5edeb1 tempest-VolumesSnapshotsTestJSON-1392212657 tempest-VolumesSnapshotsTestJSON-1392212657-project] GET http://10.222.0.79/volume/v3/1d53efe7d22341c68e74832d8d7e5dc2/snapshots/detail
Aug 31 19:17:53.680567 dv-cinder-852210-6-smb devstack@c-api.service[113508]: DEBUG cinder.api.openstack.wsgi [req-4a87ee17-af1b-4f95-9c57-80f0138dca1e req-eea6678b-ac53-4042-ad6d-cb1c5f5edeb1 tempest-VolumesSnapshotsTestJSON-1392212657 tempest-VolumesSnapshotsTestJSON-1392212657-project] Empty body provided in request {{(pid=113508) get_body /opt/stack/cinder/cinder/api/openstack/wsgi.py:715}}
Aug 31 19:17:53.686981 dv-cinder-852210-6-smb devstack@c-api.service[113509]: DEBUG oslo_db.sqlalchemy.engines [None req-54430064-5afe-42ca-849a-df875f028e91 tempest-GroupsV314Test-814507419 tempest-GroupsV314Test-814507419-project] MySQL server mode set to STRICT_TRANS_TABLES,STRICT_ALL_TABLES,NO_ZERO_IN_DATE,NO_ZERO_DATE,ERROR_FOR_DIVISION_BY_ZERO,TRADITIONAL,NO_ENGINE_SUBSTITUTION {{(pid=113509) _check_effective_sql_mode /usr/local/lib/python3.8/dist-packages/oslo_db/sqlalchemy/engines.py:314}}
Aug 31 19:17:53.688551 dv-cinder-852210-6-smb devstack@c-api.service[113508]: DEBUG cinder.api.openstack.wsgi [req-4a87ee17-af1b-4f95-9c57-80f0138dca1e req-eea6678b-ac53-4042-ad6d-cb1c5f5edeb1 tempest-VolumesSnapshotsTestJSON-1392212657 tempest-VolumesSnapshotsTestJSON-1392212657-project] Calling method 'detail' {{(pid=113508) _process_stack /opt/stack/cinder/cinder/api/openstack/wsgi.py:868}}
Aug 31 19:17:53.689442 dv-cinder-852210-6-smb devstack@c-api.service[113508]: DEBUG cinder.api.api_utils [req-4a87ee17-af1b-4f95-9c57-80f0138dca1e req-eea6678b-ac53-4042-ad6d-cb1c5f5edeb1 tempest-VolumesSnapshotsTestJSON-1392212657 tempest-VolumesSnapshotsTestJSON-1392212657-project] Removing options '' from query. {{(pid=113508) remove_invalid_filter_options /opt/stack/cinder/cinder/api/api_utils.py:83}}
Aug 31 19:17:53.700479 dv-cinder-852210-6-smb devstack@c-api.service[113509]: /usr/local/lib/python3.8/dist-packages/oslo_context/context.py:100: DeprecationWarning: Policy enforcement is depending on the value of is_admin. This key is deprecated. Please update your policy file to use the standard policy values.
Aug 31 19:17:53.700479 dv-cinder-852210-6-smb devstack@c-api.service[113509]: warnings.warn('Policy enforcement is depending on the value of '
Aug 31 19:17:53.701136 dv-cinder-852210-6-smb devstack@c-api.service[113508]: DEBUG cinder.db.sqlalchemy.api [req-4a87ee17-af1b-4f95-9c57-80f0138dca1e req-eea6678b-ac53-4042-ad6d-cb1c5f5edeb1 tempest-VolumesSnapshotsTestJSON-1392212657 tempest-VolumesSnapshotsTestJSON-1392212657-project] Building query based on filter {{(pid=113508) _process_snaps_filters /opt/stack/cinder/cinder/db/sqlalchemy/api.py:3885}}
Aug 31 19:17:53.748894 dv-cinder-852210-6-smb devstack@c-api.service[113509]: INFO cinder.api.openstack.wsgi [None req-54430064-5afe-42ca-849a-df875f028e91 tempest-GroupsV314Test-814507419 tempest-GroupsV314Test-814507419-project] http://10.222.0.79/volume/v3/843f2ea1f8d448118ac120c1631cc8f1/volumes/daaa85bf-9437-4511-81e7-cbc86b708c17 returned with HTTP 200
Aug 31 19:17:53.752414 dv-cinder-852210-6-smb devstack@c-api.service[113509]: [pid: 113509|app: 0|req: 15/38] 10.222.0.79 () {60 vars in 1366 bytes} [Wed Aug 31 19:17:53 2022] GET /volume/v3/843f2ea1f8d448118ac120c1631cc8f1/volumes/daaa85bf-9437-4511-81e7-cbc86b708c17 => generated 967 bytes in 147 msecs (HTTP/1.1 200) 7 headers in 286 bytes (1 switches on core 0)
Aug 31 19:17:53.754316 dv-cinder-852210-6-smb devstack@c-api.service[113509]: DEBUG cinder.api.middleware.request_id [None req-126b0ffa-5764-4e73-92ac-f87234679b5b None None] RequestId filter calling following filter/app {{(pid=113509) _context_setter /opt/stack/cinder/cinder/api/middleware/request_id.py:62}}
Aug 31 19:17:53.763270 dv-cinder-852210-6-smb devstack@c-api.service[113509]: INFO cinder.api.openstack.wsgi [None req-126b0ffa-5764-4e73-92ac-f87234679b5b tempest-GroupSnapshotsTest-91469447 tempest-GroupSnapshotsTest-91469447-project] GET http://10.222.0.79/volume/v3/12780e57c1084b889f58882232078614/snapshots/detail
Aug 31 19:17:53.766744 dv-cinder-852210-6-smb devstack@c-api.service[113509]: DEBUG cinder.api.openstack.wsgi [None req-126b0ffa-5764-4e73-92ac-f87234679b5b tempest-GroupSnapshotsTest-91469447 tempest-GroupSnapshotsTest-91469447-project] Empty body provided in request {{(pid=113509) get_body /opt/stack/cinder/cinder/api/openstack/wsgi.py:715}}
Aug 31 19:17:53.767243 dv-cinder-852210-6-smb devstack@c-api.service[113509]: DEBUG cinder.api.openstack.wsgi [None req-126b0ffa-5764-4e73-92ac-f87234679b5b tempest-GroupSnapshotsTest-91469447 tempest-GroupSnapshotsTest-91469447-project] Calling method 'detail' {{(pid=113509) _process_stack /opt/stack/cinder/cinder/api/openstack/wsgi.py:868}}
Aug 31 19:17:53.767905 dv-cinder-852210-6-smb devstack@c-api.service[113509]: DEBUG cinder.api.api_utils [None req-126b0ffa-5764-4e73-92ac-f87234679b5b tempest-GroupSnapshotsTest-91469447 tempest-GroupSnapshotsTest-91469447-project] Removing options '' from query. {{(pid=113509) remove_invalid_filter_options /opt/stack/cinder/cinder/api/api_utils.py:83}}
Aug 31 19:17:53.775169 dv-cinder-852210-6-smb devstack@c-api.service[113509]: DEBUG cinder.db.sqlalchemy.api [None req-126b0ffa-5764-4e73-92ac-f87234679b5b tempest-GroupSnapshotsTest-91469447 tempest-GroupSnapshotsTest-91469447-project] Building query based on filter {{(pid=113509) _process_snaps_filters /opt/stack/cinder/cinder/db/sqlalchemy/api.py:3885}}
Aug 31 19:17:53.791668 dv-cinder-852210-6-smb devstack@c-api.service[113508]: INFO cinder.volume.api [req-4a87ee17-af1b-4f95-9c57-80f0138dca1e req-eea6678b-ac53-4042-ad6d-cb1c5f5edeb1 tempest-VolumesSnapshotsTestJSON-1392212657 tempest-VolumesSnapshotsTestJSON-1392212657-project] Get all snapshots completed successfully.
Aug 31 19:17:53.797185 dv-cinder-852210-6-smb devstack@c-api.service[113508]: /usr/local/lib/python3.8/dist-packages/oslo_context/context.py:100: DeprecationWarning: Policy enforcement is depending on the value of is_admin. This key is deprecated. Please update your policy file to use the standard policy values.
Aug 31 19:17:53.797185 dv-cinder-852210-6-smb devstack@c-api.service[113508]: warnings.warn('Policy enforcement is depending on the value of '
Aug 31 19:17:53.798750 dv-cinder-852210-6-smb devstack@c-api.service[113508]: INFO cinder.api.openstack.wsgi [req-4a87ee17-af1b-4f95-9c57-80f0138dca1e req-eea6678b-ac53-4042-ad6d-cb1c5f5edeb1 tempest-VolumesSnapshotsTestJSON-1392212657 tempest-VolumesSnapshotsTestJSON-1392212657-project] http://10.222.0.79/volume/v3/1d53efe7d22341c68e74832d8d7e5dc2/snapshots/detail returned with HTTP 200
Aug 31 19:17:53.799610 dv-cinder-852210-6-smb devstack@c-api.service[113508]: [pid: 113508|app: 0|req: 24/39] 10.222.0.79 () {60 vars in 1494 bytes} [Wed Aug 31 19:17:53 2022] GET /volume/v3/1d53efe7d22341c68e74832d8d7e5dc2/snapshots/detail => generated 539 bytes in 143 msecs (HTTP/1.1 200) 7 headers in 285 bytes (1 switches on core 0)
Aug 31 19:17:53.800985 dv-cinder-852210-6-smb devstack@c-api.service[113508]: DEBUG cinder.api.middleware.request_id [None req-bfe52dc5-0145-4edb-bda0-0b8feac12c42 None None] RequestId filter calling following filter/app {{(pid=113508) _context_setter /opt/stack/cinder/cinder/api/middleware/request_id.py:62}}
Aug 31 19:17:53.811892 dv-cinder-852210-6-smb devstack@c-api.service[113508]: INFO cinder.api.openstack.wsgi [None req-bfe52dc5-0145-4edb-bda0-0b8feac12c42 tempest-GroupSnapshotsV319Test-280134050 tempest-GroupSnapshotsV319Test-280134050-project] POST http://10.222.0.79/volume/v3/9bf42bd08d2549c390e326f22b012e5b/group_snapshots
Aug 31 19:17:53.811892 dv-cinder-852210-6-smb devstack@c-api.service[113508]: DEBUG cinder.api.openstack.wsgi [None req-bfe52dc5-0145-4edb-bda0-0b8feac12c42 tempest-GroupSnapshotsV319Test-280134050 tempest-GroupSnapshotsV319Test-280134050-project] Action: 'create', calling method: version_select, body: {"group_snapshot": {"group_id": "40db561f-26ed-4ba3-ba4d-a66baede3a3c", "name": "tempest-GroupSnapshotsV319Test-Group_Snapshot-1608886198"}} {{(pid=113508) _process_stack /opt/stack/cinder/cinder/api/openstack/wsgi.py:866}}
Aug 31 19:17:53.811892 dv-cinder-852210-6-smb devstack@c-api.service[113508]: DEBUG cinder.api.v3.group_snapshots [None req-bfe52dc5-0145-4edb-bda0-0b8feac12c42 tempest-GroupSnapshotsV319Test-280134050 tempest-GroupSnapshotsV319Test-280134050-project] Creating new group_snapshot {'group_snapshot': {'group_id': '40db561f-26ed-4ba3-ba4d-a66baede3a3c', 'name': 'tempest-GroupSnapshotsV319Test-Group_Snapshot-1608886198'}} {{(pid=113508) create /opt/stack/cinder/cinder/api/v3/group_snapshots.py:154}}
Aug 31 19:17:53.845410 dv-cinder-852210-6-smb devstack@c-api.service[113508]: /usr/local/lib/python3.8/dist-packages/oslo_context/context.py:100: DeprecationWarning: Policy enforcement is depending on the value of is_admin. This key is deprecated. Please update your policy file to use the standard policy values.
Aug 31 19:17:53.845410 dv-cinder-852210-6-smb devstack@c-api.service[113508]: warnings.warn('Policy enforcement is depending on the value of '
Aug 31 19:17:53.857995 dv-cinder-852210-6-smb devstack@c-api.service[113508]: INFO cinder.api.v3.group_snapshots [None req-bfe52dc5-0145-4edb-bda0-0b8feac12c42 tempest-GroupSnapshotsV319Test-280134050 tempest-GroupSnapshotsV319Test-280134050-project] Creating group_snapshot tempest-GroupSnapshotsV319Test-Group_Snapshot-1608886198.
Aug 31 19:17:53.858594 dv-cinder-852210-6-smb devstack@c-api.service[113509]: INFO cinder.volume.api [None req-126b0ffa-5764-4e73-92ac-f87234679b5b tempest-GroupSnapshotsTest-91469447 tempest-GroupSnapshotsTest-91469447-project] Get all snapshots completed successfully.
Aug 31 19:17:53.859699 dv-cinder-852210-6-smb devstack@c-api.service[113509]: /usr/local/lib/python3.8/dist-packages/oslo_context/context.py:100: DeprecationWarning: Policy enforcement is depending on the value of is_admin. This key is deprecated. Please update your policy file to use the standard policy values.
Aug 31 19:17:53.859699 dv-cinder-852210-6-smb devstack@c-api.service[113509]: warnings.warn('Policy enforcement is depending on the value of '
Aug 31 19:17:53.865753 dv-cinder-852210-6-smb devstack@c-api.service[113509]: INFO cinder.api.openstack.wsgi [None req-126b0ffa-5764-4e73-92ac-f87234679b5b tempest-GroupSnapshotsTest-91469447 tempest-GroupSnapshotsTest-91469447-project] http://10.222.0.79/volume/v3/12780e57c1084b889f58882232078614/snapshots/detail returned with HTTP 200
Aug 31 19:17:53.869706 dv-cinder-852210-6-smb devstack@c-api.service[113509]: [pid: 113509|app: 0|req: 16/40] 10.222.0.79 () {58 vars in 1241 bytes} [Wed Aug 31 19:17:53 2022] GET /volume/v3/12780e57c1084b889f58882232078614/snapshots/detail => generated 519 bytes in 116 msecs (HTTP/1.1 200) 7 headers in 285 bytes (1 switches on core 0)
Aug 31 19:17:53.872717 dv-cinder-852210-6-smb devstack@c-api.service[113509]: DEBUG cinder.api.middleware.request_id [req-af4273d6-2484-42e2-b00a-6440e5b1353d req-c9e92654-f446-47e7-9659-434f4d998d1b None None] RequestId filter calling following filter/app {{(pid=113509) _context_setter /opt/stack/cinder/cinder/api/middleware/request_id.py:62}}
Aug 31 19:17:53.887707 dv-cinder-852210-6-smb devstack@c-api.service[113509]: INFO cinder.api.openstack.wsgi [req-af4273d6-2484-42e2-b00a-6440e5b1353d req-c9e92654-f446-47e7-9659-434f4d998d1b tempest-VolumesSnapshotsTestJSON-1392212657 tempest-VolumesSnapshotsTestJSON-1392212657-project] GET http://10.222.0.79/volume/v3/1d53efe7d22341c68e74832d8d7e5dc2/snapshots/82cfddbc-7751-4766-9090-8aa3e60af780
Aug 31 19:17:53.891162 dv-cinder-852210-6-smb devstack@c-api.service[113509]: DEBUG cinder.api.openstack.wsgi [req-af4273d6-2484-42e2-b00a-6440e5b1353d req-c9e92654-f446-47e7-9659-434f4d998d1b tempest-VolumesSnapshotsTestJSON-1392212657 tempest-VolumesSnapshotsTestJSON-1392212657-project] Empty body provided in request {{(pid=113509) get_body /opt/stack/cinder/cinder/api/openstack/wsgi.py:715}}
Aug 31 19:17:53.891678 dv-cinder-852210-6-smb devstack@c-api.service[113509]: DEBUG cinder.api.openstack.wsgi [req-af4273d6-2484-42e2-b00a-6440e5b1353d req-c9e92654-f446-47e7-9659-434f4d998d1b tempest-VolumesSnapshotsTestJSON-1392212657 tempest-VolumesSnapshotsTestJSON-1392212657-project] Calling method 'show' {{(pid=113509) _process_stack /opt/stack/cinder/cinder/api/openstack/wsgi.py:868}}
Aug 31 19:17:53.926867 dv-cinder-852210-6-smb devstack@c-api.service[113508]: DEBUG dbcounter [-] [113508] Writing DB stats cinder:INSERT=12,cinder:UPDATE=22,cinder:SELECT=66 {{(pid=113508) stat_writer /usr/local/lib/python3.8/dist-packages/dbcounter.py:114}}
Aug 31 19:17:53.954796 dv-cinder-852210-6-smb devstack@c-api.service[113508]: /usr/local/lib/python3.8/dist-packages/oslo_context/context.py:100: DeprecationWarning: Policy enforcement is depending on the value of is_admin. This key is deprecated. Please update your policy file to use the standard policy values.
Aug 31 19:17:53.954796 dv-cinder-852210-6-smb devstack@c-api.service[113508]: warnings.warn('Policy enforcement is depending on the value of '
Aug 31 19:17:53.995704 dv-cinder-852210-6-smb devstack@c-api.service[113509]: /usr/local/lib/python3.8/dist-packages/oslo_context/context.py:100: DeprecationWarning: Policy enforcement is depending on the value of is_admin. This key is deprecated. Please update your policy file to use the standard policy values.
Aug 31 19:17:53.995704 dv-cinder-852210-6-smb devstack@c-api.service[113509]: warnings.warn('Policy enforcement is depending on the value of '
Aug 31 19:17:53.997931 dv-cinder-852210-6-smb devstack@c-api.service[113509]: INFO cinder.volume.api [req-af4273d6-2484-42e2-b00a-6440e5b1353d req-c9e92654-f446-47e7-9659-434f4d998d1b tempest-VolumesSnapshotsTestJSON-1392212657 tempest-VolumesSnapshotsTestJSON-1392212657-project] Snapshot retrieved successfully.
Aug 31 19:17:53.999768 dv-cinder-852210-6-smb devstack@c-api.service[113509]: INFO cinder.api.openstack.wsgi [req-af4273d6-2484-42e2-b00a-6440e5b1353d req-c9e92654-f446-47e7-9659-434f4d998d1b tempest-VolumesSnapshotsTestJSON-1392212657 tempest-VolumesSnapshotsTestJSON-1392212657-project] http://10.222.0.79/volume/v3/1d53efe7d22341c68e74832d8d7e5dc2/snapshots/82cfddbc-7751-4766-9090-8aa3e60af780 returned with HTTP 200
Aug 31 19:17:54.005855 dv-cinder-852210-6-smb devstack@c-api.service[113509]: [pid: 113509|app: 0|req: 17/41] 10.222.0.79 () {60 vars in 1584 bytes} [Wed Aug 31 19:17:53 2022] GET /volume/v3/1d53efe7d22341c68e74832d8d7e5dc2/snapshots/82cfddbc-7751-4766-9090-8aa3e60af780 => generated 536 bytes in 135 msecs (HTTP/1.1 200) 7 headers in 285 bytes (1 switches on core 0)
Aug 31 19:17:54.007609 dv-cinder-852210-6-smb devstack@c-api.service[113508]: WARNING cinder.quota [None req-bfe52dc5-0145-4edb-bda0-0b8feac12c42 tempest-GroupSnapshotsV319Test-280134050 tempest-GroupSnapshotsV319Test-280134050-project] Deprecated: Default quota for resource: gigabytes_tempest-GroupSnapshotsV319Test-volume-type-1916723329 is set by the default quota flag: quota_gigabytes_tempest-GroupSnapshotsV319Test-volume-type-1916723329, it is now deprecated. Please use the default quota class for default quota.
Aug 31 19:17:54.008491 dv-cinder-852210-6-smb devstack@c-api.service[113508]: WARNING cinder.quota [None req-bfe52dc5-0145-4edb-bda0-0b8feac12c42 tempest-GroupSnapshotsV319Test-280134050 tempest-GroupSnapshotsV319Test-280134050-project] Deprecated: Default quota for resource: snapshots_tempest-GroupSnapshotsV319Test-volume-type-1916723329 is set by the default quota flag: quota_snapshots_tempest-GroupSnapshotsV319Test-volume-type-1916723329, it is now deprecated. Please use the default quota class for default quota.
Aug 31 19:17:54.014237 dv-cinder-852210-6-smb devstack@c-api.service[113509]: DEBUG cinder.api.middleware.request_id [None req-6f16c097-4bff-43de-9f17-1cba3e6100c8 None None] RequestId filter calling following filter/app {{(pid=113509) _context_setter /opt/stack/cinder/cinder/api/middleware/request_id.py:62}}
Aug 31 19:17:54.028297 dv-cinder-852210-6-smb devstack@c-api.service[113509]: INFO cinder.api.openstack.wsgi [None req-6f16c097-4bff-43de-9f17-1cba3e6100c8 tempest-GroupSnapshotsTest-91469447 tempest-GroupSnapshotsTest-91469447-project] GET http://10.222.0.79/volume/v3/12780e57c1084b889f58882232078614/snapshots/4c5efac6-f045-4ce9-b012-54deb7751d75
Aug 31 19:17:54.028846 dv-cinder-852210-6-smb devstack@c-api.service[113509]: DEBUG cinder.api.openstack.wsgi [None req-6f16c097-4bff-43de-9f17-1cba3e6100c8 tempest-GroupSnapshotsTest-91469447 tempest-GroupSnapshotsTest-91469447-project] Empty body provided in request {{(pid=113509) get_body /opt/stack/cinder/cinder/api/openstack/wsgi.py:715}}
Aug 31 19:17:54.029261 dv-cinder-852210-6-smb devstack@c-api.service[113509]: DEBUG cinder.api.openstack.wsgi [None req-6f16c097-4bff-43de-9f17-1cba3e6100c8 tempest-GroupSnapshotsTest-91469447 tempest-GroupSnapshotsTest-91469447-project] Calling method 'show' {{(pid=113509) _process_stack /opt/stack/cinder/cinder/api/openstack/wsgi.py:868}}
Aug 31 19:17:54.058626 dv-cinder-852210-6-smb devstack@c-api.service[113509]: /usr/local/lib/python3.8/dist-packages/oslo_context/context.py:100: DeprecationWarning: Policy enforcement is depending on the value of is_admin. This key is deprecated. Please update your policy file to use the standard policy values.
Aug 31 19:17:54.058626 dv-cinder-852210-6-smb devstack@c-api.service[113509]: warnings.warn('Policy enforcement is depending on the value of '
Aug 31 19:17:54.059842 dv-cinder-852210-6-smb devstack@c-api.service[113509]: INFO cinder.volume.api [None req-6f16c097-4bff-43de-9f17-1cba3e6100c8 tempest-GroupSnapshotsTest-91469447 tempest-GroupSnapshotsTest-91469447-project] Snapshot retrieved successfully.
Aug 31 19:17:54.063538 dv-cinder-852210-6-smb devstack@c-api.service[113509]: INFO cinder.api.openstack.wsgi [None req-6f16c097-4bff-43de-9f17-1cba3e6100c8 tempest-GroupSnapshotsTest-91469447 tempest-GroupSnapshotsTest-91469447-project] http://10.222.0.79/volume/v3/12780e57c1084b889f58882232078614/snapshots/4c5efac6-f045-4ce9-b012-54deb7751d75 returned with HTTP 200
Aug 31 19:17:54.072809 dv-cinder-852210-6-smb devstack@c-api.service[113509]: [pid: 113509|app: 0|req: 18/42] 10.222.0.79 () {58 vars in 1331 bytes} [Wed Aug 31 19:17:54 2022] GET /volume/v3/12780e57c1084b889f58882232078614/snapshots/4c5efac6-f045-4ce9-b012-54deb7751d75 => generated 516 bytes in 59 msecs (HTTP/1.1 200) 7 headers in 285 bytes (1 switches on core 0)
Aug 31 19:17:54.072809 dv-cinder-852210-6-smb devstack@c-api.service[113509]: DEBUG cinder.api.middleware.request_id [req-511c0bb1-d2e3-4fbb-8b7e-67ddd7c8b672 req-9f1a41ed-7091-4a15-8f2a-ca3f18db0f0a None None] RequestId filter calling following filter/app {{(pid=113509) _context_setter /opt/stack/cinder/cinder/api/middleware/request_id.py:62}}
Aug 31 19:17:54.079184 dv-cinder-852210-6-smb devstack@c-api.service[113508]: DEBUG cinder.quota [None req-bfe52dc5-0145-4edb-bda0-0b8feac12c42 tempest-GroupSnapshotsV319Test-280134050 tempest-GroupSnapshotsV319Test-280134050-project] Created reservations ['1854266f-43cf-46e9-ab12-e622cdef4e47', 'ff8d1c68-03a3-4d3b-af42-7bce8b5e0086', '971d11ee-7ad1-42a2-8485-15573a920736', 'c60d4012-dd91-4b69-8dd9-60b91855b390'] {{(pid=113508) reserve /opt/stack/cinder/cinder/quota.py:755}}
Aug 31 19:17:54.079517 dv-cinder-852210-6-smb devstack@c-api.service[113509]: INFO cinder.api.openstack.wsgi [req-511c0bb1-d2e3-4fbb-8b7e-67ddd7c8b672 req-9f1a41ed-7091-4a15-8f2a-ca3f18db0f0a tempest-VolumesSnapshotsTestJSON-1392212657 tempest-VolumesSnapshotsTestJSON-1392212657-project] DELETE http://10.222.0.79/volume/v3/1d53efe7d22341c68e74832d8d7e5dc2/snapshots/82cfddbc-7751-4766-9090-8aa3e60af780
Aug 31 19:17:54.081001 dv-cinder-852210-6-smb devstack@c-api.service[113509]: DEBUG cinder.api.openstack.wsgi [req-511c0bb1-d2e3-4fbb-8b7e-67ddd7c8b672 req-9f1a41ed-7091-4a15-8f2a-ca3f18db0f0a tempest-VolumesSnapshotsTestJSON-1392212657 tempest-VolumesSnapshotsTestJSON-1392212657-project] Empty body provided in request {{(pid=113509) get_body /opt/stack/cinder/cinder/api/openstack/wsgi.py:715}}
Aug 31 19:17:54.082750 dv-cinder-852210-6-smb devstack@c-api.service[113509]: DEBUG cinder.api.openstack.wsgi [req-511c0bb1-d2e3-4fbb-8b7e-67ddd7c8b672 req-9f1a41ed-7091-4a15-8f2a-ca3f18db0f0a tempest-VolumesSnapshotsTestJSON-1392212657 tempest-VolumesSnapshotsTestJSON-1392212657-project] Calling method 'delete' {{(pid=113509) _process_stack /opt/stack/cinder/cinder/api/openstack/wsgi.py:868}}
Aug 31 19:17:54.083084 dv-cinder-852210-6-smb devstack@c-api.service[113509]: INFO cinder.api.v2.snapshots [req-511c0bb1-d2e3-4fbb-8b7e-67ddd7c8b672 req-9f1a41ed-7091-4a15-8f2a-ca3f18db0f0a tempest-VolumesSnapshotsTestJSON-1392212657 tempest-VolumesSnapshotsTestJSON-1392212657-project] Delete snapshot with id: 82cfddbc-7751-4766-9090-8aa3e60af780
Aug 31 19:17:54.118847 dv-cinder-852210-6-smb devstack@c-api.service[113509]: /usr/local/lib/python3.8/dist-packages/oslo_context/context.py:100: DeprecationWarning: Policy enforcement is depending on the value of is_admin. This key is deprecated. Please update your policy file to use the standard policy values.
Aug 31 19:17:54.118847 dv-cinder-852210-6-smb devstack@c-api.service[113509]: warnings.warn('Policy enforcement is depending on the value of '
Aug 31 19:17:54.119882 dv-cinder-852210-6-smb devstack@c-api.service[113509]: INFO cinder.volume.api [req-511c0bb1-d2e3-4fbb-8b7e-67ddd7c8b672 req-9f1a41ed-7091-4a15-8f2a-ca3f18db0f0a tempest-VolumesSnapshotsTestJSON-1392212657 tempest-VolumesSnapshotsTestJSON-1392212657-project] Snapshot retrieved successfully.
Aug 31 19:17:54.192306 dv-cinder-852210-6-smb devstack@c-api.service[113508]: INFO cinder.api.openstack.wsgi [None req-bfe52dc5-0145-4edb-bda0-0b8feac12c42 tempest-GroupSnapshotsV319Test-280134050 tempest-GroupSnapshotsV319Test-280134050-project] http://10.222.0.79/volume/v3/9bf42bd08d2549c390e326f22b012e5b/group_snapshots returned with HTTP 202
Aug 31 19:17:54.201896 dv-cinder-852210-6-smb devstack@c-api.service[113508]: [pid: 113508|app: 0|req: 25/43] 10.222.0.79 () {62 vars in 1301 bytes} [Wed Aug 31 19:17:53 2022] POST /volume/v3/9bf42bd08d2549c390e326f22b012e5b/group_snapshots => generated 191 bytes in 401 msecs (HTTP/1.1 202) 7 headers in 292 bytes (1 switches on core 0)
Aug 31 19:17:54.203904 dv-cinder-852210-6-smb devstack@c-api.service[113508]: DEBUG cinder.api.middleware.request_id [None req-b8c05a96-8887-4379-9d7a-e746dfd245e1 None None] RequestId filter calling following filter/app {{(pid=113508) _context_setter /opt/stack/cinder/cinder/api/middleware/request_id.py:62}}
Aug 31 19:17:54.209826 dv-cinder-852210-6-smb devstack@c-api.service[113509]: INFO cinder.volume.api [req-511c0bb1-d2e3-4fbb-8b7e-67ddd7c8b672 req-9f1a41ed-7091-4a15-8f2a-ca3f18db0f0a tempest-VolumesSnapshotsTestJSON-1392212657 tempest-VolumesSnapshotsTestJSON-1392212657-project] Snapshot delete request issued successfully.
Aug 31 19:17:54.210413 dv-cinder-852210-6-smb devstack@c-api.service[113509]: INFO cinder.api.openstack.wsgi [req-511c0bb1-d2e3-4fbb-8b7e-67ddd7c8b672 req-9f1a41ed-7091-4a15-8f2a-ca3f18db0f0a tempest-VolumesSnapshotsTestJSON-1392212657 tempest-VolumesSnapshotsTestJSON-1392212657-project] http://10.222.0.79/volume/v3/1d53efe7d22341c68e74832d8d7e5dc2/snapshots/82cfddbc-7751-4766-9090-8aa3e60af780 returned with HTTP 202
Aug 31 19:17:54.211408 dv-cinder-852210-6-smb devstack@c-api.service[113508]: INFO cinder.api.openstack.wsgi [None req-b8c05a96-8887-4379-9d7a-e746dfd245e1 tempest-GroupSnapshotsTest-91469447 tempest-GroupSnapshotsTest-91469447-project] POST http://10.222.0.79/volume/v3/12780e57c1084b889f58882232078614/groups/action
