Sep 09 12:06:28.562164 dv-cinder-852210-13-iscsi devstack@c-api.service[113515]: DEBUG oslo_db.sqlalchemy.engines [None req-f24d936e-6b6a-4af6-ab2d-c694b1b08a5d tempest-GroupSnapshotsTest-1044733122 tempest-GroupSnapshotsTest-1044733122-project] MySQL server mode set to STRICT_TRANS_TABLES,STRICT_ALL_TABLES,NO_ZERO_IN_DATE,NO_ZERO_DATE,ERROR_FOR_DIVISION_BY_ZERO,TRADITIONAL,NO_ENGINE_SUBSTITUTION {{(pid=113515) _check_effective_sql_mode /usr/local/lib/python3.8/dist-packages/oslo_db/sqlalchemy/engines.py:314}}
Sep 09 12:06:28.577327 dv-cinder-852210-13-iscsi devstack@c-api.service[113514]: [pid: 113514|app: 0|req: 35/63] 10.222.0.62 () {60 vars in 1235 bytes} [Fri Sep 9 12:06:26 2022] POST /volume/v3/ab4dbbb8fd204c1a84635df66e1b24f2/volumes => generated 824 bytes in 1656 msecs (HTTP/1.1 202) 7 headers in 291 bytes (2 switches on core 0)
Sep 09 12:06:28.577707 dv-cinder-852210-13-iscsi devstack@c-api.service[113515]: /usr/local/lib/python3.8/dist-packages/oslo_context/context.py:100: DeprecationWarning: Policy enforcement is depending on the value of is_admin. This key is deprecated. Please update your policy file to use the standard policy values.
Sep 09 12:06:28.577707 dv-cinder-852210-13-iscsi devstack@c-api.service[113515]: warnings.warn('Policy enforcement is depending on the value of '
Sep 09 12:06:28.579973 dv-cinder-852210-13-iscsi devstack@c-api.service[113514]: DEBUG cinder.api.middleware.request_id [req-96f1dc58-f076-4499-ad4e-d1f73e0b4eb5 req-96dcd40c-ffa6-4a41-957d-e3025a03e778 None None] RequestId filter calling following filter/app {{(pid=113514) _context_setter /opt/stack/cinder/cinder/api/middleware/request_id.py:62}}
Sep 09 12:06:28.587339 dv-cinder-852210-13-iscsi devstack@c-api.service[113514]: INFO cinder.api.openstack.wsgi [req-96f1dc58-f076-4499-ad4e-d1f73e0b4eb5 req-96dcd40c-ffa6-4a41-957d-e3025a03e778 tempest-VolumesSnapshotsTestJSON-1234083724 tempest-VolumesSnapshotsTestJSON-1234083724-project] DELETE http://10.222.0.62/volume/v3/414b3c8f1b29468684a54865d838effe/volumes/13087cb1-6636-4c73-9559-8e1b5ed6bc68
Sep 09 12:06:28.587798 dv-cinder-852210-13-iscsi devstack@c-api.service[113514]: DEBUG cinder.api.openstack.wsgi [req-96f1dc58-f076-4499-ad4e-d1f73e0b4eb5 req-96dcd40c-ffa6-4a41-957d-e3025a03e778 tempest-VolumesSnapshotsTestJSON-1234083724 tempest-VolumesSnapshotsTestJSON-1234083724-project] Empty body provided in request {{(pid=113514) get_body /opt/stack/cinder/cinder/api/openstack/wsgi.py:715}}
Sep 09 12:06:28.588270 dv-cinder-852210-13-iscsi devstack@c-api.service[113514]: DEBUG cinder.api.openstack.wsgi [req-96f1dc58-f076-4499-ad4e-d1f73e0b4eb5 req-96dcd40c-ffa6-4a41-957d-e3025a03e778 tempest-VolumesSnapshotsTestJSON-1234083724 tempest-VolumesSnapshotsTestJSON-1234083724-project] Calling method 'delete' {{(pid=113514) _process_stack /opt/stack/cinder/cinder/api/openstack/wsgi.py:868}}
Sep 09 12:06:28.588678 dv-cinder-852210-13-iscsi devstack@c-api.service[113514]: INFO cinder.api.v3.volumes [req-96f1dc58-f076-4499-ad4e-d1f73e0b4eb5 req-96dcd40c-ffa6-4a41-957d-e3025a03e778 tempest-VolumesSnapshotsTestJSON-1234083724 tempest-VolumesSnapshotsTestJSON-1234083724-project] Delete volume with id: 13087cb1-6636-4c73-9559-8e1b5ed6bc68
Sep 09 12:06:28.594343 dv-cinder-852210-13-iscsi devstack@c-api.service[113515]: WARNING stevedore.named [None req-f24d936e-6b6a-4af6-ab2d-c694b1b08a5d tempest-GroupSnapshotsTest-1044733122 tempest-GroupSnapshotsTest-1044733122-project] Could not load cinder.keymgr.conf_key_mgr.ConfKeyManager
Sep 09 12:06:28.604663 dv-cinder-852210-13-iscsi devstack@c-api.service[113515]: WARNING castellan.key_manager [None req-f24d936e-6b6a-4af6-ab2d-c694b1b08a5d tempest-GroupSnapshotsTest-1044733122 tempest-GroupSnapshotsTest-1044733122-project] Deprecation Warning : cinder.keymgr.conf_key_mgr.ConfKeyManager is not a stevedore based driver, trying to load it as a class: stevedore.exception.NoMatches: No 'castellan.drivers' driver found, looking for 'cinder.keymgr.conf_key_mgr.ConfKeyManager'
Sep 09 12:06:28.615741 dv-cinder-852210-13-iscsi devstack@c-api.service[113515]: DEBUG oslo_db.sqlalchemy.engines [None req-f24d936e-6b6a-4af6-ab2d-c694b1b08a5d tempest-GroupSnapshotsTest-1044733122 tempest-GroupSnapshotsTest-1044733122-project] MySQL server mode set to STRICT_TRANS_TABLES,STRICT_ALL_TABLES,NO_ZERO_IN_DATE,NO_ZERO_DATE,ERROR_FOR_DIVISION_BY_ZERO,TRADITIONAL,NO_ENGINE_SUBSTITUTION {{(pid=113515) _check_effective_sql_mode /usr/local/lib/python3.8/dist-packages/oslo_db/sqlalchemy/engines.py:314}}
Sep 09 12:06:28.620743 dv-cinder-852210-13-iscsi devstack@c-api.service[113514]: /usr/local/lib/python3.8/dist-packages/oslo_context/context.py:100: DeprecationWarning: Policy enforcement is depending on the value of is_admin. This key is deprecated. Please update your policy file to use the standard policy values.
Sep 09 12:06:28.620743 dv-cinder-852210-13-iscsi devstack@c-api.service[113514]: warnings.warn('Policy enforcement is depending on the value of '
Sep 09 12:06:28.624000 dv-cinder-852210-13-iscsi devstack@c-api.service[113514]: INFO cinder.volume.api [req-96f1dc58-f076-4499-ad4e-d1f73e0b4eb5 req-96dcd40c-ffa6-4a41-957d-e3025a03e778 tempest-VolumesSnapshotsTestJSON-1234083724 tempest-VolumesSnapshotsTestJSON-1234083724-project] Volume info retrieved successfully.
Sep 09 12:06:28.630437 dv-cinder-852210-13-iscsi devstack@c-api.service[113515]: /usr/local/lib/python3.8/dist-packages/oslo_context/context.py:100: DeprecationWarning: Policy enforcement is depending on the value of is_admin. This key is deprecated. Please update your policy file to use the standard policy values.
Sep 09 12:06:28.630437 dv-cinder-852210-13-iscsi devstack@c-api.service[113515]: warnings.warn('Policy enforcement is depending on the value of '
Sep 09 12:06:28.684402 dv-cinder-852210-13-iscsi devstack@c-api.service[113515]: INFO cinder.api.openstack.wsgi [None req-f24d936e-6b6a-4af6-ab2d-c694b1b08a5d tempest-GroupSnapshotsTest-1044733122 tempest-GroupSnapshotsTest-1044733122-project] http://10.222.0.62/volume/v3/80ec88ab4b5246b1aa8cecc9d2373d86/volumes/detail returned with HTTP 200
Sep 09 12:06:28.685461 dv-cinder-852210-13-iscsi devstack@c-api.service[113515]: [pid: 113515|app: 0|req: 29/64] 10.222.0.62 () {60 vars in 1276 bytes} [Fri Sep 9 12:06:28 2022] GET /volume/v3/80ec88ab4b5246b1aa8cecc9d2373d86/volumes/detail => generated 1980 bytes in 297 msecs (HTTP/1.1 200) 7 headers in 287 bytes (1 switches on core 0)
Sep 09 12:06:28.689383 dv-cinder-852210-13-iscsi devstack@c-api.service[113515]: DEBUG cinder.api.middleware.request_id [None req-4220824b-e76a-4e2f-95ef-5dc418cafcb1 None None] RequestId filter calling following filter/app {{(pid=113515) _context_setter /opt/stack/cinder/cinder/api/middleware/request_id.py:62}}
Sep 09 12:06:28.706330 dv-cinder-852210-13-iscsi devstack@c-api.service[113514]: DEBUG dbcounter [-] [113514] Writing DB stats cinder:SELECT=77,cinder:INSERT=10,cinder:UPDATE=13 {{(pid=113514) stat_writer /usr/local/lib/python3.8/dist-packages/dbcounter.py:114}}
Sep 09 12:06:28.707639 dv-cinder-852210-13-iscsi devstack@c-api.service[113515]: INFO cinder.api.openstack.wsgi [None req-4220824b-e76a-4e2f-95ef-5dc418cafcb1 tempest-VolumeQuotasAdminTestJSON-991521807 tempest-VolumeQuotasAdminTestJSON-991521807-project] GET http://10.222.0.62/volume/v3/ab4dbbb8fd204c1a84635df66e1b24f2/volumes/83175581-c99f-433a-8fe2-7e01c5910285
Sep 09 12:06:28.708350 dv-cinder-852210-13-iscsi devstack@c-api.service[113515]: DEBUG cinder.api.openstack.wsgi [None req-4220824b-e76a-4e2f-95ef-5dc418cafcb1 tempest-VolumeQuotasAdminTestJSON-991521807 tempest-VolumeQuotasAdminTestJSON-991521807-project] Empty body provided in request {{(pid=113515) get_body /opt/stack/cinder/cinder/api/openstack/wsgi.py:715}}
Sep 09 12:06:28.709005 dv-cinder-852210-13-iscsi devstack@c-api.service[113515]: DEBUG cinder.api.openstack.wsgi [None req-4220824b-e76a-4e2f-95ef-5dc418cafcb1 tempest-VolumeQuotasAdminTestJSON-991521807 tempest-VolumeQuotasAdminTestJSON-991521807-project] Calling method 'show' {{(pid=113515) _process_stack /opt/stack/cinder/cinder/api/openstack/wsgi.py:868}}
Sep 09 12:06:28.729338 dv-cinder-852210-13-iscsi devstack@c-api.service[113514]: INFO cinder.volume.api [req-96f1dc58-f076-4499-ad4e-d1f73e0b4eb5 req-96dcd40c-ffa6-4a41-957d-e3025a03e778 tempest-VolumesSnapshotsTestJSON-1234083724 tempest-VolumesSnapshotsTestJSON-1234083724-project] Delete volume request issued successfully.
Sep 09 12:06:28.729894 dv-cinder-852210-13-iscsi devstack@c-api.service[113514]: INFO cinder.api.openstack.wsgi [req-96f1dc58-f076-4499-ad4e-d1f73e0b4eb5 req-96dcd40c-ffa6-4a41-957d-e3025a03e778 tempest-VolumesSnapshotsTestJSON-1234083724 tempest-VolumesSnapshotsTestJSON-1234083724-project] http://10.222.0.62/volume/v3/414b3c8f1b29468684a54865d838effe/volumes/13087cb1-6636-4c73-9559-8e1b5ed6bc68 returned with HTTP 202
Sep 09 12:06:28.730869 dv-cinder-852210-13-iscsi devstack@c-api.service[113514]: [pid: 113514|app: 0|req: 36/65] 10.222.0.62 () {62 vars in 1600 bytes} [Fri Sep 9 12:06:28 2022] DELETE /volume/v3/414b3c8f1b29468684a54865d838effe/volumes/13087cb1-6636-4c73-9559-8e1b5ed6bc68 => generated 0 bytes in 153 msecs (HTTP/1.1 202) 6 headers in 233 bytes (1 switches on core 0)
Sep 09 12:06:28.734022 dv-cinder-852210-13-iscsi devstack@c-api.service[113514]: DEBUG cinder.api.middleware.request_id [None req-21cdc2df-ba7c-4e07-bb29-6784d25f0d07 None None] RequestId filter calling following filter/app {{(pid=113514) _context_setter /opt/stack/cinder/cinder/api/middleware/request_id.py:62}}
Sep 09 12:06:28.745791 dv-cinder-852210-13-iscsi devstack@c-api.service[113514]: INFO cinder.api.openstack.wsgi [None req-21cdc2df-ba7c-4e07-bb29-6784d25f0d07 tempest-GroupSnapshotsTest-1044733122 tempest-GroupSnapshotsTest-1044733122-project] GET http://10.222.0.62/volume/v3/80ec88ab4b5246b1aa8cecc9d2373d86/volumes/20714558-8726-44e6-a118-cc776ebaca11
Sep 09 12:06:28.746992 dv-cinder-852210-13-iscsi devstack@c-api.service[113514]: DEBUG cinder.api.openstack.wsgi [None req-21cdc2df-ba7c-4e07-bb29-6784d25f0d07 tempest-GroupSnapshotsTest-1044733122 tempest-GroupSnapshotsTest-1044733122-project] Empty body provided in request {{(pid=113514) get_body /opt/stack/cinder/cinder/api/openstack/wsgi.py:715}}
Sep 09 12:06:28.747418 dv-cinder-852210-13-iscsi devstack@c-api.service[113514]: DEBUG cinder.api.openstack.wsgi [None req-21cdc2df-ba7c-4e07-bb29-6784d25f0d07 tempest-GroupSnapshotsTest-1044733122 tempest-GroupSnapshotsTest-1044733122-project] Calling method 'show' {{(pid=113514) _process_stack /opt/stack/cinder/cinder/api/openstack/wsgi.py:868}}
Sep 09 12:06:28.752593 dv-cinder-852210-13-iscsi devstack@c-api.service[113515]: /usr/local/lib/python3.8/dist-packages/oslo_context/context.py:100: DeprecationWarning: Policy enforcement is depending on the value of is_admin. This key is deprecated. Please update your policy file to use the standard policy values.
Sep 09 12:06:28.752593 dv-cinder-852210-13-iscsi devstack@c-api.service[113515]: warnings.warn('Policy enforcement is depending on the value of '
Sep 09 12:06:28.769014 dv-cinder-852210-13-iscsi devstack@c-api.service[113515]: INFO cinder.volume.api [None req-4220824b-e76a-4e2f-95ef-5dc418cafcb1 tempest-VolumeQuotasAdminTestJSON-991521807 tempest-VolumeQuotasAdminTestJSON-991521807-project] Volume info retrieved successfully.
Sep 09 12:06:28.794381 dv-cinder-852210-13-iscsi devstack@c-api.service[113514]: /usr/local/lib/python3.8/dist-packages/oslo_context/context.py:100: DeprecationWarning: Policy enforcement is depending on the value of is_admin. This key is deprecated. Please update your policy file to use the standard policy values.
Sep 09 12:06:28.794381 dv-cinder-852210-13-iscsi devstack@c-api.service[113514]: warnings.warn('Policy enforcement is depending on the value of '
Sep 09 12:06:28.798860 dv-cinder-852210-13-iscsi devstack@c-api.service[113515]: INFO cinder.api.openstack.wsgi [None req-4220824b-e76a-4e2f-95ef-5dc418cafcb1 tempest-VolumeQuotasAdminTestJSON-991521807 tempest-VolumeQuotasAdminTestJSON-991521807-project] http://10.222.0.62/volume/v3/ab4dbbb8fd204c1a84635df66e1b24f2/volumes/83175581-c99f-433a-8fe2-7e01c5910285 returned with HTTP 200
Sep 09 12:06:28.799648 dv-cinder-852210-13-iscsi devstack@c-api.service[113515]: [pid: 113515|app: 0|req: 30/66] 10.222.0.62 () {58 vars in 1325 bytes} [Fri Sep 9 12:06:28 2022] GET /volume/v3/ab4dbbb8fd204c1a84635df66e1b24f2/volumes/83175581-c99f-433a-8fe2-7e01c5910285 => generated 892 bytes in 111 msecs (HTTP/1.1 200) 7 headers in 285 bytes (1 switches on core 0)
Sep 09 12:06:28.800922 dv-cinder-852210-13-iscsi devstack@c-api.service[113515]: DEBUG cinder.api.middleware.request_id [req-3f687384-3eef-43c4-8127-0503c8146e2a req-197cac77-8bf4-47c9-8536-57d2da3775b0 None None] RequestId filter calling following filter/app {{(pid=113515) _context_setter /opt/stack/cinder/cinder/api/middleware/request_id.py:62}}
Sep 09 12:06:28.822697 dv-cinder-852210-13-iscsi devstack@c-api.service[113515]: INFO cinder.api.openstack.wsgi [req-3f687384-3eef-43c4-8127-0503c8146e2a req-197cac77-8bf4-47c9-8536-57d2da3775b0 tempest-VolumesSnapshotsTestJSON-1234083724 tempest-VolumesSnapshotsTestJSON-1234083724-project] GET http://10.222.0.62/volume/v3/414b3c8f1b29468684a54865d838effe/volumes/13087cb1-6636-4c73-9559-8e1b5ed6bc68
Sep 09 12:06:28.823160 dv-cinder-852210-13-iscsi devstack@c-api.service[113515]: DEBUG cinder.api.openstack.wsgi [req-3f687384-3eef-43c4-8127-0503c8146e2a req-197cac77-8bf4-47c9-8536-57d2da3775b0 tempest-VolumesSnapshotsTestJSON-1234083724 tempest-VolumesSnapshotsTestJSON-1234083724-project] Empty body provided in request {{(pid=113515) get_body /opt/stack/cinder/cinder/api/openstack/wsgi.py:715}}
Sep 09 12:06:28.823642 dv-cinder-852210-13-iscsi devstack@c-api.service[113515]: DEBUG cinder.api.openstack.wsgi [req-3f687384-3eef-43c4-8127-0503c8146e2a req-197cac77-8bf4-47c9-8536-57d2da3775b0 tempest-VolumesSnapshotsTestJSON-1234083724 tempest-VolumesSnapshotsTestJSON-1234083724-project] Calling method 'show' {{(pid=113515) _process_stack /opt/stack/cinder/cinder/api/openstack/wsgi.py:868}}
Sep 09 12:06:28.826774 dv-cinder-852210-13-iscsi devstack@c-api.service[113514]: INFO cinder.volume.api [None req-21cdc2df-ba7c-4e07-bb29-6784d25f0d07 tempest-GroupSnapshotsTest-1044733122 tempest-GroupSnapshotsTest-1044733122-project] Volume info retrieved successfully.
Sep 09 12:06:28.828333 dv-cinder-852210-13-iscsi devstack@c-api.service[113514]: WARNING stevedore.named [None req-21cdc2df-ba7c-4e07-bb29-6784d25f0d07 tempest-GroupSnapshotsTest-1044733122 tempest-GroupSnapshotsTest-1044733122-project] Could not load cinder.keymgr.conf_key_mgr.ConfKeyManager
Sep 09 12:06:28.828724 dv-cinder-852210-13-iscsi devstack@c-api.service[113514]: WARNING castellan.key_manager [None req-21cdc2df-ba7c-4e07-bb29-6784d25f0d07 tempest-GroupSnapshotsTest-1044733122 tempest-GroupSnapshotsTest-1044733122-project] Deprecation Warning : cinder.keymgr.conf_key_mgr.ConfKeyManager is not a stevedore based driver, trying to load it as a class: stevedore.exception.NoMatches: No 'castellan.drivers' driver found, looking for 'cinder.keymgr.conf_key_mgr.ConfKeyManager'
Sep 09 12:06:28.847728 dv-cinder-852210-13-iscsi devstack@c-api.service[113514]: DEBUG oslo_db.sqlalchemy.engines [None req-21cdc2df-ba7c-4e07-bb29-6784d25f0d07 tempest-GroupSnapshotsTest-1044733122 tempest-GroupSnapshotsTest-1044733122-project] MySQL server mode set to STRICT_TRANS_TABLES,STRICT_ALL_TABLES,NO_ZERO_IN_DATE,NO_ZERO_DATE,ERROR_FOR_DIVISION_BY_ZERO,TRADITIONAL,NO_ENGINE_SUBSTITUTION {{(pid=113514) _check_effective_sql_mode /usr/local/lib/python3.8/dist-packages/oslo_db/sqlalchemy/engines.py:314}}
Sep 09 12:06:28.860048 dv-cinder-852210-13-iscsi devstack@c-api.service[113514]: /usr/local/lib/python3.8/dist-packages/oslo_context/context.py:100: DeprecationWarning: Policy enforcement is depending on the value of is_admin. This key is deprecated. Please update your policy file to use the standard policy values.
Sep 09 12:06:28.860048 dv-cinder-852210-13-iscsi devstack@c-api.service[113514]: warnings.warn('Policy enforcement is depending on the value of '
Sep 09 12:06:28.870570 dv-cinder-852210-13-iscsi devstack@c-api.service[113515]: /usr/local/lib/python3.8/dist-packages/oslo_context/context.py:100: DeprecationWarning: Policy enforcement is depending on the value of is_admin. This key is deprecated. Please update your policy file to use the standard policy values.
Sep 09 12:06:28.870570 dv-cinder-852210-13-iscsi devstack@c-api.service[113515]: warnings.warn('Policy enforcement is depending on the value of '
Sep 09 12:06:28.897429 dv-cinder-852210-13-iscsi devstack@c-api.service[113515]: INFO cinder.volume.api [req-3f687384-3eef-43c4-8127-0503c8146e2a req-197cac77-8bf4-47c9-8536-57d2da3775b0 tempest-VolumesSnapshotsTestJSON-1234083724 tempest-VolumesSnapshotsTestJSON-1234083724-project] Volume info retrieved successfully.
Sep 09 12:06:28.898647 dv-cinder-852210-13-iscsi devstack@c-api.service[113514]: INFO cinder.api.openstack.wsgi [None req-21cdc2df-ba7c-4e07-bb29-6784d25f0d07 tempest-GroupSnapshotsTest-1044733122 tempest-GroupSnapshotsTest-1044733122-project] http://10.222.0.62/volume/v3/80ec88ab4b5246b1aa8cecc9d2373d86/volumes/20714558-8726-44e6-a118-cc776ebaca11 returned with HTTP 200
Sep 09 12:06:28.923265 dv-cinder-852210-13-iscsi devstack@c-api.service[113514]: [pid: 113514|app: 0|req: 37/67] 10.222.0.62 () {60 vars in 1366 bytes} [Fri Sep 9 12:06:28 2022] GET /volume/v3/80ec88ab4b5246b1aa8cecc9d2373d86/volumes/20714558-8726-44e6-a118-cc776ebaca11 => generated 990 bytes in 192 msecs (HTTP/1.1 200) 7 headers in 286 bytes (1 switches on core 0)
Sep 09 12:06:28.928835 dv-cinder-852210-13-iscsi devstack@c-api.service[113514]: DEBUG cinder.api.middleware.request_id [None req-befd471b-82c7-4014-9453-37931a8a7da1 None None] RequestId filter calling following filter/app {{(pid=113514) _context_setter /opt/stack/cinder/cinder/api/middleware/request_id.py:62}}
Sep 09 12:06:28.939980 dv-cinder-852210-13-iscsi devstack@c-api.service[113515]: INFO cinder.api.openstack.wsgi [req-3f687384-3eef-43c4-8127-0503c8146e2a req-197cac77-8bf4-47c9-8536-57d2da3775b0 tempest-VolumesSnapshotsTestJSON-1234083724 tempest-VolumesSnapshotsTestJSON-1234083724-project] http://10.222.0.62/volume/v3/414b3c8f1b29468684a54865d838effe/volumes/13087cb1-6636-4c73-9559-8e1b5ed6bc68 returned with HTTP 200
Sep 09 12:06:28.942308 dv-cinder-852210-13-iscsi devstack@c-api.service[113515]: [pid: 113515|app: 0|req: 31/68] 10.222.0.62 () {60 vars in 1578 bytes} [Fri Sep 9 12:06:28 2022] GET /volume/v3/414b3c8f1b29468684a54865d838effe/volumes/13087cb1-6636-4c73-9559-8e1b5ed6bc68 => generated 915 bytes in 142 msecs (HTTP/1.1 200) 7 headers in 285 bytes (1 switches on core 0)
Sep 09 12:06:28.950662 dv-cinder-852210-13-iscsi devstack@c-api.service[113514]: INFO cinder.api.openstack.wsgi [None req-befd471b-82c7-4014-9453-37931a8a7da1 tempest-GroupSnapshotsTest-1044733122 tempest-GroupSnapshotsTest-1044733122-project] GET http://10.222.0.62/volume/v3/80ec88ab4b5246b1aa8cecc9d2373d86/groups/f9c5b789-7943-49ab-9e7a-9d5ee40167d4
Sep 09 12:06:28.952838 dv-cinder-852210-13-iscsi devstack@c-api.service[113514]: DEBUG cinder.api.openstack.wsgi [None req-befd471b-82c7-4014-9453-37931a8a7da1 tempest-GroupSnapshotsTest-1044733122 tempest-GroupSnapshotsTest-1044733122-project] Empty body provided in request {{(pid=113514) get_body /opt/stack/cinder/cinder/api/openstack/wsgi.py:715}}
Sep 09 12:06:28.955343 dv-cinder-852210-13-iscsi devstack@c-api.service[113514]: DEBUG cinder.api.openstack.wsgi [None req-befd471b-82c7-4014-9453-37931a8a7da1 tempest-GroupSnapshotsTest-1044733122 tempest-GroupSnapshotsTest-1044733122-project] Calling method 'version_select' {{(pid=113514) _process_stack /opt/stack/cinder/cinder/api/openstack/wsgi.py:868}}
Sep 09 12:06:28.957758 dv-cinder-852210-13-iscsi devstack@c-api.service[113514]: DEBUG cinder.api.v3.groups [None req-befd471b-82c7-4014-9453-37931a8a7da1 tempest-GroupSnapshotsTest-1044733122 tempest-GroupSnapshotsTest-1044733122-project] show called for member f9c5b789-7943-49ab-9e7a-9d5ee40167d4 {{(pid=113514) show /opt/stack/cinder/cinder/api/v3/groups.py:58}}
Sep 09 12:06:28.988735 dv-cinder-852210-13-iscsi devstack@c-api.service[113514]: /usr/local/lib/python3.8/dist-packages/oslo_context/context.py:100: DeprecationWarning: Policy enforcement is depending on the value of is_admin. This key is deprecated. Please update your policy file to use the standard policy values.
Sep 09 12:06:28.988735 dv-cinder-852210-13-iscsi devstack@c-api.service[113514]: warnings.warn('Policy enforcement is depending on the value of '
Sep 09 12:06:29.051988 dv-cinder-852210-13-iscsi devstack@c-api.service[113514]: INFO cinder.api.openstack.wsgi [None req-befd471b-82c7-4014-9453-37931a8a7da1 tempest-GroupSnapshotsTest-1044733122 tempest-GroupSnapshotsTest-1044733122-project] http://10.222.0.62/volume/v3/80ec88ab4b5246b1aa8cecc9d2373d86/groups/f9c5b789-7943-49ab-9e7a-9d5ee40167d4 returned with HTTP 200
Sep 09 12:06:29.053161 dv-cinder-852210-13-iscsi devstack@c-api.service[113514]: [pid: 113514|app: 0|req: 38/69] 10.222.0.62 () {60 vars in 1363 bytes} [Fri Sep 9 12:06:28 2022] GET /volume/v3/80ec88ab4b5246b1aa8cecc9d2373d86/groups/f9c5b789-7943-49ab-9e7a-9d5ee40167d4 => generated 418 bytes in 129 msecs (HTTP/1.1 200) 7 headers in 286 bytes (1 switches on core 0)
Sep 09 12:06:29.063349 dv-cinder-852210-13-iscsi devstack@c-api.service[113515]: DEBUG cinder.api.middleware.request_id [None req-81adaa6b-fb83-4679-be51-ffcf2e8dc96f None None] RequestId filter calling following filter/app {{(pid=113515) _context_setter /opt/stack/cinder/cinder/api/middleware/request_id.py:62}}
Sep 09 12:06:29.068645 dv-cinder-852210-13-iscsi devstack@c-api.service[113515]: INFO cinder.api.openstack.wsgi [None req-81adaa6b-fb83-4679-be51-ffcf2e8dc96f tempest-GroupSnapshotsTest-1044733122 tempest-GroupSnapshotsTest-1044733122-project] GET http://10.222.0.62/volume/v3/80ec88ab4b5246b1aa8cecc9d2373d86/volumes/detail
Sep 09 12:06:29.069159 dv-cinder-852210-13-iscsi devstack@c-api.service[113515]: DEBUG cinder.api.openstack.wsgi [None req-81adaa6b-fb83-4679-be51-ffcf2e8dc96f tempest-GroupSnapshotsTest-1044733122 tempest-GroupSnapshotsTest-1044733122-project] Empty body provided in request {{(pid=113515) get_body /opt/stack/cinder/cinder/api/openstack/wsgi.py:715}}
Sep 09 12:06:29.069628 dv-cinder-852210-13-iscsi devstack@c-api.service[113515]: DEBUG cinder.api.openstack.wsgi [None req-81adaa6b-fb83-4679-be51-ffcf2e8dc96f tempest-GroupSnapshotsTest-1044733122 tempest-GroupSnapshotsTest-1044733122-project] Calling method 'detail' {{(pid=113515) _process_stack /opt/stack/cinder/cinder/api/openstack/wsgi.py:868}}
Sep 09 12:06:29.070248 dv-cinder-852210-13-iscsi devstack@c-api.service[113515]: DEBUG cinder.api.api_utils [None req-81adaa6b-fb83-4679-be51-ffcf2e8dc96f tempest-GroupSnapshotsTest-1044733122 tempest-GroupSnapshotsTest-1044733122-project] Removing options '' from query. {{(pid=113515) remove_invalid_filter_options /opt/stack/cinder/cinder/api/api_utils.py:83}}
Sep 09 12:06:29.073083 dv-cinder-852210-13-iscsi devstack@c-api.service[113515]: DEBUG cinder.volume.api [None req-81adaa6b-fb83-4679-be51-ffcf2e8dc96f tempest-GroupSnapshotsTest-1044733122 tempest-GroupSnapshotsTest-1044733122-project] Searching by: MultiDict([('no_migration_targets', True)]). {{(pid=113515) get_all /opt/stack/cinder/cinder/volume/api.py:664}}
Sep 09 12:06:29.294818 dv-cinder-852210-13-iscsi devstack@c-api.service[113515]: INFO cinder.volume.api [None req-81adaa6b-fb83-4679-be51-ffcf2e8dc96f tempest-GroupSnapshotsTest-1044733122 tempest-GroupSnapshotsTest-1044733122-project] Get all volumes completed successfully.
Sep 09 12:06:29.297270 dv-cinder-852210-13-iscsi devstack@c-api.service[113515]: WARNING stevedore.named [None req-81adaa6b-fb83-4679-be51-ffcf2e8dc96f tempest-GroupSnapshotsTest-1044733122 tempest-GroupSnapshotsTest-1044733122-project] Could not load cinder.keymgr.conf_key_mgr.ConfKeyManager
Sep 09 12:06:29.301574 dv-cinder-852210-13-iscsi devstack@c-api.service[113515]: WARNING castellan.key_manager [None req-81adaa6b-fb83-4679-be51-ffcf2e8dc96f tempest-GroupSnapshotsTest-1044733122 tempest-GroupSnapshotsTest-1044733122-project] Deprecation Warning : cinder.keymgr.conf_key_mgr.ConfKeyManager is not a stevedore based driver, trying to load it as a class: stevedore.exception.NoMatches: No 'castellan.drivers' driver found, looking for 'cinder.keymgr.conf_key_mgr.ConfKeyManager'
Sep 09 12:06:29.343591 dv-cinder-852210-13-iscsi devstack@c-api.service[113515]: DEBUG oslo_db.sqlalchemy.engines [None req-81adaa6b-fb83-4679-be51-ffcf2e8dc96f tempest-GroupSnapshotsTest-1044733122 tempest-GroupSnapshotsTest-1044733122-project] MySQL server mode set to STRICT_TRANS_TABLES,STRICT_ALL_TABLES,NO_ZERO_IN_DATE,NO_ZERO_DATE,ERROR_FOR_DIVISION_BY_ZERO,TRADITIONAL,NO_ENGINE_SUBSTITUTION {{(pid=113515) _check_effective_sql_mode /usr/local/lib/python3.8/dist-packages/oslo_db/sqlalchemy/engines.py:314}}
Sep 09 12:06:29.366957 dv-cinder-852210-13-iscsi devstack@c-api.service[113515]: /usr/local/lib/python3.8/dist-packages/oslo_context/context.py:100: DeprecationWarning: Policy enforcement is depending on the value of is_admin. This key is deprecated. Please update your policy file to use the standard policy values.
Sep 09 12:06:29.366957 dv-cinder-852210-13-iscsi devstack@c-api.service[113515]: warnings.warn('Policy enforcement is depending on the value of '
Sep 09 12:06:29.404109 dv-cinder-852210-13-iscsi devstack@c-api.service[113515]: WARNING stevedore.named [None req-81adaa6b-fb83-4679-be51-ffcf2e8dc96f tempest-GroupSnapshotsTest-1044733122 tempest-GroupSnapshotsTest-1044733122-project] Could not load cinder.keymgr.conf_key_mgr.ConfKeyManager
Sep 09 12:06:29.404524 dv-cinder-852210-13-iscsi devstack@c-api.service[113515]: WARNING castellan.key_manager [None req-81adaa6b-fb83-4679-be51-ffcf2e8dc96f tempest-GroupSnapshotsTest-1044733122 tempest-GroupSnapshotsTest-1044733122-project] Deprecation Warning : cinder.keymgr.conf_key_mgr.ConfKeyManager is not a stevedore based driver, trying to load it as a class: stevedore.exception.NoMatches: No 'castellan.drivers' driver found, looking for 'cinder.keymgr.conf_key_mgr.ConfKeyManager'
Sep 09 12:06:29.423140 dv-cinder-852210-13-iscsi devstack@c-api.service[113515]: DEBUG oslo_db.sqlalchemy.engines [None req-81adaa6b-fb83-4679-be51-ffcf2e8dc96f tempest-GroupSnapshotsTest-1044733122 tempest-GroupSnapshotsTest-1044733122-project] MySQL server mode set to STRICT_TRANS_TABLES,STRICT_ALL_TABLES,NO_ZERO_IN_DATE,NO_ZERO_DATE,ERROR_FOR_DIVISION_BY_ZERO,TRADITIONAL,NO_ENGINE_SUBSTITUTION {{(pid=113515) _check_effective_sql_mode /usr/local/lib/python3.8/dist-packages/oslo_db/sqlalchemy/engines.py:314}}
Sep 09 12:06:29.440919 dv-cinder-852210-13-iscsi devstack@c-api.service[113515]: /usr/local/lib/python3.8/dist-packages/oslo_context/context.py:100: DeprecationWarning: Policy enforcement is depending on the value of is_admin. This key is deprecated. Please update your policy file to use the standard policy values.
Sep 09 12:06:29.440919 dv-cinder-852210-13-iscsi devstack@c-api.service[113515]: warnings.warn('Policy enforcement is depending on the value of '
Sep 09 12:06:29.498031 dv-cinder-852210-13-iscsi devstack@c-api.service[113515]: INFO cinder.api.openstack.wsgi [None req-81adaa6b-fb83-4679-be51-ffcf2e8dc96f tempest-GroupSnapshotsTest-1044733122 tempest-GroupSnapshotsTest-1044733122-project] http://10.222.0.62/volume/v3/80ec88ab4b5246b1aa8cecc9d2373d86/volumes/detail returned with HTTP 200
Sep 09 12:06:29.505391 dv-cinder-852210-13-iscsi devstack@c-api.service[113515]: [pid: 113515|app: 0|req: 32/70] 10.222.0.62 () {60 vars in 1276 bytes} [Fri Sep 9 12:06:29 2022] GET /volume/v3/80ec88ab4b5246b1aa8cecc9d2373d86/volumes/detail => generated 1981 bytes in 443 msecs (HTTP/1.1 200) 7 headers in 287 bytes (1 switches on core 0)
Sep 09 12:06:29.533131 dv-cinder-852210-13-iscsi devstack@c-api.service[113514]: DEBUG cinder.api.middleware.request_id [None req-0419f13c-4e79-425e-b2e2-151c047f7f2e None None] RequestId filter calling following filter/app {{(pid=113514) _context_setter /opt/stack/cinder/cinder/api/middleware/request_id.py:62}}
Sep 09 12:06:29.538252 dv-cinder-852210-13-iscsi devstack@c-api.service[113514]: INFO cinder.api.openstack.wsgi [None req-0419f13c-4e79-425e-b2e2-151c047f7f2e tempest-GroupSnapshotsTest-1044733122 tempest-GroupSnapshotsTest-1044733122-project] POST http://10.222.0.62/volume/v3/80ec88ab4b5246b1aa8cecc9d2373d86/groups/f9c5b789-7943-49ab-9e7a-9d5ee40167d4/action
Sep 09 12:06:29.539357 dv-cinder-852210-13-iscsi devstack@c-api.service[113514]: DEBUG cinder.api.openstack.wsgi [None req-0419f13c-4e79-425e-b2e2-151c047f7f2e tempest-GroupSnapshotsTest-1044733122 tempest-GroupSnapshotsTest-1044733122-project] Action body: b'{"delete": {"delete-volumes": true}}' {{(pid=113514) get_method /opt/stack/cinder/cinder/api/openstack/wsgi.py:983}}
Sep 09 12:06:29.539762 dv-cinder-852210-13-iscsi devstack@c-api.service[113514]: DEBUG cinder.api.openstack.wsgi [None req-0419f13c-4e79-425e-b2e2-151c047f7f2e tempest-GroupSnapshotsTest-1044733122 tempest-GroupSnapshotsTest-1044733122-project] Action: 'action', calling method: version_select, body: {"delete": {"delete-volumes": true}} {{(pid=113514) _process_stack /opt/stack/cinder/cinder/api/openstack/wsgi.py:866}}
Sep 09 12:06:29.548568 dv-cinder-852210-13-iscsi devstack@c-api.service[113514]: DEBUG cinder.api.v3.groups [None req-0419f13c-4e79-425e-b2e2-151c047f7f2e tempest-GroupSnapshotsTest-1044733122 tempest-GroupSnapshotsTest-1044733122-project] delete called for group f9c5b789-7943-49ab-9e7a-9d5ee40167d4 {{(pid=113514) _delete /opt/stack/cinder/cinder/api/v3/groups.py:117}}
Sep 09 12:06:29.548568 dv-cinder-852210-13-iscsi devstack@c-api.service[113514]: INFO cinder.api.v3.groups [None req-0419f13c-4e79-425e-b2e2-151c047f7f2e tempest-GroupSnapshotsTest-1044733122 tempest-GroupSnapshotsTest-1044733122-project] Delete group with id: f9c5b789-7943-49ab-9e7a-9d5ee40167d4
Sep 09 12:06:29.566472 dv-cinder-852210-13-iscsi devstack@c-api.service[113514]: /usr/local/lib/python3.8/dist-packages/oslo_context/context.py:100: DeprecationWarning: Policy enforcement is depending on the value of is_admin. This key is deprecated. Please update your policy file to use the standard policy values.
Sep 09 12:06:29.566472 dv-cinder-852210-13-iscsi devstack@c-api.service[113514]: warnings.warn('Policy enforcement is depending on the value of '
Sep 09 12:06:29.822853 dv-cinder-852210-13-iscsi devstack@c-api.service[113515]: DEBUG cinder.api.middleware.request_id [None req-47c5e403-1050-40c4-a275-4647e54c4ebf None None] RequestId filter calling following filter/app {{(pid=113515) _context_setter /opt/stack/cinder/cinder/api/middleware/request_id.py:62}}
Sep 09 12:06:29.826972 dv-cinder-852210-13-iscsi devstack@c-api.service[113515]: INFO cinder.api.openstack.wsgi [None req-47c5e403-1050-40c4-a275-4647e54c4ebf tempest-VolumeQuotasAdminTestJSON-991521807 tempest-VolumeQuotasAdminTestJSON-991521807-project] GET http://10.222.0.62/volume/v3/ab4dbbb8fd204c1a84635df66e1b24f2/volumes/83175581-c99f-433a-8fe2-7e01c5910285
Sep 09 12:06:29.827436 dv-cinder-852210-13-iscsi devstack@c-api.service[113515]: DEBUG cinder.api.openstack.wsgi [None req-47c5e403-1050-40c4-a275-4647e54c4ebf tempest-VolumeQuotasAdminTestJSON-991521807 tempest-VolumeQuotasAdminTestJSON-991521807-project] Empty body provided in request {{(pid=113515) get_body /opt/stack/cinder/cinder/api/openstack/wsgi.py:715}}
Sep 09 12:06:29.827903 dv-cinder-852210-13-iscsi devstack@c-api.service[113515]: DEBUG cinder.api.openstack.wsgi [None req-47c5e403-1050-40c4-a275-4647e54c4ebf tempest-VolumeQuotasAdminTestJSON-991521807 tempest-VolumeQuotasAdminTestJSON-991521807-project] Calling method 'show' {{(pid=113515) _process_stack /opt/stack/cinder/cinder/api/openstack/wsgi.py:868}}
Sep 09 12:06:29.865516 dv-cinder-852210-13-iscsi devstack@c-api.service[113515]: /usr/local/lib/python3.8/dist-packages/oslo_context/context.py:100: DeprecationWarning: Policy enforcement is depending on the value of is_admin. This key is deprecated. Please update your policy file to use the standard policy values.
Sep 09 12:06:29.865516 dv-cinder-852210-13-iscsi devstack@c-api.service[113515]: warnings.warn('Policy enforcement is depending on the value of '
Sep 09 12:06:29.903730 dv-cinder-852210-13-iscsi devstack@c-api.service[113515]: INFO cinder.volume.api [None req-47c5e403-1050-40c4-a275-4647e54c4ebf tempest-VolumeQuotasAdminTestJSON-991521807 tempest-VolumeQuotasAdminTestJSON-991521807-project] Volume info retrieved successfully.
Sep 09 12:06:29.910152 dv-cinder-852210-13-iscsi devstack@c-api.service[113514]: INFO cinder.api.openstack.wsgi [None req-0419f13c-4e79-425e-b2e2-151c047f7f2e tempest-GroupSnapshotsTest-1044733122 tempest-GroupSnapshotsTest-1044733122-project] http://10.222.0.62/volume/v3/80ec88ab4b5246b1aa8cecc9d2373d86/groups/f9c5b789-7943-49ab-9e7a-9d5ee40167d4/action returned with HTTP 202
Sep 09 12:06:29.913838 dv-cinder-852210-13-iscsi devstack@c-api.service[113514]: [pid: 113514|app: 0|req: 39/71] 10.222.0.62 () {62 vars in 1405 bytes} [Fri Sep 9 12:06:29 2022] POST /volume/v3/80ec88ab4b5246b1aa8cecc9d2373d86/groups/f9c5b789-7943-49ab-9e7a-9d5ee40167d4/action => generated 0 bytes in 379 msecs (HTTP/1.1 202) 6 headers in 234 bytes (1 switches on core 0)
Sep 09 12:06:29.915531 dv-cinder-852210-13-iscsi devstack@c-api.service[113514]: DEBUG cinder.api.middleware.request_id [None req-6cedeeca-3395-42a8-83d4-8d54bd099af1 None None] RequestId filter calling following filter/app {{(pid=113514) _context_setter /opt/stack/cinder/cinder/api/middleware/request_id.py:62}}
Sep 09 12:06:29.927825 dv-cinder-852210-13-iscsi devstack@c-api.service[113514]: INFO cinder.api.openstack.wsgi [None req-6cedeeca-3395-42a8-83d4-8d54bd099af1 tempest-GroupSnapshotsTest-1044733122 tempest-GroupSnapshotsTest-1044733122-project] GET http://10.222.0.62/volume/v3/80ec88ab4b5246b1aa8cecc9d2373d86/volumes/20714558-8726-44e6-a118-cc776ebaca11
Sep 09 12:06:29.928356 dv-cinder-852210-13-iscsi devstack@c-api.service[113514]: DEBUG cinder.api.openstack.wsgi [None req-6cedeeca-3395-42a8-83d4-8d54bd099af1 tempest-GroupSnapshotsTest-1044733122 tempest-GroupSnapshotsTest-1044733122-project] Empty body provided in request {{(pid=113514) get_body /opt/stack/cinder/cinder/api/openstack/wsgi.py:715}}
Sep 09 12:06:29.942345 dv-cinder-852210-13-iscsi devstack@c-api.service[113514]: DEBUG cinder.api.openstack.wsgi [None req-6cedeeca-3395-42a8-83d4-8d54bd099af1 tempest-GroupSnapshotsTest-1044733122 tempest-GroupSnapshotsTest-1044733122-project] Calling method 'show' {{(pid=113514) _process_stack /opt/stack/cinder/cinder/api/openstack/wsgi.py:868}}
Sep 09 12:06:29.961612 dv-cinder-852210-13-iscsi devstack@c-api.service[113515]: INFO cinder.api.openstack.wsgi [None req-47c5e403-1050-40c4-a275-4647e54c4ebf tempest-VolumeQuotasAdminTestJSON-991521807 tempest-VolumeQuotasAdminTestJSON-991521807-project] http://10.222.0.62/volume/v3/ab4dbbb8fd204c1a84635df66e1b24f2/volumes/83175581-c99f-433a-8fe2-7e01c5910285 returned with HTTP 200
Sep 09 12:06:29.964746 dv-cinder-852210-13-iscsi devstack@c-api.service[113514]: /usr/local/lib/python3.8/dist-packages/oslo_context/context.py:100: DeprecationWarning: Policy enforcement is depending on the value of is_admin. This key is deprecated. Please update your policy file to use the standard policy values.
Sep 09 12:06:29.964746 dv-cinder-852210-13-iscsi devstack@c-api.service[113514]: warnings.warn('Policy enforcement is depending on the value of '
Sep 09 12:06:29.971946 dv-cinder-852210-13-iscsi devstack@c-api.service[113515]: [pid: 113515|app: 0|req: 33/72] 10.222.0.62 () {58 vars in 1325 bytes} [Fri Sep 9 12:06:29 2022] GET /volume/v3/ab4dbbb8fd204c1a84635df66e1b24f2/volumes/83175581-c99f-433a-8fe2-7e01c5910285 => generated 917 bytes in 145 msecs (HTTP/1.1 200) 7 headers in 285 bytes (2 switches on core 0)
Sep 09 12:06:29.982388 dv-cinder-852210-13-iscsi devstack@c-api.service[113514]: INFO cinder.volume.api [None req-6cedeeca-3395-42a8-83d4-8d54bd099af1 tempest-GroupSnapshotsTest-1044733122 tempest-GroupSnapshotsTest-1044733122-project] Volume info retrieved successfully.
Sep 09 12:06:29.984025 dv-cinder-852210-13-iscsi devstack@c-api.service[113514]: WARNING stevedore.named [None req-6cedeeca-3395-42a8-83d4-8d54bd099af1 tempest-GroupSnapshotsTest-1044733122 tempest-GroupSnapshotsTest-1044733122-project] Could not load cinder.keymgr.conf_key_mgr.ConfKeyManager
Sep 09 12:06:29.984475 dv-cinder-852210-13-iscsi devstack@c-api.service[113514]: WARNING castellan.key_manager [None req-6cedeeca-3395-42a8-83d4-8d54bd099af1 tempest-GroupSnapshotsTest-1044733122 tempest-GroupSnapshotsTest-1044733122-project] Deprecation Warning : cinder.keymgr.conf_key_mgr.ConfKeyManager is not a stevedore based driver, trying to load it as a class: stevedore.exception.NoMatches: No 'castellan.drivers' driver found, looking for 'cinder.keymgr.conf_key_mgr.ConfKeyManager'
Sep 09 12:06:29.987241 dv-cinder-852210-13-iscsi devstack@c-api.service[113515]: DEBUG cinder.api.middleware.request_id [None req-c287ebef-8936-4f52-8fed-3e3b55dcb642 None None] RequestId filter calling following filter/app {{(pid=113515) _context_setter /opt/stack/cinder/cinder/api/middleware/request_id.py:62}}
Sep 09 12:06:29.993070 dv-cinder-852210-13-iscsi devstack@c-api.service[113515]: INFO cinder.api.openstack.wsgi [None req-c287ebef-8936-4f52-8fed-3e3b55dcb642 tempest-VolumeQuotasAdminTestJSON-734133459 tempest-VolumeQuotasAdminTestJSON-734133459-project-admin] GET http://10.222.0.62/volume/v3/dfe5946c69b7499fbdfb8991d65729a2/os-quota-sets/ab4dbbb8fd204c1a84635df66e1b24f2?usage=True
Sep 09 12:06:29.999329 dv-cinder-852210-13-iscsi devstack@c-api.service[113514]: DEBUG oslo_db.sqlalchemy.engines [None req-6cedeeca-3395-42a8-83d4-8d54bd099af1 tempest-GroupSnapshotsTest-1044733122 tempest-GroupSnapshotsTest-1044733122-project] MySQL server mode set to STRICT_TRANS_TABLES,STRICT_ALL_TABLES,NO_ZERO_IN_DATE,NO_ZERO_DATE,ERROR_FOR_DIVISION_BY_ZERO,TRADITIONAL,NO_ENGINE_SUBSTITUTION {{(pid=113514) _check_effective_sql_mode /usr/local/lib/python3.8/dist-packages/oslo_db/sqlalchemy/engines.py:314}}
Sep 09 12:06:30.007205 dv-cinder-852210-13-iscsi devstack@c-api.service[113514]: /usr/local/lib/python3.8/dist-packages/oslo_context/context.py:100: DeprecationWarning: Policy enforcement is depending on the value of is_admin. This key is deprecated. Please update your policy file to use the standard policy values.
Sep 09 12:06:30.007205 dv-cinder-852210-13-iscsi devstack@c-api.service[113514]: warnings.warn('Policy enforcement is depending on the value of '
Sep 09 12:06:30.010876 dv-cinder-852210-13-iscsi devstack@c-api.service[113515]: DEBUG cinder.api.openstack.wsgi [None req-c287ebef-8936-4f52-8fed-3e3b55dcb642 tempest-VolumeQuotasAdminTestJSON-734133459 tempest-VolumeQuotasAdminTestJSON-734133459-project-admin] Empty body provided in request {{(pid=113515) get_body /opt/stack/cinder/cinder/api/openstack/wsgi.py:715}}
Sep 09 12:06:30.011414 dv-cinder-852210-13-iscsi devstack@c-api.service[113515]: DEBUG cinder.api.openstack.wsgi [None req-c287ebef-8936-4f52-8fed-3e3b55dcb642 tempest-VolumeQuotasAdminTestJSON-734133459 tempest-VolumeQuotasAdminTestJSON-734133459-project-admin] Calling method 'show' {{(pid=113515) _process_stack /opt/stack/cinder/cinder/api/openstack/wsgi.py:868}}
Sep 09 12:06:30.060440 dv-cinder-852210-13-iscsi devstack@c-api.service[113514]: INFO cinder.api.openstack.wsgi [None req-6cedeeca-3395-42a8-83d4-8d54bd099af1 tempest-GroupSnapshotsTest-1044733122 tempest-GroupSnapshotsTest-1044733122-project] http://10.222.0.62/volume/v3/80ec88ab4b5246b1aa8cecc9d2373d86/volumes/20714558-8726-44e6-a118-cc776ebaca11 returned with HTTP 200
Sep 09 12:06:30.070174 dv-cinder-852210-13-iscsi devstack@c-api.service[113514]: [pid: 113514|app: 0|req: 40/73] 10.222.0.62 () {60 vars in 1366 bytes} [Fri Sep 9 12:06:29 2022] GET /volume/v3/80ec88ab4b5246b1aa8cecc9d2373d86/volumes/20714558-8726-44e6-a118-cc776ebaca11 => generated 989 bytes in 147 msecs (HTTP/1.1 200) 7 headers in 286 bytes (2 switches on core 0)
Sep 09 12:06:30.121134 dv-cinder-852210-13-iscsi devstack@c-api.service[113515]: DEBUG dbcounter [-] [113515] Writing DB stats cinder:SELECT=90,cinder:INSERT=3,cinder:UPDATE=7 {{(pid=113515) stat_writer /usr/local/lib/python3.8/dist-packages/dbcounter.py:114}}
Sep 09 12:06:30.178167 dv-cinder-852210-13-iscsi devstack@c-api.service[113515]: INFO cinder.api.openstack.wsgi [None req-c287ebef-8936-4f52-8fed-3e3b55dcb642 tempest-VolumeQuotasAdminTestJSON-734133459 tempest-VolumeQuotasAdminTestJSON-734133459-project-admin] http://10.222.0.62/volume/v3/dfe5946c69b7499fbdfb8991d65729a2/os-quota-sets/ab4dbbb8fd204c1a84635df66e1b24f2?usage=True returned with HTTP 200
Sep 09 12:06:30.179992 dv-cinder-852210-13-iscsi devstack@c-api.service[113515]: [pid: 113515|app: 0|req: 34/74] 10.222.0.62 () {58 vars in 1352 bytes} [Fri Sep 9 12:06:29 2022] GET /volume/v3/dfe5946c69b7499fbdfb8991d65729a2/os-quota-sets/ab4dbbb8fd204c1a84635df66e1b24f2?usage=True => generated 1175 bytes in 194 msecs (HTTP/1.1 200) 7 headers in 286 bytes (2 switches on core 0)
Sep 09 12:06:30.199872 dv-cinder-852210-13-iscsi devstack@c-api.service[113514]: DEBUG cinder.api.middleware.request_id [None req-c792c844-c69d-4553-ac4e-c9c6924f948a None None] RequestId filter calling following filter/app {{(pid=113514) _context_setter /opt/stack/cinder/cinder/api/middleware/request_id.py:62}}
Sep 09 12:06:30.208117 dv-cinder-852210-13-iscsi devstack@c-api.service[113514]: INFO cinder.api.openstack.wsgi [None req-c792c844-c69d-4553-ac4e-c9c6924f948a tempest-VolumeQuotasAdminTestJSON-991521807 tempest-VolumeQuotasAdminTestJSON-991521807-project] DELETE http://10.222.0.62/volume/v3/ab4dbbb8fd204c1a84635df66e1b24f2/volumes/83175581-c99f-433a-8fe2-7e01c5910285
Sep 09 12:06:30.208943 dv-cinder-852210-13-iscsi devstack@c-api.service[113514]: DEBUG cinder.api.openstack.wsgi [None req-c792c844-c69d-4553-ac4e-c9c6924f948a tempest-VolumeQuotasAdminTestJSON-991521807 tempest-VolumeQuotasAdminTestJSON-991521807-project] Empty body provided in request {{(pid=113514) get_body /opt/stack/cinder/cinder/api/openstack/wsgi.py:715}}
Sep 09 12:06:30.209803 dv-cinder-852210-13-iscsi devstack@c-api.service[113514]: DEBUG cinder.api.openstack.wsgi [None req-c792c844-c69d-4553-ac4e-c9c6924f948a tempest-VolumeQuotasAdminTestJSON-991521807 tempest-VolumeQuotasAdminTestJSON-991521807-project] Calling method 'delete' {{(pid=113514) _process_stack /opt/stack/cinder/cinder/api/openstack/wsgi.py:868}}
Sep 09 12:06:30.210458 dv-cinder-852210-13-iscsi devstack@c-api.service[113514]: INFO cinder.api.v3.volumes [None req-c792c844-c69d-4553-ac4e-c9c6924f948a tempest-VolumeQuotasAdminTestJSON-991521807 tempest-VolumeQuotasAdminTestJSON-991521807-project] Delete volume with id: 83175581-c99f-433a-8fe2-7e01c5910285
Sep 09 12:06:30.268419 dv-cinder-852210-13-iscsi devstack@c-api.service[113514]: /usr/local/lib/python3.8/dist-packages/oslo_context/context.py:100: DeprecationWarning: Policy enforcement is depending on the value of is_admin. This key is deprecated. Please update your policy file to use the standard policy values.
Sep 09 12:06:30.268419 dv-cinder-852210-13-iscsi devstack@c-api.service[113514]: warnings.warn('Policy enforcement is depending on the value of '
Sep 09 12:06:30.269930 dv-cinder-852210-13-iscsi devstack@c-api.service[113514]: INFO cinder.volume.api [None req-c792c844-c69d-4553-ac4e-c9c6924f948a tempest-VolumeQuotasAdminTestJSON-991521807 tempest-VolumeQuotasAdminTestJSON-991521807-project] Volume info retrieved successfully.
Sep 09 12:06:30.354946 dv-cinder-852210-13-iscsi devstack@c-api.service[113515]: DEBUG cinder.api.middleware.request_id [req-ebf09eb0-8d87-4e4a-90c7-e1ef08f5d64b req-a040720d-b193-4bef-b7be-cf222c748583 None None] RequestId filter calling following filter/app {{(pid=113515) _context_setter /opt/stack/cinder/cinder/api/middleware/request_id.py:62}}
Sep 09 12:06:30.366798 dv-cinder-852210-13-iscsi devstack@c-api.service[113515]: INFO cinder.api.openstack.wsgi [req-ebf09eb0-8d87-4e4a-90c7-e1ef08f5d64b req-a040720d-b193-4bef-b7be-cf222c748583 tempest-VolumesSnapshotsTestJSON-1234083724 tempest-VolumesSnapshotsTestJSON-1234083724-project] GET http://10.222.0.62/volume/v3/414b3c8f1b29468684a54865d838effe/volumes/13087cb1-6636-4c73-9559-8e1b5ed6bc68
Sep 09 12:06:30.367621 dv-cinder-852210-13-iscsi devstack@c-api.service[113515]: DEBUG cinder.api.openstack.wsgi [req-ebf09eb0-8d87-4e4a-90c7-e1ef08f5d64b req-a040720d-b193-4bef-b7be-cf222c748583 tempest-VolumesSnapshotsTestJSON-1234083724 tempest-VolumesSnapshotsTestJSON-1234083724-project] Empty body provided in request {{(pid=113515) get_body /opt/stack/cinder/cinder/api/openstack/wsgi.py:715}}
Sep 09 12:06:30.374812 dv-cinder-852210-13-iscsi devstack@c-api.service[113515]: DEBUG cinder.api.openstack.wsgi [req-ebf09eb0-8d87-4e4a-90c7-e1ef08f5d64b req-a040720d-b193-4bef-b7be-cf222c748583 tempest-VolumesSnapshotsTestJSON-1234083724 tempest-VolumesSnapshotsTestJSON-1234083724-project] Calling method 'show' {{(pid=113515) _process_stack /opt/stack/cinder/cinder/api/openstack/wsgi.py:868}}
Sep 09 12:06:30.436766 dv-cinder-852210-13-iscsi devstack@c-api.service[113515]: INFO cinder.api.openstack.wsgi [req-ebf09eb0-8d87-4e4a-90c7-e1ef08f5d64b req-a040720d-b193-4bef-b7be-cf222c748583 tempest-VolumesSnapshotsTestJSON-1234083724 tempest-VolumesSnapshotsTestJSON-1234083724-project] http://10.222.0.62/volume/v3/414b3c8f1b29468684a54865d838effe/volumes/13087cb1-6636-4c73-9559-8e1b5ed6bc68 returned with HTTP 404
Sep 09 12:06:30.448129 dv-cinder-852210-13-iscsi devstack@c-api.service[113515]: [pid: 113515|app: 0|req: 35/75] 10.222.0.62 () {60 vars in 1578 bytes} [Fri Sep 9 12:06:30 2022] GET /volume/v3/414b3c8f1b29468684a54865d838effe/volumes/13087cb1-6636-4c73-9559-8e1b5ed6bc68 => generated 109 bytes in 94 msecs (HTTP/1.1 404) 7 headers in 292 bytes (2 switches on core 0)
Sep 09 12:06:30.450537 dv-cinder-852210-13-iscsi devstack@c-api.service[113514]: INFO cinder.volume.api [None req-c792c844-c69d-4553-ac4e-c9c6924f948a tempest-VolumeQuotasAdminTestJSON-991521807 tempest-VolumeQuotasAdminTestJSON-991521807-project] Delete volume request issued successfully.
Sep 09 12:06:30.455719 dv-cinder-852210-13-iscsi devstack@c-api.service[113514]: INFO cinder.api.openstack.wsgi [None req-c792c844-c69d-4553-ac4e-c9c6924f948a tempest-VolumeQuotasAdminTestJSON-991521807 tempest-VolumeQuotasAdminTestJSON-991521807-project] http://10.222.0.62/volume/v3/ab4dbbb8fd204c1a84635df66e1b24f2/volumes/83175581-c99f-433a-8fe2-7e01c5910285 returned with HTTP 202
Sep 09 12:06:30.463196 dv-cinder-852210-13-iscsi devstack@c-api.service[113515]: DEBUG cinder.api.middleware.request_id [None req-064c61c5-92ad-45cd-acbd-c961a9c887dc None None] RequestId filter calling following filter/app {{(pid=113515) _context_setter /opt/stack/cinder/cinder/api/middleware/request_id.py:62}}
Sep 09 12:06:30.464373 dv-cinder-852210-13-iscsi devstack@c-api.service[113514]: [pid: 113514|app: 0|req: 41/76] 10.222.0.62 () {58 vars in 1328 bytes} [Fri Sep 9 12:06:30 2022] DELETE /volume/v3/ab4dbbb8fd204c1a84635df66e1b24f2/volumes/83175581-c99f-433a-8fe2-7e01c5910285 => generated 0 bytes in 262 msecs (HTTP/1.1 202) 6 headers in 233 bytes (1 switches on core 0)
Sep 09 12:06:30.469143 dv-cinder-852210-13-iscsi devstack@c-api.service[113515]: INFO cinder.api.openstack.wsgi [None req-064c61c5-92ad-45cd-acbd-c961a9c887dc tempest-VolumeQuotasAdminTestJSON-991521807 tempest-VolumeQuotasAdminTestJSON-991521807-project] GET http://10.222.0.62/volume/v3/ab4dbbb8fd204c1a84635df66e1b24f2/volumes/83175581-c99f-433a-8fe2-7e01c5910285
Sep 09 12:06:30.476057 dv-cinder-852210-13-iscsi devstack@c-api.service[113515]: DEBUG cinder.api.openstack.wsgi [None req-064c61c5-92ad-45cd-acbd-c961a9c887dc tempest-VolumeQuotasAdminTestJSON-991521807 tempest-VolumeQuotasAdminTestJSON-991521807-project] Empty body provided in request {{(pid=113515) get_body /opt/stack/cinder/cinder/api/openstack/wsgi.py:715}}
Sep 09 12:06:30.481132 dv-cinder-852210-13-iscsi devstack@c-api.service[113515]: DEBUG cinder.api.openstack.wsgi [None req-064c61c5-92ad-45cd-acbd-c961a9c887dc tempest-VolumeQuotasAdminTestJSON-991521807 tempest-VolumeQuotasAdminTestJSON-991521807-project] Calling method 'show' {{(pid=113515) _process_stack /opt/stack/cinder/cinder/api/openstack/wsgi.py:868}}
Sep 09 12:06:30.520317 dv-cinder-852210-13-iscsi devstack@c-api.service[113514]: DEBUG cinder.api.middleware.request_id [req-0b50488d-9190-43b2-b277-b5a5747e7329 req-87d63d62-8478-48c5-a8f3-32fb3020df87 None None] RequestId filter calling following filter/app {{(pid=113514) _context_setter /opt/stack/cinder/cinder/api/middleware/request_id.py:62}}
Sep 09 12:06:30.526084 dv-cinder-852210-13-iscsi devstack@c-api.service[113514]: INFO cinder.api.openstack.wsgi [req-0b50488d-9190-43b2-b277-b5a5747e7329 req-87d63d62-8478-48c5-a8f3-32fb3020df87 tempest-VolumesSnapshotsTestJSON-1234083724 tempest-VolumesSnapshotsTestJSON-1234083724-project] DELETE http://10.222.0.62/volume/v3/414b3c8f1b29468684a54865d838effe/volumes/13087cb1-6636-4c73-9559-8e1b5ed6bc68
Sep 09 12:06:30.526772 dv-cinder-852210-13-iscsi devstack@c-api.service[113514]: DEBUG cinder.api.openstack.wsgi [req-0b50488d-9190-43b2-b277-b5a5747e7329 req-87d63d62-8478-48c5-a8f3-32fb3020df87 tempest-VolumesSnapshotsTestJSON-1234083724 tempest-VolumesSnapshotsTestJSON-1234083724-project] Empty body provided in request {{(pid=113514) get_body /opt/stack/cinder/cinder/api/openstack/wsgi.py:715}}
