Aug 31 19:25:00.500894 dv-cinder-852209-9-iscsi devstack@n-api.service[121186]: ERROR nova.api.openstack.wsgi
Aug 31 19:25:00.500894 dv-cinder-852209-9-iscsi devstack@n-api.service[121186]: ERROR nova.api.openstack.wsgi During handling of the above exception, another exception occurred:
Aug 31 19:25:00.500894 dv-cinder-852209-9-iscsi devstack@n-api.service[121186]: ERROR nova.api.openstack.wsgi
Aug 31 19:25:00.502823 dv-cinder-852209-9-iscsi devstack@n-api.service[121186]: ERROR nova.api.openstack.wsgi
Traceback (most recent call last):
Aug 31 19:25:00.502823 dv-cinder-852209-9-iscsi devstack@n-api.service[121186]: ERROR nova.api.openstack.wsgi
File "/opt/stack/nova/nova/api/openstack/compute/volumes.py", line 120, in show
Aug 31 19:25:00.502823 dv-cinder-852209-9-iscsi devstack@n-api.service[121186]: ERROR nova.api.openstack.wsgi vol = self.volume_api.get(context, id)
Aug 31 19:25:00.502823 dv-cinder-852209-9-iscsi devstack@n-api.service[121186]: ERROR nova.api.openstack.wsgi
File "/opt/stack/nova/nova/volume/cinder.py", line 395, in wrapper
Aug 31 19:25:00.502823 dv-cinder-852209-9-iscsi devstack@n-api.service[121186]: ERROR nova.api.openstack.wsgi res = method(self, ctx, *args, **kwargs)
Aug 31 19:25:00.502823 dv-cinder-852209-9-iscsi devstack@n-api.service[121186]: ERROR nova.api.openstack.wsgi
File "/opt/stack/nova/nova/volume/cinder.py", line 435, in wrapper
Aug 31 19:25:00.502823 dv-cinder-852209-9-iscsi devstack@n-api.service[121186]: ERROR nova.api.openstack.wsgi _reraise(exception.VolumeNotFound(volume_id=volume_id))
Aug 31 19:25:00.502823 dv-cinder-852209-9-iscsi devstack@n-api.service[121186]: ERROR nova.api.openstack.wsgi
File "/opt/stack/nova/nova/volume/cinder.py", line 486, in _reraise
Aug 31 19:25:00.502823 dv-cinder-852209-9-iscsi devstack@n-api.service[121186]: ERROR nova.api.openstack.wsgi raise desired_exc.with_traceback(sys.exc_info()[2])
Aug 31 19:25:00.502823 dv-cinder-852209-9-iscsi devstack@n-api.service[121186]: ERROR nova.api.openstack.wsgi
File "/opt/stack/nova/nova/volume/cinder.py", line 433, in wrapper
Aug 31 19:25:00.502823 dv-cinder-852209-9-iscsi devstack@n-api.service[121186]: ERROR nova.api.openstack.wsgi res = method(self, ctx, volume_id, *args, **kwargs)
Aug 31 19:25:00.502823 dv-cinder-852209-9-iscsi devstack@n-api.service[121186]: ERROR nova.api.openstack.wsgi
File "/opt/stack/nova/nova/volume/cinder.py", line 502, in get
Aug 31 19:25:00.502823 dv-cinder-852209-9-iscsi devstack@n-api.service[121186]: ERROR nova.api.openstack.wsgi item = cinderclient(
Aug 31 19:25:00.502823 dv-cinder-852209-9-iscsi devstack@n-api.service[121186]: ERROR nova.api.openstack.wsgi
File "/usr/local/lib/python3.8/dist-packages/cinderclient/v3/volumes_base.py", line 202, in get
Aug 31 19:25:00.502823 dv-cinder-852209-9-iscsi devstack@n-api.service[121186]: ERROR nova.api.openstack.wsgi return self._get("/volumes/%s" % volume_id, "volume")
Aug 31 19:25:00.502823 dv-cinder-852209-9-iscsi devstack@n-api.service[121186]: ERROR nova.api.openstack.wsgi
File "/usr/local/lib/python3.8/dist-packages/cinderclient/base.py", line 297, in _get
Aug 31 19:25:00.502823 dv-cinder-852209-9-iscsi devstack@n-api.service[121186]: ERROR nova.api.openstack.wsgi resp, body = self.api.client.get(url)
Aug 31 19:25:00.502823 dv-cinder-852209-9-iscsi devstack@n-api.service[121186]: ERROR nova.api.openstack.wsgi
File "/usr/local/lib/python3.8/dist-packages/cinderclient/client.py", line 224, in get
Aug 31 19:25:00.502823 dv-cinder-852209-9-iscsi devstack@n-api.service[121186]: ERROR nova.api.openstack.wsgi return self._cs_request(url, 'GET', **kwargs)
Aug 31 19:25:00.504276 dv-cinder-852209-9-iscsi devstack@n-api.service[121186]: ERROR nova.api.openstack.wsgi
File "/usr/local/lib/python3.8/dist-packages/cinderclient/client.py", line 215, in _cs_request
Aug 31 19:25:00.504276 dv-cinder-852209-9-iscsi devstack@n-api.service[121186]: ERROR nova.api.openstack.wsgi return self.request(url, method, **kwargs)
Aug 31 19:25:00.504276 dv-cinder-852209-9-iscsi devstack@n-api.service[121186]: ERROR nova.api.openstack.wsgi
File "/usr/local/lib/python3.8/dist-packages/cinderclient/client.py", line 201, in request
Aug 31 19:25:00.504276 dv-cinder-852209-9-iscsi devstack@n-api.service[121186]: ERROR nova.api.openstack.wsgi raise exceptions.from_response(resp, body)
Aug 31 19:25:00.504276 dv-cinder-852209-9-iscsi devstack@n-api.service[121186]: ERROR nova.api.openstack.wsgi nova.exception.VolumeNotFound: Volume 32c32915-8853-4103-ba22-18fbb44d6eab could not be found.
Aug 31 19:25:00.504276 dv-cinder-852209-9-iscsi devstack@n-api.service[121186]: ERROR nova.api.openstack.wsgi
Aug 31 19:25:00.504276 dv-cinder-852209-9-iscsi devstack@n-api.service[121186]: ERROR nova.api.openstack.wsgi During handling of the above exception, another exception occurred:
Aug 31 19:25:00.504276 dv-cinder-852209-9-iscsi devstack@n-api.service[121186]: ERROR nova.api.openstack.wsgi
Aug 31 19:25:00.504276 dv-cinder-852209-9-iscsi devstack@n-api.service[121186]: ERROR nova.api.openstack.wsgi
Traceback (most recent call last):
Aug 31 19:25:00.504276 dv-cinder-852209-9-iscsi devstack@n-api.service[121186]: ERROR nova.api.openstack.wsgi
File "/opt/stack/nova/nova/api/openstack/wsgi.py", line 539, in _process_stack
Aug 31 19:25:00.504276 dv-cinder-852209-9-iscsi devstack@n-api.service[121186]: ERROR nova.api.openstack.wsgi action_result = self.dispatch(meth, request, action_args)
Aug 31 19:25:00.504276 dv-cinder-852209-9-iscsi devstack@n-api.service[121186]: ERROR nova.api.openstack.wsgi
File "/opt/stack/nova/nova/api/openstack/wsgi.py", line 630, in dispatch
Aug 31 19:25:00.504276 dv-cinder-852209-9-iscsi devstack@n-api.service[121186]: ERROR nova.api.openstack.wsgi return method(req=request, **action_args)
Aug 31 19:25:00.504276 dv-cinder-852209-9-iscsi devstack@n-api.service[121186]: ERROR nova.api.openstack.wsgi
File "/opt/stack/nova/nova/api/openstack/wsgi.py", line 794, in version_select
Aug 31 19:25:00.504276 dv-cinder-852209-9-iscsi devstack@n-api.service[121186]: ERROR nova.api.openstack.wsgi return func.func(self, *args, **kwargs)
Aug 31 19:25:00.504276 dv-cinder-852209-9-iscsi devstack@n-api.service[121186]: ERROR nova.api.openstack.wsgi
File "/opt/stack/nova/nova/api/openstack/wsgi.py", line 664, in wrapped
Aug 31 19:25:00.504276 dv-cinder-852209-9-iscsi devstack@n-api.service[121186]: ERROR nova.api.openstack.wsgi return f(*args, **kwargs)
Aug 31 19:25:00.504276 dv-cinder-852209-9-iscsi devstack@n-api.service[121186]: ERROR nova.api.openstack.wsgi
File "/opt/stack/nova/nova/api/openstack/compute/volumes.py", line 122, in show
Aug 31 19:25:00.504276 dv-cinder-852209-9-iscsi devstack@n-api.service[121186]: ERROR nova.api.openstack.wsgi raise exc.HTTPNotFound(explanation=e.format_message())
Aug 31 19:25:00.505438 dv-cinder-852209-9-iscsi devstack@n-api.service[121186]: ERROR nova.api.openstack.wsgi webob.exc.HTTPNotFound: Volume 32c32915-8853-4103-ba22-18fbb44d6eab could not be found.
Aug 31 19:25:00.505438 dv-cinder-852209-9-iscsi devstack@n-api.service[121186]: ERROR nova.api.openstack.wsgi
Aug 31 19:25:00.505438 dv-cinder-852209-9-iscsi devstack@n-api.service[121186]: ERROR nova.api.openstack.wsgi During handling of the above exception, another exception occurred:
Aug 31 19:25:00.505438 dv-cinder-852209-9-iscsi devstack@n-api.service[121186]: ERROR nova.api.openstack.wsgi
Aug 31 19:25:00.505438 dv-cinder-852209-9-iscsi devstack@n-api.service[121186]: ERROR nova.api.openstack.wsgi
Traceback (most recent call last):
Aug 31 19:25:00.505438 dv-cinder-852209-9-iscsi devstack@n-api.service[121186]: ERROR nova.api.openstack.wsgi
File "/opt/stack/nova/nova/api/openstack/wsgi.py", line 539, in _process_stack
Aug 31 19:25:00.505438 dv-cinder-852209-9-iscsi devstack@n-api.service[121186]: ERROR nova.api.openstack.wsgi action_result = self.dispatch(meth, request, action_args)
Aug 31 19:25:00.505438 dv-cinder-852209-9-iscsi devstack@n-api.service[121186]: ERROR nova.api.openstack.wsgi
File "/opt/stack/nova/nova/api/openstack/wsgi.py", line 372, in __exit__
Aug 31 19:25:00.505438 dv-cinder-852209-9-iscsi devstack@n-api.service[121186]: ERROR nova.api.openstack.wsgi raise Fault(ex_value)
Aug 31 19:25:00.505438 dv-cinder-852209-9-iscsi devstack@n-api.service[121186]: ERROR nova.api.openstack.wsgi nova.api.openstack.wsgi.Fault: Volume 32c32915-8853-4103-ba22-18fbb44d6eab could not be found.
Aug 31 19:25:00.505438 dv-cinder-852209-9-iscsi devstack@n-api.service[121186]: ERROR nova.api.openstack.wsgi
Aug 31 19:25:00.505438 dv-cinder-852209-9-iscsi devstack@n-api.service[121186]: DEBUG nova.api.openstack.wsgi [None req-4c83360e-4709-4f5b-88ae-163b44851d85 tempest-VolumesGetTestJSON-144679057 tempest-VolumesGetTestJSON-144679057-project] Returning 404 to user: Volume 32c32915-8853-4103-ba22-18fbb44d6eab could not be found. {{(pid=121186) __call__ /opt/stack/nova/nova/api/openstack/wsgi.py:942}}
Aug 31 19:25:00.505438 dv-cinder-852209-9-iscsi devstack@n-api.service[121186]: INFO nova.api.openstack.requestlog [None req-4c83360e-4709-4f5b-88ae-163b44851d85 tempest-VolumesGetTestJSON-144679057 tempest-VolumesGetTestJSON-144679057-project] 10.222.0.59 "GET /compute/v2.1/os-volumes/32c32915-8853-4103-ba22-18fbb44d6eab" status: 404 len: 109 microversion: 2.1 time: 0.068248
Aug 31 19:25:00.508630 dv-cinder-852209-9-iscsi devstack@n-api.service[121186]: [pid: 121186|app: 0|req: 9/16] 10.222.0.59 () {58 vars in 1245 bytes} [Wed Aug 31 19:25:00 2022] GET /compute/v2.1/os-volumes/32c32915-8853-4103-ba22-18fbb44d6eab => generated 109 bytes in 77 msecs (HTTP/1.1 404) 9 headers in 379 bytes (2 switches on core 0)
Aug 31 19:25:01.506653 dv-cinder-852209-9-iscsi devstack@n-api.service[121187]: DEBUG nova.api.openstack.wsgi [None req-ded49eb6-5507-4882-b0ca-3acc921d3af5 tempest-VolumesSnapshotsTestJSON-379440553 tempest-VolumesSnapshotsTestJSON-379440553-project] Calling method '.version_select at 0x7ff6cc3021f0>' {{(pid=121187) _process_stack /opt/stack/nova/nova/api/openstack/wsgi.py:513}}
Aug 31 19:25:01.580411 dv-cinder-852209-9-iscsi devstack@n-api.service[121187]: INFO nova.api.openstack.requestlog [None req-ded49eb6-5507-4882-b0ca-3acc921d3af5 tempest-VolumesSnapshotsTestJSON-379440553 tempest-VolumesSnapshotsTestJSON-379440553-project] 10.222.0.59 "GET /compute/v2.1/os-snapshots/e70ffe96-8f21-496e-9264-f8a139a6386e" status: 200 len: 287 microversion: 2.1 time: 0.080335
Aug 31 19:25:01.581911 dv-cinder-852209-9-iscsi devstack@n-api.service[121187]: [pid: 121187|app: 0|req: 8/17] 10.222.0.59 () {58 vars in 1251 bytes} [Wed Aug 31 19:25:01 2022] GET /compute/v2.1/os-snapshots/e70ffe96-8f21-496e-9264-f8a139a6386e => generated 287 bytes in 82 msecs (HTTP/1.1 200) 9 headers in 357 bytes (1 switches on core 0)
Aug 31 19:25:02.595160 dv-cinder-852209-9-iscsi devstack@n-api.service[121186]: DEBUG nova.api.openstack.wsgi [None req-09788307-24f8-4c2b-84b2-30aa943b8e78 tempest-VolumesSnapshotsTestJSON-379440553 tempest-VolumesSnapshotsTestJSON-379440553-project] Calling method '.version_select at 0x7ff6cc30a5e0>' {{(pid=121186) _process_stack /opt/stack/nova/nova/api/openstack/wsgi.py:513}}
Aug 31 19:25:02.678661 dv-cinder-852209-9-iscsi devstack@n-api.service[121186]: INFO nova.api.openstack.requestlog [None req-09788307-24f8-4c2b-84b2-30aa943b8e78 tempest-VolumesSnapshotsTestJSON-379440553 tempest-VolumesSnapshotsTestJSON-379440553-project] 10.222.0.59 "GET /compute/v2.1/os-snapshots/e70ffe96-8f21-496e-9264-f8a139a6386e" status: 200 len: 287 microversion: 2.1 time: 0.087990
Aug 31 19:25:02.679542 dv-cinder-852209-9-iscsi devstack@n-api.service[121186]: [pid: 121186|app: 0|req: 10/18] 10.222.0.59 () {58 vars in 1251 bytes} [Wed Aug 31 19:25:02 2022] GET /compute/v2.1/os-snapshots/e70ffe96-8f21-496e-9264-f8a139a6386e => generated 287 bytes in 90 msecs (HTTP/1.1 200) 9 headers in 357 bytes (1 switches on core 0)
Aug 31 19:25:03.697404 dv-cinder-852209-9-iscsi devstack@n-api.service[121187]: DEBUG nova.api.openstack.wsgi [None req-cab72591-22b5-45cb-aea5-627f5d2efe9d tempest-VolumesSnapshotsTestJSON-379440553 tempest-VolumesSnapshotsTestJSON-379440553-project] Calling method '.version_select at 0x7ff6cc302940>' {{(pid=121187) _process_stack /opt/stack/nova/nova/api/openstack/wsgi.py:513}}
Aug 31 19:25:03.750763 dv-cinder-852209-9-iscsi devstack@n-api.service[121187]: INFO nova.api.openstack.requestlog [None req-cab72591-22b5-45cb-aea5-627f5d2efe9d tempest-VolumesSnapshotsTestJSON-379440553 tempest-VolumesSnapshotsTestJSON-379440553-project] 10.222.0.59 "GET /compute/v2.1/os-snapshots/e70ffe96-8f21-496e-9264-f8a139a6386e" status: 200 len: 287 microversion: 2.1 time: 0.063281
Aug 31 19:25:03.751776 dv-cinder-852209-9-iscsi devstack@n-api.service[121187]: [pid: 121187|app: 0|req: 9/19] 10.222.0.59 () {58 vars in 1251 bytes} [Wed Aug 31 19:25:03 2022] GET /compute/v2.1/os-snapshots/e70ffe96-8f21-496e-9264-f8a139a6386e => generated 287 bytes in 65 msecs (HTTP/1.1 200) 9 headers in 357 bytes (2 switches on core 0)
Aug 31 19:25:04.772196 dv-cinder-852209-9-iscsi devstack@n-api.service[121186]: DEBUG nova.api.openstack.wsgi [None req-a52ed294-0459-4ed2-a0f6-630676ab8296 tempest-VolumesSnapshotsTestJSON-379440553 tempest-VolumesSnapshotsTestJSON-379440553-project] Calling method '.version_select at 0x7ff6cc30aee0>' {{(pid=121186) _process_stack /opt/stack/nova/nova/api/openstack/wsgi.py:513}}
Aug 31 19:25:04.833635 dv-cinder-852209-9-iscsi devstack@n-api.service[121186]: INFO nova.api.openstack.requestlog [None req-a52ed294-0459-4ed2-a0f6-630676ab8296 tempest-VolumesSnapshotsTestJSON-379440553 tempest-VolumesSnapshotsTestJSON-379440553-project] 10.222.0.59 "GET /compute/v2.1/os-snapshots/e70ffe96-8f21-496e-9264-f8a139a6386e" status: 200 len: 287 microversion: 2.1 time: 0.072705
Aug 31 19:25:04.835405 dv-cinder-852209-9-iscsi devstack@n-api.service[121186]: [pid: 121186|app: 0|req: 11/20] 10.222.0.59 () {58 vars in 1251 bytes} [Wed Aug 31 19:25:04 2022] GET /compute/v2.1/os-snapshots/e70ffe96-8f21-496e-9264-f8a139a6386e => generated 287 bytes in 74 msecs (HTTP/1.1 200) 9 headers in 357 bytes (1 switches on core 0)
Aug 31 19:25:05.849902 dv-cinder-852209-9-iscsi devstack@n-api.service[121187]: DEBUG nova.api.openstack.wsgi [None req-aca44b32-b8ee-486b-a78e-4e18dfa1cf8c tempest-VolumesSnapshotsTestJSON-379440553 tempest-VolumesSnapshotsTestJSON-379440553-project] Calling method '.version_select at 0x7ff6cc41be50>' {{(pid=121187) _process_stack /opt/stack/nova/nova/api/openstack/wsgi.py:513}}
Aug 31 19:25:05.933809 dv-cinder-852209-9-iscsi devstack@n-api.service[121187]: INFO nova.api.openstack.requestlog [None req-aca44b32-b8ee-486b-a78e-4e18dfa1cf8c tempest-VolumesSnapshotsTestJSON-379440553 tempest-VolumesSnapshotsTestJSON-379440553-project] 10.222.0.59 "GET /compute/v2.1/os-snapshots/e70ffe96-8f21-496e-9264-f8a139a6386e" status: 200 len: 287 microversion: 2.1 time: 0.090502
Aug 31 19:25:05.934422 dv-cinder-852209-9-iscsi devstack@n-api.service[121187]: [pid: 121187|app: 0|req: 10/21] 10.222.0.59 () {58 vars in 1251 bytes} [Wed Aug 31 19:25:05 2022] GET /compute/v2.1/os-snapshots/e70ffe96-8f21-496e-9264-f8a139a6386e => generated 287 bytes in 93 msecs (HTTP/1.1 200) 9 headers in 357 bytes (1 switches on core 0)
Aug 31 19:25:06.952914 dv-cinder-852209-9-iscsi devstack@n-api.service[121186]: DEBUG nova.api.openstack.wsgi [None req-771bcb3d-abc2-4884-8665-87cd46c6a519 tempest-VolumesSnapshotsTestJSON-379440553 tempest-VolumesSnapshotsTestJSON-379440553-project] Calling method '.version_select at 0x7ff6cc30ad30>' {{(pid=121186) _process_stack /opt/stack/nova/nova/api/openstack/wsgi.py:513}}
Aug 31 19:25:07.021297 dv-cinder-852209-9-iscsi devstack@n-api.service[121186]: INFO nova.api.openstack.requestlog [None req-771bcb3d-abc2-4884-8665-87cd46c6a519 tempest-VolumesSnapshotsTestJSON-379440553 tempest-VolumesSnapshotsTestJSON-379440553-project] 10.222.0.59 "GET /compute/v2.1/os-snapshots/e70ffe96-8f21-496e-9264-f8a139a6386e" status: 200 len: 287 microversion: 2.1 time: 0.077735
Aug 31 19:25:07.025401 dv-cinder-852209-9-iscsi devstack@n-api.service[121186]: [pid: 121186|app: 0|req: 12/22] 10.222.0.59 () {58 vars in 1251 bytes} [Wed Aug 31 19:25:06 2022] GET /compute/v2.1/os-snapshots/e70ffe96-8f21-496e-9264-f8a139a6386e => generated 287 bytes in 79 msecs (HTTP/1.1 200) 9 headers in 357 bytes (1 switches on core 0)
Aug 31 19:25:08.036172 dv-cinder-852209-9-iscsi devstack@n-api.service[121186]: DEBUG nova.api.openstack.wsgi [None req-1504e0a0-38d5-49c5-a6e1-12c93077a655 tempest-VolumesSnapshotsTestJSON-379440553 tempest-VolumesSnapshotsTestJSON-379440553-project] Calling method '.version_select at 0x7ff6cc30ac10>' {{(pid=121186) _process_stack /opt/stack/nova/nova/api/openstack/wsgi.py:513}}
Aug 31 19:25:08.193355 dv-cinder-852209-9-iscsi devstack@n-api.service[121186]: INFO nova.api.openstack.requestlog [None req-1504e0a0-38d5-49c5-a6e1-12c93077a655 tempest-VolumesSnapshotsTestJSON-379440553 tempest-VolumesSnapshotsTestJSON-379440553-project] 10.222.0.59 "GET /compute/v2.1/os-snapshots/e70ffe96-8f21-496e-9264-f8a139a6386e" status: 200 len: 288 microversion: 2.1 time: 0.163061
Aug 31 19:25:08.193929 dv-cinder-852209-9-iscsi devstack@n-api.service[121186]: [pid: 121186|app: 0|req: 13/23] 10.222.0.59 () {58 vars in 1251 bytes} [Wed Aug 31 19:25:08 2022] GET /compute/v2.1/os-snapshots/e70ffe96-8f21-496e-9264-f8a139a6386e => generated 288 bytes in 164 msecs (HTTP/1.1 200) 9 headers in 357 bytes (1 switches on core 0)
Aug 31 19:25:08.205918 dv-cinder-852209-9-iscsi devstack@n-api.service[121186]: DEBUG nova.api.openstack.wsgi [None req-7995be93-8bd4-4ee1-aa50-9f7a78022f8e tempest-VolumesSnapshotsTestJSON-379440553 tempest-VolumesSnapshotsTestJSON-379440553-project] Calling method '.version_select at 0x7ff6cc278670>' {{(pid=121186) _process_stack /opt/stack/nova/nova/api/openstack/wsgi.py:513}}
Aug 31 19:25:08.236199 dv-cinder-852209-9-iscsi devstack@n-api.service[121187]: DEBUG nova.api.openstack.wsgi [None req-a0fe49f3-e096-4410-ac0f-a2e75a0f4144 tempest-ServerRescueNegativeTestJSON-778068649 tempest-ServerRescueNegativeTestJSON-778068649-project] Action: 'create', calling method: >, body: {"server": {"name": "tempest-ServerRescueNegativeTestJSON-server-1919795830", "imageRef": "23403e81-adde-4d3c-9acb-58973cd5d455", "flavorRef": "452", "adminPass": "***", "networks": [{"uuid": "}]}} {{(pid=121187) _process_stack /opt/stack/nova/nova/api/openstack/wsgi.py:511}}
Aug 31 19:25:08.454190 dv-cinder-852209-9-iscsi devstack@n-api.service[121186]: INFO nova.api.openstack.requestlog [None req-7995be93-8bd4-4ee1-aa50-9f7a78022f8e tempest-VolumesSnapshotsTestJSON-379440553 tempest-VolumesSnapshotsTestJSON-379440553-project] 10.222.0.59 "DELETE /compute/v2.1/os-snapshots/e70ffe96-8f21-496e-9264-f8a139a6386e" status: 202 len: 0 microversion: 2.1 time: 0.253242
Aug 31 19:25:08.455269 dv-cinder-852209-9-iscsi devstack@n-api.service[121186]: [pid: 121186|app: 0|req: 14/24] 10.222.0.59 () {58 vars in 1254 bytes} [Wed Aug 31 19:25:08 2022] DELETE /compute/v2.1/os-snapshots/e70ffe96-8f21-496e-9264-f8a139a6386e => generated 0 bytes in 255 msecs (HTTP/1.1 202) 9 headers in 361 bytes (2 switches on core 0)
Aug 31 19:25:08.463972 dv-cinder-852209-9-iscsi devstack@n-api.service[121186]: DEBUG nova.api.openstack.wsgi [None req-11f74690-de9b-47d3-bc65-d8376659acbe tempest-VolumesSnapshotsTestJSON-379440553 tempest-VolumesSnapshotsTestJSON-379440553-project] Calling method '.version_select at 0x7ff6cc278d30>' {{(pid=121186) _process_stack /opt/stack/nova/nova/api/openstack/wsgi.py:513}}
Aug 31 19:25:08.561250 dv-cinder-852209-9-iscsi devstack@n-api.service[121187]: DEBUG nova.network.neutron [None req-a0fe49f3-e096-4410-ac0f-a2e75a0f4144 tempest-ServerRescueNegativeTestJSON-778068649 tempest-ServerRescueNegativeTestJSON-778068649-project] validate_networks() for [('e413f1b1-2e66-4271-87c8-7a5825a65e8e', None, None, None, None, None)] {{(pid=121187) validate_networks /opt/stack/nova/nova/network/neutron.py:2626}}
Aug 31 19:25:08.803135 dv-cinder-852209-9-iscsi devstack@n-api.service[121186]: INFO nova.api.openstack.requestlog [None req-11f74690-de9b-47d3-bc65-d8376659acbe tempest-VolumesSnapshotsTestJSON-379440553 tempest-VolumesSnapshotsTestJSON-379440553-project] 10.222.0.59 "GET /compute/v2.1/os-snapshots/e70ffe96-8f21-496e-9264-f8a139a6386e" status: 200 len: 287 microversion: 2.1 time: 0.343400
Aug 31 19:25:08.803822 dv-cinder-852209-9-iscsi devstack@n-api.service[121186]: [pid: 121186|app: 0|req: 15/25] 10.222.0.59 () {58 vars in 1251 bytes} [Wed Aug 31 19:25:08 2022] GET /compute/v2.1/os-snapshots/e70ffe96-8f21-496e-9264-f8a139a6386e => generated 287 bytes in 345 msecs (HTTP/1.1 200) 9 headers in 357 bytes (2 switches on core 0)
Aug 31 19:25:08.922362 dv-cinder-852209-9-iscsi devstack@n-api.service[121186]: DEBUG nova.api.openstack.wsgi [None req-d317acbf-b044-4d53-9b3e-d3a8b0d2c834 tempest-DeleteServersTestJSON-587330693 tempest-DeleteServersTestJSON-587330693-project] Action: 'create', calling method: >, body: {"server": {"name": "tempest-DeleteServersTestJSON-server-1081686563", "imageRef": "23403e81-adde-4d3c-9acb-58973cd5d455", "flavorRef": "452", "networks": [{"uuid": "7091339a-8061-433a-8ee5-8c16a7ca6b3c"}]}} {{(pid=121186) _process_stack /opt/stack/nova/nova/api/openstack/wsgi.py:511}}
Aug 31 19:25:09.186021 dv-cinder-852209-9-iscsi devstack@n-api.service[121186]: DEBUG nova.network.neutron [None req-d317acbf-b044-4d53-9b3e-d3a8b0d2c834 tempest-DeleteServersTestJSON-587330693 tempest-DeleteServersTestJSON-587330693-project] validate_networks() for [('7091339a-8061-433a-8ee5-8c16a7ca6b3c', None, None, None, None, None)] {{(pid=121186) validate_networks /opt/stack/nova/nova/network/neutron.py:2626}}
Aug 31 19:25:10.868164 dv-cinder-852209-9-iscsi devstack@n-api.service[121187]: DEBUG nova.virt.hardware [None req-a0fe49f3-e096-4410-ac0f-a2e75a0f4144 tempest-ServerRescueNegativeTestJSON-778068649 tempest-ServerRescueNegativeTestJSON-778068649-project] Flavor limits 0:0:0 {{(pid=121187) get_cpu_topology_constraints /opt/stack/nova/nova/virt/hardware.py:343}}
Aug 31 19:25:10.868649 dv-cinder-852209-9-iscsi devstack@n-api.service[121187]: DEBUG nova.virt.hardware [None req-a0fe49f3-e096-4410-ac0f-a2e75a0f4144 tempest-ServerRescueNegativeTestJSON-778068649 tempest-ServerRescueNegativeTestJSON-778068649-project] Image limits 0:0:0 {{(pid=121187) get_cpu_topology_constraints /opt/stack/nova/nova/virt/hardware.py:347}}
Aug 31 19:25:10.869058 dv-cinder-852209-9-iscsi devstack@n-api.service[121187]: DEBUG nova.virt.hardware [None req-a0fe49f3-e096-4410-ac0f-a2e75a0f4144 tempest-ServerRescueNegativeTestJSON-778068649 tempest-ServerRescueNegativeTestJSON-778068649-project] Flavor pref 0:0:0 {{(pid=121187) get_cpu_topology_constraints /opt/stack/nova/nova/virt/hardware.py:383}}
Aug 31 19:25:10.869494 dv-cinder-852209-9-iscsi devstack@n-api.service[121187]: DEBUG nova.virt.hardware [None req-a0fe49f3-e096-4410-ac0f-a2e75a0f4144 tempest-ServerRescueNegativeTestJSON-778068649 tempest-ServerRescueNegativeTestJSON-778068649-project] Image pref 0:0:0 {{(pid=121187) get_cpu_topology_constraints /opt/stack/nova/nova/virt/hardware.py:387}}
Aug 31 19:25:10.869902 dv-cinder-852209-9-iscsi devstack@n-api.service[121187]: DEBUG nova.virt.hardware [None req-a0fe49f3-e096-4410-ac0f-a2e75a0f4144 tempest-ServerRescueNegativeTestJSON-778068649 tempest-ServerRescueNegativeTestJSON-778068649-project] Chose sockets=0, cores=0, threads=0; limits were sockets=65536, cores=65536, threads=65536 {{(pid=121187) get_cpu_topology_constraints /opt/stack/nova/nova/virt/hardware.py:425}}
Aug 31 19:25:10.919955 dv-cinder-852209-9-iscsi devstack@n-api.service[121187]: DEBUG oslo_concurrency.lockutils [None req-a0fe49f3-e096-4410-ac0f-a2e75a0f4144 tempest-ServerRescueNegativeTestJSON-778068649 tempest-ServerRescueNegativeTestJSON-778068649-project] Acquiring lock "00000000-0000-0000-0000-000000000000" by "nova.context.set_target_cell..get_or_set_cached_cell_and_set_connections" {{(pid=121187) inner /usr/local/lib/python3.8/dist-packages/oslo_concurrency/lockutils.py:385}}
Aug 31 19:25:10.920617 dv-cinder-852209-9-iscsi devstack@n-api.service[121187]: DEBUG oslo_concurrency.lockutils [None req-a0fe49f3-e096-4410-ac0f-a2e75a0f4144 tempest-ServerRescueNegativeTestJSON-778068649 tempest-ServerRescueNegativeTestJSON-778068649-project] Lock "00000000-0000-0000-0000-000000000000" acquired by "nova.context.set_target_cell..get_or_set_cached_cell_and_set_connections" :: waited 0.001s {{(pid=121187) inner /usr/local/lib/python3.8/dist-packages/oslo_concurrency/lockutils.py:390}}
Aug 31 19:25:10.922920 dv-cinder-852209-9-iscsi devstack@n-api.service[121187]: DEBUG oslo_concurrency.lockutils [None req-a0fe49f3-e096-4410-ac0f-a2e75a0f4144 tempest-ServerRescueNegativeTestJSON-778068649 tempest-ServerRescueNegativeTestJSON-778068649-project] Lock "00000000-0000-0000-0000-000000000000" "released" by "nova.context.set_target_cell..get_or_set_cached_cell_and_set_connections" :: held 0.002s {{(pid=121187) inner /usr/local/lib/python3.8/dist-packages/oslo_concurrency/lockutils.py:404}}
Aug 31 19:25:10.923882 dv-cinder-852209-9-iscsi devstack@n-api.service[121187]: DEBUG oslo_concurrency.lockutils [None req-a0fe49f3-e096-4410-ac0f-a2e75a0f4144 tempest-ServerRescueNegativeTestJSON-778068649 tempest-ServerRescueNegativeTestJSON-778068649-project] Acquiring lock "3de6f35d-b6ae-4864-abed-e50e71414e62" by "nova.context.set_target_cell..get_or_set_cached_cell_and_set_connections" {{(pid=121187) inner /usr/local/lib/python3.8/dist-packages/oslo_concurrency/lockutils.py:385}}
Aug 31 19:25:10.924483 dv-cinder-852209-9-iscsi devstack@n-api.service[121187]: DEBUG oslo_concurrency.lockutils [None req-a0fe49f3-e096-4410-ac0f-a2e75a0f4144 tempest-ServerRescueNegativeTestJSON-778068649 tempest-ServerRescueNegativeTestJSON-778068649-project] Lock "3de6f35d-b6ae-4864-abed-e50e71414e62" acquired by "nova.context.set_target_cell..get_or_set_cached_cell_and_set_connections" :: waited 0.001s {{(pid=121187) inner /usr/local/lib/python3.8/dist-packages/oslo_concurrency/lockutils.py:390}}
Aug 31 19:25:10.925253 dv-cinder-852209-9-iscsi devstack@n-api.service[121187]: DEBUG oslo_concurrency.lockutils [None req-a0fe49f3-e096-4410-ac0f-a2e75a0f4144 tempest-ServerRescueNegativeTestJSON-778068649 tempest-ServerRescueNegativeTestJSON-778068649-project] Lock "3de6f35d-b6ae-4864-abed-e50e71414e62" "released" by "nova.context.set_target_cell..get_or_set_cached_cell_and_set_connections" :: held 0.001s {{(pid=121187) inner /usr/local/lib/python3.8/dist-packages/oslo_concurrency/lockutils.py:404}}
Aug 31 19:25:10.984022 dv-cinder-852209-9-iscsi devstack@n-api.service[121187]: DEBUG nova.quota [None req-a0fe49f3-e096-4410-ac0f-a2e75a0f4144 tempest-ServerRescueNegativeTestJSON-778068649 tempest-ServerRescueNegativeTestJSON-778068649-project] Getting quotas for project a7e6027f7c1241dcb09786ff94df5c2f. Resources: {'ram', 'cores', 'instances'} {{(pid=121187) _get_quotas /opt/stack/nova/nova/quota.py:393}}
Aug 31 19:25:10.995812 dv-cinder-852209-9-iscsi devstack@n-api.service[121187]: DEBUG nova.quota [None req-a0fe49f3-e096-4410-ac0f-a2e75a0f4144 tempest-ServerRescueNegativeTestJSON-778068649 tempest-ServerRescueNegativeTestJSON-778068649-project] Getting quotas for user d441bbdb43c5403abf8480146bc15753 and project a7e6027f7c1241dcb09786ff94df5c2f. Resources: {'ram', 'cores', 'instances'} {{(pid=121187) _get_quotas /opt/stack/nova/nova/quota.py:383}}
Aug 31 19:25:11.030717 dv-cinder-852209-9-iscsi devstack@n-api.service[121187]: DEBUG nova.compute.api [None req-a0fe49f3-e096-4410-ac0f-a2e75a0f4144 tempest-ServerRescueNegativeTestJSON-778068649 tempest-ServerRescueNegativeTestJSON-778068649-project] Going to run 1 instances... {{(pid=121187) _provision_instances /opt/stack/nova/nova/compute/api.py:1403}}
Aug 31 19:25:11.035019 dv-cinder-852209-9-iscsi devstack@n-api.service[121187]: DEBUG nova.compute.api [None req-a0fe49f3-e096-4410-ac0f-a2e75a0f4144 tempest-ServerRescueNegativeTestJSON-778068649 tempest-ServerRescueNegativeTestJSON-778068649-project] [instance: df9a1dbe-59be-491e-a129-aba5a3e1fe39] block_device_mapping [BlockDeviceMapping(attachment_id=,boot_index=0,connection_info=None,created_at=,delete_on_termination=True,deleted=,deleted_at=,destination_type='local',device_name=None,device_type='disk',disk_bus=None,encrypted=False,encryption_format=None,encryption_options=None,encryption_secret_uuid=None,guest_format=None,id=,image_id='23403e81-adde-4d3c-9acb-58973cd5d455',instance=,instance_uuid=,no_device=False,snapshot_id=None,source_type='image',tag=None,updated_at=,uuid=,volume_id=None,volume_size=None,volume_type=None)] {{(pid=121187) _bdm_validate_set_size_and_instance /opt/stack/nova/nova/compute/api.py:1864}}
Aug 31 19:25:11.237253 dv-cinder-852209-9-iscsi devstack@n-api.service[121187]: INFO nova.api.openstack.requestlog [None req-a0fe49f3-e096-4410-ac0f-a2e75a0f4144 tempest-ServerRescueNegativeTestJSON-778068649 tempest-ServerRescueNegativeTestJSON-778068649-project] 10.222.0.59 "POST /compute/v2.1/servers" status: 202 len: 383 microversion: 2.1 time: 3.394646
Aug 31 19:25:11.241469 dv-cinder-852209-9-iscsi devstack@n-api.service[121187]: [pid: 121187|app: 0|req: 11/26] 10.222.0.59 () {60 vars in 1147 bytes} [Wed Aug 31 19:25:07 2022] POST /compute/v2.1/servers => generated 383 bytes in 3400 msecs (HTTP/1.1 202) 10 headers in 451 bytes (1 switches on core 0)
Aug 31 19:25:11.255473 dv-cinder-852209-9-iscsi devstack@n-api.service[121187]: DEBUG nova.api.openstack.wsgi [None req-2b699806-ce02-4adb-b97c-59fc7dd65230 tempest-VolumesSnapshotsTestJSON-379440553 tempest-VolumesSnapshotsTestJSON-379440553-project] Calling method '.version_select at 0x7ff6cb99b700>' {{(pid=121187) _process_stack /opt/stack/nova/nova/api/openstack/wsgi.py:513}}
Aug 31 19:25:11.352395 dv-cinder-852209-9-iscsi devstack@n-api.service[121187]: INFO nova.api.openstack.requestlog [None req-2b699806-ce02-4adb-b97c-59fc7dd65230 tempest-VolumesSnapshotsTestJSON-379440553 tempest-VolumesSnapshotsTestJSON-379440553-project] 10.222.0.59 "GET /compute/v2.1/os-snapshots/e70ffe96-8f21-496e-9264-f8a139a6386e" status: 200 len: 287 microversion: 2.1 time: 0.095891
Aug 31 19:25:11.352395 dv-cinder-852209-9-iscsi devstack@n-api.service[121187]: [pid: 121187|app: 0|req: 12/27] 10.222.0.59 () {58 vars in 1251 bytes} [Wed Aug 31 19:25:11 2022] GET /compute/v2.1/os-snapshots/e70ffe96-8f21-496e-9264-f8a139a6386e => generated 287 bytes in 101 msecs (HTTP/1.1 200) 9 headers in 357 bytes (1 switches on core 0)
Aug 31 19:25:11.520163 dv-cinder-852209-9-iscsi devstack@n-api.service[121186]: DEBUG nova.virt.hardware [None req-d317acbf-b044-4d53-9b3e-d3a8b0d2c834 tempest-DeleteServersTestJSON-587330693 tempest-DeleteServersTestJSON-587330693-project] Flavor limits 0:0:0 {{(pid=121186) get_cpu_topology_constraints /opt/stack/nova/nova/virt/hardware.py:343}}
Aug 31 19:25:11.520163 dv-cinder-852209-9-iscsi devstack@n-api.service[121186]: DEBUG nova.virt.hardware [None req-d317acbf-b044-4d53-9b3e-d3a8b0d2c834 tempest-DeleteServersTestJSON-587330693 tempest-DeleteServersTestJSON-587330693-project] Image limits 0:0:0 {{(pid=121186) get_cpu_topology_constraints /opt/stack/nova/nova/virt/hardware.py:347}}
Aug 31 19:25:11.521039 dv-cinder-852209-9-iscsi devstack@n-api.service[121186]: DEBUG nova.virt.hardware [None req-d317acbf-b044-4d53-9b3e-d3a8b0d2c834 tempest-DeleteServersTestJSON-587330693 tempest-DeleteServersTestJSON-587330693-project] Flavor pref 0:0:0 {{(pid=121186) get_cpu_topology_constraints /opt/stack/nova/nova/virt/hardware.py:383}}
Aug 31 19:25:11.521553 dv-cinder-852209-9-iscsi devstack@n-api.service[121186]: DEBUG nova.virt.hardware [None req-d317acbf-b044-4d53-9b3e-d3a8b0d2c834 tempest-DeleteServersTestJSON-587330693 tempest-DeleteServersTestJSON-587330693-project] Image pref 0:0:0 {{(pid=121186) get_cpu_topology_constraints /opt/stack/nova/nova/virt/hardware.py:387}}
Aug 31 19:25:11.522717 dv-cinder-852209-9-iscsi devstack@n-api.service[121186]: DEBUG nova.virt.hardware [None req-d317acbf-b044-4d53-9b3e-d3a8b0d2c834 tempest-DeleteServersTestJSON-587330693 tempest-DeleteServersTestJSON-587330693-project] Chose sockets=0, cores=0, threads=0; limits were sockets=65536, cores=65536, threads=65536 {{(pid=121186) get_cpu_topology_constraints /opt/stack/nova/nova/virt/hardware.py:425}}
Aug 31 19:25:11.553852 dv-cinder-852209-9-iscsi devstack@n-api.service[121186]: DEBUG oslo_concurrency.lockutils [None req-d317acbf-b044-4d53-9b3e-d3a8b0d2c834 tempest-DeleteServersTestJSON-587330693 tempest-DeleteServersTestJSON-587330693-project] Acquiring lock "00000000-0000-0000-0000-000000000000" by "nova.context.set_target_cell..get_or_set_cached_cell_and_set_connections" {{(pid=121186) inner /usr/local/lib/python3.8/dist-packages/oslo_concurrency/lockutils.py:385}}
Aug 31 19:25:11.559612 dv-cinder-852209-9-iscsi devstack@n-api.service[121186]: DEBUG oslo_concurrency.lockutils [None req-d317acbf-b044-4d53-9b3e-d3a8b0d2c834 tempest-DeleteServersTestJSON-587330693 tempest-DeleteServersTestJSON-587330693-project] Lock "00000000-0000-0000-0000-000000000000" acquired by "nova.context.set_target_cell..get_or_set_cached_cell_and_set_connections" :: waited 0.001s {{(pid=121186) inner /usr/local/lib/python3.8/dist-packages/oslo_concurrency/lockutils.py:390}}
Aug 31 19:25:11.561842 dv-cinder-852209-9-iscsi devstack@n-api.service[121186]: DEBUG oslo_concurrency.lockutils [None req-d317acbf-b044-4d53-9b3e-d3a8b0d2c834 tempest-DeleteServersTestJSON-587330693 tempest-DeleteServersTestJSON-587330693-project] Lock "00000000-0000-0000-0000-000000000000" "released" by "nova.context.set_target_cell..get_or_set_cached_cell_and_set_connections" :: held 0.006s {{(pid=121186) inner /usr/local/lib/python3.8/dist-packages/oslo_concurrency/lockutils.py:404}}
Aug 31 19:25:11.564718 dv-cinder-852209-9-iscsi devstack@n-api.service[121186]: DEBUG oslo_concurrency.lockutils [None req-d317acbf-b044-4d53-9b3e-d3a8b0d2c834 tempest-DeleteServersTestJSON-587330693 tempest-DeleteServersTestJSON-587330693-project] Acquiring lock "3de6f35d-b6ae-4864-abed-e50e71414e62" by "nova.context.set_target_cell..get_or_set_cached_cell_and_set_connections" {{(pid=121186) inner /usr/local/lib/python3.8/dist-packages/oslo_concurrency/lockutils.py:385}}
Aug 31 19:25:11.565471 dv-cinder-852209-9-iscsi devstack@n-api.service[121186]: DEBUG oslo_concurrency.lockutils [None req-d317acbf-b044-4d53-9b3e-d3a8b0d2c834 tempest-DeleteServersTestJSON-587330693 tempest-DeleteServersTestJSON-587330693-project] Lock "3de6f35d-b6ae-4864-abed-e50e71414e62" acquired by "nova.context.set_target_cell..get_or_set_cached_cell_and_set_connections" :: waited 0.002s {{(pid=121186) inner /usr/local/lib/python3.8/dist-packages/oslo_concurrency/lockutils.py:390}}
Aug 31 19:25:11.570061 dv-cinder-852209-9-iscsi devstack@n-api.service[121186]: DEBUG oslo_concurrency.lockutils [None req-d317acbf-b044-4d53-9b3e-d3a8b0d2c834 tempest-DeleteServersTestJSON-587330693 tempest-DeleteServersTestJSON-587330693-project] Lock "3de6f35d-b6ae-4864-abed-e50e71414e62" "released" by "nova.context.set_target_cell..get_or_set_cached_cell_and_set_connections" :: held 0.002s {{(pid=121186) inner /usr/local/lib/python3.8/dist-packages/oslo_concurrency/lockutils.py:404}}
Aug 31 19:25:11.683083 dv-cinder-852209-9-iscsi devstack@n-api.service[121186]: DEBUG nova.quota [None req-d317acbf-b044-4d53-9b3e-d3a8b0d2c834 tempest-DeleteServersTestJSON-587330693 tempest-DeleteServersTestJSON-587330693-project] Getting quotas for project fa8bb54679c74f039eee057c2b4a84f7. Resources: {'ram', 'cores', 'instances'} {{(pid=121186) _get_quotas /opt/stack/nova/nova/quota.py:393}}
Aug 31 19:25:11.706359 dv-cinder-852209-9-iscsi devstack@n-api.service[121187]: DEBUG nova.api.openstack.wsgi [None req-5b307165-c42d-4339-8dd6-6d8b13f91198 tempest-AttachVolumeTestJSON-1556293320 tempest-AttachVolumeTestJSON-1556293320-project] Action: 'create', calling method: .version_select at 0x7ff6cb99bdc0>, body: {"keypair": {"name": "tempest-keypair-710140689", "public_key": "ecdsa-sha2-nistp384 AAAAE2VjZHNhLXNoYTItbmlzdHAzODQAAAAIbmlzdHAzODQAAABhBEKZ7/A2Pfv8v7b4TjWgh6BkJrQ778Pl2XQO0YWC7oVsSau95cOfGw6J47Gmo8xiMz9XSLt20KdcJhzUBu2PETFbbdKTGsAzBfTGb2NAC2Y8gQ4eG4kKIogjQxMLt8gcXg=="}} {{(pid=121187) _process_stack /opt/stack/nova/nova/api/openstack/wsgi.py:511}}
Aug 31 19:25:11.713494 dv-cinder-852209-9-iscsi devstack@n-api.service[121186]: DEBUG nova.quota [None req-d317acbf-b044-4d53-9b3e-d3a8b0d2c834 tempest-DeleteServersTestJSON-587330693 tempest-DeleteServersTestJSON-587330693-project] Getting quotas for user 7aaa082f2b754cf5aa941586361c1877 and project fa8bb54679c74f039eee057c2b4a84f7. Resources: {'ram', 'cores', 'instances'} {{(pid=121186) _get_quotas /opt/stack/nova/nova/quota.py:383}}
Aug 31 19:25:11.775516 dv-cinder-852209-9-iscsi devstack@n-api.service[121187]: DEBUG nova.quota [None req-5b307165-c42d-4339-8dd6-6d8b13f91198 tempest-AttachVolumeTestJSON-1556293320 tempest-AttachVolumeTestJSON-1556293320-project] Getting quotas for project a13c903a376b46508e8cccbcb20b484c. Resources: {'key_pairs'} {{(pid=121187) _get_quotas /opt/stack/nova/nova/quota.py:393}}
Aug 31 19:25:11.784491 dv-cinder-852209-9-iscsi devstack@n-api.service[121186]: DEBUG nova.compute.api [None req-d317acbf-b044-4d53-9b3e-d3a8b0d2c834 tempest-DeleteServersTestJSON-587330693 tempest-DeleteServersTestJSON-587330693-project] Going to run 1 instances... {{(pid=121186) _provision_instances /opt/stack/nova/nova/compute/api.py:1403}}
Aug 31 19:25:11.795507 dv-cinder-852209-9-iscsi devstack@n-api.service[121187]: DEBUG nova.quota [None req-5b307165-c42d-4339-8dd6-6d8b13f91198 tempest-AttachVolumeTestJSON-1556293320 tempest-AttachVolumeTestJSON-1556293320-project] Getting quotas for user 8bc4801f1f674f55b57d49e5f09205ea and project a13c903a376b46508e8cccbcb20b484c. Resources: {'key_pairs'} {{(pid=121187) _get_quotas /opt/stack/nova/nova/quota.py:383}}
Aug 31 19:25:11.796280 dv-cinder-852209-9-iscsi devstack@n-api.service[121186]: DEBUG nova.compute.api [None req-d317acbf-b044-4d53-9b3e-d3a8b0d2c834 tempest-DeleteServersTestJSON-587330693 tempest-DeleteServersTestJSON-587330693-project] [instance: 04777b04-7baf-471b-a244-e91bc64cb15b] block_device_mapping [BlockDeviceMapping(attachment_id=,boot_index=0,connection_info=None,created_at=,delete_on_termination=True,deleted=,deleted_at=,destination_type='local',device_name=None,device_type='disk',disk_bus=None,encrypted=False,encryption_format=None,encryption_options=None,encryption_secret_uuid=None,guest_format=None,id=,image_id='23403e81-adde-4d3c-9acb-58973cd5d455',instance=,instance_uuid=,no_device=False,snapshot_id=None,source_type='image',tag=None,updated_at=,uuid=,volume_id=None,volume_size=None,volume_type=None)] {{(pid=121186) _bdm_validate_set_size_and_instance /opt/stack/nova/nova/compute/api.py:1864}}
Aug 31 19:25:12.000483 dv-cinder-852209-9-iscsi devstack@n-api.service[121187]: INFO nova.api.openstack.requestlog [None req-5b307165-c42d-4339-8dd6-6d8b13f91198 tempest-AttachVolumeTestJSON-1556293320 tempest-AttachVolumeTestJSON-1556293320-project] 10.222.0.59 "POST /compute/v2.1/os-keypairs" status: 200 len: 385 microversion: 2.1 time: 0.655441
Aug 31 19:25:12.001792 dv-cinder-852209-9-iscsi devstack@n-api.service[121187]: [pid: 121187|app: 0|req: 13/28] 10.222.0.59 () {60 vars in 1159 bytes} [Wed Aug 31 19:25:11 2022] POST /compute/v2.1/os-keypairs => generated 385 bytes in 657 msecs (HTTP/1.1 200) 9 headers in 357 bytes (1 switches on core 0)
Aug 31 19:25:12.023774 dv-cinder-852209-9-iscsi devstack@n-api.service[121187]: DEBUG nova.api.openstack.wsgi [None req-265d0161-92f6-4f32-b7b6-ac816b775656 tempest-ServerRescueNegativeTestJSON-778068649 tempest-ServerRescueNegativeTestJSON-778068649-project] Calling method '>' {{(pid=121187) _process_stack /opt/stack/nova/nova/api/openstack/wsgi.py:513}}
Aug 31 19:25:12.031406 dv-cinder-852209-9-iscsi devstack@n-api.service[121187]: DEBUG nova.compute.api [None req-265d0161-92f6-4f32-b7b6-ac816b775656 tempest-ServerRescueNegativeTestJSON-778068649 tempest-ServerRescueNegativeTestJSON-778068649-project] [instance: df9a1dbe-59be-491e-a129-aba5a3e1fe39] Fetching instance by UUID {{(pid=121187) get /opt/stack/nova/nova/compute/api.py:2975}}
Aug 31 19:25:12.105687 dv-cinder-852209-9-iscsi devstack@n-api.service[121186]: INFO nova.api.openstack.requestlog [None req-d317acbf-b044-4d53-9b3e-d3a8b0d2c834 tempest-DeleteServersTestJSON-587330693 tempest-DeleteServersTestJSON-587330693-project] 10.222.0.59 "POST /compute/v2.1/servers" status: 202 len: 380 microversion: 2.1 time: 3.300389
Aug 31 19:25:12.107615 dv-cinder-852209-9-iscsi devstack@n-api.service[121186]: [pid: 121186|app: 0|req: 16/29] 10.222.0.59 () {60 vars in 1147 bytes} [Wed Aug 31 19:25:08 2022] POST /compute/v2.1/servers => generated 380 bytes in 3303 msecs (HTTP/1.1 202) 10 headers in 451 bytes (1 switches on core 0)
Aug 31 19:25:12.328452 dv-cinder-852209-9-iscsi devstack@n-api.service[121186]: DEBUG nova.api.openstack.wsgi [None req-9b220916-77d1-4f1a-a38d-9927d85d5b23 tempest-AttachVolumeShelveTestJSON-1004634362 tempest-AttachVolumeShelveTestJSON-1004634362-project] Action: 'create', calling method: .version_select at 0x7ff6cc172c10>, body: {"keypair": {"name": "tempest-keypair-1753768347", "public_key": "ecdsa-sha2-nistp384 AAAAE2VjZHNhLXNoYTItbmlzdHAzODQAAAAIbmlzdHAzODQAAABhBPyAnXpKieFHDK3F49rpLkrVE6Z/eWTjdpcDvXzhav+N80B1LdRMo8GVpyncnxMcW7mxboXzZwKFYf9NTEVRtoAeUK+HuGxTzGcBT09i3d1zwidX2Qrgm9WSnUsl5lcp8Q=="}} {{(pid=121186) _process_stack /opt/stack/nova/nova/api/openstack/wsgi.py:511}}
Aug 31 19:25:12.387475 dv-cinder-852209-9-iscsi devstack@n-api.service[121187]: DEBUG nova.policy [None req-265d0161-92f6-4f32-b7b6-ac816b775656 tempest-ServerRescueNegativeTestJSON-778068649 tempest-ServerRescueNegativeTestJSON-778068649-project] Policy check for os_compute_api:os-extended-server-attributes failed with credentials {'is_admin': False, 'user_id': 'd441bbdb43c5403abf8480146bc15753', 'user_domain_id': 'default', 'system_scope': None, 'domain_id': None, 'project_id': 'a7e6027f7c1241dcb09786ff94df5c2f', 'project_domain_id': 'default', 'roles': ['member', 'reader'], 'is_admin_project': True, 'service_user_id': None, 'service_user_domain_id': None, 'service_project_id': None, 'service_project_domain_id': None, 'service_roles': []} {{(pid=121187) authorize /opt/stack/nova/nova/policy.py:199}}
Aug 31 19:25:12.405008 dv-cinder-852209-9-iscsi devstack@n-api.service[121186]: DEBUG nova.quota [None req-9b220916-77d1-4f1a-a38d-9927d85d5b23 tempest-AttachVolumeShelveTestJSON-1004634362 tempest-AttachVolumeShelveTestJSON-1004634362-project] Getting quotas for project 4b5588a49a314579a29bad0f73aae8b4. Resources: {'key_pairs'} {{(pid=121186) _get_quotas /opt/stack/nova/nova/quota.py:393}}
Aug 31 19:25:12.406095 dv-cinder-852209-9-iscsi devstack@n-api.service[121187]: INFO nova.api.openstack.requestlog [None req-265d0161-92f6-4f32-b7b6-ac816b775656 tempest-ServerRescueNegativeTestJSON-778068649 tempest-ServerRescueNegativeTestJSON-778068649-project] 10.222.0.59 "GET /compute/v2.1/servers/df9a1dbe-59be-491e-a129-aba5a3e1fe39" status: 200 len: 1222 microversion: 2.1 time: 0.402986
Aug 31 19:25:12.407333 dv-cinder-852209-9-iscsi devstack@n-api.service[121187]: [pid: 121187|app: 0|req: 14/30] 10.222.0.59 () {58 vars in 1236 bytes} [Wed Aug 31 19:25:12 2022] GET /compute/v2.1/servers/df9a1dbe-59be-491e-a129-aba5a3e1fe39 => generated 1222 bytes in 405 msecs (HTTP/1.1 200) 9 headers in 358 bytes (1 switches on core 0)
Aug 31 19:25:12.440907 dv-cinder-852209-9-iscsi devstack@n-api.service[121186]: DEBUG nova.quota [None req-9b220916-77d1-4f1a-a38d-9927d85d5b23 tempest-AttachVolumeShelveTestJSON-1004634362 tempest-AttachVolumeShelveTestJSON-1004634362-project] Getting quotas for user 0d5336bcea514f378e06737680ae9bdc and project 4b5588a49a314579a29bad0f73aae8b4. Resources: {'key_pairs'} {{(pid=121186) _get_quotas /opt/stack/nova/nova/quota.py:383}}
Aug 31 19:25:12.441537 dv-cinder-852209-9-iscsi devstack@n-api.service[121187]: DEBUG nova.api.openstack.wsgi [None req-b813b1fb-1a2f-4fbc-81d7-177f0bcbeb77 tempest-DeleteServersTestJSON-587330693 tempest-DeleteServersTestJSON-587330693-project] Calling method '>' {{(pid=121187) _process_stack /opt/stack/nova/nova/api/openstack/wsgi.py:513}}
Aug 31 19:25:12.445095 dv-cinder-852209-9-iscsi devstack@n-api.service[121187]: DEBUG nova.compute.api [None req-b813b1fb-1a2f-4fbc-81d7-177f0bcbeb77 tempest-DeleteServersTestJSON-587330693 tempest-DeleteServersTestJSON-587330693-project] [instance: 04777b04-7baf-471b-a244-e91bc64cb15b] Fetching instance by UUID {{(pid=121187) get /opt/stack/nova/nova/compute/api.py:2975}}
Aug 31 19:25:12.572626 dv-cinder-852209-9-iscsi devstack@n-api.service[121187]: DEBUG nova.policy [None req-b813b1fb-1a2f-4fbc-81d7-177f0bcbeb77 tempest-DeleteServersTestJSON-587330693 tempest-DeleteServersTestJSON-587330693-project] Policy check for os_compute_api:os-extended-server-attributes failed with credentials {'is_admin': False, 'user_id': '7aaa082f2b754cf5aa941586361c1877', 'user_domain_id': 'default', 'system_scope': None, 'domain_id': None, 'project_id': 'fa8bb54679c74f039eee057c2b4a84f7', 'project_domain_id': 'default', 'roles': ['member', 'reader'], 'is_admin_project': True, 'service_user_id': None, 'service_user_domain_id': None, 'service_project_id': None, 'service_project_domain_id': None, 'service_roles': []} {{(pid=121187) authorize /opt/stack/nova/nova/policy.py:199}}
Aug 31 19:25:12.591347 dv-cinder-852209-9-iscsi devstack@n-api.service[121187]: INFO nova.api.openstack.requestlog [None req-b813b1fb-1a2f-4fbc-81d7-177f0bcbeb77 tempest-DeleteServersTestJSON-587330693 tempest-DeleteServersTestJSON-587330693-project] 10.222.0.59 "GET /compute/v2.1/servers/04777b04-7baf-471b-a244-e91bc64cb15b" status: 200 len: 1215 microversion: 2.1 time: 0.181504
Aug 31 19:25:12.592727 dv-cinder-852209-9-iscsi devstack@n-api.service[121186]: INFO nova.api.openstack.requestlog [None req-9b220916-77d1-4f1a-a38d-9927d85d5b23 tempest-AttachVolumeShelveTestJSON-1004634362 tempest-AttachVolumeShelveTestJSON-1004634362-project] 10.222.0.59 "POST /compute/v2.1/os-keypairs" status: 201 len: 401 microversion: 2.20 time: 0.480924
Aug 31 19:25:12.594292 dv-cinder-852209-9-iscsi devstack@n-api.service[121186]: [pid: 121186|app: 0|req: 17/31] 10.222.0.59 () {62 vars in 1200 bytes} [Wed Aug 31 19:25:12 2022] POST /compute/v2.1/os-keypairs => generated 401 bytes in 484 msecs (HTTP/1.1 201) 9 headers in 364 bytes (1 switches on core 0)
Aug 31 19:25:12.601568 dv-cinder-852209-9-iscsi devstack@n-api.service[121186]: DEBUG nova.api.openstack.wsgi [None req-863331a7-4345-427a-84e6-d93da6541088 tempest-VolumesSnapshotsTestJSON-379440553 tempest-VolumesSnapshotsTestJSON-379440553-project] Calling method '.version_select at 0x7ff6cc189f70>' {{(pid=121186) _process_stack /opt/stack/nova/nova/api/openstack/wsgi.py:513}}
Aug 31 19:25:12.604308 dv-cinder-852209-9-iscsi devstack@n-api.service[121187]: [pid: 121187|app: 0|req: 15/32] 10.222.0.59 () {58 vars in 1236 bytes} [Wed Aug 31 19:25:12 2022] GET /compute/v2.1/servers/04777b04-7baf-471b-a244-e91bc64cb15b => generated 1215 bytes in 195 msecs (HTTP/1.1 200) 9 headers in 358 bytes (1 switches on core 0)
Aug 31 19:25:12.683384 dv-cinder-852209-9-iscsi devstack@n-api.service[121186]: INFO nova.api.openstack.requestlog [None req-863331a7-4345-427a-84e6-d93da6541088 tempest-VolumesSnapshotsTestJSON-379440553 tempest-VolumesSnapshotsTestJSON-379440553-project] 10.222.0.59 "GET /compute/v2.1/os-snapshots/e70ffe96-8f21-496e-9264-f8a139a6386e" status: 200 len: 287 microversion: 2.1 time: 0.085883
Aug 31 19:25:12.688736 dv-cinder-852209-9-iscsi devstack@n-api.service[121186]: [pid: 121186|app: 0|req: 18/33] 10.222.0.59 () {58 vars in 1251 bytes} [Wed Aug 31 19:25:12 2022] GET /compute/v2.1/os-snapshots/e70ffe96-8f21-496e-9264-f8a139a6386e => generated 287 bytes in 94 msecs (HTTP/1.1 200) 9 headers in 357 bytes (1 switches on core 0)
Aug 31 19:25:12.830496 dv-cinder-852209-9-iscsi devstack@n-api.service[121187]: DEBUG nova.api.openstack.wsgi [None req-6c2af840-2221-4e21-a34f-0b297bb32169 tempest-ServerRescueNegativeTestJSON-778068649 tempest-ServerRescueNegativeTestJSON-778068649-project] Action: 'create', calling method: >, body: {"server": {"name": "tempest-ServerRescueNegativeTestJSON-server-1720505101", "imageRef": "23403e81-adde-4d3c-9acb-58973cd5d455", "flavorRef": "452", "adminPass": "***", "networks": [{"uuid": "}]}} {{(pid=121187) _process_stack /opt/stack/nova/nova/api/openstack/wsgi.py:511}}
Aug 31 19:25:12.947543 dv-cinder-852209-9-iscsi devstack@n-api.service[121187]: DEBUG nova.network.neutron [None req-6c2af840-2221-4e21-a34f-0b297bb32169 tempest-ServerRescueNegativeTestJSON-778068649 tempest-ServerRescueNegativeTestJSON-778068649-project] validate_networks() for [('e413f1b1-2e66-4271-87c8-7a5825a65e8e', None, None, None, None, None)] {{(pid=121187) validate_networks /opt/stack/nova/nova/network/neutron.py:2626}}
Aug 31 19:25:13.628498 dv-cinder-852209-9-iscsi devstack@n-api.service[121186]: DEBUG nova.api.openstack.wsgi [None req-98e912e2-2918-49eb-9249-2c0858613460 tempest-DeleteServersTestJSON-587330693 tempest-DeleteServersTestJSON-587330693-project] Calling method '>' {{(pid=121186) _process_stack /opt/stack/nova/nova/api/openstack/wsgi.py:513}}
Aug 31 19:25:13.629095 dv-cinder-852209-9-iscsi devstack@n-api.service[121186]: DEBUG nova.compute.api [None req-98e912e2-2918-49eb-9249-2c0858613460 tempest-DeleteServersTestJSON-587330693 tempest-DeleteServersTestJSON-587330693-project] [instance: 04777b04-7baf-471b-a244-e91bc64cb15b] Fetching instance by UUID {{(pid=121186) get /opt/stack/nova/nova/compute/api.py:2975}}
