Aug 31 00:16:26.826807 dv-cinder-852209-8-smb devstack@c-api.service[113549]: [pid: 113549|app: 0|req: 78/160] 10.222.0.60 () {58 vars in 1328 bytes} [Wed Aug 31 00:16:26 2022] DELETE /volume/v3/304fd3dedf7741f397b93afd77e207d4/volumes/b03fafba-4e53-45c0-81fa-5615dfa4e504 => generated 109 bytes in 56 msecs (HTTP/1.1 404) 7 headers in 292 bytes (1 switches on core 0)
Aug 31 00:16:26.854320 dv-cinder-852209-8-smb devstack@c-api.service[113548]: INFO cinder.api.openstack.wsgi [None req-56828538-d754-4c91-b604-6f09a68e0daa tempest-VolumeRetypeWithoutMigrationTest-2002972762 tempest-VolumeRetypeWithoutMigrationTest-2002972762-project-admin] POST http://10.222.0.60/volume/v3/54f3e2e63b454813b5248e80595abc29/types
Aug 31 00:16:26.855265 dv-cinder-852209-8-smb devstack@c-api.service[113548]: DEBUG cinder.api.openstack.wsgi [None req-56828538-d754-4c91-b604-6f09a68e0daa tempest-VolumeRetypeWithoutMigrationTest-2002972762 tempest-VolumeRetypeWithoutMigrationTest-2002972762-project-admin] Action: 'create', calling method: _create, body: {"volume_type": {"name": "volume-type-1"}} {{(pid=113548) _process_stack /opt/stack/cinder/cinder/api/openstack/wsgi.py:866}}
Aug 31 00:16:26.914552 dv-cinder-852209-8-smb devstack@c-api.service[113548]: INFO cinder.api.openstack.wsgi [None req-56828538-d754-4c91-b604-6f09a68e0daa tempest-VolumeRetypeWithoutMigrationTest-2002972762 tempest-VolumeRetypeWithoutMigrationTest-2002972762-project-admin] http://10.222.0.60/volume/v3/54f3e2e63b454813b5248e80595abc29/types returned with HTTP 200
Aug 31 00:16:26.916806 dv-cinder-852209-8-smb devstack@c-api.service[113548]: [pid: 113548|app: 0|req: 83/161] 10.222.0.60 () {60 vars in 1229 bytes} [Wed Aug 31 00:16:26 2022] POST /volume/v3/54f3e2e63b454813b5248e80595abc29/types => generated 188 bytes in 258 msecs (HTTP/1.1 200) 7 headers in 285 bytes (1 switches on core 0)
Aug 31 00:16:26.930578 dv-cinder-852209-8-smb devstack@c-api.service[113549]: DEBUG cinder.api.middleware.request_id [None req-740c34d8-c380-4e91-9801-f0c81a957202 None None] RequestId filter calling following filter/app {{(pid=113549) _context_setter /opt/stack/cinder/cinder/api/middleware/request_id.py:62}}
Aug 31 00:16:26.940608 dv-cinder-852209-8-smb devstack@c-api.service[113549]: INFO cinder.api.openstack.wsgi [None req-740c34d8-c380-4e91-9801-f0c81a957202 tempest-VolumeRetypeWithoutMigrationTest-2002972762 tempest-VolumeRetypeWithoutMigrationTest-2002972762-project-admin] POST http://10.222.0.60/volume/v3/54f3e2e63b454813b5248e80595abc29/types
Aug 31 00:16:26.944949 dv-cinder-852209-8-smb devstack@c-api.service[113549]: DEBUG cinder.api.openstack.wsgi [None req-740c34d8-c380-4e91-9801-f0c81a957202 tempest-VolumeRetypeWithoutMigrationTest-2002972762 tempest-VolumeRetypeWithoutMigrationTest-2002972762-project-admin] Action: 'create', calling method: _create, body: {"volume_type": {"name": "volume-type-2"}} {{(pid=113549) _process_stack /opt/stack/cinder/cinder/api/openstack/wsgi.py:866}}
Aug 31 00:16:27.046997 dv-cinder-852209-8-smb devstack@c-api.service[113549]: INFO cinder.api.openstack.wsgi [None req-740c34d8-c380-4e91-9801-f0c81a957202 tempest-VolumeRetypeWithoutMigrationTest-2002972762 tempest-VolumeRetypeWithoutMigrationTest-2002972762-project-admin] http://10.222.0.60/volume/v3/54f3e2e63b454813b5248e80595abc29/types returned with HTTP 200
Aug 31 00:16:27.047902 dv-cinder-852209-8-smb devstack@c-api.service[113549]: [pid: 113549|app: 0|req: 79/162] 10.222.0.60 () {60 vars in 1229 bytes} [Wed Aug 31 00:16:26 2022] POST /volume/v3/54f3e2e63b454813b5248e80595abc29/types => generated 188 bytes in 122 msecs (HTTP/1.1 200) 7 headers in 285 bytes (1 switches on core 0)
Aug 31 00:16:27.058400 dv-cinder-852209-8-smb devstack@c-api.service[113548]: DEBUG cinder.api.middleware.request_id [None req-f80796d4-1f6f-4feb-9d6b-a7d817e79acb None None] RequestId filter calling following filter/app {{(pid=113548) _context_setter /opt/stack/cinder/cinder/api/middleware/request_id.py:62}}
Aug 31 00:16:27.124937 dv-cinder-852209-8-smb devstack@c-api.service[113549]: DEBUG cinder.api.middleware.request_id [None req-6dcc6d8c-3c00-4569-9206-acfc1e5053ec None None] RequestId filter calling following filter/app {{(pid=113549) _context_setter /opt/stack/cinder/cinder/api/middleware/request_id.py:62}}
Aug 31 00:16:27.129747 dv-cinder-852209-8-smb devstack@c-api.service[113549]: INFO cinder.api.openstack.wsgi [None req-6dcc6d8c-3c00-4569-9206-acfc1e5053ec tempest-GroupsTest-1455810468 tempest-GroupsTest-1455810468-project] GET http://10.222.0.60/volume/v3/86d5f4ac26324434917ca8bb1fc704d1/volumes/aa7723cf-1170-4cab-83eb-b131bfe4e1da
Aug 31 00:16:27.130576 dv-cinder-852209-8-smb devstack@c-api.service[113549]: DEBUG cinder.api.openstack.wsgi [None req-6dcc6d8c-3c00-4569-9206-acfc1e5053ec tempest-GroupsTest-1455810468 tempest-GroupsTest-1455810468-project] Empty body provided in request {{(pid=113549) get_body /opt/stack/cinder/cinder/api/openstack/wsgi.py:715}}
Aug 31 00:16:27.131038 dv-cinder-852209-8-smb devstack@c-api.service[113549]: DEBUG cinder.api.openstack.wsgi [None req-6dcc6d8c-3c00-4569-9206-acfc1e5053ec tempest-GroupsTest-1455810468 tempest-GroupsTest-1455810468-project] Calling method 'show' {{(pid=113549) _process_stack /opt/stack/cinder/cinder/api/openstack/wsgi.py:868}}
Aug 31 00:16:27.154537 dv-cinder-852209-8-smb devstack@c-api.service[113549]: /usr/local/lib/python3.8/dist-packages/oslo_context/context.py:100: DeprecationWarning: Policy enforcement is depending on the value of is_admin. This key is deprecated. Please update your policy file to use the standard policy values.
Aug 31 00:16:27.154537 dv-cinder-852209-8-smb devstack@c-api.service[113549]: warnings.warn('Policy enforcement is depending on the value of '
Aug 31 00:16:27.196526 dv-cinder-852209-8-smb devstack@c-api.service[113549]: INFO cinder.volume.api [None req-6dcc6d8c-3c00-4569-9206-acfc1e5053ec tempest-GroupsTest-1455810468 tempest-GroupsTest-1455810468-project] Volume info retrieved successfully.
Aug 31 00:16:27.200126 dv-cinder-852209-8-smb devstack@c-api.service[113549]: WARNING stevedore.named [None req-6dcc6d8c-3c00-4569-9206-acfc1e5053ec tempest-GroupsTest-1455810468 tempest-GroupsTest-1455810468-project] Could not load cinder.keymgr.conf_key_mgr.ConfKeyManager
Aug 31 00:16:27.201519 dv-cinder-852209-8-smb devstack@c-api.service[113549]: WARNING castellan.key_manager [None req-6dcc6d8c-3c00-4569-9206-acfc1e5053ec tempest-GroupsTest-1455810468 tempest-GroupsTest-1455810468-project] Deprecation Warning : cinder.keymgr.conf_key_mgr.ConfKeyManager is not a stevedore based driver, trying to load it as a class: stevedore.exception.NoMatches: No 'castellan.drivers' driver found, looking for 'cinder.keymgr.conf_key_mgr.ConfKeyManager'
Aug 31 00:16:27.217356 dv-cinder-852209-8-smb devstack@c-api.service[113549]: DEBUG oslo_db.sqlalchemy.engines [None req-6dcc6d8c-3c00-4569-9206-acfc1e5053ec tempest-GroupsTest-1455810468 tempest-GroupsTest-1455810468-project] MySQL server mode set to STRICT_TRANS_TABLES,STRICT_ALL_TABLES,NO_ZERO_IN_DATE,NO_ZERO_DATE,ERROR_FOR_DIVISION_BY_ZERO,TRADITIONAL,NO_ENGINE_SUBSTITUTION {{(pid=113549) _check_effective_sql_mode /usr/local/lib/python3.8/dist-packages/oslo_db/sqlalchemy/engines.py:314}}
Aug 31 00:16:27.230630 dv-cinder-852209-8-smb devstack@c-api.service[113549]: /usr/local/lib/python3.8/dist-packages/oslo_context/context.py:100: DeprecationWarning: Policy enforcement is depending on the value of is_admin. This key is deprecated. Please update your policy file to use the standard policy values.
Aug 31 00:16:27.230630 dv-cinder-852209-8-smb devstack@c-api.service[113549]: warnings.warn('Policy enforcement is depending on the value of '
Aug 31 00:16:27.303574 dv-cinder-852209-8-smb devstack@c-api.service[113549]: INFO cinder.api.openstack.wsgi [None req-6dcc6d8c-3c00-4569-9206-acfc1e5053ec tempest-GroupsTest-1455810468 tempest-GroupsTest-1455810468-project] http://10.222.0.60/volume/v3/86d5f4ac26324434917ca8bb1fc704d1/volumes/aa7723cf-1170-4cab-83eb-b131bfe4e1da returned with HTTP 200
Aug 31 00:16:27.304668 dv-cinder-852209-8-smb devstack@c-api.service[113549]: [pid: 113549|app: 0|req: 80/163] 10.222.0.60 () {60 vars in 1366 bytes} [Wed Aug 31 00:16:27 2022] GET /volume/v3/86d5f4ac26324434917ca8bb1fc704d1/volumes/aa7723cf-1170-4cab-83eb-b131bfe4e1da => generated 972 bytes in 181 msecs (HTTP/1.1 200) 7 headers in 286 bytes (2 switches on core 0)
Aug 31 00:16:27.331306 dv-cinder-852209-8-smb devstack@c-api.service[113549]: DEBUG cinder.api.middleware.request_id [None req-f6662135-263c-414b-93d9-d51523b43166 None None] RequestId filter calling following filter/app {{(pid=113549) _context_setter /opt/stack/cinder/cinder/api/middleware/request_id.py:62}}
Aug 31 00:16:27.341761 dv-cinder-852209-8-smb devstack@c-api.service[113549]: INFO cinder.api.openstack.wsgi [None req-f6662135-263c-414b-93d9-d51523b43166 tempest-GroupsTest-1455810468 tempest-GroupsTest-1455810468-project] GET http://10.222.0.60/volume/v3/86d5f4ac26324434917ca8bb1fc704d1/groups/8c9c396d-fac3-46ee-8e2a-88b8ccd69108
Aug 31 00:16:27.345103 dv-cinder-852209-8-smb devstack@c-api.service[113549]: DEBUG cinder.api.openstack.wsgi [None req-f6662135-263c-414b-93d9-d51523b43166 tempest-GroupsTest-1455810468 tempest-GroupsTest-1455810468-project] Empty body provided in request {{(pid=113549) get_body /opt/stack/cinder/cinder/api/openstack/wsgi.py:715}}
Aug 31 00:16:27.345618 dv-cinder-852209-8-smb devstack@c-api.service[113549]: DEBUG cinder.api.openstack.wsgi [None req-f6662135-263c-414b-93d9-d51523b43166 tempest-GroupsTest-1455810468 tempest-GroupsTest-1455810468-project] Calling method 'version_select' {{(pid=113549) _process_stack /opt/stack/cinder/cinder/api/openstack/wsgi.py:868}}
Aug 31 00:16:27.345971 dv-cinder-852209-8-smb devstack@c-api.service[113549]: DEBUG cinder.api.v3.groups [None req-f6662135-263c-414b-93d9-d51523b43166 tempest-GroupsTest-1455810468 tempest-GroupsTest-1455810468-project] show called for member 8c9c396d-fac3-46ee-8e2a-88b8ccd69108 {{(pid=113549) show /opt/stack/cinder/cinder/api/v3/groups.py:58}}
Aug 31 00:16:27.376154 dv-cinder-852209-8-smb devstack@c-api.service[113549]: /usr/local/lib/python3.8/dist-packages/oslo_context/context.py:100: DeprecationWarning: Policy enforcement is depending on the value of is_admin. This key is deprecated. Please update your policy file to use the standard policy values.
Aug 31 00:16:27.376154 dv-cinder-852209-8-smb devstack@c-api.service[113549]: warnings.warn('Policy enforcement is depending on the value of '
Aug 31 00:16:27.442140 dv-cinder-852209-8-smb devstack@c-api.service[113549]: INFO cinder.api.openstack.wsgi [None req-f6662135-263c-414b-93d9-d51523b43166 tempest-GroupsTest-1455810468 tempest-GroupsTest-1455810468-project] http://10.222.0.60/volume/v3/86d5f4ac26324434917ca8bb1fc704d1/groups/8c9c396d-fac3-46ee-8e2a-88b8ccd69108 returned with HTTP 200
Aug 31 00:16:27.456905 dv-cinder-852209-8-smb devstack@c-api.service[113549]: [pid: 113549|app: 0|req: 81/164] 10.222.0.60 () {60 vars in 1363 bytes} [Wed Aug 31 00:16:27 2022] GET /volume/v3/86d5f4ac26324434917ca8bb1fc704d1/groups/8c9c396d-fac3-46ee-8e2a-88b8ccd69108 => generated 322 bytes in 130 msecs (HTTP/1.1 200) 7 headers in 286 bytes (1 switches on core 0)
Aug 31 00:16:27.458471 dv-cinder-852209-8-smb devstack@c-api.service[113549]: DEBUG cinder.api.middleware.request_id [None req-10dbebf7-403e-4aea-8ed5-707fbeab007a None None] RequestId filter calling following filter/app {{(pid=113549) _context_setter /opt/stack/cinder/cinder/api/middleware/request_id.py:62}}
Aug 31 00:16:27.476347 dv-cinder-852209-8-smb devstack@c-api.service[113549]: INFO cinder.api.openstack.wsgi [None req-10dbebf7-403e-4aea-8ed5-707fbeab007a tempest-GroupsTest-1455810468 tempest-GroupsTest-1455810468-project] GET http://10.222.0.60/volume/v3/86d5f4ac26324434917ca8bb1fc704d1/groups/a0267b52-6914-4d4c-9fdb-2924f767b615
Aug 31 00:16:27.476853 dv-cinder-852209-8-smb devstack@c-api.service[113549]: DEBUG cinder.api.openstack.wsgi [None req-10dbebf7-403e-4aea-8ed5-707fbeab007a tempest-GroupsTest-1455810468 tempest-GroupsTest-1455810468-project] Empty body provided in request {{(pid=113549) get_body /opt/stack/cinder/cinder/api/openstack/wsgi.py:715}}
Aug 31 00:16:27.477332 dv-cinder-852209-8-smb devstack@c-api.service[113549]: DEBUG cinder.api.openstack.wsgi [None req-10dbebf7-403e-4aea-8ed5-707fbeab007a tempest-GroupsTest-1455810468 tempest-GroupsTest-1455810468-project] Calling method 'version_select' {{(pid=113549) _process_stack /opt/stack/cinder/cinder/api/openstack/wsgi.py:868}}
Aug 31 00:16:27.477680 dv-cinder-852209-8-smb devstack@c-api.service[113549]: DEBUG cinder.api.v3.groups [None req-10dbebf7-403e-4aea-8ed5-707fbeab007a tempest-GroupsTest-1455810468 tempest-GroupsTest-1455810468-project] show called for member a0267b52-6914-4d4c-9fdb-2924f767b615 {{(pid=113549) show /opt/stack/cinder/cinder/api/v3/groups.py:58}}
Aug 31 00:16:27.514608 dv-cinder-852209-8-smb devstack@c-api.service[113549]: /usr/local/lib/python3.8/dist-packages/oslo_context/context.py:100: DeprecationWarning: Policy enforcement is depending on the value of is_admin. This key is deprecated. Please update your policy file to use the standard policy values.
Aug 31 00:16:27.514608 dv-cinder-852209-8-smb devstack@c-api.service[113549]: warnings.warn('Policy enforcement is depending on the value of '
Aug 31 00:16:27.569603 dv-cinder-852209-8-smb devstack@c-api.service[113549]: INFO cinder.api.openstack.wsgi [None req-10dbebf7-403e-4aea-8ed5-707fbeab007a tempest-GroupsTest-1455810468 tempest-GroupsTest-1455810468-project] http://10.222.0.60/volume/v3/86d5f4ac26324434917ca8bb1fc704d1/groups/a0267b52-6914-4d4c-9fdb-2924f767b615 returned with HTTP 200
Aug 31 00:16:27.580204 dv-cinder-852209-8-smb devstack@c-api.service[113549]: [pid: 113549|app: 0|req: 82/165] 10.222.0.60 () {60 vars in 1363 bytes} [Wed Aug 31 00:16:27 2022] GET /volume/v3/86d5f4ac26324434917ca8bb1fc704d1/groups/a0267b52-6914-4d4c-9fdb-2924f767b615 => generated 322 bytes in 123 msecs (HTTP/1.1 200) 7 headers in 286 bytes (1 switches on core 0)
Aug 31 00:16:27.583676 dv-cinder-852209-8-smb devstack@c-api.service[113549]: DEBUG cinder.api.middleware.request_id [None req-55d5dd06-4b5c-4d93-8ba1-9bf6ab7c5eac None None] RequestId filter calling following filter/app {{(pid=113549) _context_setter /opt/stack/cinder/cinder/api/middleware/request_id.py:62}}
Aug 31 00:16:27.593382 dv-cinder-852209-8-smb devstack@c-api.service[113549]: INFO cinder.api.openstack.wsgi [None req-55d5dd06-4b5c-4d93-8ba1-9bf6ab7c5eac tempest-GroupsTest-1455810468 tempest-GroupsTest-1455810468-project] GET http://10.222.0.60/volume/v3/86d5f4ac26324434917ca8bb1fc704d1/groups/detail
Aug 31 00:16:27.595271 dv-cinder-852209-8-smb devstack@c-api.service[113549]: DEBUG cinder.api.openstack.wsgi [None req-55d5dd06-4b5c-4d93-8ba1-9bf6ab7c5eac tempest-GroupsTest-1455810468 tempest-GroupsTest-1455810468-project] Empty body provided in request {{(pid=113549) get_body /opt/stack/cinder/cinder/api/openstack/wsgi.py:715}}
Aug 31 00:16:27.595405 dv-cinder-852209-8-smb devstack@c-api.service[113549]: DEBUG cinder.api.openstack.wsgi [None req-55d5dd06-4b5c-4d93-8ba1-9bf6ab7c5eac tempest-GroupsTest-1455810468 tempest-GroupsTest-1455810468-project] Calling method 'version_select' {{(pid=113549) _process_stack /opt/stack/cinder/cinder/api/openstack/wsgi.py:868}}
Aug 31 00:16:27.597999 dv-cinder-852209-8-smb devstack@c-api.service[113549]: /usr/local/lib/python3.8/dist-packages/oslo_context/context.py:100: DeprecationWarning: Policy enforcement is depending on the value of is_admin. This key is deprecated. Please update your policy file to use the standard policy values.
Aug 31 00:16:27.597999 dv-cinder-852209-8-smb devstack@c-api.service[113549]: warnings.warn('Policy enforcement is depending on the value of '
Aug 31 00:16:27.606569 dv-cinder-852209-8-smb devstack@c-api.service[113548]: INFO cinder.api.openstack.wsgi [None req-f80796d4-1f6f-4feb-9d6b-a7d817e79acb tempest-VolumeRetypeWithoutMigrationTest-2138533172 tempest-VolumeRetypeWithoutMigrationTest-2138533172-project] POST http://10.222.0.60/volume/v3/feba48b666c84e3098cc83f7d9dd39ef/volumes
Aug 31 00:16:27.607635 dv-cinder-852209-8-smb devstack@c-api.service[113548]: DEBUG cinder.api.openstack.wsgi [None req-f80796d4-1f6f-4feb-9d6b-a7d817e79acb tempest-VolumeRetypeWithoutMigrationTest-2138533172 tempest-VolumeRetypeWithoutMigrationTest-2138533172-project] Action: 'create', calling method: create, body: {"volume": {"volume_type": "volume-type-1", "size": 1, "name": "tempest-VolumeRetypeWithoutMigrationTest-Volume-236261394"}} {{(pid=113548) _process_stack /opt/stack/cinder/cinder/api/openstack/wsgi.py:866}}
Aug 31 00:16:27.611516 dv-cinder-852209-8-smb devstack@c-api.service[113548]: DEBUG cinder.api.v3.volumes [None req-f80796d4-1f6f-4feb-9d6b-a7d817e79acb tempest-VolumeRetypeWithoutMigrationTest-2138533172 tempest-VolumeRetypeWithoutMigrationTest-2138533172-project] Create volume request body: {'volume': {'volume_type': 'volume-type-1', 'size': 1, 'name': 'tempest-VolumeRetypeWithoutMigrationTest-Volume-236261394'}} {{(pid=113548) create /opt/stack/cinder/cinder/api/v3/volumes.py:298}}
Aug 31 00:16:27.621817 dv-cinder-852209-8-smb devstack@c-api.service[113548]: INFO cinder.api.v3.volumes [None req-f80796d4-1f6f-4feb-9d6b-a7d817e79acb tempest-VolumeRetypeWithoutMigrationTest-2138533172 tempest-VolumeRetypeWithoutMigrationTest-2138533172-project] Create volume of 1 GB
Aug 31 00:16:27.622858 dv-cinder-852209-8-smb devstack@c-api.service[113548]: /usr/local/lib/python3.8/dist-packages/oslo_context/context.py:100: DeprecationWarning: Policy enforcement is depending on the value of is_admin. This key is deprecated. Please update your policy file to use the standard policy values.
Aug 31 00:16:27.622858 dv-cinder-852209-8-smb devstack@c-api.service[113548]: warnings.warn('Policy enforcement is depending on the value of '
Aug 31 00:16:27.624743 dv-cinder-852209-8-smb devstack@c-api.service[113548]: INFO cinder.volume.api [None req-f80796d4-1f6f-4feb-9d6b-a7d817e79acb tempest-VolumeRetypeWithoutMigrationTest-2138533172 tempest-VolumeRetypeWithoutMigrationTest-2138533172-project] Availability Zones retrieved successfully.
Aug 31 00:16:27.663793 dv-cinder-852209-8-smb devstack@c-api.service[113549]: INFO cinder.api.openstack.wsgi [None req-55d5dd06-4b5c-4d93-8ba1-9bf6ab7c5eac tempest-GroupsTest-1455810468 tempest-GroupsTest-1455810468-project] http://10.222.0.60/volume/v3/86d5f4ac26324434917ca8bb1fc704d1/groups/detail returned with HTTP 200
Aug 31 00:16:27.665005 dv-cinder-852209-8-smb devstack@c-api.service[113548]: DEBUG cinder.volume.api [None req-f80796d4-1f6f-4feb-9d6b-a7d817e79acb tempest-VolumeRetypeWithoutMigrationTest-2138533172 tempest-VolumeRetypeWithoutMigrationTest-2138533172-project] Flow 'volume_create_api' (78c71ed9-a863-4d39-9fb2-939c0e76a8ca) transitioned into state 'RUNNING' from state 'PENDING' {{(pid=113548) _flow_receiver /usr/local/lib/python3.8/dist-packages/taskflow/listeners/logging.py:141}}
Aug 31 00:16:27.671049 dv-cinder-852209-8-smb devstack@c-api.service[113548]: DEBUG cinder.volume.api [None req-f80796d4-1f6f-4feb-9d6b-a7d817e79acb tempest-VolumeRetypeWithoutMigrationTest-2138533172 tempest-VolumeRetypeWithoutMigrationTest-2138533172-project] Task 'cinder.volume.flows.api.create_volume.ExtractVolumeRequestTask;volume:create' (f5b29f68-62e7-4a31-8e68-471ca7fd6832) transitioned into state 'RUNNING' from state 'PENDING' {{(pid=113548) _task_receiver /usr/local/lib/python3.8/dist-packages/taskflow/listeners/logging.py:190}}
Aug 31 00:16:27.672502 dv-cinder-852209-8-smb devstack@c-api.service[113549]: [pid: 113549|app: 0|req: 83/166] 10.222.0.60 () {60 vars in 1273 bytes} [Wed Aug 31 00:16:27 2022] GET /volume/v3/86d5f4ac26324434917ca8bb1fc704d1/groups/detail => generated 638 bytes in 92 msecs (HTTP/1.1 200) 7 headers in 286 bytes (1 switches on core 0)
Aug 31 00:16:27.674162 dv-cinder-852209-8-smb devstack@c-api.service[113549]: DEBUG cinder.api.middleware.request_id [None req-c12d0133-d4df-44cd-af63-992c9d9e1f40 None None] RequestId filter calling following filter/app {{(pid=113549) _context_setter /opt/stack/cinder/cinder/api/middleware/request_id.py:62}}
Aug 31 00:16:27.674671 dv-cinder-852209-8-smb devstack@c-api.service[113548]: DEBUG cinder.volume.flows.api.create_volume [None req-f80796d4-1f6f-4feb-9d6b-a7d817e79acb tempest-VolumeRetypeWithoutMigrationTest-2138533172 tempest-VolumeRetypeWithoutMigrationTest-2138533172-project] Validating volume size '1' using validate_int {{(pid=113548) _extract_size /opt/stack/cinder/cinder/volume/flows/api/create_volume.py:228}}
Aug 31 00:16:27.677684 dv-cinder-852209-8-smb devstack@c-api.service[113549]: INFO cinder.api.openstack.wsgi [None req-c12d0133-d4df-44cd-af63-992c9d9e1f40 tempest-GroupsTest-1455810468 tempest-GroupsTest-1455810468-project] GET http://10.222.0.60/volume/v3/86d5f4ac26324434917ca8bb1fc704d1/volumes/detail
Aug 31 00:16:27.678178 dv-cinder-852209-8-smb devstack@c-api.service[113549]: DEBUG cinder.api.openstack.wsgi [None req-c12d0133-d4df-44cd-af63-992c9d9e1f40 tempest-GroupsTest-1455810468 tempest-GroupsTest-1455810468-project] Empty body provided in request {{(pid=113549) get_body /opt/stack/cinder/cinder/api/openstack/wsgi.py:715}}
Aug 31 00:16:27.678683 dv-cinder-852209-8-smb devstack@c-api.service[113549]: DEBUG cinder.api.openstack.wsgi [None req-c12d0133-d4df-44cd-af63-992c9d9e1f40 tempest-GroupsTest-1455810468 tempest-GroupsTest-1455810468-project] Calling method 'detail' {{(pid=113549) _process_stack /opt/stack/cinder/cinder/api/openstack/wsgi.py:868}}
Aug 31 00:16:27.679255 dv-cinder-852209-8-smb devstack@c-api.service[113549]: DEBUG cinder.api.api_utils [None req-c12d0133-d4df-44cd-af63-992c9d9e1f40 tempest-GroupsTest-1455810468 tempest-GroupsTest-1455810468-project] Removing options '' from query. {{(pid=113549) remove_invalid_filter_options /opt/stack/cinder/cinder/api/api_utils.py:83}}
Aug 31 00:16:27.680060 dv-cinder-852209-8-smb devstack@c-api.service[113549]: /usr/local/lib/python3.8/dist-packages/oslo_context/context.py:100: DeprecationWarning: Policy enforcement is depending on the value of is_admin. This key is deprecated. Please update your policy file to use the standard policy values.
Aug 31 00:16:27.680060 dv-cinder-852209-8-smb devstack@c-api.service[113549]: warnings.warn('Policy enforcement is depending on the value of '
Aug 31 00:16:27.681028 dv-cinder-852209-8-smb devstack@c-api.service[113549]: DEBUG cinder.volume.api [None req-c12d0133-d4df-44cd-af63-992c9d9e1f40 tempest-GroupsTest-1455810468 tempest-GroupsTest-1455810468-project] Searching by: MultiDict([('no_migration_targets', True)]). {{(pid=113549) get_all /opt/stack/cinder/cinder/volume/api.py:664}}
Aug 31 00:16:27.720216 dv-cinder-852209-8-smb devstack@c-api.service[113548]: DEBUG cinder.volume.api [None req-f80796d4-1f6f-4feb-9d6b-a7d817e79acb tempest-VolumeRetypeWithoutMigrationTest-2138533172 tempest-VolumeRetypeWithoutMigrationTest-2138533172-project] Task 'cinder.volume.flows.api.create_volume.ExtractVolumeRequestTask;volume:create' (f5b29f68-62e7-4a31-8e68-471ca7fd6832) transitioned into state 'SUCCESS' from state 'RUNNING' with result '{'size': 1, 'snapshot_id': None, 'source_volid': None, 'volume_type': VolumeType(created_at=2022-08-31T00:16:27Z,deleted=False,deleted_at=None,description=None,extra_specs={},id=9f5ce4b3-bdc0-42a3-88e8-92fa9a38c774,is_public=True,name='volume-type-1',projects=[],qos_specs=,qos_specs_id=None,updated_at=None), 'volume_type_id': '9f5ce4b3-bdc0-42a3-88e8-92fa9a38c774', 'encryption_key_id': None, 'qos_specs': None, 'consistencygroup_id': None, 'cgsnapshot_id': None, 'group_id': None, 'replication_status': 'disabled', 'refresh_az': False, 'backup_id': None, 'multiattach': False, 'availability_zones': ['nova']}' {{(pid=113548) _task_receiver /usr/local/lib/python3.8/dist-packages/taskflow/listeners/logging.py:178}}
Aug 31 00:16:27.733344 dv-cinder-852209-8-smb devstack@c-api.service[113548]: DEBUG cinder.volume.api [None req-f80796d4-1f6f-4feb-9d6b-a7d817e79acb tempest-VolumeRetypeWithoutMigrationTest-2138533172 tempest-VolumeRetypeWithoutMigrationTest-2138533172-project] Task 'cinder.volume.flows.api.create_volume.QuotaReserveTask;volume:create' (f06703c4-c8dd-481f-9b96-bcb0280ab738) transitioned into state 'RUNNING' from state 'PENDING' {{(pid=113548) _task_receiver /usr/local/lib/python3.8/dist-packages/taskflow/listeners/logging.py:190}}
Aug 31 00:16:27.738397 dv-cinder-852209-8-smb devstack@c-api.service[113549]: INFO cinder.volume.api [None req-c12d0133-d4df-44cd-af63-992c9d9e1f40 tempest-GroupsTest-1455810468 tempest-GroupsTest-1455810468-project] Get all volumes completed successfully.
Aug 31 00:16:27.740040 dv-cinder-852209-8-smb devstack@c-api.service[113549]: WARNING stevedore.named [None req-c12d0133-d4df-44cd-af63-992c9d9e1f40 tempest-GroupsTest-1455810468 tempest-GroupsTest-1455810468-project] Could not load cinder.keymgr.conf_key_mgr.ConfKeyManager
Aug 31 00:16:27.741123 dv-cinder-852209-8-smb devstack@c-api.service[113549]: WARNING castellan.key_manager [None req-c12d0133-d4df-44cd-af63-992c9d9e1f40 tempest-GroupsTest-1455810468 tempest-GroupsTest-1455810468-project] Deprecation Warning : cinder.keymgr.conf_key_mgr.ConfKeyManager is not a stevedore based driver, trying to load it as a class: stevedore.exception.NoMatches: No 'castellan.drivers' driver found, looking for 'cinder.keymgr.conf_key_mgr.ConfKeyManager'
Aug 31 00:16:27.752539 dv-cinder-852209-8-smb devstack@c-api.service[113549]: DEBUG oslo_db.sqlalchemy.engines [None req-c12d0133-d4df-44cd-af63-992c9d9e1f40 tempest-GroupsTest-1455810468 tempest-GroupsTest-1455810468-project] MySQL server mode set to STRICT_TRANS_TABLES,STRICT_ALL_TABLES,NO_ZERO_IN_DATE,NO_ZERO_DATE,ERROR_FOR_DIVISION_BY_ZERO,TRADITIONAL,NO_ENGINE_SUBSTITUTION {{(pid=113549) _check_effective_sql_mode /usr/local/lib/python3.8/dist-packages/oslo_db/sqlalchemy/engines.py:314}}
Aug 31 00:16:27.766108 dv-cinder-852209-8-smb devstack@c-api.service[113549]: /usr/local/lib/python3.8/dist-packages/oslo_context/context.py:100: DeprecationWarning: Policy enforcement is depending on the value of is_admin. This key is deprecated. Please update your policy file to use the standard policy values.
Aug 31 00:16:27.766108 dv-cinder-852209-8-smb devstack@c-api.service[113549]: warnings.warn('Policy enforcement is depending on the value of '
Aug 31 00:16:27.800444 dv-cinder-852209-8-smb devstack@c-api.service[113549]: INFO cinder.api.openstack.wsgi [None req-c12d0133-d4df-44cd-af63-992c9d9e1f40 tempest-GroupsTest-1455810468 tempest-GroupsTest-1455810468-project] http://10.222.0.60/volume/v3/86d5f4ac26324434917ca8bb1fc704d1/volumes/detail returned with HTTP 200
Aug 31 00:16:27.801268 dv-cinder-852209-8-smb devstack@c-api.service[113549]: [pid: 113549|app: 0|req: 84/167] 10.222.0.60 () {60 vars in 1276 bytes} [Wed Aug 31 00:16:27 2022] GET /volume/v3/86d5f4ac26324434917ca8bb1fc704d1/volumes/detail => generated 975 bytes in 128 msecs (HTTP/1.1 200) 7 headers in 286 bytes (1 switches on core 0)
Aug 31 00:16:27.819279 dv-cinder-852209-8-smb devstack@c-api.service[113549]: DEBUG cinder.api.middleware.request_id [None req-c0c51229-398f-4ada-b4e4-b291c82c122b None None] RequestId filter calling following filter/app {{(pid=113549) _context_setter /opt/stack/cinder/cinder/api/middleware/request_id.py:62}}
Aug 31 00:16:27.826689 dv-cinder-852209-8-smb devstack@c-api.service[113548]: WARNING cinder.quota [None req-f80796d4-1f6f-4feb-9d6b-a7d817e79acb tempest-VolumeRetypeWithoutMigrationTest-2138533172 tempest-VolumeRetypeWithoutMigrationTest-2138533172-project] Deprecated: Default quota for resource: volumes_volume-type-1 is set by the default quota flag: quota_volumes_volume-type-1, it is now deprecated. Please use the default quota class for default quota.
Aug 31 00:16:27.827436 dv-cinder-852209-8-smb devstack@c-api.service[113548]: WARNING cinder.quota [None req-f80796d4-1f6f-4feb-9d6b-a7d817e79acb tempest-VolumeRetypeWithoutMigrationTest-2138533172 tempest-VolumeRetypeWithoutMigrationTest-2138533172-project] Deprecated: Default quota for resource: gigabytes_volume-type-1 is set by the default quota flag: quota_gigabytes_volume-type-1, it is now deprecated. Please use the default quota class for default quota.
Aug 31 00:16:27.830223 dv-cinder-852209-8-smb devstack@c-api.service[113549]: INFO cinder.api.openstack.wsgi [None req-c0c51229-398f-4ada-b4e4-b291c82c122b tempest-GroupsTest-1455810468 tempest-GroupsTest-1455810468-project] GET http://10.222.0.60/volume/v3/86d5f4ac26324434917ca8bb1fc704d1/volumes/detail
Aug 31 00:16:27.830633 dv-cinder-852209-8-smb devstack@c-api.service[113549]: DEBUG cinder.api.openstack.wsgi [None req-c0c51229-398f-4ada-b4e4-b291c82c122b tempest-GroupsTest-1455810468 tempest-GroupsTest-1455810468-project] Empty body provided in request {{(pid=113549) get_body /opt/stack/cinder/cinder/api/openstack/wsgi.py:715}}
Aug 31 00:16:27.831145 dv-cinder-852209-8-smb devstack@c-api.service[113549]: DEBUG cinder.api.openstack.wsgi [None req-c0c51229-398f-4ada-b4e4-b291c82c122b tempest-GroupsTest-1455810468 tempest-GroupsTest-1455810468-project] Calling method 'detail' {{(pid=113549) _process_stack /opt/stack/cinder/cinder/api/openstack/wsgi.py:868}}
Aug 31 00:16:27.831670 dv-cinder-852209-8-smb devstack@c-api.service[113549]: DEBUG cinder.api.api_utils [None req-c0c51229-398f-4ada-b4e4-b291c82c122b tempest-GroupsTest-1455810468 tempest-GroupsTest-1455810468-project] Removing options '' from query. {{(pid=113549) remove_invalid_filter_options /opt/stack/cinder/cinder/api/api_utils.py:83}}
Aug 31 00:16:27.833533 dv-cinder-852209-8-smb devstack@c-api.service[113549]: DEBUG cinder.volume.api [None req-c0c51229-398f-4ada-b4e4-b291c82c122b tempest-GroupsTest-1455810468 tempest-GroupsTest-1455810468-project] Searching by: MultiDict([('no_migration_targets', True)]). {{(pid=113549) get_all /opt/stack/cinder/cinder/volume/api.py:664}}
Aug 31 00:16:27.898261 dv-cinder-852209-8-smb devstack@c-api.service[113549]: INFO cinder.volume.api [None req-c0c51229-398f-4ada-b4e4-b291c82c122b tempest-GroupsTest-1455810468 tempest-GroupsTest-1455810468-project] Get all volumes completed successfully.
Aug 31 00:16:27.899768 dv-cinder-852209-8-smb devstack@c-api.service[113549]: WARNING stevedore.named [None req-c0c51229-398f-4ada-b4e4-b291c82c122b tempest-GroupsTest-1455810468 tempest-GroupsTest-1455810468-project] Could not load cinder.keymgr.conf_key_mgr.ConfKeyManager
Aug 31 00:16:27.900147 dv-cinder-852209-8-smb devstack@c-api.service[113549]: WARNING castellan.key_manager [None req-c0c51229-398f-4ada-b4e4-b291c82c122b tempest-GroupsTest-1455810468 tempest-GroupsTest-1455810468-project] Deprecation Warning : cinder.keymgr.conf_key_mgr.ConfKeyManager is not a stevedore based driver, trying to load it as a class: stevedore.exception.NoMatches: No 'castellan.drivers' driver found, looking for 'cinder.keymgr.conf_key_mgr.ConfKeyManager'
Aug 31 00:16:27.906823 dv-cinder-852209-8-smb devstack@c-api.service[113548]: DEBUG cinder.quota [None req-f80796d4-1f6f-4feb-9d6b-a7d817e79acb tempest-VolumeRetypeWithoutMigrationTest-2138533172 tempest-VolumeRetypeWithoutMigrationTest-2138533172-project] Created reservations ['b6f72cb3-f226-4110-99af-020c747c4775', '9695cb10-eaca-4349-8f1e-16f7fcc89af1', 'd978006a-fda5-4721-a1f6-85fde2b17e46', '277cb13f-7d45-4743-895d-50884eafc14b'] {{(pid=113548) reserve /opt/stack/cinder/cinder/quota.py:755}}
Aug 31 00:16:27.909906 dv-cinder-852209-8-smb devstack@c-api.service[113548]: DEBUG cinder.volume.api [None req-f80796d4-1f6f-4feb-9d6b-a7d817e79acb tempest-VolumeRetypeWithoutMigrationTest-2138533172 tempest-VolumeRetypeWithoutMigrationTest-2138533172-project] Task 'cinder.volume.flows.api.create_volume.QuotaReserveTask;volume:create' (f06703c4-c8dd-481f-9b96-bcb0280ab738) transitioned into state 'SUCCESS' from state 'RUNNING' with result '{'reservations': ['b6f72cb3-f226-4110-99af-020c747c4775', '9695cb10-eaca-4349-8f1e-16f7fcc89af1', 'd978006a-fda5-4721-a1f6-85fde2b17e46', '277cb13f-7d45-4743-895d-50884eafc14b']}' {{(pid=113548) _task_receiver /usr/local/lib/python3.8/dist-packages/taskflow/listeners/logging.py:178}}
Aug 31 00:16:27.911664 dv-cinder-852209-8-smb devstack@c-api.service[113549]: DEBUG oslo_db.sqlalchemy.engines [None req-c0c51229-398f-4ada-b4e4-b291c82c122b tempest-GroupsTest-1455810468 tempest-GroupsTest-1455810468-project] MySQL server mode set to STRICT_TRANS_TABLES,STRICT_ALL_TABLES,NO_ZERO_IN_DATE,NO_ZERO_DATE,ERROR_FOR_DIVISION_BY_ZERO,TRADITIONAL,NO_ENGINE_SUBSTITUTION {{(pid=113549) _check_effective_sql_mode /usr/local/lib/python3.8/dist-packages/oslo_db/sqlalchemy/engines.py:314}}
Aug 31 00:16:27.913606 dv-cinder-852209-8-smb devstack@c-api.service[113548]: DEBUG cinder.volume.api [None req-f80796d4-1f6f-4feb-9d6b-a7d817e79acb tempest-VolumeRetypeWithoutMigrationTest-2138533172 tempest-VolumeRetypeWithoutMigrationTest-2138533172-project] Task 'cinder.volume.flows.api.create_volume.EntryCreateTask;volume:create' (53773828-e1a0-4ad0-8647-afae66159c3e) transitioned into state 'RUNNING' from state 'PENDING' {{(pid=113548) _task_receiver /usr/local/lib/python3.8/dist-packages/taskflow/listeners/logging.py:190}}
Aug 31 00:16:27.919526 dv-cinder-852209-8-smb devstack@c-api.service[113549]: /usr/local/lib/python3.8/dist-packages/oslo_context/context.py:100: DeprecationWarning: Policy enforcement is depending on the value of is_admin. This key is deprecated. Please update your policy file to use the standard policy values.
Aug 31 00:16:27.919526 dv-cinder-852209-8-smb devstack@c-api.service[113549]: warnings.warn('Policy enforcement is depending on the value of '
Aug 31 00:16:27.934185 dv-cinder-852209-8-smb devstack@c-api.service[113549]: DEBUG dbcounter [-] [113549] Writing DB stats cinder:SELECT=97,cinder:UPDATE=1,cinder:INSERT=2 {{(pid=113549) stat_writer /usr/local/lib/python3.8/dist-packages/dbcounter.py:114}}
Aug 31 00:16:27.939261 dv-cinder-852209-8-smb devstack@c-api.service[113549]: INFO cinder.api.openstack.wsgi [None req-c0c51229-398f-4ada-b4e4-b291c82c122b tempest-GroupsTest-1455810468 tempest-GroupsTest-1455810468-project] http://10.222.0.60/volume/v3/86d5f4ac26324434917ca8bb1fc704d1/volumes/detail returned with HTTP 200
Aug 31 00:16:27.953320 dv-cinder-852209-8-smb devstack@c-api.service[113549]: [pid: 113549|app: 0|req: 85/168] 10.222.0.60 () {60 vars in 1276 bytes} [Wed Aug 31 00:16:27 2022] GET /volume/v3/86d5f4ac26324434917ca8bb1fc704d1/volumes/detail => generated 975 bytes in 126 msecs (HTTP/1.1 200) 7 headers in 286 bytes (1 switches on core 0)
Aug 31 00:16:27.957948 dv-cinder-852209-8-smb devstack@c-api.service[113549]: DEBUG cinder.api.middleware.request_id [None req-082cda4a-28c6-45a3-b2f2-419f9a1e5b63 None None] RequestId filter calling following filter/app {{(pid=113549) _context_setter /opt/stack/cinder/cinder/api/middleware/request_id.py:62}}
Aug 31 00:16:27.964571 dv-cinder-852209-8-smb devstack@c-api.service[113549]: INFO cinder.api.openstack.wsgi [None req-082cda4a-28c6-45a3-b2f2-419f9a1e5b63 tempest-GroupsTest-1455810468 tempest-GroupsTest-1455810468-project] POST http://10.222.0.60/volume/v3/86d5f4ac26324434917ca8bb1fc704d1/groups/8c9c396d-fac3-46ee-8e2a-88b8ccd69108/action
Aug 31 00:16:27.965062 dv-cinder-852209-8-smb devstack@c-api.service[113548]: DEBUG cinder.volume.api [None req-f80796d4-1f6f-4feb-9d6b-a7d817e79acb tempest-VolumeRetypeWithoutMigrationTest-2138533172 tempest-VolumeRetypeWithoutMigrationTest-2138533172-project] Task 'cinder.volume.flows.api.create_volume.EntryCreateTask;volume:create' (53773828-e1a0-4ad0-8647-afae66159c3e) transitioned into state 'SUCCESS' from state 'RUNNING' with result '{'volume_id': '38076648-584c-4176-9ab1-7d18cade4723', 'volume_properties': VolumeProperties(attach_status='detached',availability_zone='nova',cgsnapshot_id=None,consistencygroup_id=None,display_description=None,display_name='tempest-VolumeRetypeWithoutMigrationTest-Volume-236261394',encryption_key_id=None,group_id=None,group_type_id=,metadata={},multiattach=False,project_id='feba48b666c84e3098cc83f7d9dd39ef',qos_specs=None,replication_status=,reservations=['b6f72cb3-f226-4110-99af-020c747c4775','9695cb10-eaca-4349-8f1e-16f7fcc89af1','d978006a-fda5-4721-a1f6-85fde2b17e46','277cb13f-7d45-4743-895d-50884eafc14b'],size=1,snapshot_id=None,source_replicaid=,source_volid=None,status='creating',user_id='f62cd2a7b56a45899b95c8f85f9ad1b7',volume_type_id=9f5ce4b3-bdc0-42a3-88e8-92fa9a38c774), 'volume': Volume(_name_id=None,admin_metadata=,attach_status='detached',availability_zone='nova',bootable=False,cluster=,cluster_name=None,consistencygroup=,consistencygroup_id=None,created_at=2022-08-31T00:16:27Z,deleted=False,deleted_at=None,display_description=None,display_name='tempest-VolumeRetypeWithoutMigrationTest-Volume-236261394',ec2_id=None,encryption_key_id=None,glance_metadata=,group=,group_id=None,host=None,id=38076648-584c-4176-9ab1-7d18cade4723,launched_at=None,metadata={},migration_status=None,multiattach=False,previous_status=None,project_id='feba48b666c84e3098cc83f7d9dd39ef',provider_auth=None,provider_geometry=None,provider_id=None,provider_location=None,replication_driver_data=None,replication_extended_status=None,replication_status=None,scheduled_at=None,service_uuid=None,shared_targets=True,size=1,snapshot_id=None,snapshots=,source_volid=None,status='creating',terminated_at=None,updated_at=None,use_quota=True,user_id='f62cd2a7b56a45899b95c8f85f9ad1b7',volume_attachment=VolumeAttachmentList,volume_type=VolumeType(9f5ce4b3-bdc0-42a3-88e8-92fa9a38c774),volume_type_id=9f5ce4b3-bdc0-42a3-88e8-92fa9a38c774)}' {{(pid=113548) _task_receiver /usr/local/lib/python3.8/dist-packages/taskflow/listeners/logging.py:178}}
Aug 31 00:16:27.965621 dv-cinder-852209-8-smb devstack@c-api.service[113549]: DEBUG cinder.api.openstack.wsgi [None req-082cda4a-28c6-45a3-b2f2-419f9a1e5b63 tempest-GroupsTest-1455810468 tempest-GroupsTest-1455810468-project] Action body: b'{"delete": {"delete-volumes": true}}' {{(pid=113549) get_method /opt/stack/cinder/cinder/api/openstack/wsgi.py:983}}
Aug 31 00:16:27.966196 dv-cinder-852209-8-smb devstack@c-api.service[113549]: DEBUG cinder.api.openstack.wsgi [None req-082cda4a-28c6-45a3-b2f2-419f9a1e5b63 tempest-GroupsTest-1455810468 tempest-GroupsTest-1455810468-project] Action: 'action', calling method: delete_group, body: {"delete": {"delete-volumes": true}} {{(pid=113549) _process_stack /opt/stack/cinder/cinder/api/openstack/wsgi.py:866}}
Aug 31 00:16:27.967890 dv-cinder-852209-8-smb devstack@c-api.service[113548]: DEBUG cinder.volume.api [None req-f80796d4-1f6f-4feb-9d6b-a7d817e79acb tempest-VolumeRetypeWithoutMigrationTest-2138533172 tempest-VolumeRetypeWithoutMigrationTest-2138533172-project] Task 'cinder.volume.flows.api.create_volume.QuotaCommitTask;volume:create' (d1ba2433-9503-4336-b8a5-a7f24e805087) transitioned into state 'RUNNING' from state 'PENDING' {{(pid=113548) _task_receiver /usr/local/lib/python3.8/dist-packages/taskflow/listeners/logging.py:190}}
Aug 31 00:16:27.969116 dv-cinder-852209-8-smb devstack@c-api.service[113549]: DEBUG cinder.api.v3.groups [None req-082cda4a-28c6-45a3-b2f2-419f9a1e5b63 tempest-GroupsTest-1455810468 tempest-GroupsTest-1455810468-project] delete called for group 8c9c396d-fac3-46ee-8e2a-88b8ccd69108 {{(pid=113549) _delete /opt/stack/cinder/cinder/api/v3/groups.py:117}}
Aug 31 00:16:27.969838 dv-cinder-852209-8-smb devstack@c-api.service[113549]: INFO cinder.api.v3.groups [None req-082cda4a-28c6-45a3-b2f2-419f9a1e5b63 tempest-GroupsTest-1455810468 tempest-GroupsTest-1455810468-project] Delete group with id: 8c9c396d-fac3-46ee-8e2a-88b8ccd69108
Aug 31 00:16:27.978570 dv-cinder-852209-8-smb devstack@c-api.service[113549]: /usr/local/lib/python3.8/dist-packages/oslo_context/context.py:100: DeprecationWarning: Policy enforcement is depending on the value of is_admin. This key is deprecated. Please update your policy file to use the standard policy values.
Aug 31 00:16:27.978570 dv-cinder-852209-8-smb devstack@c-api.service[113549]: warnings.warn('Policy enforcement is depending on the value of '
Aug 31 00:16:28.012402 dv-cinder-852209-8-smb devstack@c-api.service[113548]: DEBUG cinder.volume.api [None req-f80796d4-1f6f-4feb-9d6b-a7d817e79acb tempest-VolumeRetypeWithoutMigrationTest-2138533172 tempest-VolumeRetypeWithoutMigrationTest-2138533172-project] Task 'cinder.volume.flows.api.create_volume.QuotaCommitTask;volume:create' (d1ba2433-9503-4336-b8a5-a7f24e805087) transitioned into state 'SUCCESS' from state 'RUNNING' with result '{'volume_properties': VolumeProperties(attach_status='detached',availability_zone='nova',cgsnapshot_id=None,consistencygroup_id=None,display_description=None,display_name='tempest-VolumeRetypeWithoutMigrationTest-Volume-236261394',encryption_key_id=None,group_id=None,group_type_id=,metadata={},multiattach=False,project_id='feba48b666c84e3098cc83f7d9dd39ef',qos_specs=None,replication_status=,reservations=['b6f72cb3-f226-4110-99af-020c747c4775','9695cb10-eaca-4349-8f1e-16f7fcc89af1','d978006a-fda5-4721-a1f6-85fde2b17e46','277cb13f-7d45-4743-895d-50884eafc14b'],size=1,snapshot_id=None,source_replicaid=,source_volid=None,status='creating',user_id='f62cd2a7b56a45899b95c8f85f9ad1b7',volume_type_id=9f5ce4b3-bdc0-42a3-88e8-92fa9a38c774)}' {{(pid=113548) _task_receiver /usr/local/lib/python3.8/dist-packages/taskflow/listeners/logging.py:178}}
Aug 31 00:16:28.017134 dv-cinder-852209-8-smb devstack@c-api.service[113548]: DEBUG cinder.volume.api [None req-f80796d4-1f6f-4feb-9d6b-a7d817e79acb tempest-VolumeRetypeWithoutMigrationTest-2138533172 tempest-VolumeRetypeWithoutMigrationTest-2138533172-project] Task 'cinder.volume.flows.api.create_volume.VolumeCastTask;volume:create' (d4723419-6f82-4a8c-a4df-0d16d98de075) transitioned into state 'RUNNING' from state 'PENDING' {{(pid=113548) _task_receiver /usr/local/lib/python3.8/dist-packages/taskflow/listeners/logging.py:190}}
Aug 31 00:16:28.063838 dv-cinder-852209-8-smb devstack@c-api.service[113548]: DEBUG cinder.volume.api [None req-f80796d4-1f6f-4feb-9d6b-a7d817e79acb tempest-VolumeRetypeWithoutMigrationTest-2138533172 tempest-VolumeRetypeWithoutMigrationTest-2138533172-project] Task 'cinder.volume.flows.api.create_volume.VolumeCastTask;volume:create' (d4723419-6f82-4a8c-a4df-0d16d98de075) transitioned into state 'SUCCESS' from state 'RUNNING' with result 'None' {{(pid=113548) _task_receiver /usr/local/lib/python3.8/dist-packages/taskflow/listeners/logging.py:178}}
Aug 31 00:16:28.070946 dv-cinder-852209-8-smb devstack@c-api.service[113548]: DEBUG cinder.volume.api [None req-f80796d4-1f6f-4feb-9d6b-a7d817e79acb tempest-VolumeRetypeWithoutMigrationTest-2138533172 tempest-VolumeRetypeWithoutMigrationTest-2138533172-project] Flow 'volume_create_api' (78c71ed9-a863-4d39-9fb2-939c0e76a8ca) transitioned into state 'SUCCESS' from state 'RUNNING' {{(pid=113548) _flow_receiver /usr/local/lib/python3.8/dist-packages/taskflow/listeners/logging.py:141}}
Aug 31 00:16:28.072815 dv-cinder-852209-8-smb devstack@c-api.service[113548]: INFO cinder.volume.api [None req-f80796d4-1f6f-4feb-9d6b-a7d817e79acb tempest-VolumeRetypeWithoutMigrationTest-2138533172 tempest-VolumeRetypeWithoutMigrationTest-2138533172-project] Create volume request issued successfully.
Aug 31 00:16:28.076962 dv-cinder-852209-8-smb devstack@c-api.service[113548]: INFO cinder.api.openstack.wsgi [None req-f80796d4-1f6f-4feb-9d6b-a7d817e79acb tempest-VolumeRetypeWithoutMigrationTest-2138533172 tempest-VolumeRetypeWithoutMigrationTest-2138533172-project] http://10.222.0.60/volume/v3/feba48b666c84e3098cc83f7d9dd39ef/volumes returned with HTTP 202
Aug 31 00:16:28.093593 dv-cinder-852209-8-smb devstack@c-api.service[113548]: [pid: 113548|app: 0|req: 84/169] 10.222.0.60 () {60 vars in 1236 bytes} [Wed Aug 31 00:16:27 2022] POST /volume/v3/feba48b666c84e3098cc83f7d9dd39ef/volumes => generated 833 bytes in 1025 msecs (HTTP/1.1 202) 7 headers in 291 bytes (1 switches on core 0)
Aug 31 00:16:28.095423 dv-cinder-852209-8-smb devstack@c-api.service[113548]: DEBUG cinder.api.middleware.request_id [None req-ee1f79f3-2c12-4551-85bf-048e52046ab4 None None] RequestId filter calling following filter/app {{(pid=113548) _context_setter /opt/stack/cinder/cinder/api/middleware/request_id.py:62}}
Aug 31 00:16:28.100131 dv-cinder-852209-8-smb devstack@c-api.service[113548]: INFO cinder.api.openstack.wsgi [None req-ee1f79f3-2c12-4551-85bf-048e52046ab4 tempest-VolumeRetypeWithoutMigrationTest-2138533172 tempest-VolumeRetypeWithoutMigrationTest-2138533172-project] GET http://10.222.0.60/volume/v3/feba48b666c84e3098cc83f7d9dd39ef/volumes/38076648-584c-4176-9ab1-7d18cade4723
Aug 31 00:16:28.100586 dv-cinder-852209-8-smb devstack@c-api.service[113548]: DEBUG cinder.api.openstack.wsgi [None req-ee1f79f3-2c12-4551-85bf-048e52046ab4 tempest-VolumeRetypeWithoutMigrationTest-2138533172 tempest-VolumeRetypeWithoutMigrationTest-2138533172-project] Empty body provided in request {{(pid=113548) get_body /opt/stack/cinder/cinder/api/openstack/wsgi.py:715}}
Aug 31 00:16:28.101052 dv-cinder-852209-8-smb devstack@c-api.service[113548]: DEBUG cinder.api.openstack.wsgi [None req-ee1f79f3-2c12-4551-85bf-048e52046ab4 tempest-VolumeRetypeWithoutMigrationTest-2138533172 tempest-VolumeRetypeWithoutMigrationTest-2138533172-project] Calling method 'show' {{(pid=113548) _process_stack /opt/stack/cinder/cinder/api/openstack/wsgi.py:868}}
Aug 31 00:16:28.124474 dv-cinder-852209-8-smb devstack@c-api.service[113549]: INFO cinder.api.openstack.wsgi [None req-082cda4a-28c6-45a3-b2f2-419f9a1e5b63 tempest-GroupsTest-1455810468 tempest-GroupsTest-1455810468-project] http://10.222.0.60/volume/v3/86d5f4ac26324434917ca8bb1fc704d1/groups/8c9c396d-fac3-46ee-8e2a-88b8ccd69108/action returned with HTTP 202
Aug 31 00:16:28.126107 dv-cinder-852209-8-smb devstack@c-api.service[113549]: [pid: 113549|app: 0|req: 86/170] 10.222.0.60 () {62 vars in 1405 bytes} [Wed Aug 31 00:16:27 2022] POST /volume/v3/86d5f4ac26324434917ca8bb1fc704d1/groups/8c9c396d-fac3-46ee-8e2a-88b8ccd69108/action => generated 0 bytes in 169 msecs (HTTP/1.1 202) 6 headers in 234 bytes (1 switches on core 0)
Aug 31 00:16:28.131072 dv-cinder-852209-8-smb devstack@c-api.service[113549]: DEBUG cinder.api.middleware.request_id [None req-128862c4-5402-4ebf-890e-fab4ea43bf89 None None] RequestId filter calling following filter/app {{(pid=113549) _context_setter /opt/stack/cinder/cinder/api/middleware/request_id.py:62}}
Aug 31 00:16:28.132308 dv-cinder-852209-8-smb devstack@c-api.service[113548]: /usr/local/lib/python3.8/dist-packages/oslo_context/context.py:100: DeprecationWarning: Policy enforcement is depending on the value of is_admin. This key is deprecated. Please update your policy file to use the standard policy values.
Aug 31 00:16:28.132308 dv-cinder-852209-8-smb devstack@c-api.service[113548]: warnings.warn('Policy enforcement is depending on the value of '
Aug 31 00:16:28.141190 dv-cinder-852209-8-smb devstack@c-api.service[113549]: INFO cinder.api.openstack.wsgi [None req-128862c4-5402-4ebf-890e-fab4ea43bf89 tempest-GroupsTest-1455810468 tempest-GroupsTest-1455810468-project] GET http://10.222.0.60/volume/v3/86d5f4ac26324434917ca8bb1fc704d1/volumes/aa7723cf-1170-4cab-83eb-b131bfe4e1da
Aug 31 00:16:28.141916 dv-cinder-852209-8-smb devstack@c-api.service[113549]: DEBUG cinder.api.openstack.wsgi [None req-128862c4-5402-4ebf-890e-fab4ea43bf89 tempest-GroupsTest-1455810468 tempest-GroupsTest-1455810468-project] Empty body provided in request {{(pid=113549) get_body /opt/stack/cinder/cinder/api/openstack/wsgi.py:715}}
Aug 31 00:16:28.142555 dv-cinder-852209-8-smb devstack@c-api.service[113549]: DEBUG cinder.api.openstack.wsgi [None req-128862c4-5402-4ebf-890e-fab4ea43bf89 tempest-GroupsTest-1455810468 tempest-GroupsTest-1455810468-project] Calling method 'show' {{(pid=113549) _process_stack /opt/stack/cinder/cinder/api/openstack/wsgi.py:868}}
Aug 31 00:16:28.150867 dv-cinder-852209-8-smb devstack@c-api.service[113548]: INFO cinder.volume.api [None req-ee1f79f3-2c12-4551-85bf-048e52046ab4 tempest-VolumeRetypeWithoutMigrationTest-2138533172 tempest-VolumeRetypeWithoutMigrationTest-2138533172-project] Volume info retrieved successfully.
Aug 31 00:16:28.171508 dv-cinder-852209-8-smb devstack@c-api.service[113548]: INFO cinder.api.openstack.wsgi [None req-ee1f79f3-2c12-4551-85bf-048e52046ab4 tempest-VolumeRetypeWithoutMigrationTest-2138533172 tempest-VolumeRetypeWithoutMigrationTest-2138533172-project] http://10.222.0.60/volume/v3/feba48b666c84e3098cc83f7d9dd39ef/volumes/38076648-584c-4176-9ab1-7d18cade4723 returned with HTTP 200
Aug 31 00:16:28.172621 dv-cinder-852209-8-smb devstack@c-api.service[113548]: [pid: 113548|app: 0|req: 85/171] 10.222.0.60 () {58 vars in 1325 bytes} [Wed Aug 31 00:16:28 2022] GET /volume/v3/feba48b666c84e3098cc83f7d9dd39ef/volumes/38076648-584c-4176-9ab1-7d18cade4723 => generated 901 bytes in 78 msecs (HTTP/1.1 200) 7 headers in 285 bytes (2 switches on core 0)
Aug 31 00:16:28.183183 dv-cinder-852209-8-smb devstack@c-api.service[113549]: /usr/local/lib/python3.8/dist-packages/oslo_context/context.py:100: DeprecationWarning: Policy enforcement is depending on the value of is_admin. This key is deprecated. Please update your policy file to use the standard policy values.
Aug 31 00:16:28.183183 dv-cinder-852209-8-smb devstack@c-api.service[113549]: warnings.warn('Policy enforcement is depending on the value of '
Aug 31 00:16:28.198910 dv-cinder-852209-8-smb devstack@c-api.service[113549]: INFO cinder.volume.api [None req-128862c4-5402-4ebf-890e-fab4ea43bf89 tempest-GroupsTest-1455810468 tempest-GroupsTest-1455810468-project] Volume info retrieved successfully.
