Aug 31 00:19:01.494295 dv-cinder-852209-8-iscsi devstack@c-api.service[119817]: INFO cinder.api.v3.volumes [None req-98a321de-8c81-424b-b7fa-0c6eb3ec84dd tempest-GroupsV314Test-1606354769 tempest-GroupsV314Test-1606354769-project] Delete volume with id: 688f18ec-64cc-4834-8de8-e666f2489c8b
Aug 31 00:19:01.533292 dv-cinder-852209-8-iscsi devstack@c-api.service[119817]: INFO cinder.api.openstack.wsgi [None req-98a321de-8c81-424b-b7fa-0c6eb3ec84dd tempest-GroupsV314Test-1606354769 tempest-GroupsV314Test-1606354769-project] http://10.222.0.49/volume/v3/7dadd80d2dde4b8db7db81f804c0a35f/volumes/688f18ec-64cc-4834-8de8-e666f2489c8b returned with HTTP 404
Aug 31 00:19:01.534894 dv-cinder-852209-8-iscsi devstack@c-api.service[119817]: [pid: 119817|app: 0|req: 34/71] 10.222.0.49 () {60 vars in 1369 bytes} [Wed Aug 31 00:19:01 2022] DELETE /volume/v3/7dadd80d2dde4b8db7db81f804c0a35f/volumes/688f18ec-64cc-4834-8de8-e666f2489c8b => generated 109 bytes in 64 msecs (HTTP/1.1 404) 7 headers in 293 bytes (1 switches on core 0)
Aug 31 00:19:01.539380 dv-cinder-852209-8-iscsi devstack@c-api.service[119817]: DEBUG cinder.api.middleware.request_id [None req-700558d7-8e30-4932-9e84-cc433ad58dd7 None None] RequestId filter calling following filter/app {{(pid=119817) _context_setter /opt/stack/cinder/cinder/api/middleware/request_id.py:62}}
Aug 31 00:19:01.546041 dv-cinder-852209-8-iscsi devstack@c-api.service[119817]: INFO cinder.api.openstack.wsgi [None req-700558d7-8e30-4932-9e84-cc433ad58dd7 tempest-GroupsV314Test-1648900123 tempest-GroupsV314Test-1648900123-project-admin] DELETE http://10.222.0.49/volume/v3/88e6f9c44eca4ea6affc9ebedbed9bca/types/2207a7c2-501f-4544-9d52-13b59ffd59ec
Aug 31 00:19:01.546522 dv-cinder-852209-8-iscsi devstack@c-api.service[119817]: DEBUG cinder.api.openstack.wsgi [None req-700558d7-8e30-4932-9e84-cc433ad58dd7 tempest-GroupsV314Test-1648900123 tempest-GroupsV314Test-1648900123-project-admin] Empty body provided in request {{(pid=119817) get_body /opt/stack/cinder/cinder/api/openstack/wsgi.py:715}}
Aug 31 00:19:01.547021 dv-cinder-852209-8-iscsi devstack@c-api.service[119817]: DEBUG cinder.api.openstack.wsgi [None req-700558d7-8e30-4932-9e84-cc433ad58dd7 tempest-GroupsV314Test-1648900123 tempest-GroupsV314Test-1648900123-project-admin] Calling method '_delete' {{(pid=119817) _process_stack /opt/stack/cinder/cinder/api/openstack/wsgi.py:868}}
Aug 31 00:19:01.666754 dv-cinder-852209-8-iscsi devstack@c-api.service[119817]: INFO cinder.api.openstack.wsgi [None req-700558d7-8e30-4932-9e84-cc433ad58dd7 tempest-GroupsV314Test-1648900123 tempest-GroupsV314Test-1648900123-project-admin] http://10.222.0.49/volume/v3/88e6f9c44eca4ea6affc9ebedbed9bca/types/2207a7c2-501f-4544-9d52-13b59ffd59ec returned with HTTP 202
Aug 31 00:19:01.668493 dv-cinder-852209-8-iscsi devstack@c-api.service[119817]: [pid: 119817|app: 0|req: 35/72] 10.222.0.49 () {58 vars in 1322 bytes} [Wed Aug 31 00:19:01 2022] DELETE /volume/v3/88e6f9c44eca4ea6affc9ebedbed9bca/types/2207a7c2-501f-4544-9d52-13b59ffd59ec => generated 0 bytes in 130 msecs (HTTP/1.1 202) 6 headers in 233 bytes (1 switches on core 0)
Aug 31 00:19:01.673158 dv-cinder-852209-8-iscsi devstack@c-api.service[119817]: DEBUG cinder.api.middleware.request_id [None req-257a5c61-3524-4aeb-8da5-60b387f88402 None None] RequestId filter calling following filter/app {{(pid=119817) _context_setter /opt/stack/cinder/cinder/api/middleware/request_id.py:62}}
Aug 31 00:19:01.689733 dv-cinder-852209-8-iscsi devstack@c-api.service[119817]: INFO cinder.api.openstack.wsgi [None req-257a5c61-3524-4aeb-8da5-60b387f88402 tempest-GroupsV314Test-1648900123 tempest-GroupsV314Test-1648900123-project-admin] GET http://10.222.0.49/volume/v3/88e6f9c44eca4ea6affc9ebedbed9bca/types/2207a7c2-501f-4544-9d52-13b59ffd59ec
Aug 31 00:19:01.690641 dv-cinder-852209-8-iscsi devstack@c-api.service[119817]: DEBUG cinder.api.openstack.wsgi [None req-257a5c61-3524-4aeb-8da5-60b387f88402 tempest-GroupsV314Test-1648900123 tempest-GroupsV314Test-1648900123-project-admin] Empty body provided in request {{(pid=119817) get_body /opt/stack/cinder/cinder/api/openstack/wsgi.py:715}}
Aug 31 00:19:01.691344 dv-cinder-852209-8-iscsi devstack@c-api.service[119817]: DEBUG cinder.api.openstack.wsgi [None req-257a5c61-3524-4aeb-8da5-60b387f88402 tempest-GroupsV314Test-1648900123 tempest-GroupsV314Test-1648900123-project-admin] Calling method 'show' {{(pid=119817) _process_stack /opt/stack/cinder/cinder/api/openstack/wsgi.py:868}}
Aug 31 00:19:01.703611 dv-cinder-852209-8-iscsi devstack@c-api.service[119818]: INFO cinder.volume.api [None req-962bba9f-5bad-4fa6-904c-b2e2e804bef7 tempest-SnapshotsActionsTest-1345908480 tempest-SnapshotsActionsTest-1345908480-project] Snapshot create request issued successfully.
Aug 31 00:19:01.725715 dv-cinder-852209-8-iscsi devstack@c-api.service[119818]: INFO cinder.api.openstack.wsgi [None req-962bba9f-5bad-4fa6-904c-b2e2e804bef7 tempest-SnapshotsActionsTest-1345908480 tempest-SnapshotsActionsTest-1345908480-project] http://10.222.0.49/volume/v3/d57d3ecb7d4f4b819e1f5c8669d84d22/snapshots returned with HTTP 202
Aug 31 00:19:01.731366 dv-cinder-852209-8-iscsi devstack@c-api.service[119818]: [pid: 119818|app: 0|req: 38/73] 10.222.0.49 () {60 vars in 1242 bytes} [Wed Aug 31 00:19:01 2022] POST /volume/v3/d57d3ecb7d4f4b819e1f5c8669d84d22/snapshots => generated 307 bytes in 535 msecs (HTTP/1.1 202) 7 headers in 291 bytes (1 switches on core 0)
Aug 31 00:19:01.735883 dv-cinder-852209-8-iscsi devstack@c-api.service[119817]: INFO cinder.api.openstack.wsgi [None req-257a5c61-3524-4aeb-8da5-60b387f88402 tempest-GroupsV314Test-1648900123 tempest-GroupsV314Test-1648900123-project-admin] http://10.222.0.49/volume/v3/88e6f9c44eca4ea6affc9ebedbed9bca/types/2207a7c2-501f-4544-9d52-13b59ffd59ec returned with HTTP 404
Aug 31 00:19:01.738580 dv-cinder-852209-8-iscsi devstack@c-api.service[119818]: DEBUG cinder.api.middleware.request_id [None req-a79dcb5c-fd95-4a5d-9d9a-b1f61a598f7f None None] RequestId filter calling following filter/app {{(pid=119818) _context_setter /opt/stack/cinder/cinder/api/middleware/request_id.py:62}}
Aug 31 00:19:01.750390 dv-cinder-852209-8-iscsi devstack@c-api.service[119817]: [pid: 119817|app: 0|req: 36/74] 10.222.0.49 () {58 vars in 1319 bytes} [Wed Aug 31 00:19:01 2022] GET /volume/v3/88e6f9c44eca4ea6affc9ebedbed9bca/types/2207a7c2-501f-4544-9d52-13b59ffd59ec => generated 114 bytes in 78 msecs (HTTP/1.1 404) 7 headers in 292 bytes (1 switches on core 0)
Aug 31 00:19:01.756753 dv-cinder-852209-8-iscsi devstack@c-api.service[119818]: INFO cinder.api.openstack.wsgi [None req-a79dcb5c-fd95-4a5d-9d9a-b1f61a598f7f tempest-SnapshotsActionsTest-1345908480 tempest-SnapshotsActionsTest-1345908480-project] GET http://10.222.0.49/volume/v3/d57d3ecb7d4f4b819e1f5c8669d84d22/snapshots/99f75bc4-7b68-4377-9957-42d43cbfb32d
Aug 31 00:19:01.764089 dv-cinder-852209-8-iscsi devstack@c-api.service[119818]: DEBUG cinder.api.openstack.wsgi [None req-a79dcb5c-fd95-4a5d-9d9a-b1f61a598f7f tempest-SnapshotsActionsTest-1345908480 tempest-SnapshotsActionsTest-1345908480-project] Empty body provided in request {{(pid=119818) get_body /opt/stack/cinder/cinder/api/openstack/wsgi.py:715}}
Aug 31 00:19:01.764611 dv-cinder-852209-8-iscsi devstack@c-api.service[119818]: DEBUG cinder.api.openstack.wsgi [None req-a79dcb5c-fd95-4a5d-9d9a-b1f61a598f7f tempest-SnapshotsActionsTest-1345908480 tempest-SnapshotsActionsTest-1345908480-project] Calling method 'show' {{(pid=119818) _process_stack /opt/stack/cinder/cinder/api/openstack/wsgi.py:868}}
Aug 31 00:19:01.799629 dv-cinder-852209-8-iscsi devstack@c-api.service[119818]: /usr/local/lib/python3.8/dist-packages/oslo_context/context.py:100: DeprecationWarning: Policy enforcement is depending on the value of is_admin. This key is deprecated. Please update your policy file to use the standard policy values.
Aug 31 00:19:01.799629 dv-cinder-852209-8-iscsi devstack@c-api.service[119818]: warnings.warn('Policy enforcement is depending on the value of '
Aug 31 00:19:01.801889 dv-cinder-852209-8-iscsi devstack@c-api.service[119818]: INFO cinder.volume.api [None req-a79dcb5c-fd95-4a5d-9d9a-b1f61a598f7f tempest-SnapshotsActionsTest-1345908480 tempest-SnapshotsActionsTest-1345908480-project] Snapshot retrieved successfully.
Aug 31 00:19:01.818135 dv-cinder-852209-8-iscsi devstack@c-api.service[119818]: INFO cinder.api.openstack.wsgi [None req-a79dcb5c-fd95-4a5d-9d9a-b1f61a598f7f tempest-SnapshotsActionsTest-1345908480 tempest-SnapshotsActionsTest-1345908480-project] http://10.222.0.49/volume/v3/d57d3ecb7d4f4b819e1f5c8669d84d22/snapshots/99f75bc4-7b68-4377-9957-42d43cbfb32d returned with HTTP 200
Aug 31 00:19:01.820854 dv-cinder-852209-8-iscsi devstack@c-api.service[119818]: [pid: 119818|app: 0|req: 39/75] 10.222.0.49 () {58 vars in 1331 bytes} [Wed Aug 31 00:19:01 2022] GET /volume/v3/d57d3ecb7d4f4b819e1f5c8669d84d22/snapshots/99f75bc4-7b68-4377-9957-42d43cbfb32d => generated 439 bytes in 87 msecs (HTTP/1.1 200) 7 headers in 285 bytes (1 switches on core 0)
Aug 31 00:19:02.829324 dv-cinder-852209-8-iscsi devstack@c-api.service[119817]: DEBUG cinder.api.middleware.request_id [None req-ebfe3200-6c3b-43aa-b74b-702bfca663d3 None None] RequestId filter calling following filter/app {{(pid=119817) _context_setter /opt/stack/cinder/cinder/api/middleware/request_id.py:62}}
Aug 31 00:19:02.838370 dv-cinder-852209-8-iscsi devstack@c-api.service[119817]: INFO cinder.api.openstack.wsgi [None req-ebfe3200-6c3b-43aa-b74b-702bfca663d3 tempest-SnapshotsActionsTest-1345908480 tempest-SnapshotsActionsTest-1345908480-project] GET http://10.222.0.49/volume/v3/d57d3ecb7d4f4b819e1f5c8669d84d22/snapshots/99f75bc4-7b68-4377-9957-42d43cbfb32d
Aug 31 00:19:02.839158 dv-cinder-852209-8-iscsi devstack@c-api.service[119817]: DEBUG cinder.api.openstack.wsgi [None req-ebfe3200-6c3b-43aa-b74b-702bfca663d3 tempest-SnapshotsActionsTest-1345908480 tempest-SnapshotsActionsTest-1345908480-project] Empty body provided in request {{(pid=119817) get_body /opt/stack/cinder/cinder/api/openstack/wsgi.py:715}}
Aug 31 00:19:02.839823 dv-cinder-852209-8-iscsi devstack@c-api.service[119817]: DEBUG cinder.api.openstack.wsgi [None req-ebfe3200-6c3b-43aa-b74b-702bfca663d3 tempest-SnapshotsActionsTest-1345908480 tempest-SnapshotsActionsTest-1345908480-project] Calling method 'show' {{(pid=119817) _process_stack /opt/stack/cinder/cinder/api/openstack/wsgi.py:868}}
Aug 31 00:19:02.910930 dv-cinder-852209-8-iscsi devstack@c-api.service[119817]: /usr/local/lib/python3.8/dist-packages/oslo_context/context.py:100: DeprecationWarning: Policy enforcement is depending on the value of is_admin. This key is deprecated. Please update your policy file to use the standard policy values.
Aug 31 00:19:02.910930 dv-cinder-852209-8-iscsi devstack@c-api.service[119817]: warnings.warn('Policy enforcement is depending on the value of '
Aug 31 00:19:02.912309 dv-cinder-852209-8-iscsi devstack@c-api.service[119817]: INFO cinder.volume.api [None req-ebfe3200-6c3b-43aa-b74b-702bfca663d3 tempest-SnapshotsActionsTest-1345908480 tempest-SnapshotsActionsTest-1345908480-project] Snapshot retrieved successfully.
Aug 31 00:19:02.915827 dv-cinder-852209-8-iscsi devstack@c-api.service[119817]: INFO cinder.api.openstack.wsgi [None req-ebfe3200-6c3b-43aa-b74b-702bfca663d3 tempest-SnapshotsActionsTest-1345908480 tempest-SnapshotsActionsTest-1345908480-project] http://10.222.0.49/volume/v3/d57d3ecb7d4f4b819e1f5c8669d84d22/snapshots/99f75bc4-7b68-4377-9957-42d43cbfb32d returned with HTTP 200
Aug 31 00:19:02.917516 dv-cinder-852209-8-iscsi devstack@c-api.service[119817]: [pid: 119817|app: 0|req: 37/76] 10.222.0.49 () {58 vars in 1331 bytes} [Wed Aug 31 00:19:02 2022] GET /volume/v3/d57d3ecb7d4f4b819e1f5c8669d84d22/snapshots/99f75bc4-7b68-4377-9957-42d43cbfb32d => generated 439 bytes in 89 msecs (HTTP/1.1 200) 7 headers in 285 bytes (1 switches on core 0)
Aug 31 00:19:03.926105 dv-cinder-852209-8-iscsi devstack@c-api.service[119818]: DEBUG cinder.api.middleware.request_id [None req-7b2ed94c-1cd5-4110-9042-fbdede0c7909 None None] RequestId filter calling following filter/app {{(pid=119818) _context_setter /opt/stack/cinder/cinder/api/middleware/request_id.py:62}}
Aug 31 00:19:03.932301 dv-cinder-852209-8-iscsi devstack@c-api.service[119818]: INFO cinder.api.openstack.wsgi [None req-7b2ed94c-1cd5-4110-9042-fbdede0c7909 tempest-SnapshotsActionsTest-1345908480 tempest-SnapshotsActionsTest-1345908480-project] GET http://10.222.0.49/volume/v3/d57d3ecb7d4f4b819e1f5c8669d84d22/snapshots/99f75bc4-7b68-4377-9957-42d43cbfb32d
Aug 31 00:19:03.933045 dv-cinder-852209-8-iscsi devstack@c-api.service[119818]: DEBUG cinder.api.openstack.wsgi [None req-7b2ed94c-1cd5-4110-9042-fbdede0c7909 tempest-SnapshotsActionsTest-1345908480 tempest-SnapshotsActionsTest-1345908480-project] Empty body provided in request {{(pid=119818) get_body /opt/stack/cinder/cinder/api/openstack/wsgi.py:715}}
Aug 31 00:19:03.933565 dv-cinder-852209-8-iscsi devstack@c-api.service[119818]: DEBUG cinder.api.openstack.wsgi [None req-7b2ed94c-1cd5-4110-9042-fbdede0c7909 tempest-SnapshotsActionsTest-1345908480 tempest-SnapshotsActionsTest-1345908480-project] Calling method 'show' {{(pid=119818) _process_stack /opt/stack/cinder/cinder/api/openstack/wsgi.py:868}}
Aug 31 00:19:03.955191 dv-cinder-852209-8-iscsi devstack@c-api.service[119818]: /usr/local/lib/python3.8/dist-packages/oslo_context/context.py:100: DeprecationWarning: Policy enforcement is depending on the value of is_admin. This key is deprecated. Please update your policy file to use the standard policy values.
Aug 31 00:19:03.955191 dv-cinder-852209-8-iscsi devstack@c-api.service[119818]: warnings.warn('Policy enforcement is depending on the value of '
Aug 31 00:19:03.956589 dv-cinder-852209-8-iscsi devstack@c-api.service[119818]: INFO cinder.volume.api [None req-7b2ed94c-1cd5-4110-9042-fbdede0c7909 tempest-SnapshotsActionsTest-1345908480 tempest-SnapshotsActionsTest-1345908480-project] Snapshot retrieved successfully.
Aug 31 00:19:03.962076 dv-cinder-852209-8-iscsi devstack@c-api.service[119818]: INFO cinder.api.openstack.wsgi [None req-7b2ed94c-1cd5-4110-9042-fbdede0c7909 tempest-SnapshotsActionsTest-1345908480 tempest-SnapshotsActionsTest-1345908480-project] http://10.222.0.49/volume/v3/d57d3ecb7d4f4b819e1f5c8669d84d22/snapshots/99f75bc4-7b68-4377-9957-42d43cbfb32d returned with HTTP 200
Aug 31 00:19:03.968283 dv-cinder-852209-8-iscsi devstack@c-api.service[119818]: [pid: 119818|app: 0|req: 40/77] 10.222.0.49 () {58 vars in 1331 bytes} [Wed Aug 31 00:19:03 2022] GET /volume/v3/d57d3ecb7d4f4b819e1f5c8669d84d22/snapshots/99f75bc4-7b68-4377-9957-42d43cbfb32d => generated 439 bytes in 43 msecs (HTTP/1.1 200) 7 headers in 285 bytes (1 switches on core 0)
Aug 31 00:19:04.977741 dv-cinder-852209-8-iscsi devstack@c-api.service[119817]: DEBUG cinder.api.middleware.request_id [None req-fccb98f9-0062-4391-9d0a-c07f6e0b7cfe None None] RequestId filter calling following filter/app {{(pid=119817) _context_setter /opt/stack/cinder/cinder/api/middleware/request_id.py:62}}
Aug 31 00:19:04.982260 dv-cinder-852209-8-iscsi devstack@c-api.service[119817]: INFO cinder.api.openstack.wsgi [None req-fccb98f9-0062-4391-9d0a-c07f6e0b7cfe tempest-SnapshotsActionsTest-1345908480 tempest-SnapshotsActionsTest-1345908480-project] GET http://10.222.0.49/volume/v3/d57d3ecb7d4f4b819e1f5c8669d84d22/snapshots/99f75bc4-7b68-4377-9957-42d43cbfb32d
Aug 31 00:19:04.982712 dv-cinder-852209-8-iscsi devstack@c-api.service[119817]: DEBUG cinder.api.openstack.wsgi [None req-fccb98f9-0062-4391-9d0a-c07f6e0b7cfe tempest-SnapshotsActionsTest-1345908480 tempest-SnapshotsActionsTest-1345908480-project] Empty body provided in request {{(pid=119817) get_body /opt/stack/cinder/cinder/api/openstack/wsgi.py:715}}
Aug 31 00:19:04.984534 dv-cinder-852209-8-iscsi devstack@c-api.service[119817]: DEBUG cinder.api.openstack.wsgi [None req-fccb98f9-0062-4391-9d0a-c07f6e0b7cfe tempest-SnapshotsActionsTest-1345908480 tempest-SnapshotsActionsTest-1345908480-project] Calling method 'show' {{(pid=119817) _process_stack /opt/stack/cinder/cinder/api/openstack/wsgi.py:868}}
Aug 31 00:19:05.007356 dv-cinder-852209-8-iscsi devstack@c-api.service[119817]: /usr/local/lib/python3.8/dist-packages/oslo_context/context.py:100: DeprecationWarning: Policy enforcement is depending on the value of is_admin. This key is deprecated. Please update your policy file to use the standard policy values.
Aug 31 00:19:05.007356 dv-cinder-852209-8-iscsi devstack@c-api.service[119817]: warnings.warn('Policy enforcement is depending on the value of '
Aug 31 00:19:05.009045 dv-cinder-852209-8-iscsi devstack@c-api.service[119817]: INFO cinder.volume.api [None req-fccb98f9-0062-4391-9d0a-c07f6e0b7cfe tempest-SnapshotsActionsTest-1345908480 tempest-SnapshotsActionsTest-1345908480-project] Snapshot retrieved successfully.
Aug 31 00:19:05.011107 dv-cinder-852209-8-iscsi devstack@c-api.service[119817]: INFO cinder.api.openstack.wsgi [None req-fccb98f9-0062-4391-9d0a-c07f6e0b7cfe tempest-SnapshotsActionsTest-1345908480 tempest-SnapshotsActionsTest-1345908480-project] http://10.222.0.49/volume/v3/d57d3ecb7d4f4b819e1f5c8669d84d22/snapshots/99f75bc4-7b68-4377-9957-42d43cbfb32d returned with HTTP 200
Aug 31 00:19:05.012350 dv-cinder-852209-8-iscsi devstack@c-api.service[119817]: [pid: 119817|app: 0|req: 38/78] 10.222.0.49 () {58 vars in 1331 bytes} [Wed Aug 31 00:19:04 2022] GET /volume/v3/d57d3ecb7d4f4b819e1f5c8669d84d22/snapshots/99f75bc4-7b68-4377-9957-42d43cbfb32d => generated 466 bytes in 36 msecs (HTTP/1.1 200) 7 headers in 285 bytes (1 switches on core 0)
Aug 31 00:19:05.020855 dv-cinder-852209-8-iscsi devstack@c-api.service[119818]: DEBUG cinder.api.middleware.request_id [None req-0a968702-5458-434d-814c-1ec1c00a6457 None None] RequestId filter calling following filter/app {{(pid=119818) _context_setter /opt/stack/cinder/cinder/api/middleware/request_id.py:62}}
Aug 31 00:19:05.876254 dv-cinder-852209-8-iscsi devstack@c-api.service[119818]: INFO cinder.api.openstack.wsgi [None req-0a968702-5458-434d-814c-1ec1c00a6457 tempest-SnapshotsActionsTest-1571339065 tempest-SnapshotsActionsTest-1571339065-project-admin] POST http://10.222.0.49/volume/v3/b7722f0924594c98baa1a3637444adc8/snapshots/99f75bc4-7b68-4377-9957-42d43cbfb32d/action
Aug 31 00:19:05.894942 dv-cinder-852209-8-iscsi devstack@c-api.service[119818]: DEBUG cinder.api.openstack.wsgi [None req-0a968702-5458-434d-814c-1ec1c00a6457 tempest-SnapshotsActionsTest-1571339065 tempest-SnapshotsActionsTest-1571339065-project-admin] Action body: b'{"os-reset_status": {"status": "creating"}}' {{(pid=119818) get_method /opt/stack/cinder/cinder/api/openstack/wsgi.py:983}}
Aug 31 00:19:05.895298 dv-cinder-852209-8-iscsi devstack@c-api.service[119818]: DEBUG cinder.api.openstack.wsgi [None req-0a968702-5458-434d-814c-1ec1c00a6457 tempest-SnapshotsActionsTest-1571339065 tempest-SnapshotsActionsTest-1571339065-project-admin] Action: 'action', calling method: _reset_status, body: {"os-reset_status": {"status": "creating"}} {{(pid=119818) _process_stack /opt/stack/cinder/cinder/api/openstack/wsgi.py:866}}
Aug 31 00:19:05.899932 dv-cinder-852209-8-iscsi devstack@c-api.service[119818]: DEBUG cinder.api.contrib.admin_actions [None req-0a968702-5458-434d-814c-1ec1c00a6457 tempest-SnapshotsActionsTest-1571339065 tempest-SnapshotsActionsTest-1571339065-project-admin] Updating snapshot '99f75bc4-7b68-4377-9957-42d43cbfb32d' with '{'status': 'creating'}' {{(pid=119818) _reset_status /opt/stack/cinder/cinder/api/contrib/admin_actions.py:100}}
Aug 31 00:19:06.136820 dv-cinder-852209-8-iscsi devstack@c-api.service[119818]: /usr/local/lib/python3.8/dist-packages/oslo_context/context.py:100: DeprecationWarning: Policy enforcement is depending on the value of is_admin. This key is deprecated. Please update your policy file to use the standard policy values.
Aug 31 00:19:06.136820 dv-cinder-852209-8-iscsi devstack@c-api.service[119818]: warnings.warn('Policy enforcement is depending on the value of '
Aug 31 00:19:06.233102 dv-cinder-852209-8-iscsi devstack@c-api.service[119818]: INFO cinder.api.openstack.wsgi [None req-0a968702-5458-434d-814c-1ec1c00a6457 tempest-SnapshotsActionsTest-1571339065 tempest-SnapshotsActionsTest-1571339065-project-admin] http://10.222.0.49/volume/v3/b7722f0924594c98baa1a3637444adc8/snapshots/99f75bc4-7b68-4377-9957-42d43cbfb32d/action returned with HTTP 202
Aug 31 00:19:06.239385 dv-cinder-852209-8-iscsi devstack@c-api.service[119817]: DEBUG cinder.api.middleware.request_id [None req-8bcf3fe7-39fc-4963-9cf6-84eecb6f9397 None None] RequestId filter calling following filter/app {{(pid=119817) _context_setter /opt/stack/cinder/cinder/api/middleware/request_id.py:62}}
Aug 31 00:19:06.244915 dv-cinder-852209-8-iscsi devstack@c-api.service[119817]: INFO cinder.api.openstack.wsgi [None req-8bcf3fe7-39fc-4963-9cf6-84eecb6f9397 tempest-SnapshotsActionsTest-1345908480 tempest-SnapshotsActionsTest-1345908480-project] GET http://10.222.0.49/volume/v3/d57d3ecb7d4f4b819e1f5c8669d84d22/snapshots/99f75bc4-7b68-4377-9957-42d43cbfb32d
Aug 31 00:19:06.245887 dv-cinder-852209-8-iscsi devstack@c-api.service[119817]: DEBUG cinder.api.openstack.wsgi [None req-8bcf3fe7-39fc-4963-9cf6-84eecb6f9397 tempest-SnapshotsActionsTest-1345908480 tempest-SnapshotsActionsTest-1345908480-project] Empty body provided in request {{(pid=119817) get_body /opt/stack/cinder/cinder/api/openstack/wsgi.py:715}}
Aug 31 00:19:06.246626 dv-cinder-852209-8-iscsi devstack@c-api.service[119817]: DEBUG cinder.api.openstack.wsgi [None req-8bcf3fe7-39fc-4963-9cf6-84eecb6f9397 tempest-SnapshotsActionsTest-1345908480 tempest-SnapshotsActionsTest-1345908480-project] Calling method 'show' {{(pid=119817) _process_stack /opt/stack/cinder/cinder/api/openstack/wsgi.py:868}}
Aug 31 00:19:06.251925 dv-cinder-852209-8-iscsi devstack@c-api.service[119818]: [pid: 119818|app: 0|req: 41/79] 10.222.0.49 () {60 vars in 1373 bytes} [Wed Aug 31 00:19:05 2022] POST /volume/v3/b7722f0924594c98baa1a3637444adc8/snapshots/99f75bc4-7b68-4377-9957-42d43cbfb32d/action => generated 0 bytes in 1230 msecs (HTTP/1.1 202) 7 headers in 289 bytes (1 switches on core 0)
Aug 31 00:19:06.274756 dv-cinder-852209-8-iscsi devstack@c-api.service[119817]: /usr/local/lib/python3.8/dist-packages/oslo_context/context.py:100: DeprecationWarning: Policy enforcement is depending on the value of is_admin. This key is deprecated. Please update your policy file to use the standard policy values.
Aug 31 00:19:06.274756 dv-cinder-852209-8-iscsi devstack@c-api.service[119817]: warnings.warn('Policy enforcement is depending on the value of '
Aug 31 00:19:06.283419 dv-cinder-852209-8-iscsi devstack@c-api.service[119817]: INFO cinder.volume.api [None req-8bcf3fe7-39fc-4963-9cf6-84eecb6f9397 tempest-SnapshotsActionsTest-1345908480 tempest-SnapshotsActionsTest-1345908480-project] Snapshot retrieved successfully.
Aug 31 00:19:06.285615 dv-cinder-852209-8-iscsi devstack@c-api.service[119817]: INFO cinder.api.openstack.wsgi [None req-8bcf3fe7-39fc-4963-9cf6-84eecb6f9397 tempest-SnapshotsActionsTest-1345908480 tempest-SnapshotsActionsTest-1345908480-project] http://10.222.0.49/volume/v3/d57d3ecb7d4f4b819e1f5c8669d84d22/snapshots/99f75bc4-7b68-4377-9957-42d43cbfb32d returned with HTTP 200
Aug 31 00:19:06.290503 dv-cinder-852209-8-iscsi devstack@c-api.service[119817]: [pid: 119817|app: 0|req: 39/80] 10.222.0.49 () {58 vars in 1331 bytes} [Wed Aug 31 00:19:06 2022] GET /volume/v3/d57d3ecb7d4f4b819e1f5c8669d84d22/snapshots/99f75bc4-7b68-4377-9957-42d43cbfb32d => generated 465 bytes in 52 msecs (HTTP/1.1 200) 7 headers in 285 bytes (2 switches on core 0)
Aug 31 00:19:06.299338 dv-cinder-852209-8-iscsi devstack@c-api.service[119818]: DEBUG cinder.api.middleware.request_id [None req-2900d7d2-1d42-4762-99f5-5c595cacb305 None None] RequestId filter calling following filter/app {{(pid=119818) _context_setter /opt/stack/cinder/cinder/api/middleware/request_id.py:62}}
Aug 31 00:19:06.305314 dv-cinder-852209-8-iscsi devstack@c-api.service[119818]: INFO cinder.api.openstack.wsgi [None req-2900d7d2-1d42-4762-99f5-5c595cacb305 tempest-SnapshotsActionsTest-1571339065 tempest-SnapshotsActionsTest-1571339065-project-admin] POST http://10.222.0.49/volume/v3/b7722f0924594c98baa1a3637444adc8/snapshots/99f75bc4-7b68-4377-9957-42d43cbfb32d/action
Aug 31 00:19:06.306584 dv-cinder-852209-8-iscsi devstack@c-api.service[119818]: DEBUG cinder.api.openstack.wsgi [None req-2900d7d2-1d42-4762-99f5-5c595cacb305 tempest-SnapshotsActionsTest-1571339065 tempest-SnapshotsActionsTest-1571339065-project-admin] Action body: b'{"os-reset_status": {"status": "available"}}' {{(pid=119818) get_method /opt/stack/cinder/cinder/api/openstack/wsgi.py:983}}
Aug 31 00:19:06.307124 dv-cinder-852209-8-iscsi devstack@c-api.service[119818]: DEBUG cinder.api.openstack.wsgi [None req-2900d7d2-1d42-4762-99f5-5c595cacb305 tempest-SnapshotsActionsTest-1571339065 tempest-SnapshotsActionsTest-1571339065-project-admin] Action: 'action', calling method: _reset_status, body: {"os-reset_status": {"status": "available"}} {{(pid=119818) _process_stack /opt/stack/cinder/cinder/api/openstack/wsgi.py:866}}
Aug 31 00:19:06.309748 dv-cinder-852209-8-iscsi devstack@c-api.service[119818]: DEBUG cinder.api.contrib.admin_actions [None req-2900d7d2-1d42-4762-99f5-5c595cacb305 tempest-SnapshotsActionsTest-1571339065 tempest-SnapshotsActionsTest-1571339065-project-admin] Updating snapshot '99f75bc4-7b68-4377-9957-42d43cbfb32d' with '{'status': 'available'}' {{(pid=119818) _reset_status /opt/stack/cinder/cinder/api/contrib/admin_actions.py:100}}
Aug 31 00:19:06.378416 dv-cinder-852209-8-iscsi devstack@c-api.service[119818]: /usr/local/lib/python3.8/dist-packages/oslo_context/context.py:100: DeprecationWarning: Policy enforcement is depending on the value of is_admin. This key is deprecated. Please update your policy file to use the standard policy values.
Aug 31 00:19:06.378416 dv-cinder-852209-8-iscsi devstack@c-api.service[119818]: warnings.warn('Policy enforcement is depending on the value of '
Aug 31 00:19:06.439161 dv-cinder-852209-8-iscsi devstack@c-api.service[119818]: INFO cinder.api.openstack.wsgi [None req-2900d7d2-1d42-4762-99f5-5c595cacb305 tempest-SnapshotsActionsTest-1571339065 tempest-SnapshotsActionsTest-1571339065-project-admin] http://10.222.0.49/volume/v3/b7722f0924594c98baa1a3637444adc8/snapshots/99f75bc4-7b68-4377-9957-42d43cbfb32d/action returned with HTTP 202
Aug 31 00:19:06.449307 dv-cinder-852209-8-iscsi devstack@c-api.service[119817]: DEBUG cinder.api.middleware.request_id [None req-7c29263e-4b94-4e83-baea-62778e5cd632 None None] RequestId filter calling following filter/app {{(pid=119817) _context_setter /opt/stack/cinder/cinder/api/middleware/request_id.py:62}}
Aug 31 00:19:06.449926 dv-cinder-852209-8-iscsi devstack@c-api.service[119818]: [pid: 119818|app: 0|req: 42/81] 10.222.0.49 () {60 vars in 1373 bytes} [Wed Aug 31 00:19:06 2022] POST /volume/v3/b7722f0924594c98baa1a3637444adc8/snapshots/99f75bc4-7b68-4377-9957-42d43cbfb32d/action => generated 0 bytes in 152 msecs (HTTP/1.1 202) 7 headers in 289 bytes (1 switches on core 0)
Aug 31 00:19:06.454777 dv-cinder-852209-8-iscsi devstack@c-api.service[119817]: INFO cinder.api.openstack.wsgi [None req-7c29263e-4b94-4e83-baea-62778e5cd632 tempest-SnapshotsActionsTest-1345908480 tempest-SnapshotsActionsTest-1345908480-project] GET http://10.222.0.49/volume/v3/d57d3ecb7d4f4b819e1f5c8669d84d22/snapshots/99f75bc4-7b68-4377-9957-42d43cbfb32d
Aug 31 00:19:06.455310 dv-cinder-852209-8-iscsi devstack@c-api.service[119817]: DEBUG cinder.api.openstack.wsgi [None req-7c29263e-4b94-4e83-baea-62778e5cd632 tempest-SnapshotsActionsTest-1345908480 tempest-SnapshotsActionsTest-1345908480-project] Empty body provided in request {{(pid=119817) get_body /opt/stack/cinder/cinder/api/openstack/wsgi.py:715}}
Aug 31 00:19:06.455877 dv-cinder-852209-8-iscsi devstack@c-api.service[119817]: DEBUG cinder.api.openstack.wsgi [None req-7c29263e-4b94-4e83-baea-62778e5cd632 tempest-SnapshotsActionsTest-1345908480 tempest-SnapshotsActionsTest-1345908480-project] Calling method 'show' {{(pid=119817) _process_stack /opt/stack/cinder/cinder/api/openstack/wsgi.py:868}}
Aug 31 00:19:06.492931 dv-cinder-852209-8-iscsi devstack@c-api.service[119817]: /usr/local/lib/python3.8/dist-packages/oslo_context/context.py:100: DeprecationWarning: Policy enforcement is depending on the value of is_admin. This key is deprecated. Please update your policy file to use the standard policy values.
Aug 31 00:19:06.492931 dv-cinder-852209-8-iscsi devstack@c-api.service[119817]: warnings.warn('Policy enforcement is depending on the value of '
Aug 31 00:19:06.495746 dv-cinder-852209-8-iscsi devstack@c-api.service[119817]: INFO cinder.volume.api [None req-7c29263e-4b94-4e83-baea-62778e5cd632 tempest-SnapshotsActionsTest-1345908480 tempest-SnapshotsActionsTest-1345908480-project] Snapshot retrieved successfully.
Aug 31 00:19:06.500263 dv-cinder-852209-8-iscsi devstack@c-api.service[119817]: INFO cinder.api.openstack.wsgi [None req-7c29263e-4b94-4e83-baea-62778e5cd632 tempest-SnapshotsActionsTest-1345908480 tempest-SnapshotsActionsTest-1345908480-project] http://10.222.0.49/volume/v3/d57d3ecb7d4f4b819e1f5c8669d84d22/snapshots/99f75bc4-7b68-4377-9957-42d43cbfb32d returned with HTTP 200
Aug 31 00:19:06.503766 dv-cinder-852209-8-iscsi devstack@c-api.service[119817]: [pid: 119817|app: 0|req: 40/82] 10.222.0.49 () {58 vars in 1331 bytes} [Wed Aug 31 00:19:06 2022] GET /volume/v3/d57d3ecb7d4f4b819e1f5c8669d84d22/snapshots/99f75bc4-7b68-4377-9957-42d43cbfb32d => generated 466 bytes in 55 msecs (HTTP/1.1 200) 7 headers in 285 bytes (2 switches on core 0)
Aug 31 00:19:06.514528 dv-cinder-852209-8-iscsi devstack@c-api.service[119818]: DEBUG cinder.api.middleware.request_id [None req-ba731651-2578-4502-b381-09aa10c26b1b None None] RequestId filter calling following filter/app {{(pid=119818) _context_setter /opt/stack/cinder/cinder/api/middleware/request_id.py:62}}
Aug 31 00:19:06.518838 dv-cinder-852209-8-iscsi devstack@c-api.service[119818]: INFO cinder.api.openstack.wsgi [None req-ba731651-2578-4502-b381-09aa10c26b1b tempest-SnapshotsActionsTest-1345908480 tempest-SnapshotsActionsTest-1345908480-project] POST http://10.222.0.49/volume/v3/d57d3ecb7d4f4b819e1f5c8669d84d22/snapshots
Aug 31 00:19:06.519821 dv-cinder-852209-8-iscsi devstack@c-api.service[119818]: DEBUG cinder.api.openstack.wsgi [None req-ba731651-2578-4502-b381-09aa10c26b1b tempest-SnapshotsActionsTest-1345908480 tempest-SnapshotsActionsTest-1345908480-project] Action: 'create', calling method: create, body: {"snapshot": {"volume_id": "bc44f892-c4bf-4f41-9078-2bb7d7d8ffab", "name": "tempest-SnapshotsActionsTest-Snapshot-359958336"}} {{(pid=119818) _process_stack /opt/stack/cinder/cinder/api/openstack/wsgi.py:866}}
Aug 31 00:19:06.574705 dv-cinder-852209-8-iscsi devstack@c-api.service[119818]: /usr/local/lib/python3.8/dist-packages/oslo_context/context.py:100: DeprecationWarning: Policy enforcement is depending on the value of is_admin. This key is deprecated. Please update your policy file to use the standard policy values.
Aug 31 00:19:06.574705 dv-cinder-852209-8-iscsi devstack@c-api.service[119818]: warnings.warn('Policy enforcement is depending on the value of '
Aug 31 00:19:06.575980 dv-cinder-852209-8-iscsi devstack@c-api.service[119818]: INFO cinder.volume.api [None req-ba731651-2578-4502-b381-09aa10c26b1b tempest-SnapshotsActionsTest-1345908480 tempest-SnapshotsActionsTest-1345908480-project] Volume info retrieved successfully.
Aug 31 00:19:06.576281 dv-cinder-852209-8-iscsi devstack@c-api.service[119818]: INFO cinder.api.v3.snapshots [None req-ba731651-2578-4502-b381-09aa10c26b1b tempest-SnapshotsActionsTest-1345908480 tempest-SnapshotsActionsTest-1345908480-project] Create snapshot from volume bc44f892-c4bf-4f41-9078-2bb7d7d8ffab
Aug 31 00:19:06.730087 dv-cinder-852209-8-iscsi devstack@c-api.service[119818]: DEBUG cinder.quota [None req-ba731651-2578-4502-b381-09aa10c26b1b tempest-SnapshotsActionsTest-1345908480 tempest-SnapshotsActionsTest-1345908480-project] Created reservations ['dce2fe1b-88af-4eef-b982-8b310148a1ba', '6eddc622-547c-4b25-a3a5-2ee7206e26dd', 'f8c15f4c-f89a-4f3e-a37d-24fb56e95167', '80676cf7-1ddf-461b-a094-b1e0c2b3195c'] {{(pid=119818) reserve /opt/stack/cinder/cinder/quota.py:755}}
Aug 31 00:19:06.902863 dv-cinder-852209-8-iscsi devstack@c-api.service[119817]: DEBUG cinder.api.middleware.request_id [None req-3f0cdb95-e07c-473b-81f5-0fd6b5255ac1 None None] RequestId filter calling following filter/app {{(pid=119817) _context_setter /opt/stack/cinder/cinder/api/middleware/request_id.py:62}}
Aug 31 00:19:06.904207 dv-cinder-852209-8-iscsi devstack@c-api.service[119818]: DEBUG dbcounter [-] [119818] Writing DB stats cinder:SELECT=60,cinder:INSERT=12,cinder:UPDATE=26,cinder:DELETE=2 {{(pid=119818) stat_writer /usr/local/lib/python3.8/dist-packages/dbcounter.py:114}}
Aug 31 00:19:06.921203 dv-cinder-852209-8-iscsi devstack@c-api.service[119818]: INFO cinder.volume.api [None req-ba731651-2578-4502-b381-09aa10c26b1b tempest-SnapshotsActionsTest-1345908480 tempest-SnapshotsActionsTest-1345908480-project] Snapshot create request issued successfully.
Aug 31 00:19:06.922499 dv-cinder-852209-8-iscsi devstack@c-api.service[119818]: INFO cinder.api.openstack.wsgi [None req-ba731651-2578-4502-b381-09aa10c26b1b tempest-SnapshotsActionsTest-1345908480 tempest-SnapshotsActionsTest-1345908480-project] http://10.222.0.49/volume/v3/d57d3ecb7d4f4b819e1f5c8669d84d22/snapshots returned with HTTP 202
Aug 31 00:19:06.924597 dv-cinder-852209-8-iscsi devstack@c-api.service[119818]: [pid: 119818|app: 0|req: 43/83] 10.222.0.49 () {60 vars in 1242 bytes} [Wed Aug 31 00:19:06 2022] POST /volume/v3/d57d3ecb7d4f4b819e1f5c8669d84d22/snapshots => generated 306 bytes in 411 msecs (HTTP/1.1 202) 7 headers in 291 bytes (1 switches on core 0)
Aug 31 00:19:06.935617 dv-cinder-852209-8-iscsi devstack@c-api.service[119818]: DEBUG cinder.api.middleware.request_id [None req-fc984f33-8579-4adc-b63b-ba1211f1ff4f None None] RequestId filter calling following filter/app {{(pid=119818) _context_setter /opt/stack/cinder/cinder/api/middleware/request_id.py:62}}
Aug 31 00:19:06.956250 dv-cinder-852209-8-iscsi devstack@c-api.service[119818]: INFO cinder.api.openstack.wsgi [None req-fc984f33-8579-4adc-b63b-ba1211f1ff4f tempest-SnapshotsActionsTest-1345908480 tempest-SnapshotsActionsTest-1345908480-project] GET http://10.222.0.49/volume/v3/d57d3ecb7d4f4b819e1f5c8669d84d22/snapshots/9021b80c-e992-4eb9-b8bb-a18f6a46f649
Aug 31 00:19:06.956934 dv-cinder-852209-8-iscsi devstack@c-api.service[119818]: DEBUG cinder.api.openstack.wsgi [None req-fc984f33-8579-4adc-b63b-ba1211f1ff4f tempest-SnapshotsActionsTest-1345908480 tempest-SnapshotsActionsTest-1345908480-project] Empty body provided in request {{(pid=119818) get_body /opt/stack/cinder/cinder/api/openstack/wsgi.py:715}}
Aug 31 00:19:06.960372 dv-cinder-852209-8-iscsi devstack@c-api.service[119818]: DEBUG cinder.api.openstack.wsgi [None req-fc984f33-8579-4adc-b63b-ba1211f1ff4f tempest-SnapshotsActionsTest-1345908480 tempest-SnapshotsActionsTest-1345908480-project] Calling method 'show' {{(pid=119818) _process_stack /opt/stack/cinder/cinder/api/openstack/wsgi.py:868}}
Aug 31 00:19:07.003704 dv-cinder-852209-8-iscsi devstack@c-api.service[119818]: /usr/local/lib/python3.8/dist-packages/oslo_context/context.py:100: DeprecationWarning: Policy enforcement is depending on the value of is_admin. This key is deprecated. Please update your policy file to use the standard policy values.
Aug 31 00:19:07.003704 dv-cinder-852209-8-iscsi devstack@c-api.service[119818]: warnings.warn('Policy enforcement is depending on the value of '
Aug 31 00:19:07.005813 dv-cinder-852209-8-iscsi devstack@c-api.service[119818]: INFO cinder.volume.api [None req-fc984f33-8579-4adc-b63b-ba1211f1ff4f tempest-SnapshotsActionsTest-1345908480 tempest-SnapshotsActionsTest-1345908480-project] Snapshot retrieved successfully.
Aug 31 00:19:07.008770 dv-cinder-852209-8-iscsi devstack@c-api.service[119818]: INFO cinder.api.openstack.wsgi [None req-fc984f33-8579-4adc-b63b-ba1211f1ff4f tempest-SnapshotsActionsTest-1345908480 tempest-SnapshotsActionsTest-1345908480-project] http://10.222.0.49/volume/v3/d57d3ecb7d4f4b819e1f5c8669d84d22/snapshots/9021b80c-e992-4eb9-b8bb-a18f6a46f649 returned with HTTP 200
Aug 31 00:19:07.010016 dv-cinder-852209-8-iscsi devstack@c-api.service[119818]: [pid: 119818|app: 0|req: 44/84] 10.222.0.49 () {58 vars in 1331 bytes} [Wed Aug 31 00:19:06 2022] GET /volume/v3/d57d3ecb7d4f4b819e1f5c8669d84d22/snapshots/9021b80c-e992-4eb9-b8bb-a18f6a46f649 => generated 438 bytes in 77 msecs (HTTP/1.1 200) 7 headers in 285 bytes (1 switches on core 0)
Aug 31 00:19:07.496979 dv-cinder-852209-8-iscsi devstack@c-api.service[119817]: INFO cinder.api.openstack.wsgi [None req-3f0cdb95-e07c-473b-81f5-0fd6b5255ac1 tempest-UserMessagesTest-968618184 tempest-UserMessagesTest-968618184-project-admin] POST http://10.222.0.49/volume/v3/1a3eeb7f29fd4f5fa08a978bb9c5ac3f/types
Aug 31 00:19:07.498559 dv-cinder-852209-8-iscsi devstack@c-api.service[119817]: DEBUG cinder.api.openstack.wsgi [None req-3f0cdb95-e07c-473b-81f5-0fd6b5255ac1 tempest-UserMessagesTest-968618184 tempest-UserMessagesTest-968618184-project-admin] Action: 'create', calling method: _create, body: {"volume_type": {"name": "tempest-UserMessagesTest-volume-type-754823827", "extra_specs": {"storage_protocol": "tempest-storage_protocol-1316850438", "vendor_name": "tempest-vendor_name-1990632931"}}} {{(pid=119817) _process_stack /opt/stack/cinder/cinder/api/openstack/wsgi.py:866}}
Aug 31 00:19:07.556635 dv-cinder-852209-8-iscsi devstack@c-api.service[119817]: INFO cinder.api.openstack.wsgi [None req-3f0cdb95-e07c-473b-81f5-0fd6b5255ac1 tempest-UserMessagesTest-968618184 tempest-UserMessagesTest-968618184-project-admin] http://10.222.0.49/volume/v3/1a3eeb7f29fd4f5fa08a978bb9c5ac3f/types returned with HTTP 200
Aug 31 00:19:07.559671 dv-cinder-852209-8-iscsi devstack@c-api.service[119817]: [pid: 119817|app: 0|req: 41/85] 10.222.0.49 () {60 vars in 1230 bytes} [Wed Aug 31 00:19:06 2022] POST /volume/v3/1a3eeb7f29fd4f5fa08a978bb9c5ac3f/types => generated 327 bytes in 658 msecs (HTTP/1.1 200) 7 headers in 285 bytes (2 switches on core 0)
Aug 31 00:19:07.567746 dv-cinder-852209-8-iscsi devstack@c-api.service[119818]: DEBUG cinder.api.middleware.request_id [None req-68fdbf0c-84a8-494f-919f-fd4275a81b80 None None] RequestId filter calling following filter/app {{(pid=119818) _context_setter /opt/stack/cinder/cinder/api/middleware/request_id.py:62}}
Aug 31 00:19:07.920982 dv-cinder-852209-8-iscsi devstack@c-api.service[119818]: INFO cinder.api.openstack.wsgi [None req-68fdbf0c-84a8-494f-919f-fd4275a81b80 tempest-UserMessagesTest-447559463 tempest-UserMessagesTest-447559463-project] POST http://10.222.0.49/volume/v3/19d5a5f84cb943b7baf03bab52507c7b/volumes
Aug 31 00:19:07.921789 dv-cinder-852209-8-iscsi devstack@c-api.service[119818]: DEBUG cinder.api.openstack.wsgi [None req-68fdbf0c-84a8-494f-919f-fd4275a81b80 tempest-UserMessagesTest-447559463 tempest-UserMessagesTest-447559463-project] Action: 'create', calling method: create, body: {"volume": {"volume_type": "81434651-5fc3-41d3-b63a-cc9db69b896e", "size": 1, "name": "tempest-UserMessagesTest-Volume-1917702736"}} {{(pid=119818) _process_stack /opt/stack/cinder/cinder/api/openstack/wsgi.py:866}}
Aug 31 00:19:07.924315 dv-cinder-852209-8-iscsi devstack@c-api.service[119818]: DEBUG cinder.api.v3.volumes [None req-68fdbf0c-84a8-494f-919f-fd4275a81b80 tempest-UserMessagesTest-447559463 tempest-UserMessagesTest-447559463-project] Create volume request body: {'volume': {'volume_type': '81434651-5fc3-41d3-b63a-cc9db69b896e', 'size': 1, 'name': 'tempest-UserMessagesTest-Volume-1917702736'}} {{(pid=119818) create /opt/stack/cinder/cinder/api/v3/volumes.py:298}}
Aug 31 00:19:07.950805 dv-cinder-852209-8-iscsi devstack@c-api.service[119818]: INFO cinder.api.v3.volumes [None req-68fdbf0c-84a8-494f-919f-fd4275a81b80 tempest-UserMessagesTest-447559463 tempest-UserMessagesTest-447559463-project] Create volume of 1 GB
Aug 31 00:19:07.951650 dv-cinder-852209-8-iscsi devstack@c-api.service[119818]: /usr/local/lib/python3.8/dist-packages/oslo_context/context.py:100: DeprecationWarning: Policy enforcement is depending on the value of is_admin. This key is deprecated. Please update your policy file to use the standard policy values.
Aug 31 00:19:07.951650 dv-cinder-852209-8-iscsi devstack@c-api.service[119818]: warnings.warn('Policy enforcement is depending on the value of '
Aug 31 00:19:07.952743 dv-cinder-852209-8-iscsi devstack@c-api.service[119818]: INFO cinder.volume.api [None req-68fdbf0c-84a8-494f-919f-fd4275a81b80 tempest-UserMessagesTest-447559463 tempest-UserMessagesTest-447559463-project] Availability Zones retrieved successfully.
Aug 31 00:19:08.008954 dv-cinder-852209-8-iscsi devstack@c-api.service[119818]: DEBUG cinder.volume.api [None req-68fdbf0c-84a8-494f-919f-fd4275a81b80 tempest-UserMessagesTest-447559463 tempest-UserMessagesTest-447559463-project] Flow 'volume_create_api' (ede3f00f-b51a-43aa-be6d-47e48fad6a5b) transitioned into state 'RUNNING' from state 'PENDING' {{(pid=119818) _flow_receiver /usr/local/lib/python3.8/dist-packages/taskflow/listeners/logging.py:141}}
Aug 31 00:19:08.019775 dv-cinder-852209-8-iscsi devstack@c-api.service[119817]: DEBUG cinder.api.middleware.request_id [None req-e1986146-a647-4ab0-9577-9af6674876b2 None None] RequestId filter calling following filter/app {{(pid=119817) _context_setter /opt/stack/cinder/cinder/api/middleware/request_id.py:62}}
Aug 31 00:19:08.025090 dv-cinder-852209-8-iscsi devstack@c-api.service[119817]: INFO cinder.api.openstack.wsgi [None req-e1986146-a647-4ab0-9577-9af6674876b2 tempest-SnapshotsActionsTest-1345908480 tempest-SnapshotsActionsTest-1345908480-project] GET http://10.222.0.49/volume/v3/d57d3ecb7d4f4b819e1f5c8669d84d22/snapshots/9021b80c-e992-4eb9-b8bb-a18f6a46f649
Aug 31 00:19:08.026456 dv-cinder-852209-8-iscsi devstack@c-api.service[119817]: DEBUG cinder.api.openstack.wsgi [None req-e1986146-a647-4ab0-9577-9af6674876b2 tempest-SnapshotsActionsTest-1345908480 tempest-SnapshotsActionsTest-1345908480-project] Empty body provided in request {{(pid=119817) get_body /opt/stack/cinder/cinder/api/openstack/wsgi.py:715}}
Aug 31 00:19:08.027028 dv-cinder-852209-8-iscsi devstack@c-api.service[119817]: DEBUG cinder.api.openstack.wsgi [None req-e1986146-a647-4ab0-9577-9af6674876b2 tempest-SnapshotsActionsTest-1345908480 tempest-SnapshotsActionsTest-1345908480-project] Calling method 'show' {{(pid=119817) _process_stack /opt/stack/cinder/cinder/api/openstack/wsgi.py:868}}
Aug 31 00:19:08.034350 dv-cinder-852209-8-iscsi devstack@c-api.service[119818]: DEBUG cinder.volume.api [None req-68fdbf0c-84a8-494f-919f-fd4275a81b80 tempest-UserMessagesTest-447559463 tempest-UserMessagesTest-447559463-project] Task 'cinder.volume.flows.api.create_volume.ExtractVolumeRequestTask;volume:create' (d7fe017f-690c-4044-9654-bde3d4141a7b) transitioned into state 'RUNNING' from state 'PENDING' {{(pid=119818) _task_receiver /usr/local/lib/python3.8/dist-packages/taskflow/listeners/logging.py:190}}
Aug 31 00:19:08.054763 dv-cinder-852209-8-iscsi devstack@c-api.service[119818]: DEBUG cinder.volume.flows.api.create_volume [None req-68fdbf0c-84a8-494f-919f-fd4275a81b80 tempest-UserMessagesTest-447559463 tempest-UserMessagesTest-447559463-project] Validating volume size '1' using validate_int {{(pid=119818) _extract_size /opt/stack/cinder/cinder/volume/flows/api/create_volume.py:228}}
Aug 31 00:19:08.074631 dv-cinder-852209-8-iscsi devstack@c-api.service[119817]: /usr/local/lib/python3.8/dist-packages/oslo_context/context.py:100: DeprecationWarning: Policy enforcement is depending on the value of is_admin. This key is deprecated. Please update your policy file to use the standard policy values.
Aug 31 00:19:08.074631 dv-cinder-852209-8-iscsi devstack@c-api.service[119817]: warnings.warn('Policy enforcement is depending on the value of '
Aug 31 00:19:08.075686 dv-cinder-852209-8-iscsi devstack@c-api.service[119817]: INFO cinder.volume.api [None req-e1986146-a647-4ab0-9577-9af6674876b2 tempest-SnapshotsActionsTest-1345908480 tempest-SnapshotsActionsTest-1345908480-project] Snapshot retrieved successfully.
Aug 31 00:19:08.077625 dv-cinder-852209-8-iscsi devstack@c-api.service[119817]: INFO cinder.api.openstack.wsgi [None req-e1986146-a647-4ab0-9577-9af6674876b2 tempest-SnapshotsActionsTest-1345908480 tempest-SnapshotsActionsTest-1345908480-project] http://10.222.0.49/volume/v3/d57d3ecb7d4f4b819e1f5c8669d84d22/snapshots/9021b80c-e992-4eb9-b8bb-a18f6a46f649 returned with HTTP 200
Aug 31 00:19:08.097125 dv-cinder-852209-8-iscsi devstack@c-api.service[119817]: [pid: 119817|app: 0|req: 42/86] 10.222.0.49 () {58 vars in 1331 bytes} [Wed Aug 31 00:19:08 2022] GET /volume/v3/d57d3ecb7d4f4b819e1f5c8669d84d22/snapshots/9021b80c-e992-4eb9-b8bb-a18f6a46f649 => generated 438 bytes in 79 msecs (HTTP/1.1 200) 7 headers in 285 bytes (2 switches on core 0)
Aug 31 00:19:08.152341 dv-cinder-852209-8-iscsi devstack@c-api.service[119818]: DEBUG cinder.volume.api [None req-68fdbf0c-84a8-494f-919f-fd4275a81b80 tempest-UserMessagesTest-447559463 tempest-UserMessagesTest-447559463-project] Task 'cinder.volume.flows.api.create_volume.ExtractVolumeRequestTask;volume:create' (d7fe017f-690c-4044-9654-bde3d4141a7b) transitioned into state 'SUCCESS' from state 'RUNNING' with result '{'size': 1, 'snapshot_id': None, 'source_volid': None, 'volume_type': VolumeType(created_at=2022-08-31T00:19:08Z,deleted=False,deleted_at=None,description=None,extra_specs={storage_protocol='tempest-storage_protocol-1316850438',vendor_name='tempest-vendor_name-1990632931'},id=81434651-5fc3-41d3-b63a-cc9db69b896e,is_public=True,name='tempest-UserMessagesTest-volume-type-754823827',projects=[],qos_specs=,qos_specs_id=None,updated_at=None), 'volume_type_id': '81434651-5fc3-41d3-b63a-cc9db69b896e', 'encryption_key_id': None, 'qos_specs': None, 'consistencygroup_id': None, 'cgsnapshot_id': None, 'group_id': None, 'replication_status': 'disabled', 'refresh_az': False, 'backup_id': None, 'multiattach': False, 'availability_zones': ['nova']}' {{(pid=119818) _task_receiver /usr/local/lib/python3.8/dist-packages/taskflow/listeners/logging.py:178}}
Aug 31 00:19:08.157162 dv-cinder-852209-8-iscsi devstack@c-api.service[119818]: DEBUG cinder.volume.api [None req-68fdbf0c-84a8-494f-919f-fd4275a81b80 tempest-UserMessagesTest-447559463 tempest-UserMessagesTest-447559463-project] Task 'cinder.volume.flows.api.create_volume.QuotaReserveTask;volume:create' (6b62bd69-adbd-4cf3-8a06-67a2f2481b6b) transitioned into state 'RUNNING' from state 'PENDING' {{(pid=119818) _task_receiver /usr/local/lib/python3.8/dist-packages/taskflow/listeners/logging.py:190}}
Aug 31 00:19:08.237698 dv-cinder-852209-8-iscsi devstack@c-api.service[119818]: WARNING cinder.quota [None req-68fdbf0c-84a8-494f-919f-fd4275a81b80 tempest-UserMessagesTest-447559463 tempest-UserMessagesTest-447559463-project] Deprecated: Default quota for resource: volumes_tempest-UserMessagesTest-volume-type-754823827 is set by the default quota flag: quota_volumes_tempest-UserMessagesTest-volume-type-754823827, it is now deprecated. Please use the default quota class for default quota.
Aug 31 00:19:08.241430 dv-cinder-852209-8-iscsi devstack@c-api.service[119818]: WARNING cinder.quota [None req-68fdbf0c-84a8-494f-919f-fd4275a81b80 tempest-UserMessagesTest-447559463 tempest-UserMessagesTest-447559463-project] Deprecated: Default quota for resource: gigabytes_tempest-UserMessagesTest-volume-type-754823827 is set by the default quota flag: quota_gigabytes_tempest-UserMessagesTest-volume-type-754823827, it is now deprecated. Please use the default quota class for default quota.
Aug 31 00:19:08.378781 dv-cinder-852209-8-iscsi devstack@c-api.service[119818]: DEBUG cinder.quota [None req-68fdbf0c-84a8-494f-919f-fd4275a81b80 tempest-UserMessagesTest-447559463 tempest-UserMessagesTest-447559463-project] Created reservations ['e25861e9-8bb3-47a9-9dbb-ebe8ad6a1a32', 'f0fb1902-160d-4785-a7a7-916a10492c5c', 'b0cd07e2-25ea-4377-8887-1ba085781df5', 'f554d356-8d75-4b74-9fc6-a2ba0afc065e'] {{(pid=119818) reserve /opt/stack/cinder/cinder/quota.py:755}}
Aug 31 00:19:08.380755 dv-cinder-852209-8-iscsi devstack@c-api.service[119818]: DEBUG cinder.volume.api [None req-68fdbf0c-84a8-494f-919f-fd4275a81b80 tempest-UserMessagesTest-447559463 tempest-UserMessagesTest-447559463-project] Task 'cinder.volume.flows.api.create_volume.QuotaReserveTask;volume:create' (6b62bd69-adbd-4cf3-8a06-67a2f2481b6b) transitioned into state 'SUCCESS' from state 'RUNNING' with result '{'reservations': ['e25861e9-8bb3-47a9-9dbb-ebe8ad6a1a32', 'f0fb1902-160d-4785-a7a7-916a10492c5c', 'b0cd07e2-25ea-4377-8887-1ba085781df5', 'f554d356-8d75-4b74-9fc6-a2ba0afc065e']}' {{(pid=119818) _task_receiver /usr/local/lib/python3.8/dist-packages/taskflow/listeners/logging.py:178}}
Aug 31 00:19:08.383661 dv-cinder-852209-8-iscsi devstack@c-api.service[119818]: DEBUG cinder.volume.api [None req-68fdbf0c-84a8-494f-919f-fd4275a81b80 tempest-UserMessagesTest-447559463 tempest-UserMessagesTest-447559463-project] Task 'cinder.volume.flows.api.create_volume.EntryCreateTask;volume:create' (095e14d1-3a73-4ff2-899f-ae663d7bed89) transitioned into state 'RUNNING' from state 'PENDING' {{(pid=119818) _task_receiver /usr/local/lib/python3.8/dist-packages/taskflow/listeners/logging.py:190}}
