Aug 31 00:19:12.757738 dv-cinder-852209-8-iscsi devstack@c-api.service[119817]: DEBUG cinder.api.openstack.wsgi [None req-1770e91b-8873-4f30-bd8b-fd7b4dc29634 tempest-UserMessagesTest-968618184 tempest-UserMessagesTest-968618184-project-admin] Calling method 'show' {{(pid=119817) _process_stack /opt/stack/cinder/cinder/api/openstack/wsgi.py:868}}
Aug 31 00:19:12.774900 dv-cinder-852209-8-iscsi devstack@c-api.service[119817]: INFO cinder.api.openstack.wsgi [None req-1770e91b-8873-4f30-bd8b-fd7b4dc29634 tempest-UserMessagesTest-968618184 tempest-UserMessagesTest-968618184-project-admin] http://10.222.0.49/volume/v3/1a3eeb7f29fd4f5fa08a978bb9c5ac3f/types/268a0934-b57d-497e-8c3b-1ed4be9b481b returned with HTTP 404
Aug 31 00:19:12.778647 dv-cinder-852209-8-iscsi devstack@c-api.service[119817]: [pid: 119817|app: 0|req: 59/117] 10.222.0.49 () {58 vars in 1319 bytes} [Wed Aug 31 00:19:12 2022] GET /volume/v3/1a3eeb7f29fd4f5fa08a978bb9c5ac3f/types/268a0934-b57d-497e-8c3b-1ed4be9b481b => generated 114 bytes in 28 msecs (HTTP/1.1 404) 7 headers in 292 bytes (1 switches on core 0)
Aug 31 00:19:12.786906 dv-cinder-852209-8-iscsi devstack@c-api.service[119817]: DEBUG cinder.api.middleware.request_id [None req-6bb9e54e-85f1-41f2-912f-ee0f1c3b8931 None None] RequestId filter calling following filter/app {{(pid=119817) _context_setter /opt/stack/cinder/cinder/api/middleware/request_id.py:62}}
Aug 31 00:19:12.798658 dv-cinder-852209-8-iscsi devstack@c-api.service[119817]: INFO cinder.api.openstack.wsgi [None req-6bb9e54e-85f1-41f2-912f-ee0f1c3b8931 tempest-UserMessagesTest-447559463 tempest-UserMessagesTest-447559463-project] DELETE http://10.222.0.49/volume/v3/19d5a5f84cb943b7baf03bab52507c7b/volumes/7ad16455-b645-489d-90a9-f66528f1cf99
Aug 31 00:19:12.806135 dv-cinder-852209-8-iscsi devstack@c-api.service[119817]: DEBUG cinder.api.openstack.wsgi [None req-6bb9e54e-85f1-41f2-912f-ee0f1c3b8931 tempest-UserMessagesTest-447559463 tempest-UserMessagesTest-447559463-project] Empty body provided in request {{(pid=119817) get_body /opt/stack/cinder/cinder/api/openstack/wsgi.py:715}}
Aug 31 00:19:12.806663 dv-cinder-852209-8-iscsi devstack@c-api.service[119817]: DEBUG cinder.api.openstack.wsgi [None req-6bb9e54e-85f1-41f2-912f-ee0f1c3b8931 tempest-UserMessagesTest-447559463 tempest-UserMessagesTest-447559463-project] Calling method 'delete' {{(pid=119817) _process_stack /opt/stack/cinder/cinder/api/openstack/wsgi.py:868}}
Aug 31 00:19:12.808623 dv-cinder-852209-8-iscsi devstack@c-api.service[119818]: INFO cinder.volume.api [None req-a8981a5d-b3fe-4277-a3db-0ae2e4f53e37 tempest-SnapshotsActionsTest-1345908480 tempest-SnapshotsActionsTest-1345908480-project] Snapshot create request issued successfully.
Aug 31 00:19:12.809004 dv-cinder-852209-8-iscsi devstack@c-api.service[119817]: INFO cinder.api.v3.volumes [None req-6bb9e54e-85f1-41f2-912f-ee0f1c3b8931 tempest-UserMessagesTest-447559463 tempest-UserMessagesTest-447559463-project] Delete volume with id: 7ad16455-b645-489d-90a9-f66528f1cf99
Aug 31 00:19:12.809803 dv-cinder-852209-8-iscsi devstack@c-api.service[119818]: INFO cinder.api.openstack.wsgi [None req-a8981a5d-b3fe-4277-a3db-0ae2e4f53e37 tempest-SnapshotsActionsTest-1345908480 tempest-SnapshotsActionsTest-1345908480-project] http://10.222.0.49/volume/v3/d57d3ecb7d4f4b819e1f5c8669d84d22/snapshots returned with HTTP 202
Aug 31 00:19:12.811302 dv-cinder-852209-8-iscsi devstack@c-api.service[119818]: [pid: 119818|app: 0|req: 59/118] 10.222.0.49 () {60 vars in 1242 bytes} [Wed Aug 31 00:19:12 2022] POST /volume/v3/d57d3ecb7d4f4b819e1f5c8669d84d22/snapshots => generated 307 bytes in 321 msecs (HTTP/1.1 202) 7 headers in 291 bytes (1 switches on core 0)
Aug 31 00:19:12.814945 dv-cinder-852209-8-iscsi devstack@c-api.service[119818]: DEBUG cinder.api.middleware.request_id [None req-1e008eb0-fa7b-4edb-9127-bf444c54db11 None None] RequestId filter calling following filter/app {{(pid=119818) _context_setter /opt/stack/cinder/cinder/api/middleware/request_id.py:62}}
Aug 31 00:19:12.862636 dv-cinder-852209-8-iscsi devstack@c-api.service[119817]: /usr/local/lib/python3.8/dist-packages/oslo_context/context.py:100: DeprecationWarning: Policy enforcement is depending on the value of is_admin. This key is deprecated. Please update your policy file to use the standard policy values.
Aug 31 00:19:12.862636 dv-cinder-852209-8-iscsi devstack@c-api.service[119817]: warnings.warn('Policy enforcement is depending on the value of '
Aug 31 00:19:12.865030 dv-cinder-852209-8-iscsi devstack@c-api.service[119817]: INFO cinder.volume.api [None req-6bb9e54e-85f1-41f2-912f-ee0f1c3b8931 tempest-UserMessagesTest-447559463 tempest-UserMessagesTest-447559463-project] Volume info retrieved successfully.
Aug 31 00:19:12.872740 dv-cinder-852209-8-iscsi devstack@c-api.service[119817]: DEBUG cinder.volume.api [None req-6bb9e54e-85f1-41f2-912f-ee0f1c3b8931 tempest-UserMessagesTest-447559463 tempest-UserMessagesTest-447559463-project] Decrease volume quotas for non temporary volume in non error_managing status. {{(pid=119817) delete /opt/stack/cinder/cinder/volume/api.py:434}}
Aug 31 00:19:12.935785 dv-cinder-852209-8-iscsi devstack@c-api.service[119817]: WARNING cinder.quota [None req-6bb9e54e-85f1-41f2-912f-ee0f1c3b8931 tempest-UserMessagesTest-447559463 tempest-UserMessagesTest-447559463-project] Deprecated: Default quota for resource: volumes_tempest-UserMessagesTest-volume-type-754823827 is set by the default quota flag: quota_volumes_tempest-UserMessagesTest-volume-type-754823827, it is now deprecated. Please use the default quota class for default quota.
Aug 31 00:19:12.946202 dv-cinder-852209-8-iscsi devstack@c-api.service[119817]: WARNING cinder.quota [None req-6bb9e54e-85f1-41f2-912f-ee0f1c3b8931 tempest-UserMessagesTest-447559463 tempest-UserMessagesTest-447559463-project] Deprecated: Default quota for resource: gigabytes_tempest-UserMessagesTest-volume-type-754823827 is set by the default quota flag: quota_gigabytes_tempest-UserMessagesTest-volume-type-754823827, it is now deprecated. Please use the default quota class for default quota.
Aug 31 00:19:12.961161 dv-cinder-852209-8-iscsi devstack@c-api.service[119817]: DEBUG dbcounter [-] [119817] Writing DB stats cinder:INSERT=9,cinder:SELECT=70,cinder:UPDATE=21 {{(pid=119817) stat_writer /usr/local/lib/python3.8/dist-packages/dbcounter.py:114}}
Aug 31 00:19:12.969775 dv-cinder-852209-8-iscsi devstack@c-api.service[119817]: DEBUG cinder.quota [None req-6bb9e54e-85f1-41f2-912f-ee0f1c3b8931 tempest-UserMessagesTest-447559463 tempest-UserMessagesTest-447559463-project] Created reservations ['6145907e-f685-4644-9be3-984dd91515d6', 'cddf1629-d52b-40a0-a8b3-261ded999486', 'ddeb5b4b-4e29-4fa0-b63a-a44ad0bda779', 'fd0ab936-d855-435e-aed9-32fdf51dd38c'] {{(pid=119817) reserve /opt/stack/cinder/cinder/quota.py:755}}
Aug 31 00:19:13.104087 dv-cinder-852209-8-iscsi devstack@c-api.service[119817]: INFO cinder.volume.api [None req-6bb9e54e-85f1-41f2-912f-ee0f1c3b8931 tempest-UserMessagesTest-447559463 tempest-UserMessagesTest-447559463-project] Delete volume request issued successfully.
Aug 31 00:19:13.104522 dv-cinder-852209-8-iscsi devstack@c-api.service[119817]: INFO cinder.api.openstack.wsgi [None req-6bb9e54e-85f1-41f2-912f-ee0f1c3b8931 tempest-UserMessagesTest-447559463 tempest-UserMessagesTest-447559463-project] http://10.222.0.49/volume/v3/19d5a5f84cb943b7baf03bab52507c7b/volumes/7ad16455-b645-489d-90a9-f66528f1cf99 returned with HTTP 202
Aug 31 00:19:13.105270 dv-cinder-852209-8-iscsi devstack@c-api.service[119817]: [pid: 119817|app: 0|req: 60/119] 10.222.0.49 () {60 vars in 1368 bytes} [Wed Aug 31 00:19:12 2022] DELETE /volume/v3/19d5a5f84cb943b7baf03bab52507c7b/volumes/7ad16455-b645-489d-90a9-f66528f1cf99 => generated 0 bytes in 322 msecs (HTTP/1.1 202) 6 headers in 233 bytes (1 switches on core 0)
Aug 31 00:19:13.106777 dv-cinder-852209-8-iscsi devstack@c-api.service[119817]: DEBUG cinder.api.middleware.request_id [None req-a9b2c9e4-f1ce-46d1-8e5d-4ffe8504312b None None] RequestId filter calling following filter/app {{(pid=119817) _context_setter /opt/stack/cinder/cinder/api/middleware/request_id.py:62}}
Aug 31 00:19:13.113170 dv-cinder-852209-8-iscsi devstack@c-api.service[119818]: INFO cinder.api.openstack.wsgi [None req-1e008eb0-fa7b-4edb-9127-bf444c54db11 tempest-QosSpecsTestJSON-1554815752 tempest-QosSpecsTestJSON-1554815752-project-admin] POST http://10.222.0.49/volume/v3/292ffb41b1cb4e61935ad2a11080f799/qos-specs
Aug 31 00:19:13.113698 dv-cinder-852209-8-iscsi devstack@c-api.service[119817]: INFO cinder.api.openstack.wsgi [None req-a9b2c9e4-f1ce-46d1-8e5d-4ffe8504312b tempest-SnapshotsActionsTest-1345908480 tempest-SnapshotsActionsTest-1345908480-project] GET http://10.222.0.49/volume/v3/d57d3ecb7d4f4b819e1f5c8669d84d22/snapshots/9c145bde-9f7c-409d-890a-26254b0a5854
Aug 31 00:19:13.113820 dv-cinder-852209-8-iscsi devstack@c-api.service[119817]: DEBUG cinder.api.openstack.wsgi [None req-a9b2c9e4-f1ce-46d1-8e5d-4ffe8504312b tempest-SnapshotsActionsTest-1345908480 tempest-SnapshotsActionsTest-1345908480-project] Empty body provided in request {{(pid=119817) get_body /opt/stack/cinder/cinder/api/openstack/wsgi.py:715}}
Aug 31 00:19:13.114074 dv-cinder-852209-8-iscsi devstack@c-api.service[119818]: DEBUG cinder.api.openstack.wsgi [None req-1e008eb0-fa7b-4edb-9127-bf444c54db11 tempest-QosSpecsTestJSON-1554815752 tempest-QosSpecsTestJSON-1554815752-project-admin] Action: 'create', calling method: create, body: {"qos_specs": {"name": "tempest-QosSpecsTestJSON-QoS-1685108624", "consumer": "front-end", "read_iops_sec": "2000"}} {{(pid=119818) _process_stack /opt/stack/cinder/cinder/api/openstack/wsgi.py:866}}
Aug 31 00:19:13.114328 dv-cinder-852209-8-iscsi devstack@c-api.service[119817]: DEBUG cinder.api.openstack.wsgi [None req-a9b2c9e4-f1ce-46d1-8e5d-4ffe8504312b tempest-SnapshotsActionsTest-1345908480 tempest-SnapshotsActionsTest-1345908480-project] Calling method 'show' {{(pid=119817) _process_stack /opt/stack/cinder/cinder/api/openstack/wsgi.py:868}}
Aug 31 00:19:13.125015 dv-cinder-852209-8-iscsi devstack@c-api.service[119818]: /usr/local/lib/python3.8/dist-packages/oslo_context/context.py:100: DeprecationWarning: Policy enforcement is depending on the value of is_admin. This key is deprecated. Please update your policy file to use the standard policy values.
Aug 31 00:19:13.125015 dv-cinder-852209-8-iscsi devstack@c-api.service[119818]: warnings.warn('Policy enforcement is depending on the value of '
Aug 31 00:19:13.126667 dv-cinder-852209-8-iscsi devstack@c-api.service[119818]: DEBUG cinder.volume.qos_specs [None req-1e008eb0-fa7b-4edb-9127-bf444c54db11 tempest-QosSpecsTestJSON-1554815752 tempest-QosSpecsTestJSON-1554815752-project-admin] Dict for qos_specs: {'name': 'tempest-QosSpecsTestJSON-QoS-1685108624', 'consumer': 'front-end', 'specs': {'read_iops_sec': '2000'}} {{(pid=119818) create /opt/stack/cinder/cinder/volume/qos_specs.py:64}}
Aug 31 00:19:13.144076 dv-cinder-852209-8-iscsi devstack@c-api.service[119817]: /usr/local/lib/python3.8/dist-packages/oslo_context/context.py:100: DeprecationWarning: Policy enforcement is depending on the value of is_admin. This key is deprecated. Please update your policy file to use the standard policy values.
Aug 31 00:19:13.144076 dv-cinder-852209-8-iscsi devstack@c-api.service[119817]: warnings.warn('Policy enforcement is depending on the value of '
Aug 31 00:19:13.145098 dv-cinder-852209-8-iscsi devstack@c-api.service[119817]: INFO cinder.volume.api [None req-a9b2c9e4-f1ce-46d1-8e5d-4ffe8504312b tempest-SnapshotsActionsTest-1345908480 tempest-SnapshotsActionsTest-1345908480-project] Snapshot retrieved successfully.
Aug 31 00:19:13.147520 dv-cinder-852209-8-iscsi devstack@c-api.service[119817]: INFO cinder.api.openstack.wsgi [None req-a9b2c9e4-f1ce-46d1-8e5d-4ffe8504312b tempest-SnapshotsActionsTest-1345908480 tempest-SnapshotsActionsTest-1345908480-project] http://10.222.0.49/volume/v3/d57d3ecb7d4f4b819e1f5c8669d84d22/snapshots/9c145bde-9f7c-409d-890a-26254b0a5854 returned with HTTP 200
Aug 31 00:19:13.148200 dv-cinder-852209-8-iscsi devstack@c-api.service[119817]: [pid: 119817|app: 0|req: 61/120] 10.222.0.49 () {58 vars in 1331 bytes} [Wed Aug 31 00:19:13 2022] GET /volume/v3/d57d3ecb7d4f4b819e1f5c8669d84d22/snapshots/9c145bde-9f7c-409d-890a-26254b0a5854 => generated 439 bytes in 42 msecs (HTTP/1.1 200) 7 headers in 285 bytes (1 switches on core 0)
Aug 31 00:19:13.149374 dv-cinder-852209-8-iscsi devstack@c-api.service[119817]: DEBUG cinder.api.middleware.request_id [None req-292a621e-38d0-41da-b916-08490ef0e5b0 None None] RequestId filter calling following filter/app {{(pid=119817) _context_setter /opt/stack/cinder/cinder/api/middleware/request_id.py:62}}
Aug 31 00:19:13.156943 dv-cinder-852209-8-iscsi devstack@c-api.service[119817]: INFO cinder.api.openstack.wsgi [None req-292a621e-38d0-41da-b916-08490ef0e5b0 tempest-GroupSnapshotsTest-1379448977 tempest-GroupSnapshotsTest-1379448977-project] GET http://10.222.0.49/volume/v3/2cedc66af1f34b7d9879716192985b35/groups/5d309095-fe46-4d57-a2ab-2f37647c2c7d
Aug 31 00:19:13.157706 dv-cinder-852209-8-iscsi devstack@c-api.service[119817]: DEBUG cinder.api.openstack.wsgi [None req-292a621e-38d0-41da-b916-08490ef0e5b0 tempest-GroupSnapshotsTest-1379448977 tempest-GroupSnapshotsTest-1379448977-project] Empty body provided in request {{(pid=119817) get_body /opt/stack/cinder/cinder/api/openstack/wsgi.py:715}}
Aug 31 00:19:13.157925 dv-cinder-852209-8-iscsi devstack@c-api.service[119817]: DEBUG cinder.api.openstack.wsgi [None req-292a621e-38d0-41da-b916-08490ef0e5b0 tempest-GroupSnapshotsTest-1379448977 tempest-GroupSnapshotsTest-1379448977-project] Calling method 'version_select' {{(pid=119817) _process_stack /opt/stack/cinder/cinder/api/openstack/wsgi.py:868}}
Aug 31 00:19:13.158279 dv-cinder-852209-8-iscsi devstack@c-api.service[119817]: DEBUG cinder.api.v3.groups [None req-292a621e-38d0-41da-b916-08490ef0e5b0 tempest-GroupSnapshotsTest-1379448977 tempest-GroupSnapshotsTest-1379448977-project] show called for member 5d309095-fe46-4d57-a2ab-2f37647c2c7d {{(pid=119817) show /opt/stack/cinder/cinder/api/v3/groups.py:58}}
Aug 31 00:19:13.161919 dv-cinder-852209-8-iscsi devstack@c-api.service[119818]: DEBUG cinder.db.sqlalchemy.api [None req-1e008eb0-fa7b-4edb-9127-bf444c54db11 tempest-QosSpecsTestJSON-1554815752 tempest-QosSpecsTestJSON-1554815752-project-admin] DB qos_specs_create(): root {'id': '01bb5ad8-00f0-4d54-b438-7222145715df', 'key': 'QoS_Specs_Name', 'value': 'tempest-QosSpecsTestJSON-QoS-1685108624'} {{(pid=119818) qos_specs_create /opt/stack/cinder/cinder/db/sqlalchemy/api.py:5586}}
Aug 31 00:19:13.173491 dv-cinder-852209-8-iscsi devstack@c-api.service[119817]: /usr/local/lib/python3.8/dist-packages/oslo_context/context.py:100: DeprecationWarning: Policy enforcement is depending on the value of is_admin. This key is deprecated. Please update your policy file to use the standard policy values.
Aug 31 00:19:13.173491 dv-cinder-852209-8-iscsi devstack@c-api.service[119817]: warnings.warn('Policy enforcement is depending on the value of '
Aug 31 00:19:13.176578 dv-cinder-852209-8-iscsi devstack@c-api.service[119818]: INFO cinder.api.openstack.wsgi [None req-1e008eb0-fa7b-4edb-9127-bf444c54db11 tempest-QosSpecsTestJSON-1554815752 tempest-QosSpecsTestJSON-1554815752-project-admin] http://10.222.0.49/volume/v3/292ffb41b1cb4e61935ad2a11080f799/qos-specs returned with HTTP 200
Aug 31 00:19:13.180455 dv-cinder-852209-8-iscsi devstack@c-api.service[119818]: [pid: 119818|app: 0|req: 60/121] 10.222.0.49 () {60 vars in 1242 bytes} [Wed Aug 31 00:19:12 2022] POST /volume/v3/292ffb41b1cb4e61935ad2a11080f799/qos-specs => generated 459 bytes in 369 msecs (HTTP/1.1 200) 7 headers in 285 bytes (1 switches on core 0)
Aug 31 00:19:13.181919 dv-cinder-852209-8-iscsi devstack@c-api.service[119818]: DEBUG cinder.api.middleware.request_id [None req-1b39467f-0198-4653-bc37-4d981476feaf None None] RequestId filter calling following filter/app {{(pid=119818) _context_setter /opt/stack/cinder/cinder/api/middleware/request_id.py:62}}
Aug 31 00:19:13.191608 dv-cinder-852209-8-iscsi devstack@c-api.service[119818]: INFO cinder.api.openstack.wsgi [None req-1b39467f-0198-4653-bc37-4d981476feaf tempest-UserMessagesTest-447559463 tempest-UserMessagesTest-447559463-project] GET http://10.222.0.49/volume/v3/19d5a5f84cb943b7baf03bab52507c7b/volumes/7ad16455-b645-489d-90a9-f66528f1cf99
Aug 31 00:19:13.192145 dv-cinder-852209-8-iscsi devstack@c-api.service[119818]: DEBUG cinder.api.openstack.wsgi [None req-1b39467f-0198-4653-bc37-4d981476feaf tempest-UserMessagesTest-447559463 tempest-UserMessagesTest-447559463-project] Empty body provided in request {{(pid=119818) get_body /opt/stack/cinder/cinder/api/openstack/wsgi.py:715}}
Aug 31 00:19:13.192621 dv-cinder-852209-8-iscsi devstack@c-api.service[119818]: DEBUG cinder.api.openstack.wsgi [None req-1b39467f-0198-4653-bc37-4d981476feaf tempest-UserMessagesTest-447559463 tempest-UserMessagesTest-447559463-project] Calling method 'show' {{(pid=119818) _process_stack /opt/stack/cinder/cinder/api/openstack/wsgi.py:868}}
Aug 31 00:19:13.228116 dv-cinder-852209-8-iscsi devstack@c-api.service[119817]: INFO cinder.api.openstack.wsgi [None req-292a621e-38d0-41da-b916-08490ef0e5b0 tempest-GroupSnapshotsTest-1379448977 tempest-GroupSnapshotsTest-1379448977-project] http://10.222.0.49/volume/v3/2cedc66af1f34b7d9879716192985b35/groups/5d309095-fe46-4d57-a2ab-2f37647c2c7d returned with HTTP 200
Aug 31 00:19:13.228895 dv-cinder-852209-8-iscsi devstack@c-api.service[119817]: [pid: 119817|app: 0|req: 62/122] 10.222.0.49 () {60 vars in 1363 bytes} [Wed Aug 31 00:19:13 2022] GET /volume/v3/2cedc66af1f34b7d9879716192985b35/groups/5d309095-fe46-4d57-a2ab-2f37647c2c7d => generated 392 bytes in 80 msecs (HTTP/1.1 200) 7 headers in 286 bytes (1 switches on core 0)
Aug 31 00:19:13.236429 dv-cinder-852209-8-iscsi devstack@c-api.service[119817]: DEBUG cinder.api.middleware.request_id [None req-3c78e846-dafe-4550-ae38-81d3db92337d None None] RequestId filter calling following filter/app {{(pid=119817) _context_setter /opt/stack/cinder/cinder/api/middleware/request_id.py:62}}
Aug 31 00:19:13.236749 dv-cinder-852209-8-iscsi devstack@c-api.service[119818]: INFO cinder.api.openstack.wsgi [None req-1b39467f-0198-4653-bc37-4d981476feaf tempest-UserMessagesTest-447559463 tempest-UserMessagesTest-447559463-project] http://10.222.0.49/volume/v3/19d5a5f84cb943b7baf03bab52507c7b/volumes/7ad16455-b645-489d-90a9-f66528f1cf99 returned with HTTP 404
Aug 31 00:19:13.242692 dv-cinder-852209-8-iscsi devstack@c-api.service[119818]: [pid: 119818|app: 0|req: 61/123] 10.222.0.49 () {60 vars in 1365 bytes} [Wed Aug 31 00:19:13 2022] GET /volume/v3/19d5a5f84cb943b7baf03bab52507c7b/volumes/7ad16455-b645-489d-90a9-f66528f1cf99 => generated 109 bytes in 62 msecs (HTTP/1.1 404) 7 headers in 292 bytes (1 switches on core 0)
Aug 31 00:19:13.244305 dv-cinder-852209-8-iscsi devstack@c-api.service[119818]: DEBUG cinder.api.middleware.request_id [None req-b475e0c2-f377-467a-ad3c-224e80d92e8f None None] RequestId filter calling following filter/app {{(pid=119818) _context_setter /opt/stack/cinder/cinder/api/middleware/request_id.py:62}}
Aug 31 00:19:13.248348 dv-cinder-852209-8-iscsi devstack@c-api.service[119817]: INFO cinder.api.openstack.wsgi [None req-3c78e846-dafe-4550-ae38-81d3db92337d tempest-QosSpecsTestJSON-1554815752 tempest-QosSpecsTestJSON-1554815752-project-admin] POST http://10.222.0.49/volume/v3/292ffb41b1cb4e61935ad2a11080f799/types
Aug 31 00:19:13.253343 dv-cinder-852209-8-iscsi devstack@c-api.service[119817]: DEBUG cinder.api.openstack.wsgi [None req-3c78e846-dafe-4550-ae38-81d3db92337d tempest-QosSpecsTestJSON-1554815752 tempest-QosSpecsTestJSON-1554815752-project-admin] Action: 'create', calling method: _create, body: {"volume_type": {"name": "tempest-QosSpecsTestJSON-volume-type-2057555936"}} {{(pid=119817) _process_stack /opt/stack/cinder/cinder/api/openstack/wsgi.py:866}}
Aug 31 00:19:13.257369 dv-cinder-852209-8-iscsi devstack@c-api.service[119817]: /usr/local/lib/python3.8/dist-packages/oslo_context/context.py:100: DeprecationWarning: Policy enforcement is depending on the value of is_admin. This key is deprecated. Please update your policy file to use the standard policy values.
Aug 31 00:19:13.257369 dv-cinder-852209-8-iscsi devstack@c-api.service[119817]: warnings.warn('Policy enforcement is depending on the value of '
Aug 31 00:19:13.258172 dv-cinder-852209-8-iscsi devstack@c-api.service[119818]: INFO cinder.api.openstack.wsgi [None req-b475e0c2-f377-467a-ad3c-224e80d92e8f tempest-GroupSnapshotsTest-1379448977 tempest-GroupSnapshotsTest-1379448977-project] POST http://10.222.0.49/volume/v3/2cedc66af1f34b7d9879716192985b35/volumes
Aug 31 00:19:13.259104 dv-cinder-852209-8-iscsi devstack@c-api.service[119818]: DEBUG cinder.api.openstack.wsgi [None req-b475e0c2-f377-467a-ad3c-224e80d92e8f tempest-GroupSnapshotsTest-1379448977 tempest-GroupSnapshotsTest-1379448977-project] Action: 'create', calling method: create, body: {"volume": {"volume_type": "31cae38b-95ab-4cb0-b51b-96dd79c7ec08", "group_id": "5d309095-fe46-4d57-a2ab-2f37647c2c7d", "size": 1, "name": "tempest-GroupSnapshotsTest-Volume-2028207291"}} {{(pid=119818) _process_stack /opt/stack/cinder/cinder/api/openstack/wsgi.py:866}}
Aug 31 00:19:13.262179 dv-cinder-852209-8-iscsi devstack@c-api.service[119818]: DEBUG cinder.api.v3.volumes [None req-b475e0c2-f377-467a-ad3c-224e80d92e8f tempest-GroupSnapshotsTest-1379448977 tempest-GroupSnapshotsTest-1379448977-project] Create volume request body: {'volume': {'volume_type': '31cae38b-95ab-4cb0-b51b-96dd79c7ec08', 'group_id': '5d309095-fe46-4d57-a2ab-2f37647c2c7d', 'size': 1, 'name': 'tempest-GroupSnapshotsTest-Volume-2028207291'}} {{(pid=119818) create /opt/stack/cinder/cinder/api/v3/volumes.py:298}}
Aug 31 00:19:13.310630 dv-cinder-852209-8-iscsi devstack@c-api.service[119818]: /usr/local/lib/python3.8/dist-packages/oslo_context/context.py:100: DeprecationWarning: Policy enforcement is depending on the value of is_admin. This key is deprecated. Please update your policy file to use the standard policy values.
Aug 31 00:19:13.310630 dv-cinder-852209-8-iscsi devstack@c-api.service[119818]: warnings.warn('Policy enforcement is depending on the value of '
Aug 31 00:19:13.313808 dv-cinder-852209-8-iscsi devstack@c-api.service[119818]: INFO cinder.api.v3.volumes [None req-b475e0c2-f377-467a-ad3c-224e80d92e8f tempest-GroupSnapshotsTest-1379448977 tempest-GroupSnapshotsTest-1379448977-project] Create volume of 1 GB
Aug 31 00:19:13.319797 dv-cinder-852209-8-iscsi devstack@c-api.service[119817]: INFO cinder.api.openstack.wsgi [None req-3c78e846-dafe-4550-ae38-81d3db92337d tempest-QosSpecsTestJSON-1554815752 tempest-QosSpecsTestJSON-1554815752-project-admin] http://10.222.0.49/volume/v3/292ffb41b1cb4e61935ad2a11080f799/types returned with HTTP 200
Aug 31 00:19:13.323238 dv-cinder-852209-8-iscsi devstack@c-api.service[119817]: [pid: 119817|app: 0|req: 63/124] 10.222.0.49 () {60 vars in 1229 bytes} [Wed Aug 31 00:19:13 2022] POST /volume/v3/292ffb41b1cb4e61935ad2a11080f799/types => generated 222 bytes in 94 msecs (HTTP/1.1 200) 7 headers in 285 bytes (1 switches on core 0)
Aug 31 00:19:13.324618 dv-cinder-852209-8-iscsi devstack@c-api.service[119817]: DEBUG cinder.api.middleware.request_id [None req-786da111-cf78-41fb-b25b-43000e4fc7bb None None] RequestId filter calling following filter/app {{(pid=119817) _context_setter /opt/stack/cinder/cinder/api/middleware/request_id.py:62}}
Aug 31 00:19:13.332725 dv-cinder-852209-8-iscsi devstack@c-api.service[119817]: INFO cinder.api.openstack.wsgi [None req-786da111-cf78-41fb-b25b-43000e4fc7bb tempest-UserMessagesTest-968618184 tempest-UserMessagesTest-968618184-project-admin] DELETE http://10.222.0.49/volume/v3/1a3eeb7f29fd4f5fa08a978bb9c5ac3f/types/81434651-5fc3-41d3-b63a-cc9db69b896e
Aug 31 00:19:13.333218 dv-cinder-852209-8-iscsi devstack@c-api.service[119817]: DEBUG cinder.api.openstack.wsgi [None req-786da111-cf78-41fb-b25b-43000e4fc7bb tempest-UserMessagesTest-968618184 tempest-UserMessagesTest-968618184-project-admin] Empty body provided in request {{(pid=119817) get_body /opt/stack/cinder/cinder/api/openstack/wsgi.py:715}}
Aug 31 00:19:13.333698 dv-cinder-852209-8-iscsi devstack@c-api.service[119817]: DEBUG cinder.api.openstack.wsgi [None req-786da111-cf78-41fb-b25b-43000e4fc7bb tempest-UserMessagesTest-968618184 tempest-UserMessagesTest-968618184-project-admin] Calling method '_delete' {{(pid=119817) _process_stack /opt/stack/cinder/cinder/api/openstack/wsgi.py:868}}
Aug 31 00:19:13.348120 dv-cinder-852209-8-iscsi devstack@c-api.service[119818]: INFO cinder.volume.api [None req-b475e0c2-f377-467a-ad3c-224e80d92e8f tempest-GroupSnapshotsTest-1379448977 tempest-GroupSnapshotsTest-1379448977-project] Availability Zones retrieved successfully.
Aug 31 00:19:13.403369 dv-cinder-852209-8-iscsi devstack@c-api.service[119818]: DEBUG cinder.volume.api [None req-b475e0c2-f377-467a-ad3c-224e80d92e8f tempest-GroupSnapshotsTest-1379448977 tempest-GroupSnapshotsTest-1379448977-project] Flow 'volume_create_api' (5a334a7e-531b-43e9-baf8-e682b68b4853) transitioned into state 'RUNNING' from state 'PENDING' {{(pid=119818) _flow_receiver /usr/local/lib/python3.8/dist-packages/taskflow/listeners/logging.py:141}}
Aug 31 00:19:13.410705 dv-cinder-852209-8-iscsi devstack@c-api.service[119818]: DEBUG cinder.volume.api [None req-b475e0c2-f377-467a-ad3c-224e80d92e8f tempest-GroupSnapshotsTest-1379448977 tempest-GroupSnapshotsTest-1379448977-project] Task 'cinder.volume.flows.api.create_volume.ExtractVolumeRequestTask;volume:create' (1075f8d6-ee48-424f-844f-fa3bf37695ea) transitioned into state 'RUNNING' from state 'PENDING' {{(pid=119818) _task_receiver /usr/local/lib/python3.8/dist-packages/taskflow/listeners/logging.py:190}}
Aug 31 00:19:13.420779 dv-cinder-852209-8-iscsi devstack@c-api.service[119818]: /usr/local/lib/python3.8/dist-packages/oslo_context/context.py:100: DeprecationWarning: Policy enforcement is depending on the value of is_admin. This key is deprecated. Please update your policy file to use the standard policy values.
Aug 31 00:19:13.420779 dv-cinder-852209-8-iscsi devstack@c-api.service[119818]: warnings.warn('Policy enforcement is depending on the value of '
Aug 31 00:19:13.422013 dv-cinder-852209-8-iscsi devstack@c-api.service[119818]: DEBUG cinder.volume.flows.api.create_volume [None req-b475e0c2-f377-467a-ad3c-224e80d92e8f tempest-GroupSnapshotsTest-1379448977 tempest-GroupSnapshotsTest-1379448977-project] Validating volume size '1' using validate_int {{(pid=119818) _extract_size /opt/stack/cinder/cinder/volume/flows/api/create_volume.py:228}}
Aug 31 00:19:13.481503 dv-cinder-852209-8-iscsi devstack@c-api.service[119817]: INFO cinder.api.openstack.wsgi [None req-786da111-cf78-41fb-b25b-43000e4fc7bb tempest-UserMessagesTest-968618184 tempest-UserMessagesTest-968618184-project-admin] http://10.222.0.49/volume/v3/1a3eeb7f29fd4f5fa08a978bb9c5ac3f/types/81434651-5fc3-41d3-b63a-cc9db69b896e returned with HTTP 202
Aug 31 00:19:13.496841 dv-cinder-852209-8-iscsi devstack@c-api.service[119817]: [pid: 119817|app: 0|req: 64/125] 10.222.0.49 () {58 vars in 1322 bytes} [Wed Aug 31 00:19:13 2022] DELETE /volume/v3/1a3eeb7f29fd4f5fa08a978bb9c5ac3f/types/81434651-5fc3-41d3-b63a-cc9db69b896e => generated 0 bytes in 159 msecs (HTTP/1.1 202) 6 headers in 233 bytes (1 switches on core 0)
Aug 31 00:19:13.496841 dv-cinder-852209-8-iscsi devstack@c-api.service[119817]: DEBUG cinder.api.middleware.request_id [None req-8636562d-66c6-42c0-bc98-e02c5253c39e None None] RequestId filter calling following filter/app {{(pid=119817) _context_setter /opt/stack/cinder/cinder/api/middleware/request_id.py:62}}
Aug 31 00:19:13.497202 dv-cinder-852209-8-iscsi devstack@c-api.service[119817]: INFO cinder.api.openstack.wsgi [None req-8636562d-66c6-42c0-bc98-e02c5253c39e tempest-QosSpecsTestJSON-1554815752 tempest-QosSpecsTestJSON-1554815752-project-admin] POST http://10.222.0.49/volume/v3/292ffb41b1cb4e61935ad2a11080f799/types
Aug 31 00:19:13.497920 dv-cinder-852209-8-iscsi devstack@c-api.service[119817]: DEBUG cinder.api.openstack.wsgi [None req-8636562d-66c6-42c0-bc98-e02c5253c39e tempest-QosSpecsTestJSON-1554815752 tempest-QosSpecsTestJSON-1554815752-project-admin] Action: 'create', calling method: _create, body: {"volume_type": {"name": "tempest-QosSpecsTestJSON-volume-type-1118996189"}} {{(pid=119817) _process_stack /opt/stack/cinder/cinder/api/openstack/wsgi.py:866}}
Aug 31 00:19:13.511900 dv-cinder-852209-8-iscsi devstack@c-api.service[119818]: DEBUG cinder.volume.api [None req-b475e0c2-f377-467a-ad3c-224e80d92e8f tempest-GroupSnapshotsTest-1379448977 tempest-GroupSnapshotsTest-1379448977-project] Task 'cinder.volume.flows.api.create_volume.ExtractVolumeRequestTask;volume:create' (1075f8d6-ee48-424f-844f-fa3bf37695ea) transitioned into state 'SUCCESS' from state 'RUNNING' with result '{'size': 1, 'snapshot_id': None, 'source_volid': None, 'volume_type': VolumeType(created_at=2022-08-31T00:19:11Z,deleted=False,deleted_at=None,description=None,extra_specs={},id=31cae38b-95ab-4cb0-b51b-96dd79c7ec08,is_public=True,name='tempest-GroupSnapshotsTest-volume-type-1506012448',projects=[],qos_specs=,qos_specs_id=None,updated_at=None), 'volume_type_id': '31cae38b-95ab-4cb0-b51b-96dd79c7ec08', 'encryption_key_id': None, 'qos_specs': None, 'consistencygroup_id': None, 'cgsnapshot_id': None, 'group_id': '5d309095-fe46-4d57-a2ab-2f37647c2c7d', 'replication_status': 'disabled', 'refresh_az': False, 'backup_id': None, 'multiattach': False, 'availability_zones': ['nova']}' {{(pid=119818) _task_receiver /usr/local/lib/python3.8/dist-packages/taskflow/listeners/logging.py:178}}
Aug 31 00:19:13.524994 dv-cinder-852209-8-iscsi devstack@c-api.service[119818]: DEBUG cinder.volume.api [None req-b475e0c2-f377-467a-ad3c-224e80d92e8f tempest-GroupSnapshotsTest-1379448977 tempest-GroupSnapshotsTest-1379448977-project] Task 'cinder.volume.flows.api.create_volume.QuotaReserveTask;volume:create' (9858dc86-0c5b-45c3-a6d6-ed062843bd33) transitioned into state 'RUNNING' from state 'PENDING' {{(pid=119818) _task_receiver /usr/local/lib/python3.8/dist-packages/taskflow/listeners/logging.py:190}}
Aug 31 00:19:13.554930 dv-cinder-852209-8-iscsi devstack@c-api.service[119817]: INFO cinder.api.openstack.wsgi [None req-8636562d-66c6-42c0-bc98-e02c5253c39e tempest-QosSpecsTestJSON-1554815752 tempest-QosSpecsTestJSON-1554815752-project-admin] http://10.222.0.49/volume/v3/292ffb41b1cb4e61935ad2a11080f799/types returned with HTTP 200
Aug 31 00:19:13.557503 dv-cinder-852209-8-iscsi devstack@c-api.service[119817]: [pid: 119817|app: 0|req: 65/126] 10.222.0.49 () {60 vars in 1229 bytes} [Wed Aug 31 00:19:13 2022] POST /volume/v3/292ffb41b1cb4e61935ad2a11080f799/types => generated 222 bytes in 72 msecs (HTTP/1.1 200) 7 headers in 285 bytes (1 switches on core 0)
Aug 31 00:19:13.562169 dv-cinder-852209-8-iscsi devstack@c-api.service[119817]: DEBUG cinder.api.middleware.request_id [None req-2c64cc49-ce9c-4bab-a3bf-687ab6857da2 None None] RequestId filter calling following filter/app {{(pid=119817) _context_setter /opt/stack/cinder/cinder/api/middleware/request_id.py:62}}
Aug 31 00:19:13.572109 dv-cinder-852209-8-iscsi devstack@c-api.service[119817]: INFO cinder.api.openstack.wsgi [None req-2c64cc49-ce9c-4bab-a3bf-687ab6857da2 tempest-UserMessagesTest-968618184 tempest-UserMessagesTest-968618184-project-admin] GET http://10.222.0.49/volume/v3/1a3eeb7f29fd4f5fa08a978bb9c5ac3f/types/81434651-5fc3-41d3-b63a-cc9db69b896e
Aug 31 00:19:13.572853 dv-cinder-852209-8-iscsi devstack@c-api.service[119817]: DEBUG cinder.api.openstack.wsgi [None req-2c64cc49-ce9c-4bab-a3bf-687ab6857da2 tempest-UserMessagesTest-968618184 tempest-UserMessagesTest-968618184-project-admin] Empty body provided in request {{(pid=119817) get_body /opt/stack/cinder/cinder/api/openstack/wsgi.py:715}}
Aug 31 00:19:13.574244 dv-cinder-852209-8-iscsi devstack@c-api.service[119817]: DEBUG cinder.api.openstack.wsgi [None req-2c64cc49-ce9c-4bab-a3bf-687ab6857da2 tempest-UserMessagesTest-968618184 tempest-UserMessagesTest-968618184-project-admin] Calling method 'show' {{(pid=119817) _process_stack /opt/stack/cinder/cinder/api/openstack/wsgi.py:868}}
Aug 31 00:19:13.588726 dv-cinder-852209-8-iscsi devstack@c-api.service[119817]: INFO cinder.api.openstack.wsgi [None req-2c64cc49-ce9c-4bab-a3bf-687ab6857da2 tempest-UserMessagesTest-968618184 tempest-UserMessagesTest-968618184-project-admin] http://10.222.0.49/volume/v3/1a3eeb7f29fd4f5fa08a978bb9c5ac3f/types/81434651-5fc3-41d3-b63a-cc9db69b896e returned with HTTP 404
Aug 31 00:19:13.594606 dv-cinder-852209-8-iscsi devstack@c-api.service[119817]: [pid: 119817|app: 0|req: 66/127] 10.222.0.49 () {58 vars in 1319 bytes} [Wed Aug 31 00:19:13 2022] GET /volume/v3/1a3eeb7f29fd4f5fa08a978bb9c5ac3f/types/81434651-5fc3-41d3-b63a-cc9db69b896e => generated 114 bytes in 36 msecs (HTTP/1.1 404) 7 headers in 292 bytes (1 switches on core 0)
Aug 31 00:19:13.597114 dv-cinder-852209-8-iscsi devstack@c-api.service[119817]: DEBUG cinder.api.middleware.request_id [None req-2dafdd52-6ac8-447f-8aa8-7bae918a385f None None] RequestId filter calling following filter/app {{(pid=119817) _context_setter /opt/stack/cinder/cinder/api/middleware/request_id.py:62}}
Aug 31 00:19:13.609722 dv-cinder-852209-8-iscsi devstack@c-api.service[119817]: INFO cinder.api.openstack.wsgi [None req-2dafdd52-6ac8-447f-8aa8-7bae918a385f tempest-QosSpecsTestJSON-1554815752 tempest-QosSpecsTestJSON-1554815752-project-admin] POST http://10.222.0.49/volume/v3/292ffb41b1cb4e61935ad2a11080f799/types
Aug 31 00:19:13.612284 dv-cinder-852209-8-iscsi devstack@c-api.service[119817]: DEBUG cinder.api.openstack.wsgi [None req-2dafdd52-6ac8-447f-8aa8-7bae918a385f tempest-QosSpecsTestJSON-1554815752 tempest-QosSpecsTestJSON-1554815752-project-admin] Action: 'create', calling method: _create, body: {"volume_type": {"name": "tempest-QosSpecsTestJSON-volume-type-706868604"}} {{(pid=119817) _process_stack /opt/stack/cinder/cinder/api/openstack/wsgi.py:866}}
Aug 31 00:19:13.619768 dv-cinder-852209-8-iscsi devstack@c-api.service[119818]: WARNING cinder.quota [None req-b475e0c2-f377-467a-ad3c-224e80d92e8f tempest-GroupSnapshotsTest-1379448977 tempest-GroupSnapshotsTest-1379448977-project] Deprecated: Default quota for resource: volumes_tempest-GroupSnapshotsTest-volume-type-1506012448 is set by the default quota flag: quota_volumes_tempest-GroupSnapshotsTest-volume-type-1506012448, it is now deprecated. Please use the default quota class for default quota.
Aug 31 00:19:13.621164 dv-cinder-852209-8-iscsi devstack@c-api.service[119818]: WARNING cinder.quota [None req-b475e0c2-f377-467a-ad3c-224e80d92e8f tempest-GroupSnapshotsTest-1379448977 tempest-GroupSnapshotsTest-1379448977-project] Deprecated: Default quota for resource: gigabytes_tempest-GroupSnapshotsTest-volume-type-1506012448 is set by the default quota flag: quota_gigabytes_tempest-GroupSnapshotsTest-volume-type-1506012448, it is now deprecated. Please use the default quota class for default quota.
Aug 31 00:19:13.674391 dv-cinder-852209-8-iscsi devstack@c-api.service[119817]: INFO cinder.api.openstack.wsgi [None req-2dafdd52-6ac8-447f-8aa8-7bae918a385f tempest-QosSpecsTestJSON-1554815752 tempest-QosSpecsTestJSON-1554815752-project-admin] http://10.222.0.49/volume/v3/292ffb41b1cb4e61935ad2a11080f799/types returned with HTTP 200
Aug 31 00:19:13.680396 dv-cinder-852209-8-iscsi devstack@c-api.service[119817]: [pid: 119817|app: 0|req: 67/128] 10.222.0.49 () {60 vars in 1229 bytes} [Wed Aug 31 00:19:13 2022] POST /volume/v3/292ffb41b1cb4e61935ad2a11080f799/types => generated 221 bytes in 85 msecs (HTTP/1.1 200) 7 headers in 285 bytes (1 switches on core 0)
Aug 31 00:19:13.686466 dv-cinder-852209-8-iscsi devstack@c-api.service[119817]: DEBUG cinder.api.middleware.request_id [None req-f6dd73c8-d3bd-401c-91cd-58b9e7ecf0f5 None None] RequestId filter calling following filter/app {{(pid=119817) _context_setter /opt/stack/cinder/cinder/api/middleware/request_id.py:62}}
Aug 31 00:19:13.698403 dv-cinder-852209-8-iscsi devstack@c-api.service[119817]: INFO cinder.api.openstack.wsgi [None req-f6dd73c8-d3bd-401c-91cd-58b9e7ecf0f5 tempest-QosSpecsTestJSON-1554815752 tempest-QosSpecsTestJSON-1554815752-project-admin] GET http://10.222.0.49/volume/v3/292ffb41b1cb4e61935ad2a11080f799/qos-specs/01bb5ad8-00f0-4d54-b438-7222145715df/associate?vol_type_id=2e035ba5-7e2e-47a6-a1d1-2a6e4c2fb096
Aug 31 00:19:13.698901 dv-cinder-852209-8-iscsi devstack@c-api.service[119817]: DEBUG cinder.api.openstack.wsgi [None req-f6dd73c8-d3bd-401c-91cd-58b9e7ecf0f5 tempest-QosSpecsTestJSON-1554815752 tempest-QosSpecsTestJSON-1554815752-project-admin] Empty body provided in request {{(pid=119817) get_body /opt/stack/cinder/cinder/api/openstack/wsgi.py:715}}
Aug 31 00:19:13.701945 dv-cinder-852209-8-iscsi devstack@c-api.service[119817]: DEBUG cinder.api.openstack.wsgi [None req-f6dd73c8-d3bd-401c-91cd-58b9e7ecf0f5 tempest-QosSpecsTestJSON-1554815752 tempest-QosSpecsTestJSON-1554815752-project-admin] Calling method 'associate' {{(pid=119817) _process_stack /opt/stack/cinder/cinder/api/openstack/wsgi.py:868}}
Aug 31 00:19:13.705941 dv-cinder-852209-8-iscsi devstack@c-api.service[119817]: DEBUG cinder.api.contrib.qos_specs_manage [None req-f6dd73c8-d3bd-401c-91cd-58b9e7ecf0f5 tempest-QosSpecsTestJSON-1554815752 tempest-QosSpecsTestJSON-1554815752-project-admin] Associate qos_spec: 01bb5ad8-00f0-4d54-b438-7222145715df with type: 2e035ba5-7e2e-47a6-a1d1-2a6e4c2fb096 {{(pid=119817) associate /opt/stack/cinder/cinder/api/contrib/qos_specs_manage.py:275}}
Aug 31 00:19:13.773293 dv-cinder-852209-8-iscsi devstack@c-api.service[119818]: DEBUG cinder.quota [None req-b475e0c2-f377-467a-ad3c-224e80d92e8f tempest-GroupSnapshotsTest-1379448977 tempest-GroupSnapshotsTest-1379448977-project] Created reservations ['7644156f-41b9-4d7c-a745-f009defb4436', '7c2dff37-434c-4618-9e77-14ec2f9a81bb', '7e3b2c26-4869-4c3d-bb41-5085e6874e29', 'f0a671be-1fb5-4c31-aeac-efbf482ed23a'] {{(pid=119818) reserve /opt/stack/cinder/cinder/quota.py:755}}
Aug 31 00:19:13.775451 dv-cinder-852209-8-iscsi devstack@c-api.service[119818]: DEBUG cinder.volume.api [None req-b475e0c2-f377-467a-ad3c-224e80d92e8f tempest-GroupSnapshotsTest-1379448977 tempest-GroupSnapshotsTest-1379448977-project] Task 'cinder.volume.flows.api.create_volume.QuotaReserveTask;volume:create' (9858dc86-0c5b-45c3-a6d6-ed062843bd33) transitioned into state 'SUCCESS' from state 'RUNNING' with result '{'reservations': ['7644156f-41b9-4d7c-a745-f009defb4436', '7c2dff37-434c-4618-9e77-14ec2f9a81bb', '7e3b2c26-4869-4c3d-bb41-5085e6874e29', 'f0a671be-1fb5-4c31-aeac-efbf482ed23a']}' {{(pid=119818) _task_receiver /usr/local/lib/python3.8/dist-packages/taskflow/listeners/logging.py:178}}
Aug 31 00:19:13.777573 dv-cinder-852209-8-iscsi devstack@c-api.service[119818]: DEBUG cinder.volume.api [None req-b475e0c2-f377-467a-ad3c-224e80d92e8f tempest-GroupSnapshotsTest-1379448977 tempest-GroupSnapshotsTest-1379448977-project] Task 'cinder.volume.flows.api.create_volume.EntryCreateTask;volume:create' (71d45c12-6142-4879-8305-b8f3b8fb48be) transitioned into state 'RUNNING' from state 'PENDING' {{(pid=119818) _task_receiver /usr/local/lib/python3.8/dist-packages/taskflow/listeners/logging.py:190}}
Aug 31 00:19:13.803290 dv-cinder-852209-8-iscsi devstack@c-api.service[119818]: DEBUG dbcounter [-] [119818] Writing DB stats cinder:SELECT=67,cinder:INSERT=17,cinder:UPDATE=16 {{(pid=119818) stat_writer /usr/local/lib/python3.8/dist-packages/dbcounter.py:114}}
Aug 31 00:19:13.850756 dv-cinder-852209-8-iscsi devstack@c-api.service[119818]: DEBUG cinder.volume.api [None req-b475e0c2-f377-467a-ad3c-224e80d92e8f tempest-GroupSnapshotsTest-1379448977 tempest-GroupSnapshotsTest-1379448977-project] Task 'cinder.volume.flows.api.create_volume.EntryCreateTask;volume:create' (71d45c12-6142-4879-8305-b8f3b8fb48be) transitioned into state 'SUCCESS' from state 'RUNNING' with result '{'volume_id': 'e443aa87-b17e-4f3f-9eb2-6b64504e34ac', 'volume_properties': VolumeProperties(attach_status='detached',availability_zone='nova',cgsnapshot_id=None,consistencygroup_id=None,display_description=None,display_name='tempest-GroupSnapshotsTest-Volume-2028207291',encryption_key_id=None,group_id=5d309095-fe46-4d57-a2ab-2f37647c2c7d,group_type_id=,metadata={},multiattach=False,project_id='2cedc66af1f34b7d9879716192985b35',qos_specs=None,replication_status=,reservations=['7644156f-41b9-4d7c-a745-f009defb4436','7c2dff37-434c-4618-9e77-14ec2f9a81bb','7e3b2c26-4869-4c3d-bb41-5085e6874e29','f0a671be-1fb5-4c31-aeac-efbf482ed23a'],size=1,snapshot_id=None,source_replicaid=,source_volid=None,status='creating',user_id='eb0b20485a664bf697627f9f7dfe0c33',volume_type_id=31cae38b-95ab-4cb0-b51b-96dd79c7ec08), 'volume': Volume(_name_id=None,admin_metadata=,attach_status='detached',availability_zone='nova',bootable=False,cluster=,cluster_name=None,consistencygroup=,consistencygroup_id=None,created_at=2022-08-31T00:19:13Z,deleted=False,deleted_at=None,display_description=None,display_name='tempest-GroupSnapshotsTest-Volume-2028207291',ec2_id=None,encryption_key_id=None,glance_metadata=,group=,group_id=5d309095-fe46-4d57-a2ab-2f37647c2c7d,host=None,id=e443aa87-b17e-4f3f-9eb2-6b64504e34ac,launched_at=None,metadata={},migration_status=None,multiattach=False,previous_status=None,project_id='2cedc66af1f34b7d9879716192985b35',provider_auth=None,provider_geometry=None,provider_id=None,provider_location=None,replication_driver_data=None,replication_extended_status=None,replication_status=None,scheduled_at=None,service_uuid=None,shared_targets=True,size=1,snapshot_id=None,snapshots=,source_volid=None,status='creating',terminated_at=None,updated_at=None,use_quota=True,user_id='eb0b20485a664bf697627f9f7dfe0c33',volume_attachment=VolumeAttachmentList,volume_type=VolumeType(31cae38b-95ab-4cb0-b51b-96dd79c7ec08),volume_type_id=31cae38b-95ab-4cb0-b51b-96dd79c7ec08)}' {{(pid=119818) _task_receiver /usr/local/lib/python3.8/dist-packages/taskflow/listeners/logging.py:178}}
Aug 31 00:19:13.857527 dv-cinder-852209-8-iscsi devstack@c-api.service[119818]: DEBUG cinder.volume.api [None req-b475e0c2-f377-467a-ad3c-224e80d92e8f tempest-GroupSnapshotsTest-1379448977 tempest-GroupSnapshotsTest-1379448977-project] Task 'cinder.volume.flows.api.create_volume.QuotaCommitTask;volume:create' (c164ad90-4048-4da5-b843-1f87cfcc87c1) transitioned into state 'RUNNING' from state 'PENDING' {{(pid=119818) _task_receiver /usr/local/lib/python3.8/dist-packages/taskflow/listeners/logging.py:190}}
Aug 31 00:19:13.859565 dv-cinder-852209-8-iscsi devstack@c-api.service[119817]: INFO cinder.api.openstack.wsgi [None req-f6dd73c8-d3bd-401c-91cd-58b9e7ecf0f5 tempest-QosSpecsTestJSON-1554815752 tempest-QosSpecsTestJSON-1554815752-project-admin] http://10.222.0.49/volume/v3/292ffb41b1cb4e61935ad2a11080f799/qos-specs/01bb5ad8-00f0-4d54-b438-7222145715df/associate?vol_type_id=2e035ba5-7e2e-47a6-a1d1-2a6e4c2fb096 returned with HTTP 202
Aug 31 00:19:13.864739 dv-cinder-852209-8-iscsi devstack@c-api.service[119817]: [pid: 119817|app: 0|req: 68/129] 10.222.0.49 () {58 vars in 1458 bytes} [Wed Aug 31 00:19:13 2022] GET /volume/v3/292ffb41b1cb4e61935ad2a11080f799/qos-specs/01bb5ad8-00f0-4d54-b438-7222145715df/associate?vol_type_id=2e035ba5-7e2e-47a6-a1d1-2a6e4c2fb096 => generated 0 bytes in 176 msecs (HTTP/1.1 202) 6 headers in 233 bytes (1 switches on core 0)
Aug 31 00:19:13.866522 dv-cinder-852209-8-iscsi devstack@c-api.service[119817]: DEBUG cinder.api.middleware.request_id [None req-666ba027-f9ec-4a40-8aba-b2866e99b9b3 None None] RequestId filter calling following filter/app {{(pid=119817) _context_setter /opt/stack/cinder/cinder/api/middleware/request_id.py:62}}
Aug 31 00:19:13.879455 dv-cinder-852209-8-iscsi devstack@c-api.service[119817]: INFO cinder.api.openstack.wsgi [None req-666ba027-f9ec-4a40-8aba-b2866e99b9b3 tempest-QosSpecsTestJSON-1554815752 tempest-QosSpecsTestJSON-1554815752-project-admin] GET http://10.222.0.49/volume/v3/292ffb41b1cb4e61935ad2a11080f799/qos-specs/01bb5ad8-00f0-4d54-b438-7222145715df/associate?vol_type_id=12f9c719-cfdc-4fe5-8841-4e0854d8b08c
Aug 31 00:19:13.879936 dv-cinder-852209-8-iscsi devstack@c-api.service[119817]: DEBUG cinder.api.openstack.wsgi [None req-666ba027-f9ec-4a40-8aba-b2866e99b9b3 tempest-QosSpecsTestJSON-1554815752 tempest-QosSpecsTestJSON-1554815752-project-admin] Empty body provided in request {{(pid=119817) get_body /opt/stack/cinder/cinder/api/openstack/wsgi.py:715}}
Aug 31 00:19:13.880405 dv-cinder-852209-8-iscsi devstack@c-api.service[119817]: DEBUG cinder.api.openstack.wsgi [None req-666ba027-f9ec-4a40-8aba-b2866e99b9b3 tempest-QosSpecsTestJSON-1554815752 tempest-QosSpecsTestJSON-1554815752-project-admin] Calling method 'associate' {{(pid=119817) _process_stack /opt/stack/cinder/cinder/api/openstack/wsgi.py:868}}
Aug 31 00:19:13.882607 dv-cinder-852209-8-iscsi devstack@c-api.service[119817]: /usr/local/lib/python3.8/dist-packages/oslo_context/context.py:100: DeprecationWarning: Policy enforcement is depending on the value of is_admin. This key is deprecated. Please update your policy file to use the standard policy values.
Aug 31 00:19:13.882607 dv-cinder-852209-8-iscsi devstack@c-api.service[119817]: warnings.warn('Policy enforcement is depending on the value of '
Aug 31 00:19:13.887478 dv-cinder-852209-8-iscsi devstack@c-api.service[119817]: DEBUG cinder.api.contrib.qos_specs_manage [None req-666ba027-f9ec-4a40-8aba-b2866e99b9b3 tempest-QosSpecsTestJSON-1554815752 tempest-QosSpecsTestJSON-1554815752-project-admin] Associate qos_spec: 01bb5ad8-00f0-4d54-b438-7222145715df with type: 12f9c719-cfdc-4fe5-8841-4e0854d8b08c {{(pid=119817) associate /opt/stack/cinder/cinder/api/contrib/qos_specs_manage.py:275}}
Aug 31 00:19:13.924562 dv-cinder-852209-8-iscsi devstack@c-api.service[119818]: DEBUG cinder.volume.api [None req-b475e0c2-f377-467a-ad3c-224e80d92e8f tempest-GroupSnapshotsTest-1379448977 tempest-GroupSnapshotsTest-1379448977-project] Task 'cinder.volume.flows.api.create_volume.QuotaCommitTask;volume:create' (c164ad90-4048-4da5-b843-1f87cfcc87c1) transitioned into state 'SUCCESS' from state 'RUNNING' with result '{'volume_properties': VolumeProperties(attach_status='detached',availability_zone='nova',cgsnapshot_id=None,consistencygroup_id=None,display_description=None,display_name='tempest-GroupSnapshotsTest-Volume-2028207291',encryption_key_id=None,group_id=5d309095-fe46-4d57-a2ab-2f37647c2c7d,group_type_id=,metadata={},multiattach=False,project_id='2cedc66af1f34b7d9879716192985b35',qos_specs=None,replication_status=,reservations=['7644156f-41b9-4d7c-a745-f009defb4436','7c2dff37-434c-4618-9e77-14ec2f9a81bb','7e3b2c26-4869-4c3d-bb41-5085e6874e29','f0a671be-1fb5-4c31-aeac-efbf482ed23a'],size=1,snapshot_id=None,source_replicaid=,source_volid=None,status='creating',user_id='eb0b20485a664bf697627f9f7dfe0c33',volume_type_id=31cae38b-95ab-4cb0-b51b-96dd79c7ec08)}' {{(pid=119818) _task_receiver /usr/local/lib/python3.8/dist-packages/taskflow/listeners/logging.py:178}}
Aug 31 00:19:13.926324 dv-cinder-852209-8-iscsi devstack@c-api.service[119818]: DEBUG cinder.volume.api [None req-b475e0c2-f377-467a-ad3c-224e80d92e8f tempest-GroupSnapshotsTest-1379448977 tempest-GroupSnapshotsTest-1379448977-project] Task 'cinder.volume.flows.api.create_volume.VolumeCastTask;volume:create' (f56f80f7-5139-4fe3-b752-4d098de0c4a2) transitioned into state 'RUNNING' from state 'PENDING' {{(pid=119818) _task_receiver /usr/local/lib/python3.8/dist-packages/taskflow/listeners/logging.py:190}}
Aug 31 00:19:13.959618 dv-cinder-852209-8-iscsi devstack@c-api.service[119817]: INFO cinder.api.openstack.wsgi [None req-666ba027-f9ec-4a40-8aba-b2866e99b9b3 tempest-QosSpecsTestJSON-1554815752 tempest-QosSpecsTestJSON-1554815752-project-admin] http://10.222.0.49/volume/v3/292ffb41b1cb4e61935ad2a11080f799/qos-specs/01bb5ad8-00f0-4d54-b438-7222145715df/associate?vol_type_id=12f9c719-cfdc-4fe5-8841-4e0854d8b08c returned with HTTP 202
Aug 31 00:19:13.964489 dv-cinder-852209-8-iscsi devstack@c-api.service[119817]: [pid: 119817|app: 0|req: 69/130] 10.222.0.49 () {58 vars in 1458 bytes} [Wed Aug 31 00:19:13 2022] GET /volume/v3/292ffb41b1cb4e61935ad2a11080f799/qos-specs/01bb5ad8-00f0-4d54-b438-7222145715df/associate?vol_type_id=12f9c719-cfdc-4fe5-8841-4e0854d8b08c => generated 0 bytes in 98 msecs (HTTP/1.1 202) 6 headers in 233 bytes (1 switches on core 0)
Aug 31 00:19:13.965640 dv-cinder-852209-8-iscsi devstack@c-api.service[119817]: DEBUG cinder.api.middleware.request_id [None req-00a3cb26-ae77-4b8b-a59e-54e59b0325df None None] RequestId filter calling following filter/app {{(pid=119817) _context_setter /opt/stack/cinder/cinder/api/middleware/request_id.py:62}}
Aug 31 00:19:13.971623 dv-cinder-852209-8-iscsi devstack@c-api.service[119817]: INFO cinder.api.openstack.wsgi [None req-00a3cb26-ae77-4b8b-a59e-54e59b0325df tempest-QosSpecsTestJSON-1554815752 tempest-QosSpecsTestJSON-1554815752-project-admin] GET http://10.222.0.49/volume/v3/292ffb41b1cb4e61935ad2a11080f799/qos-specs/01bb5ad8-00f0-4d54-b438-7222145715df/associate?vol_type_id=c7c1637b-74b8-4535-bdef-597bf689f878
Aug 31 00:19:13.979653 dv-cinder-852209-8-iscsi devstack@c-api.service[119817]: DEBUG cinder.api.openstack.wsgi [None req-00a3cb26-ae77-4b8b-a59e-54e59b0325df tempest-QosSpecsTestJSON-1554815752 tempest-QosSpecsTestJSON-1554815752-project-admin] Empty body provided in request {{(pid=119817) get_body /opt/stack/cinder/cinder/api/openstack/wsgi.py:715}}
