Aug 24 08:03:16.434509 dv-cinder-852209-7-smb devstack@c-api.service[114124]: DEBUG cinder.api.openstack.wsgi [None req-4fe2468b-bb17-4ee4-943c-96f45b1b32ab tempest-VolumeTypesNegativeTest-2099005069 tempest-VolumeTypesNegativeTest-2099005069-project-admin] Empty body provided in request {{(pid=114124) get_body /opt/stack/cinder/cinder/api/openstack/wsgi.py:715}}
Aug 24 08:03:16.434509 dv-cinder-852209-7-smb devstack@c-api.service[114124]: DEBUG cinder.api.openstack.wsgi [None req-4fe2468b-bb17-4ee4-943c-96f45b1b32ab tempest-VolumeTypesNegativeTest-2099005069 tempest-VolumeTypesNegativeTest-2099005069-project-admin] Calling method '_delete' {{(pid=114124) _process_stack /opt/stack/cinder/cinder/api/openstack/wsgi.py:868}}
Aug 24 08:03:16.439331 dv-cinder-852209-7-smb devstack@c-api.service[114123]: [pid: 114123|app: 0|req: 62/123] 10.222.0.58 () {58 vars in 1319 bytes} [Wed Aug 24 08:03:16 2022] GET /volume/v3/816495355a984e87a758ce48fee368fe/types/05ed38fa-2bed-4a37-8043-5e2034510417 => generated 114 bytes in 41 msecs (HTTP/1.1 404) 7 headers in 292 bytes (1 switches on core 0)
Aug 24 08:03:16.603000 dv-cinder-852209-7-smb devstack@c-api.service[114124]: INFO cinder.api.openstack.wsgi [None req-4fe2468b-bb17-4ee4-943c-96f45b1b32ab tempest-VolumeTypesNegativeTest-2099005069 tempest-VolumeTypesNegativeTest-2099005069-project-admin] http://10.222.0.58/volume/v3/816495355a984e87a758ce48fee368fe/types/c3e49a63-3cef-450e-83e8-bd4974d6e21a returned with HTTP 202
Aug 24 08:03:16.608854 dv-cinder-852209-7-smb devstack@c-api.service[114124]: [pid: 114124|app: 0|req: 62/124] 10.222.0.58 () {58 vars in 1322 bytes} [Wed Aug 24 08:03:16 2022] DELETE /volume/v3/816495355a984e87a758ce48fee368fe/types/c3e49a63-3cef-450e-83e8-bd4974d6e21a => generated 0 bytes in 182 msecs (HTTP/1.1 202) 6 headers in 233 bytes (2 switches on core 0)
Aug 24 08:03:16.610527 dv-cinder-852209-7-smb devstack@c-api.service[114123]: DEBUG cinder.api.middleware.request_id [None req-dafb18d5-4acd-49d9-9e80-0616a9e630b1 None None] RequestId filter calling following filter/app {{(pid=114123) _context_setter /opt/stack/cinder/cinder/api/middleware/request_id.py:62}}
Aug 24 08:03:16.615297 dv-cinder-852209-7-smb devstack@c-api.service[114123]: INFO cinder.api.openstack.wsgi [None req-dafb18d5-4acd-49d9-9e80-0616a9e630b1 tempest-VolumeTypesNegativeTest-2099005069 tempest-VolumeTypesNegativeTest-2099005069-project-admin] GET http://10.222.0.58/volume/v3/816495355a984e87a758ce48fee368fe/types/c3e49a63-3cef-450e-83e8-bd4974d6e21a
Aug 24 08:03:16.615777 dv-cinder-852209-7-smb devstack@c-api.service[114123]: DEBUG cinder.api.openstack.wsgi [None req-dafb18d5-4acd-49d9-9e80-0616a9e630b1 tempest-VolumeTypesNegativeTest-2099005069 tempest-VolumeTypesNegativeTest-2099005069-project-admin] Empty body provided in request {{(pid=114123) get_body /opt/stack/cinder/cinder/api/openstack/wsgi.py:715}}
Aug 24 08:03:16.616245 dv-cinder-852209-7-smb devstack@c-api.service[114123]: DEBUG cinder.api.openstack.wsgi [None req-dafb18d5-4acd-49d9-9e80-0616a9e630b1 tempest-VolumeTypesNegativeTest-2099005069 tempest-VolumeTypesNegativeTest-2099005069-project-admin] Calling method 'show' {{(pid=114123) _process_stack /opt/stack/cinder/cinder/api/openstack/wsgi.py:868}}
Aug 24 08:03:16.626974 dv-cinder-852209-7-smb devstack@c-api.service[114123]: INFO cinder.api.openstack.wsgi [None req-dafb18d5-4acd-49d9-9e80-0616a9e630b1 tempest-VolumeTypesNegativeTest-2099005069 tempest-VolumeTypesNegativeTest-2099005069-project-admin] http://10.222.0.58/volume/v3/816495355a984e87a758ce48fee368fe/types/c3e49a63-3cef-450e-83e8-bd4974d6e21a returned with HTTP 404
Aug 24 08:03:16.631097 dv-cinder-852209-7-smb devstack@c-api.service[114123]: [pid: 114123|app: 0|req: 63/125] 10.222.0.58 () {58 vars in 1319 bytes} [Wed Aug 24 08:03:16 2022] GET /volume/v3/816495355a984e87a758ce48fee368fe/types/c3e49a63-3cef-450e-83e8-bd4974d6e21a => generated 114 bytes in 19 msecs (HTTP/1.1 404) 7 headers in 292 bytes (1 switches on core 0)
Aug 24 08:03:16.776605 dv-cinder-852209-7-smb devstack@c-api.service[114124]: DEBUG cinder.api.middleware.request_id [None req-a694b893-28fa-484c-a5ff-376161483c42 None None] RequestId filter calling following filter/app {{(pid=114124) _context_setter /opt/stack/cinder/cinder/api/middleware/request_id.py:62}}
Aug 24 08:03:16.776605 dv-cinder-852209-7-smb devstack@c-api.service[114124]: INFO cinder.api.openstack.wsgi [None req-a694b893-28fa-484c-a5ff-376161483c42 tempest-VolumeQuotaClassesTest-941300655 tempest-VolumeQuotaClassesTest-941300655-project-admin] GET http://10.222.0.58/volume/v3/b9ce2596d72c408493c92854842d1d79/os-quota-sets/33a9ad4000524011b745dfa7ee871062/defaults
Aug 24 08:03:16.776605 dv-cinder-852209-7-smb devstack@c-api.service[114124]: DEBUG cinder.api.openstack.wsgi [None req-a694b893-28fa-484c-a5ff-376161483c42 tempest-VolumeQuotaClassesTest-941300655 tempest-VolumeQuotaClassesTest-941300655-project-admin] Empty body provided in request {{(pid=114124) get_body /opt/stack/cinder/cinder/api/openstack/wsgi.py:715}}
Aug 24 08:03:16.777652 dv-cinder-852209-7-smb devstack@c-api.service[114124]: DEBUG cinder.api.openstack.wsgi [None req-a694b893-28fa-484c-a5ff-376161483c42 tempest-VolumeQuotaClassesTest-941300655 tempest-VolumeQuotaClassesTest-941300655-project-admin] Calling method 'defaults' {{(pid=114124) _process_stack /opt/stack/cinder/cinder/api/openstack/wsgi.py:868}}
Aug 24 08:03:16.882511 dv-cinder-852209-7-smb devstack@c-api.service[114124]: INFO cinder.api.openstack.wsgi [None req-a694b893-28fa-484c-a5ff-376161483c42 tempest-VolumeQuotaClassesTest-941300655 tempest-VolumeQuotaClassesTest-941300655-project-admin] http://10.222.0.58/volume/v3/b9ce2596d72c408493c92854842d1d79/os-quota-sets/33a9ad4000524011b745dfa7ee871062/defaults returned with HTTP 200
Aug 24 08:03:16.886500 dv-cinder-852209-7-smb devstack@c-api.service[114124]: DEBUG dbcounter [-] [114124] Writing DB stats cinder:SELECT=85,cinder:UPDATE=9,cinder:INSERT=6 {{(pid=114124) stat_writer /usr/local/lib/python3.8/dist-packages/dbcounter.py:114}}
Aug 24 08:03:16.889049 dv-cinder-852209-7-smb devstack@c-api.service[114124]: [pid: 114124|app: 0|req: 63/126] 10.222.0.58 () {58 vars in 1358 bytes} [Wed Aug 24 08:03:16 2022] GET /volume/v3/b9ce2596d72c408493c92854842d1d79/os-quota-sets/33a9ad4000524011b745dfa7ee871062/defaults => generated 569 bytes in 119 msecs (HTTP/1.1 200) 7 headers in 285 bytes (1 switches on core 0)
Aug 24 08:03:17.375628 dv-cinder-852209-7-smb devstack@c-api.service[114123]: DEBUG cinder.api.middleware.request_id [None req-4fcf2e16-3c91-4067-b678-429420047355 None None] RequestId filter calling following filter/app {{(pid=114123) _context_setter /opt/stack/cinder/cinder/api/middleware/request_id.py:62}}
Aug 24 08:03:17.381951 dv-cinder-852209-7-smb devstack@c-api.service[114123]: INFO cinder.api.openstack.wsgi [None req-4fcf2e16-3c91-4067-b678-429420047355 tempest-VolumeQuotaClassesTest-941300655 tempest-VolumeQuotaClassesTest-941300655-project-admin] PUT http://10.222.0.58/volume/v3/b9ce2596d72c408493c92854842d1d79/os-quota-class-sets/default
Aug 24 08:03:17.383937 dv-cinder-852209-7-smb devstack@c-api.service[114123]: DEBUG cinder.api.openstack.wsgi [None req-4fcf2e16-3c91-4067-b678-429420047355 tempest-VolumeQuotaClassesTest-941300655 tempest-VolumeQuotaClassesTest-941300655-project-admin] Action: 'update', calling method: update, body: {"quota_class_set": {"volumes": 10, "per_volume_gigabytes": -1, "snapshots": 10, "gigabytes": 1000, "backups": 10, "backup_gigabytes": 1000}} {{(pid=114123) _process_stack /opt/stack/cinder/cinder/api/openstack/wsgi.py:866}}
Aug 24 08:03:17.398091 dv-cinder-852209-7-smb devstack@c-api.service[114124]: DEBUG cinder.api.middleware.request_id [None req-e7d47342-c2ed-4084-8454-ce7651adc8a8 None None] RequestId filter calling following filter/app {{(pid=114124) _context_setter /opt/stack/cinder/cinder/api/middleware/request_id.py:62}}
Aug 24 08:03:17.403895 dv-cinder-852209-7-smb devstack@c-api.service[114124]: INFO cinder.api.openstack.wsgi [None req-e7d47342-c2ed-4084-8454-ce7651adc8a8 tempest-SnapshotsActionsTest-284361685 tempest-SnapshotsActionsTest-284361685-project] GET http://10.222.0.58/volume/v3/20af047259104c09ac43c45dc7dba4ce/snapshots/4811ec78-e94f-4098-8dae-cd646accf5cb
Aug 24 08:03:17.404793 dv-cinder-852209-7-smb devstack@c-api.service[114124]: DEBUG cinder.api.openstack.wsgi [None req-e7d47342-c2ed-4084-8454-ce7651adc8a8 tempest-SnapshotsActionsTest-284361685 tempest-SnapshotsActionsTest-284361685-project] Empty body provided in request {{(pid=114124) get_body /opt/stack/cinder/cinder/api/openstack/wsgi.py:715}}
Aug 24 08:03:17.405629 dv-cinder-852209-7-smb devstack@c-api.service[114124]: DEBUG cinder.api.openstack.wsgi [None req-e7d47342-c2ed-4084-8454-ce7651adc8a8 tempest-SnapshotsActionsTest-284361685 tempest-SnapshotsActionsTest-284361685-project] Calling method 'show' {{(pid=114124) _process_stack /opt/stack/cinder/cinder/api/openstack/wsgi.py:868}}
Aug 24 08:03:17.615976 dv-cinder-852209-7-smb devstack@c-api.service[114124]: /usr/local/lib/python3.8/dist-packages/oslo_context/context.py:100: DeprecationWarning: Policy enforcement is depending on the value of is_admin. This key is deprecated. Please update your policy file to use the standard policy values.
Aug 24 08:03:17.615976 dv-cinder-852209-7-smb devstack@c-api.service[114124]: warnings.warn('Policy enforcement is depending on the value of '
Aug 24 08:03:17.617098 dv-cinder-852209-7-smb devstack@c-api.service[114124]: INFO cinder.volume.api [None req-e7d47342-c2ed-4084-8454-ce7651adc8a8 tempest-SnapshotsActionsTest-284361685 tempest-SnapshotsActionsTest-284361685-project] Snapshot retrieved successfully.
Aug 24 08:03:17.621798 dv-cinder-852209-7-smb devstack@c-api.service[114124]: INFO cinder.api.openstack.wsgi [None req-e7d47342-c2ed-4084-8454-ce7651adc8a8 tempest-SnapshotsActionsTest-284361685 tempest-SnapshotsActionsTest-284361685-project] http://10.222.0.58/volume/v3/20af047259104c09ac43c45dc7dba4ce/snapshots/4811ec78-e94f-4098-8dae-cd646accf5cb returned with HTTP 200
Aug 24 08:03:17.632126 dv-cinder-852209-7-smb devstack@c-api.service[114124]: [pid: 114124|app: 0|req: 64/127] 10.222.0.58 () {58 vars in 1331 bytes} [Wed Aug 24 08:03:17 2022] GET /volume/v3/20af047259104c09ac43c45dc7dba4ce/snapshots/4811ec78-e94f-4098-8dae-cd646accf5cb => generated 530 bytes in 235 msecs (HTTP/1.1 200) 7 headers in 285 bytes (1 switches on core 0)
Aug 24 08:03:17.634707 dv-cinder-852209-7-smb devstack@c-api.service[114124]: DEBUG cinder.api.middleware.request_id [None req-d56ac04a-c81c-434a-b429-ae8a6b723818 None None] RequestId filter calling following filter/app {{(pid=114124) _context_setter /opt/stack/cinder/cinder/api/middleware/request_id.py:62}}
Aug 24 08:03:18.084504 dv-cinder-852209-7-smb devstack@c-api.service[114124]: INFO cinder.api.openstack.wsgi [None req-d56ac04a-c81c-434a-b429-ae8a6b723818 tempest-SnapshotsActionsTest-1623542637 tempest-SnapshotsActionsTest-1623542637-project-admin] POST http://10.222.0.58/volume/v3/64f9732f5f92418ab9aeaa09b5ea4ce8/snapshots/4811ec78-e94f-4098-8dae-cd646accf5cb/action
Aug 24 08:03:18.085452 dv-cinder-852209-7-smb devstack@c-api.service[114124]: DEBUG cinder.api.openstack.wsgi [None req-d56ac04a-c81c-434a-b429-ae8a6b723818 tempest-SnapshotsActionsTest-1623542637 tempest-SnapshotsActionsTest-1623542637-project-admin] Action body: b'{"os-reset_status": {"status": "creating"}}' {{(pid=114124) get_method /opt/stack/cinder/cinder/api/openstack/wsgi.py:983}}
Aug 24 08:03:18.086056 dv-cinder-852209-7-smb devstack@c-api.service[114124]: DEBUG cinder.api.openstack.wsgi [None req-d56ac04a-c81c-434a-b429-ae8a6b723818 tempest-SnapshotsActionsTest-1623542637 tempest-SnapshotsActionsTest-1623542637-project-admin] Action: 'action', calling method: _reset_status, body: {"os-reset_status": {"status": "creating"}} {{(pid=114124) _process_stack /opt/stack/cinder/cinder/api/openstack/wsgi.py:866}}
Aug 24 08:03:18.090289 dv-cinder-852209-7-smb devstack@c-api.service[114124]: DEBUG cinder.api.contrib.admin_actions [None req-d56ac04a-c81c-434a-b429-ae8a6b723818 tempest-SnapshotsActionsTest-1623542637 tempest-SnapshotsActionsTest-1623542637-project-admin] Updating snapshot '4811ec78-e94f-4098-8dae-cd646accf5cb' with '{'status': 'creating'}' {{(pid=114124) _reset_status /opt/stack/cinder/cinder/api/contrib/admin_actions.py:100}}
Aug 24 08:03:18.130168 dv-cinder-852209-7-smb devstack@c-api.service[114123]: DEBUG dbcounter [-] [114123] Writing DB stats cinder:SELECT=75,cinder:INSERT=8,cinder:UPDATE=17 {{(pid=114123) stat_writer /usr/local/lib/python3.8/dist-packages/dbcounter.py:114}}
Aug 24 08:03:18.155097 dv-cinder-852209-7-smb devstack@c-api.service[114124]: /usr/local/lib/python3.8/dist-packages/oslo_context/context.py:100: DeprecationWarning: Policy enforcement is depending on the value of is_admin. This key is deprecated. Please update your policy file to use the standard policy values.
Aug 24 08:03:18.155097 dv-cinder-852209-7-smb devstack@c-api.service[114124]: warnings.warn('Policy enforcement is depending on the value of '
Aug 24 08:03:18.178164 dv-cinder-852209-7-smb devstack@c-api.service[114123]: INFO cinder.api.openstack.wsgi [None req-4fcf2e16-3c91-4067-b678-429420047355 tempest-VolumeQuotaClassesTest-941300655 tempest-VolumeQuotaClassesTest-941300655-project-admin] http://10.222.0.58/volume/v3/b9ce2596d72c408493c92854842d1d79/os-quota-class-sets/default returned with HTTP 200
Aug 24 08:03:18.179539 dv-cinder-852209-7-smb devstack@c-api.service[114123]: [pid: 114123|app: 0|req: 64/128] 10.222.0.58 () {60 vars in 1295 bytes} [Wed Aug 24 08:03:17 2022] PUT /volume/v3/b9ce2596d72c408493c92854842d1d79/os-quota-class-sets/default => generated 533 bytes in 806 msecs (HTTP/1.1 200) 7 headers in 285 bytes (1 switches on core 0)
Aug 24 08:03:18.189903 dv-cinder-852209-7-smb devstack@c-api.service[114123]: DEBUG cinder.api.middleware.request_id [None req-f2796c3c-e2d7-4a80-909d-fdd489e11b37 None None] RequestId filter calling following filter/app {{(pid=114123) _context_setter /opt/stack/cinder/cinder/api/middleware/request_id.py:62}}
Aug 24 08:03:18.195488 dv-cinder-852209-7-smb devstack@c-api.service[114123]: INFO cinder.api.openstack.wsgi [None req-f2796c3c-e2d7-4a80-909d-fdd489e11b37 tempest-VolumeQuotaClassesTest-941300655 tempest-VolumeQuotaClassesTest-941300655-project-admin] DELETE http://10.222.0.58/volume/v3/b9ce2596d72c408493c92854842d1d79/types/72b59057-a629-4189-b2f7-74b08b604ae6
Aug 24 08:03:18.196310 dv-cinder-852209-7-smb devstack@c-api.service[114123]: DEBUG cinder.api.openstack.wsgi [None req-f2796c3c-e2d7-4a80-909d-fdd489e11b37 tempest-VolumeQuotaClassesTest-941300655 tempest-VolumeQuotaClassesTest-941300655-project-admin] Empty body provided in request {{(pid=114123) get_body /opt/stack/cinder/cinder/api/openstack/wsgi.py:715}}
Aug 24 08:03:18.196983 dv-cinder-852209-7-smb devstack@c-api.service[114123]: DEBUG cinder.api.openstack.wsgi [None req-f2796c3c-e2d7-4a80-909d-fdd489e11b37 tempest-VolumeQuotaClassesTest-941300655 tempest-VolumeQuotaClassesTest-941300655-project-admin] Calling method '_delete' {{(pid=114123) _process_stack /opt/stack/cinder/cinder/api/openstack/wsgi.py:868}}
Aug 24 08:03:18.309487 dv-cinder-852209-7-smb devstack@c-api.service[114124]: INFO cinder.api.openstack.wsgi [None req-d56ac04a-c81c-434a-b429-ae8a6b723818 tempest-SnapshotsActionsTest-1623542637 tempest-SnapshotsActionsTest-1623542637-project-admin] http://10.222.0.58/volume/v3/64f9732f5f92418ab9aeaa09b5ea4ce8/snapshots/4811ec78-e94f-4098-8dae-cd646accf5cb/action returned with HTTP 202
Aug 24 08:03:18.310955 dv-cinder-852209-7-smb devstack@c-api.service[114124]: [pid: 114124|app: 0|req: 65/129] 10.222.0.58 () {60 vars in 1373 bytes} [Wed Aug 24 08:03:17 2022] POST /volume/v3/64f9732f5f92418ab9aeaa09b5ea4ce8/snapshots/4811ec78-e94f-4098-8dae-cd646accf5cb/action => generated 0 bytes in 678 msecs (HTTP/1.1 202) 7 headers in 289 bytes (1 switches on core 0)
Aug 24 08:03:18.318207 dv-cinder-852209-7-smb devstack@c-api.service[114124]: DEBUG cinder.api.middleware.request_id [None req-f48fac26-c7d2-4c29-9abb-07e826817257 None None] RequestId filter calling following filter/app {{(pid=114124) _context_setter /opt/stack/cinder/cinder/api/middleware/request_id.py:62}}
Aug 24 08:03:18.333867 dv-cinder-852209-7-smb devstack@c-api.service[114124]: INFO cinder.api.openstack.wsgi [None req-f48fac26-c7d2-4c29-9abb-07e826817257 tempest-SnapshotsActionsTest-284361685 tempest-SnapshotsActionsTest-284361685-project] GET http://10.222.0.58/volume/v3/20af047259104c09ac43c45dc7dba4ce/snapshots/4811ec78-e94f-4098-8dae-cd646accf5cb
Aug 24 08:03:18.334567 dv-cinder-852209-7-smb devstack@c-api.service[114124]: DEBUG cinder.api.openstack.wsgi [None req-f48fac26-c7d2-4c29-9abb-07e826817257 tempest-SnapshotsActionsTest-284361685 tempest-SnapshotsActionsTest-284361685-project] Empty body provided in request {{(pid=114124) get_body /opt/stack/cinder/cinder/api/openstack/wsgi.py:715}}
Aug 24 08:03:18.335287 dv-cinder-852209-7-smb devstack@c-api.service[114124]: DEBUG cinder.api.openstack.wsgi [None req-f48fac26-c7d2-4c29-9abb-07e826817257 tempest-SnapshotsActionsTest-284361685 tempest-SnapshotsActionsTest-284361685-project] Calling method 'show' {{(pid=114124) _process_stack /opt/stack/cinder/cinder/api/openstack/wsgi.py:868}}
Aug 24 08:03:18.351482 dv-cinder-852209-7-smb devstack@c-api.service[114123]: INFO cinder.api.openstack.wsgi [None req-f2796c3c-e2d7-4a80-909d-fdd489e11b37 tempest-VolumeQuotaClassesTest-941300655 tempest-VolumeQuotaClassesTest-941300655-project-admin] http://10.222.0.58/volume/v3/b9ce2596d72c408493c92854842d1d79/types/72b59057-a629-4189-b2f7-74b08b604ae6 returned with HTTP 202
Aug 24 08:03:18.355857 dv-cinder-852209-7-smb devstack@c-api.service[114123]: [pid: 114123|app: 0|req: 65/130] 10.222.0.58 () {58 vars in 1322 bytes} [Wed Aug 24 08:03:18 2022] DELETE /volume/v3/b9ce2596d72c408493c92854842d1d79/types/72b59057-a629-4189-b2f7-74b08b604ae6 => generated 0 bytes in 164 msecs (HTTP/1.1 202) 6 headers in 233 bytes (1 switches on core 0)
Aug 24 08:03:18.364028 dv-cinder-852209-7-smb devstack@c-api.service[114124]: /usr/local/lib/python3.8/dist-packages/oslo_context/context.py:100: DeprecationWarning: Policy enforcement is depending on the value of is_admin. This key is deprecated. Please update your policy file to use the standard policy values.
Aug 24 08:03:18.364028 dv-cinder-852209-7-smb devstack@c-api.service[114124]: warnings.warn('Policy enforcement is depending on the value of '
Aug 24 08:03:18.364157 dv-cinder-852209-7-smb devstack@c-api.service[114123]: DEBUG cinder.api.middleware.request_id [None req-269dc3d5-b7a9-4f38-8ad3-1259529b02ba None None] RequestId filter calling following filter/app {{(pid=114123) _context_setter /opt/stack/cinder/cinder/api/middleware/request_id.py:62}}
Aug 24 08:03:18.364232 dv-cinder-852209-7-smb devstack@c-api.service[114124]: INFO cinder.volume.api [None req-f48fac26-c7d2-4c29-9abb-07e826817257 tempest-SnapshotsActionsTest-284361685 tempest-SnapshotsActionsTest-284361685-project] Snapshot retrieved successfully.
Aug 24 08:03:18.364232 dv-cinder-852209-7-smb devstack@c-api.service[114124]: INFO cinder.api.openstack.wsgi [None req-f48fac26-c7d2-4c29-9abb-07e826817257 tempest-SnapshotsActionsTest-284361685 tempest-SnapshotsActionsTest-284361685-project] http://10.222.0.58/volume/v3/20af047259104c09ac43c45dc7dba4ce/snapshots/4811ec78-e94f-4098-8dae-cd646accf5cb returned with HTTP 200
Aug 24 08:03:18.364362 dv-cinder-852209-7-smb devstack@c-api.service[114123]: INFO cinder.api.openstack.wsgi [None req-269dc3d5-b7a9-4f38-8ad3-1259529b02ba tempest-VolumeQuotaClassesTest-941300655 tempest-VolumeQuotaClassesTest-941300655-project-admin] GET http://10.222.0.58/volume/v3/b9ce2596d72c408493c92854842d1d79/types/72b59057-a629-4189-b2f7-74b08b604ae6
Aug 24 08:03:18.364362 dv-cinder-852209-7-smb devstack@c-api.service[114123]: DEBUG cinder.api.openstack.wsgi [None req-269dc3d5-b7a9-4f38-8ad3-1259529b02ba tempest-VolumeQuotaClassesTest-941300655 tempest-VolumeQuotaClassesTest-941300655-project-admin] Empty body provided in request {{(pid=114123) get_body /opt/stack/cinder/cinder/api/openstack/wsgi.py:715}}
Aug 24 08:03:18.364362 dv-cinder-852209-7-smb devstack@c-api.service[114123]: DEBUG cinder.api.openstack.wsgi [None req-269dc3d5-b7a9-4f38-8ad3-1259529b02ba tempest-VolumeQuotaClassesTest-941300655 tempest-VolumeQuotaClassesTest-941300655-project-admin] Calling method 'show' {{(pid=114123) _process_stack /opt/stack/cinder/cinder/api/openstack/wsgi.py:868}}
Aug 24 08:03:18.364959 dv-cinder-852209-7-smb devstack@c-api.service[114124]: [pid: 114124|app: 0|req: 66/131] 10.222.0.58 () {58 vars in 1331 bytes} [Wed Aug 24 08:03:18 2022] GET /volume/v3/20af047259104c09ac43c45dc7dba4ce/snapshots/4811ec78-e94f-4098-8dae-cd646accf5cb => generated 529 bytes in 48 msecs (HTTP/1.1 200) 7 headers in 285 bytes (1 switches on core 0)
Aug 24 08:03:18.371854 dv-cinder-852209-7-smb devstack@c-api.service[114124]: DEBUG cinder.api.middleware.request_id [None req-ca155f10-2022-4e12-8641-dec6671a5287 None None] RequestId filter calling following filter/app {{(pid=114124) _context_setter /opt/stack/cinder/cinder/api/middleware/request_id.py:62}}
Aug 24 08:03:18.376365 dv-cinder-852209-7-smb devstack@c-api.service[114124]: INFO cinder.api.openstack.wsgi [None req-ca155f10-2022-4e12-8641-dec6671a5287 tempest-SnapshotsActionsTest-1623542637 tempest-SnapshotsActionsTest-1623542637-project-admin] POST http://10.222.0.58/volume/v3/64f9732f5f92418ab9aeaa09b5ea4ce8/snapshots/4811ec78-e94f-4098-8dae-cd646accf5cb/action
Aug 24 08:03:18.377851 dv-cinder-852209-7-smb devstack@c-api.service[114123]: INFO cinder.api.openstack.wsgi [None req-269dc3d5-b7a9-4f38-8ad3-1259529b02ba tempest-VolumeQuotaClassesTest-941300655 tempest-VolumeQuotaClassesTest-941300655-project-admin] http://10.222.0.58/volume/v3/b9ce2596d72c408493c92854842d1d79/types/72b59057-a629-4189-b2f7-74b08b604ae6 returned with HTTP 404
Aug 24 08:03:18.378242 dv-cinder-852209-7-smb devstack@c-api.service[114124]: DEBUG cinder.api.openstack.wsgi [None req-ca155f10-2022-4e12-8641-dec6671a5287 tempest-SnapshotsActionsTest-1623542637 tempest-SnapshotsActionsTest-1623542637-project-admin] Action body: b'{"os-reset_status": {"status": "available"}}' {{(pid=114124) get_method /opt/stack/cinder/cinder/api/openstack/wsgi.py:983}}
Aug 24 08:03:18.378747 dv-cinder-852209-7-smb devstack@c-api.service[114124]: DEBUG cinder.api.openstack.wsgi [None req-ca155f10-2022-4e12-8641-dec6671a5287 tempest-SnapshotsActionsTest-1623542637 tempest-SnapshotsActionsTest-1623542637-project-admin] Action: 'action', calling method: _reset_status, body: {"os-reset_status": {"status": "available"}} {{(pid=114124) _process_stack /opt/stack/cinder/cinder/api/openstack/wsgi.py:866}}
Aug 24 08:03:18.385023 dv-cinder-852209-7-smb devstack@c-api.service[114123]: [pid: 114123|app: 0|req: 66/132] 10.222.0.58 () {58 vars in 1319 bytes} [Wed Aug 24 08:03:18 2022] GET /volume/v3/b9ce2596d72c408493c92854842d1d79/types/72b59057-a629-4189-b2f7-74b08b604ae6 => generated 114 bytes in 28 msecs (HTTP/1.1 404) 7 headers in 292 bytes (1 switches on core 0)
Aug 24 08:03:18.388255 dv-cinder-852209-7-smb devstack@c-api.service[114124]: DEBUG cinder.api.contrib.admin_actions [None req-ca155f10-2022-4e12-8641-dec6671a5287 tempest-SnapshotsActionsTest-1623542637 tempest-SnapshotsActionsTest-1623542637-project-admin] Updating snapshot '4811ec78-e94f-4098-8dae-cd646accf5cb' with '{'status': 'available'}' {{(pid=114124) _reset_status /opt/stack/cinder/cinder/api/contrib/admin_actions.py:100}}
Aug 24 08:03:18.429563 dv-cinder-852209-7-smb devstack@c-api.service[114124]: /usr/local/lib/python3.8/dist-packages/oslo_context/context.py:100: DeprecationWarning: Policy enforcement is depending on the value of is_admin. This key is deprecated. Please update your policy file to use the standard policy values.
Aug 24 08:03:18.429563 dv-cinder-852209-7-smb devstack@c-api.service[114124]: warnings.warn('Policy enforcement is depending on the value of '
Aug 24 08:03:18.584944 dv-cinder-852209-7-smb devstack@c-api.service[114124]: INFO cinder.api.openstack.wsgi [None req-ca155f10-2022-4e12-8641-dec6671a5287 tempest-SnapshotsActionsTest-1623542637 tempest-SnapshotsActionsTest-1623542637-project-admin] http://10.222.0.58/volume/v3/64f9732f5f92418ab9aeaa09b5ea4ce8/snapshots/4811ec78-e94f-4098-8dae-cd646accf5cb/action returned with HTTP 202
Aug 24 08:03:18.584944 dv-cinder-852209-7-smb devstack@c-api.service[114124]: [pid: 114124|app: 0|req: 67/133] 10.222.0.58 () {60 vars in 1373 bytes} [Wed Aug 24 08:03:18 2022] POST /volume/v3/64f9732f5f92418ab9aeaa09b5ea4ce8/snapshots/4811ec78-e94f-4098-8dae-cd646accf5cb/action => generated 0 bytes in 176 msecs (HTTP/1.1 202) 7 headers in 289 bytes (1 switches on core 0)
Aug 24 08:03:18.591185 dv-cinder-852209-7-smb devstack@c-api.service[114123]: DEBUG cinder.api.middleware.request_id [None req-d07420e4-6ac3-4c03-ae5c-cb09f08f94b1 None None] RequestId filter calling following filter/app {{(pid=114123) _context_setter /opt/stack/cinder/cinder/api/middleware/request_id.py:62}}
Aug 24 08:03:18.603906 dv-cinder-852209-7-smb devstack@c-api.service[114123]: INFO cinder.api.openstack.wsgi [None req-d07420e4-6ac3-4c03-ae5c-cb09f08f94b1 tempest-SnapshotsActionsTest-284361685 tempest-SnapshotsActionsTest-284361685-project] GET http://10.222.0.58/volume/v3/20af047259104c09ac43c45dc7dba4ce/snapshots/4811ec78-e94f-4098-8dae-cd646accf5cb
Aug 24 08:03:18.604916 dv-cinder-852209-7-smb devstack@c-api.service[114123]: DEBUG cinder.api.openstack.wsgi [None req-d07420e4-6ac3-4c03-ae5c-cb09f08f94b1 tempest-SnapshotsActionsTest-284361685 tempest-SnapshotsActionsTest-284361685-project] Empty body provided in request {{(pid=114123) get_body /opt/stack/cinder/cinder/api/openstack/wsgi.py:715}}
Aug 24 08:03:18.605387 dv-cinder-852209-7-smb devstack@c-api.service[114123]: DEBUG cinder.api.openstack.wsgi [None req-d07420e4-6ac3-4c03-ae5c-cb09f08f94b1 tempest-SnapshotsActionsTest-284361685 tempest-SnapshotsActionsTest-284361685-project] Calling method 'show' {{(pid=114123) _process_stack /opt/stack/cinder/cinder/api/openstack/wsgi.py:868}}
Aug 24 08:03:18.625435 dv-cinder-852209-7-smb devstack@c-api.service[114123]: /usr/local/lib/python3.8/dist-packages/oslo_context/context.py:100: DeprecationWarning: Policy enforcement is depending on the value of is_admin. This key is deprecated. Please update your policy file to use the standard policy values.
Aug 24 08:03:18.625435 dv-cinder-852209-7-smb devstack@c-api.service[114123]: warnings.warn('Policy enforcement is depending on the value of '
Aug 24 08:03:18.627019 dv-cinder-852209-7-smb devstack@c-api.service[114123]: INFO cinder.volume.api [None req-d07420e4-6ac3-4c03-ae5c-cb09f08f94b1 tempest-SnapshotsActionsTest-284361685 tempest-SnapshotsActionsTest-284361685-project] Snapshot retrieved successfully.
Aug 24 08:03:18.630133 dv-cinder-852209-7-smb devstack@c-api.service[114123]: INFO cinder.api.openstack.wsgi [None req-d07420e4-6ac3-4c03-ae5c-cb09f08f94b1 tempest-SnapshotsActionsTest-284361685 tempest-SnapshotsActionsTest-284361685-project] http://10.222.0.58/volume/v3/20af047259104c09ac43c45dc7dba4ce/snapshots/4811ec78-e94f-4098-8dae-cd646accf5cb returned with HTTP 200
Aug 24 08:03:18.643274 dv-cinder-852209-7-smb devstack@c-api.service[114123]: [pid: 114123|app: 0|req: 67/134] 10.222.0.58 () {58 vars in 1331 bytes} [Wed Aug 24 08:03:18 2022] GET /volume/v3/20af047259104c09ac43c45dc7dba4ce/snapshots/4811ec78-e94f-4098-8dae-cd646accf5cb => generated 530 bytes in 61 msecs (HTTP/1.1 200) 7 headers in 285 bytes (1 switches on core 0)
Aug 24 08:03:18.643580 dv-cinder-852209-7-smb devstack@c-api.service[114124]: DEBUG cinder.api.middleware.request_id [None req-72930203-ab72-4960-a5d9-ce5eae6973f2 None None] RequestId filter calling following filter/app {{(pid=114124) _context_setter /opt/stack/cinder/cinder/api/middleware/request_id.py:62}}
Aug 24 08:03:18.647607 dv-cinder-852209-7-smb devstack@c-api.service[114124]: INFO cinder.api.openstack.wsgi [None req-72930203-ab72-4960-a5d9-ce5eae6973f2 tempest-SnapshotsActionsTest-284361685 tempest-SnapshotsActionsTest-284361685-project] POST http://10.222.0.58/volume/v3/20af047259104c09ac43c45dc7dba4ce/snapshots
Aug 24 08:03:18.648532 dv-cinder-852209-7-smb devstack@c-api.service[114124]: DEBUG cinder.api.openstack.wsgi [None req-72930203-ab72-4960-a5d9-ce5eae6973f2 tempest-SnapshotsActionsTest-284361685 tempest-SnapshotsActionsTest-284361685-project] Action: 'create', calling method: create, body: {"snapshot": {"volume_id": "f7efaf6c-9110-4dc4-8103-f0749046491b", "name": "tempest-SnapshotsActionsTest-Snapshot-1649190550"}} {{(pid=114124) _process_stack /opt/stack/cinder/cinder/api/openstack/wsgi.py:866}}
Aug 24 08:03:18.669601 dv-cinder-852209-7-smb devstack@c-api.service[114124]: /usr/local/lib/python3.8/dist-packages/oslo_context/context.py:100: DeprecationWarning: Policy enforcement is depending on the value of is_admin. This key is deprecated. Please update your policy file to use the standard policy values.
Aug 24 08:03:18.669601 dv-cinder-852209-7-smb devstack@c-api.service[114124]: warnings.warn('Policy enforcement is depending on the value of '
Aug 24 08:03:18.671412 dv-cinder-852209-7-smb devstack@c-api.service[114124]: INFO cinder.volume.api [None req-72930203-ab72-4960-a5d9-ce5eae6973f2 tempest-SnapshotsActionsTest-284361685 tempest-SnapshotsActionsTest-284361685-project] Volume info retrieved successfully.
Aug 24 08:03:18.671975 dv-cinder-852209-7-smb devstack@c-api.service[114124]: INFO cinder.api.v3.snapshots [None req-72930203-ab72-4960-a5d9-ce5eae6973f2 tempest-SnapshotsActionsTest-284361685 tempest-SnapshotsActionsTest-284361685-project] Create snapshot from volume f7efaf6c-9110-4dc4-8103-f0749046491b
Aug 24 08:03:19.461431 dv-cinder-852209-7-smb devstack@c-api.service[114124]: DEBUG cinder.quota [None req-72930203-ab72-4960-a5d9-ce5eae6973f2 tempest-SnapshotsActionsTest-284361685 tempest-SnapshotsActionsTest-284361685-project] Created reservations ['daa82aee-57d5-452e-b0bc-4895e5be0022', '132edd4d-5891-479a-b899-bbeb2007b2bb', 'cb17c4bf-334e-47a1-85b1-34988d28bb7d', '31bc0157-bafa-4b0a-a62a-b66b8cb5215c'] {{(pid=114124) reserve /opt/stack/cinder/cinder/quota.py:755}}
Aug 24 08:03:19.806927 dv-cinder-852209-7-smb devstack@c-api.service[114124]: INFO cinder.volume.api [None req-72930203-ab72-4960-a5d9-ce5eae6973f2 tempest-SnapshotsActionsTest-284361685 tempest-SnapshotsActionsTest-284361685-project] Snapshot create request issued successfully.
Aug 24 08:03:19.809068 dv-cinder-852209-7-smb devstack@c-api.service[114124]: INFO cinder.api.openstack.wsgi [None req-72930203-ab72-4960-a5d9-ce5eae6973f2 tempest-SnapshotsActionsTest-284361685 tempest-SnapshotsActionsTest-284361685-project] http://10.222.0.58/volume/v3/20af047259104c09ac43c45dc7dba4ce/snapshots returned with HTTP 202
Aug 24 08:03:19.830434 dv-cinder-852209-7-smb devstack@c-api.service[114124]: [pid: 114124|app: 0|req: 68/135] 10.222.0.58 () {60 vars in 1242 bytes} [Wed Aug 24 08:03:18 2022] POST /volume/v3/20af047259104c09ac43c45dc7dba4ce/snapshots => generated 307 bytes in 1181 msecs (HTTP/1.1 202) 7 headers in 291 bytes (2 switches on core 0)
Aug 24 08:03:19.832324 dv-cinder-852209-7-smb devstack@c-api.service[114123]: DEBUG cinder.api.middleware.request_id [None req-925f396b-43ff-42f5-bb5c-cb44a523e2d6 None None] RequestId filter calling following filter/app {{(pid=114123) _context_setter /opt/stack/cinder/cinder/api/middleware/request_id.py:62}}
Aug 24 08:03:19.837385 dv-cinder-852209-7-smb devstack@c-api.service[114123]: INFO cinder.api.openstack.wsgi [None req-925f396b-43ff-42f5-bb5c-cb44a523e2d6 tempest-SnapshotsActionsTest-284361685 tempest-SnapshotsActionsTest-284361685-project] GET http://10.222.0.58/volume/v3/20af047259104c09ac43c45dc7dba4ce/snapshots/b7a8cbf3-43e8-4a3b-b1d6-fe90464c2313
Aug 24 08:03:19.837918 dv-cinder-852209-7-smb devstack@c-api.service[114123]: DEBUG cinder.api.openstack.wsgi [None req-925f396b-43ff-42f5-bb5c-cb44a523e2d6 tempest-SnapshotsActionsTest-284361685 tempest-SnapshotsActionsTest-284361685-project] Empty body provided in request {{(pid=114123) get_body /opt/stack/cinder/cinder/api/openstack/wsgi.py:715}}
Aug 24 08:03:19.838354 dv-cinder-852209-7-smb devstack@c-api.service[114123]: DEBUG cinder.api.openstack.wsgi [None req-925f396b-43ff-42f5-bb5c-cb44a523e2d6 tempest-SnapshotsActionsTest-284361685 tempest-SnapshotsActionsTest-284361685-project] Calling method 'show' {{(pid=114123) _process_stack /opt/stack/cinder/cinder/api/openstack/wsgi.py:868}}
Aug 24 08:03:19.873155 dv-cinder-852209-7-smb devstack@c-api.service[114123]: /usr/local/lib/python3.8/dist-packages/oslo_context/context.py:100: DeprecationWarning: Policy enforcement is depending on the value of is_admin. This key is deprecated. Please update your policy file to use the standard policy values.
Aug 24 08:03:19.873155 dv-cinder-852209-7-smb devstack@c-api.service[114123]: warnings.warn('Policy enforcement is depending on the value of '
Aug 24 08:03:19.880600 dv-cinder-852209-7-smb devstack@c-api.service[114123]: INFO cinder.volume.api [None req-925f396b-43ff-42f5-bb5c-cb44a523e2d6 tempest-SnapshotsActionsTest-284361685 tempest-SnapshotsActionsTest-284361685-project] Snapshot retrieved successfully.
Aug 24 08:03:19.880600 dv-cinder-852209-7-smb devstack@c-api.service[114123]: INFO cinder.api.openstack.wsgi [None req-925f396b-43ff-42f5-bb5c-cb44a523e2d6 tempest-SnapshotsActionsTest-284361685 tempest-SnapshotsActionsTest-284361685-project] http://10.222.0.58/volume/v3/20af047259104c09ac43c45dc7dba4ce/snapshots/b7a8cbf3-43e8-4a3b-b1d6-fe90464c2313 returned with HTTP 200
Aug 24 08:03:19.886119 dv-cinder-852209-7-smb devstack@c-api.service[114123]: [pid: 114123|app: 0|req: 68/136] 10.222.0.58 () {58 vars in 1331 bytes} [Wed Aug 24 08:03:19 2022] GET /volume/v3/20af047259104c09ac43c45dc7dba4ce/snapshots/b7a8cbf3-43e8-4a3b-b1d6-fe90464c2313 => generated 439 bytes in 55 msecs (HTTP/1.1 200) 7 headers in 285 bytes (1 switches on core 0)
Aug 24 08:03:20.891401 dv-cinder-852209-7-smb devstack@c-api.service[114124]: DEBUG cinder.api.middleware.request_id [None req-ebf6613a-33fc-4c6a-ace3-2e735065c99e None None] RequestId filter calling following filter/app {{(pid=114124) _context_setter /opt/stack/cinder/cinder/api/middleware/request_id.py:62}}
Aug 24 08:03:20.896200 dv-cinder-852209-7-smb devstack@c-api.service[114124]: INFO cinder.api.openstack.wsgi [None req-ebf6613a-33fc-4c6a-ace3-2e735065c99e tempest-SnapshotsActionsTest-284361685 tempest-SnapshotsActionsTest-284361685-project] GET http://10.222.0.58/volume/v3/20af047259104c09ac43c45dc7dba4ce/snapshots/b7a8cbf3-43e8-4a3b-b1d6-fe90464c2313
Aug 24 08:03:20.896746 dv-cinder-852209-7-smb devstack@c-api.service[114124]: DEBUG cinder.api.openstack.wsgi [None req-ebf6613a-33fc-4c6a-ace3-2e735065c99e tempest-SnapshotsActionsTest-284361685 tempest-SnapshotsActionsTest-284361685-project] Empty body provided in request {{(pid=114124) get_body /opt/stack/cinder/cinder/api/openstack/wsgi.py:715}}
Aug 24 08:03:20.897430 dv-cinder-852209-7-smb devstack@c-api.service[114124]: DEBUG cinder.api.openstack.wsgi [None req-ebf6613a-33fc-4c6a-ace3-2e735065c99e tempest-SnapshotsActionsTest-284361685 tempest-SnapshotsActionsTest-284361685-project] Calling method 'show' {{(pid=114124) _process_stack /opt/stack/cinder/cinder/api/openstack/wsgi.py:868}}
Aug 24 08:03:20.909993 dv-cinder-852209-7-smb devstack@c-api.service[114124]: /usr/local/lib/python3.8/dist-packages/oslo_context/context.py:100: DeprecationWarning: Policy enforcement is depending on the value of is_admin. This key is deprecated. Please update your policy file to use the standard policy values.
Aug 24 08:03:20.909993 dv-cinder-852209-7-smb devstack@c-api.service[114124]: warnings.warn('Policy enforcement is depending on the value of '
Aug 24 08:03:20.911034 dv-cinder-852209-7-smb devstack@c-api.service[114124]: INFO cinder.volume.api [None req-ebf6613a-33fc-4c6a-ace3-2e735065c99e tempest-SnapshotsActionsTest-284361685 tempest-SnapshotsActionsTest-284361685-project] Snapshot retrieved successfully.
Aug 24 08:03:20.913096 dv-cinder-852209-7-smb devstack@c-api.service[114124]: INFO cinder.api.openstack.wsgi [None req-ebf6613a-33fc-4c6a-ace3-2e735065c99e tempest-SnapshotsActionsTest-284361685 tempest-SnapshotsActionsTest-284361685-project] http://10.222.0.58/volume/v3/20af047259104c09ac43c45dc7dba4ce/snapshots/b7a8cbf3-43e8-4a3b-b1d6-fe90464c2313 returned with HTTP 200
Aug 24 08:03:20.913983 dv-cinder-852209-7-smb devstack@c-api.service[114124]: [pid: 114124|app: 0|req: 69/137] 10.222.0.58 () {58 vars in 1331 bytes} [Wed Aug 24 08:03:20 2022] GET /volume/v3/20af047259104c09ac43c45dc7dba4ce/snapshots/b7a8cbf3-43e8-4a3b-b1d6-fe90464c2313 => generated 569 bytes in 24 msecs (HTTP/1.1 200) 7 headers in 285 bytes (1 switches on core 0)
Aug 24 08:03:20.923661 dv-cinder-852209-7-smb devstack@c-api.service[114123]: DEBUG cinder.api.middleware.request_id [None req-a7ef6131-7db5-4e88-b5f1-6b68f9c40506 None None] RequestId filter calling following filter/app {{(pid=114123) _context_setter /opt/stack/cinder/cinder/api/middleware/request_id.py:62}}
Aug 24 08:03:20.927001 dv-cinder-852209-7-smb devstack@c-api.service[114123]: INFO cinder.api.openstack.wsgi [None req-a7ef6131-7db5-4e88-b5f1-6b68f9c40506 tempest-SnapshotsActionsTest-1623542637 tempest-SnapshotsActionsTest-1623542637-project-admin] POST http://10.222.0.58/volume/v3/64f9732f5f92418ab9aeaa09b5ea4ce8/snapshots/b7a8cbf3-43e8-4a3b-b1d6-fe90464c2313/action
Aug 24 08:03:20.927724 dv-cinder-852209-7-smb devstack@c-api.service[114123]: DEBUG cinder.api.openstack.wsgi [None req-a7ef6131-7db5-4e88-b5f1-6b68f9c40506 tempest-SnapshotsActionsTest-1623542637 tempest-SnapshotsActionsTest-1623542637-project-admin] Action body: b'{"os-reset_status": {"status": "creating"}}' {{(pid=114123) get_method /opt/stack/cinder/cinder/api/openstack/wsgi.py:983}}
Aug 24 08:03:20.928227 dv-cinder-852209-7-smb devstack@c-api.service[114123]: DEBUG cinder.api.openstack.wsgi [None req-a7ef6131-7db5-4e88-b5f1-6b68f9c40506 tempest-SnapshotsActionsTest-1623542637 tempest-SnapshotsActionsTest-1623542637-project-admin] Action: 'action', calling method: _reset_status, body: {"os-reset_status": {"status": "creating"}} {{(pid=114123) _process_stack /opt/stack/cinder/cinder/api/openstack/wsgi.py:866}}
Aug 24 08:03:20.930308 dv-cinder-852209-7-smb devstack@c-api.service[114123]: DEBUG cinder.api.contrib.admin_actions [None req-a7ef6131-7db5-4e88-b5f1-6b68f9c40506 tempest-SnapshotsActionsTest-1623542637 tempest-SnapshotsActionsTest-1623542637-project-admin] Updating snapshot 'b7a8cbf3-43e8-4a3b-b1d6-fe90464c2313' with '{'status': 'creating'}' {{(pid=114123) _reset_status /opt/stack/cinder/cinder/api/contrib/admin_actions.py:100}}
Aug 24 08:03:20.984707 dv-cinder-852209-7-smb devstack@c-api.service[114123]: /usr/local/lib/python3.8/dist-packages/oslo_context/context.py:100: DeprecationWarning: Policy enforcement is depending on the value of is_admin. This key is deprecated. Please update your policy file to use the standard policy values.
Aug 24 08:03:20.984707 dv-cinder-852209-7-smb devstack@c-api.service[114123]: warnings.warn('Policy enforcement is depending on the value of '
Aug 24 08:03:21.092955 dv-cinder-852209-7-smb devstack@c-api.service[114123]: INFO cinder.api.openstack.wsgi [None req-a7ef6131-7db5-4e88-b5f1-6b68f9c40506 tempest-SnapshotsActionsTest-1623542637 tempest-SnapshotsActionsTest-1623542637-project-admin] http://10.222.0.58/volume/v3/64f9732f5f92418ab9aeaa09b5ea4ce8/snapshots/b7a8cbf3-43e8-4a3b-b1d6-fe90464c2313/action returned with HTTP 202
Aug 24 08:03:21.094439 dv-cinder-852209-7-smb devstack@c-api.service[114123]: [pid: 114123|app: 0|req: 69/138] 10.222.0.58 () {60 vars in 1373 bytes} [Wed Aug 24 08:03:20 2022] POST /volume/v3/64f9732f5f92418ab9aeaa09b5ea4ce8/snapshots/b7a8cbf3-43e8-4a3b-b1d6-fe90464c2313/action => generated 0 bytes in 172 msecs (HTTP/1.1 202) 7 headers in 289 bytes (1 switches on core 0)
Aug 24 08:03:21.099049 dv-cinder-852209-7-smb devstack@c-api.service[114124]: DEBUG cinder.api.middleware.request_id [None req-e761ca68-c57a-4a8a-8d36-99c2fb3179bd None None] RequestId filter calling following filter/app {{(pid=114124) _context_setter /opt/stack/cinder/cinder/api/middleware/request_id.py:62}}
Aug 24 08:03:21.103058 dv-cinder-852209-7-smb devstack@c-api.service[114124]: INFO cinder.api.openstack.wsgi [None req-e761ca68-c57a-4a8a-8d36-99c2fb3179bd tempest-SnapshotsActionsTest-284361685 tempest-SnapshotsActionsTest-284361685-project] GET http://10.222.0.58/volume/v3/20af047259104c09ac43c45dc7dba4ce/snapshots/b7a8cbf3-43e8-4a3b-b1d6-fe90464c2313
Aug 24 08:03:21.103267 dv-cinder-852209-7-smb devstack@c-api.service[114124]: DEBUG cinder.api.openstack.wsgi [None req-e761ca68-c57a-4a8a-8d36-99c2fb3179bd tempest-SnapshotsActionsTest-284361685 tempest-SnapshotsActionsTest-284361685-project] Empty body provided in request {{(pid=114124) get_body /opt/stack/cinder/cinder/api/openstack/wsgi.py:715}}
Aug 24 08:03:21.103722 dv-cinder-852209-7-smb devstack@c-api.service[114124]: DEBUG cinder.api.openstack.wsgi [None req-e761ca68-c57a-4a8a-8d36-99c2fb3179bd tempest-SnapshotsActionsTest-284361685 tempest-SnapshotsActionsTest-284361685-project] Calling method 'show' {{(pid=114124) _process_stack /opt/stack/cinder/cinder/api/openstack/wsgi.py:868}}
Aug 24 08:03:21.126998 dv-cinder-852209-7-smb devstack@c-api.service[114124]: /usr/local/lib/python3.8/dist-packages/oslo_context/context.py:100: DeprecationWarning: Policy enforcement is depending on the value of is_admin. This key is deprecated. Please update your policy file to use the standard policy values.
Aug 24 08:03:21.126998 dv-cinder-852209-7-smb devstack@c-api.service[114124]: warnings.warn('Policy enforcement is depending on the value of '
Aug 24 08:03:21.128022 dv-cinder-852209-7-smb devstack@c-api.service[114124]: INFO cinder.volume.api [None req-e761ca68-c57a-4a8a-8d36-99c2fb3179bd tempest-SnapshotsActionsTest-284361685 tempest-SnapshotsActionsTest-284361685-project] Snapshot retrieved successfully.
Aug 24 08:03:21.130222 dv-cinder-852209-7-smb devstack@c-api.service[114124]: INFO cinder.api.openstack.wsgi [None req-e761ca68-c57a-4a8a-8d36-99c2fb3179bd tempest-SnapshotsActionsTest-284361685 tempest-SnapshotsActionsTest-284361685-project] http://10.222.0.58/volume/v3/20af047259104c09ac43c45dc7dba4ce/snapshots/b7a8cbf3-43e8-4a3b-b1d6-fe90464c2313 returned with HTTP 200
Aug 24 08:03:21.131242 dv-cinder-852209-7-smb devstack@c-api.service[114124]: [pid: 114124|app: 0|req: 70/139] 10.222.0.58 () {58 vars in 1331 bytes} [Wed Aug 24 08:03:21 2022] GET /volume/v3/20af047259104c09ac43c45dc7dba4ce/snapshots/b7a8cbf3-43e8-4a3b-b1d6-fe90464c2313 => generated 568 bytes in 33 msecs (HTTP/1.1 200) 7 headers in 285 bytes (1 switches on core 0)
Aug 24 08:03:21.140376 dv-cinder-852209-7-smb devstack@c-api.service[114123]: DEBUG cinder.api.middleware.request_id [None req-396e7132-2115-486a-83e1-f046af93212f None None] RequestId filter calling following filter/app {{(pid=114123) _context_setter /opt/stack/cinder/cinder/api/middleware/request_id.py:62}}
Aug 24 08:03:21.144876 dv-cinder-852209-7-smb devstack@c-api.service[114123]: INFO cinder.api.openstack.wsgi [None req-396e7132-2115-486a-83e1-f046af93212f tempest-SnapshotsActionsTest-1623542637 tempest-SnapshotsActionsTest-1623542637-project-admin] POST http://10.222.0.58/volume/v3/64f9732f5f92418ab9aeaa09b5ea4ce8/snapshots/b7a8cbf3-43e8-4a3b-b1d6-fe90464c2313/action
Aug 24 08:03:21.148422 dv-cinder-852209-7-smb devstack@c-api.service[114123]: DEBUG cinder.api.openstack.wsgi [None req-396e7132-2115-486a-83e1-f046af93212f tempest-SnapshotsActionsTest-1623542637 tempest-SnapshotsActionsTest-1623542637-project-admin] Action body: b'{"os-force_delete": {}}' {{(pid=114123) get_method /opt/stack/cinder/cinder/api/openstack/wsgi.py:983}}
Aug 24 08:03:21.149954 dv-cinder-852209-7-smb devstack@c-api.service[114123]: DEBUG cinder.api.openstack.wsgi [None req-396e7132-2115-486a-83e1-f046af93212f tempest-SnapshotsActionsTest-1623542637 tempest-SnapshotsActionsTest-1623542637-project-admin] Action: 'action', calling method: _force_delete, body: {"os-force_delete": {}} {{(pid=114123) _process_stack /opt/stack/cinder/cinder/api/openstack/wsgi.py:866}}
Aug 24 08:03:21.170927 dv-cinder-852209-7-smb devstack@c-api.service[114123]: /usr/local/lib/python3.8/dist-packages/oslo_context/context.py:100: DeprecationWarning: Policy enforcement is depending on the value of is_admin. This key is deprecated. Please update your policy file to use the standard policy values.
Aug 24 08:03:21.170927 dv-cinder-852209-7-smb devstack@c-api.service[114123]: warnings.warn('Policy enforcement is depending on the value of '
Aug 24 08:03:21.172220 dv-cinder-852209-7-smb devstack@c-api.service[114123]: INFO cinder.volume.api [None req-396e7132-2115-486a-83e1-f046af93212f tempest-SnapshotsActionsTest-1623542637 tempest-SnapshotsActionsTest-1623542637-project-admin] Snapshot retrieved successfully.
Aug 24 08:03:21.323703 dv-cinder-852209-7-smb devstack@c-api.service[114123]: INFO cinder.volume.api [None req-396e7132-2115-486a-83e1-f046af93212f tempest-SnapshotsActionsTest-1623542637 tempest-SnapshotsActionsTest-1623542637-project-admin] Snapshot delete request issued successfully.
Aug 24 08:03:21.328731 dv-cinder-852209-7-smb devstack@c-api.service[114123]: INFO cinder.api.openstack.wsgi [None req-396e7132-2115-486a-83e1-f046af93212f tempest-SnapshotsActionsTest-1623542637 tempest-SnapshotsActionsTest-1623542637-project-admin] http://10.222.0.58/volume/v3/64f9732f5f92418ab9aeaa09b5ea4ce8/snapshots/b7a8cbf3-43e8-4a3b-b1d6-fe90464c2313/action returned with HTTP 202
Aug 24 08:03:21.329725 dv-cinder-852209-7-smb devstack@c-api.service[114123]: [pid: 114123|app: 0|req: 70/140] 10.222.0.58 () {60 vars in 1373 bytes} [Wed Aug 24 08:03:21 2022] POST /volume/v3/64f9732f5f92418ab9aeaa09b5ea4ce8/snapshots/b7a8cbf3-43e8-4a3b-b1d6-fe90464c2313/action => generated 0 bytes in 190 msecs (HTTP/1.1 202) 7 headers in 289 bytes (1 switches on core 0)
Aug 24 08:03:21.334334 dv-cinder-852209-7-smb devstack@c-api.service[114124]: DEBUG cinder.api.middleware.request_id [None req-0d7f3661-b37d-418c-bb15-206644c199e8 None None] RequestId filter calling following filter/app {{(pid=114124) _context_setter /opt/stack/cinder/cinder/api/middleware/request_id.py:62}}
Aug 24 08:03:21.340098 dv-cinder-852209-7-smb devstack@c-api.service[114124]: INFO cinder.api.openstack.wsgi [None req-0d7f3661-b37d-418c-bb15-206644c199e8 tempest-SnapshotsActionsTest-284361685 tempest-SnapshotsActionsTest-284361685-project] GET http://10.222.0.58/volume/v3/20af047259104c09ac43c45dc7dba4ce/snapshots/b7a8cbf3-43e8-4a3b-b1d6-fe90464c2313
Aug 24 08:03:21.340869 dv-cinder-852209-7-smb devstack@c-api.service[114124]: DEBUG cinder.api.openstack.wsgi [None req-0d7f3661-b37d-418c-bb15-206644c199e8 tempest-SnapshotsActionsTest-284361685 tempest-SnapshotsActionsTest-284361685-project] Empty body provided in request {{(pid=114124) get_body /opt/stack/cinder/cinder/api/openstack/wsgi.py:715}}
Aug 24 08:03:21.341568 dv-cinder-852209-7-smb devstack@c-api.service[114124]: DEBUG cinder.api.openstack.wsgi [None req-0d7f3661-b37d-418c-bb15-206644c199e8 tempest-SnapshotsActionsTest-284361685 tempest-SnapshotsActionsTest-284361685-project] Calling method 'show' {{(pid=114124) _process_stack /opt/stack/cinder/cinder/api/openstack/wsgi.py:868}}
Aug 24 08:03:21.354208 dv-cinder-852209-7-smb devstack@c-api.service[114124]: /usr/local/lib/python3.8/dist-packages/oslo_context/context.py:100: DeprecationWarning: Policy enforcement is depending on the value of is_admin. This key is deprecated. Please update your policy file to use the standard policy values.
Aug 24 08:03:21.354208 dv-cinder-852209-7-smb devstack@c-api.service[114124]: warnings.warn('Policy enforcement is depending on the value of '
Aug 24 08:03:21.356143 dv-cinder-852209-7-smb devstack@c-api.service[114124]: INFO cinder.volume.api [None req-0d7f3661-b37d-418c-bb15-206644c199e8 tempest-SnapshotsActionsTest-284361685 tempest-SnapshotsActionsTest-284361685-project] Snapshot retrieved successfully.
Aug 24 08:03:21.358878 dv-cinder-852209-7-smb devstack@c-api.service[114124]: INFO cinder.api.openstack.wsgi [None req-0d7f3661-b37d-418c-bb15-206644c199e8 tempest-SnapshotsActionsTest-284361685 tempest-SnapshotsActionsTest-284361685-project] http://10.222.0.58/volume/v3/20af047259104c09ac43c45dc7dba4ce/snapshots/b7a8cbf3-43e8-4a3b-b1d6-fe90464c2313 returned with HTTP 200
Aug 24 08:03:21.366027 dv-cinder-852209-7-smb devstack@c-api.service[114124]: [pid: 114124|app: 0|req: 71/141] 10.222.0.58 () {58 vars in 1331 bytes} [Wed Aug 24 08:03:21 2022] GET /volume/v3/20af047259104c09ac43c45dc7dba4ce/snapshots/b7a8cbf3-43e8-4a3b-b1d6-fe90464c2313 => generated 568 bytes in 33 msecs (HTTP/1.1 200) 7 headers in 285 bytes (1 switches on core 0)
Aug 24 08:03:22.375515 dv-cinder-852209-7-smb devstack@c-api.service[114123]: DEBUG cinder.api.middleware.request_id [None req-b293f785-7028-4416-8e15-4a2ad2b424cf None None] RequestId filter calling following filter/app {{(pid=114123) _context_setter /opt/stack/cinder/cinder/api/middleware/request_id.py:62}}
Aug 24 08:03:22.382914 dv-cinder-852209-7-smb devstack@c-api.service[114123]: INFO cinder.api.openstack.wsgi [None req-b293f785-7028-4416-8e15-4a2ad2b424cf tempest-SnapshotsActionsTest-284361685 tempest-SnapshotsActionsTest-284361685-project] GET http://10.222.0.58/volume/v3/20af047259104c09ac43c45dc7dba4ce/snapshots/b7a8cbf3-43e8-4a3b-b1d6-fe90464c2313
