Aug 08 16:52:18.912699 dv-cinder-852209-3-iscsi neutron-server[116507]: DEBUG neutron.db.l3_hamode_db [None req-1751f281-dec1-4fc6-8633-78989de333d7 None None] neutron.services.l3_router.l3_router_plugin.L3RouterPlugin method get_ha_sync_data_for_host called with arguments (, 'dv-cinder-852209-3-iscsi', Agent(admin_state_up=True,agent_type='L3 agent',availability_zone='nova',binary='neutron-l3-agent',configurations={"agent_mode": "legacy", "ex_gw_ports": 5, "extensions": [], "floating_ips": 0, "handle_internal_only_routers": true, "interface_driver": "openvswitch", "interfaces": 3, "log_agent_heartbeats": false, "routers": 5},created_at=2022-08-08T16:43:36Z,description=,heartbeat_timestamp=2022-08-08T16:52:06Z,host='dv-cinder-852209-3-iscsi',id=ea271126-a826-4dad-a431-528650430f3b,load=0,resource_versions=,resources_synced=,started_at=2022-08-08T16:43:37Z,topic='l3_agent')) {'router_ids': ['a88c4c90-91bc-4f96-8cc6-adee5d9af566'], 'active': True} {{(pid=116507) wrapper /usr/local/lib/python3.8/dist-packages/oslo_log/helpers.py:65}}
Aug 08 16:52:19.113946 dv-cinder-852209-3-iscsi neutron-server[116505]: DEBUG neutron_lib.callbacks.manager [req-4835ffed-2c42-4f1d-ba09-7b64d3199376 req-79c2573f-6b31-4773-a216-ed22222a03eb tempest-ServerRescueNegativeTestJSON-1491888347 tempest-ServerRescueNegativeTestJSON-1491888347-project] Publish callbacks [] for port (5f8c4a44-04d1-4ab7-bf9b-3e4a84483e8e), precommit_create {{(pid=116505) _notify_loop /usr/local/lib/python3.8/dist-packages/neutron_lib/callbacks/manager.py:176}}
Aug 08 16:52:19.140194 dv-cinder-852209-3-iscsi neutron-server[116506]: DEBUG neutron_lib.callbacks.manager [req-8feea580-9ab6-4fc2-8b01-639f7b11cb18 req-8daf7755-e196-421d-96bb-030cfdbf463e tempest-AttachVolumeNegativeTest-1446405313 tempest-AttachVolumeNegativeTest-1446405313-project] Publish callbacks [] for port (412ef6d6-1ffe-43de-9f26-f0beb2a5afac), precommit_create {{(pid=116506) _notify_loop /usr/local/lib/python3.8/dist-packages/neutron_lib/callbacks/manager.py:176}}
Aug 08 16:52:19.162830 dv-cinder-852209-3-iscsi neutron-server[116505]: INFO neutron.wsgi [req-166a5b5d-72cb-44de-97dd-bf22b07b89b7 req-c26a8b3a-ca86-436a-a18d-2ed80e1a628c tempest-ServerRescueNegativeTestJSON-1491888347 tempest-ServerRescueNegativeTestJSON-1491888347-project] 10.222.0.13 "GET /networking/v2.0/ports?device_id=9f523b07-1c20-4eab-a270-2e16b2895c14 HTTP/1.1" status: 200 len: 210 time: 0.0710158
Aug 08 16:52:19.181656 dv-cinder-852209-3-iscsi neutron-server[116506]: DEBUG neutron.pecan_wsgi.hooks.policy_enforcement [req-10a38fcd-aebb-4fc2-962e-67eb313ec208 req-18bb8d0e-b806-43e6-829e-4272646087dc tempest-DeleteServersTestJSON-1226484710 tempest-DeleteServersTestJSON-1226484710-project] Attributes excluded by policy engine: ['standard_attr_id', 'binding:profile', 'binding:host_id', 'binding:vif_type', 'binding:vif_details'] {{(pid=116506) _exclude_attributes_by_policy /opt/stack/neutron/neutron/pecan_wsgi/hooks/policy_enforcement.py:259}}
Aug 08 16:52:19.190890 dv-cinder-852209-3-iscsi neutron-server[116506]: INFO neutron.wsgi [req-10a38fcd-aebb-4fc2-962e-67eb313ec208 req-18bb8d0e-b806-43e6-829e-4272646087dc tempest-DeleteServersTestJSON-1226484710 tempest-DeleteServersTestJSON-1226484710-project] 10.222.0.13 "GET /networking/v2.0/ports?device_id=6d9c648c-c4ed-45bc-8333-5f0646d9e6eb HTTP/1.1" status: 200 len: 932 time: 0.4643171
Aug 08 16:52:19.197482 dv-cinder-852209-3-iscsi neutron-server[116506]: DEBUG neutron.plugins.ml2.db [req-c402bdf9-4276-47bf-bda5-a67a5b53799f req-770c2eff-b0af-44fa-b30d-c0850c8fbc0d service neutron] For port aa00f426-38ee-4d32-8b5a-c76a247b3988, host hv-cinder-85220, cleared binding levels {{(pid=116506) clear_binding_levels /opt/stack/neutron/neutron/plugins/ml2/db.py:87}}
Aug 08 16:52:19.276328 dv-cinder-852209-3-iscsi neutron-server[116507]: DEBUG neutron.api.rpc.handlers.resources_rpc [None req-0aff4b3b-2da3-4bf0-85e1-faf81bbf6c01 None None] Pushing event updated for resources: {'Port': ['ID=ec4e070d-1987-468b-b3ee-512216855688,revision_number=4']} {{(pid=116507) push /opt/stack/neutron/neutron/api/rpc/handlers/resources_rpc.py:237}}
Aug 08 16:52:19.360285 dv-cinder-852209-3-iscsi neutron-server[116507]: DEBUG neutron.db.l3_dvr_db [None req-1751f281-dec1-4fc6-8633-78989de333d7 None None] Set router a88c4c90-91bc-4f96-8cc6-adee5d9af566 gateway port host: dv-cinder-852209-3-iscsi {{(pid=116507) _build_routers_list /opt/stack/neutron/neutron/db/l3_dvr_db.py:907}}
Aug 08 16:52:19.370253 dv-cinder-852209-3-iscsi neutron-server[116506]: DEBUG neutron_lib.callbacks.manager [None req-469c0457-635a-4254-aace-17138339c89a admin admin] Publish callbacks [] for security_group (None), before_create {{(pid=116506) _notify_loop /usr/local/lib/python3.8/dist-packages/neutron_lib/callbacks/manager.py:176}}
Aug 08 16:52:19.402057 dv-cinder-852209-3-iscsi neutron-server[116506]: DEBUG neutron.plugins.ml2.db [req-c402bdf9-4276-47bf-bda5-a67a5b53799f req-770c2eff-b0af-44fa-b30d-c0850c8fbc0d service neutron] For port aa00f426-38ee-4d32-8b5a-c76a247b3988, host hv-cinder-85220, set binding levels [PortBindingLevel(driver='hyperv',host='hv-cinder-85220',level=0,port_id=aa00f426-38ee-4d32-8b5a-c76a247b3988,segment=NetworkSegment(42d0f234-5cb7-4039-a553-1e33d0cb98ab),segment_id=42d0f234-5cb7-4039-a553-1e33d0cb98ab)] {{(pid=116506) set_binding_levels /opt/stack/neutron/neutron/plugins/ml2/db.py:59}}
Aug 08 16:52:19.402520 dv-cinder-852209-3-iscsi neutron-server[116505]: DEBUG neutron.notifiers.nova [req-32d24c19-247d-4c71-b4e3-5a4f9cbe0ed7 req-3ca79813-2f5c-4ea6-9889-fb53a4a676b3 service neutron] Ignoring state change previous_port_status: DOWN current_port_status: DOWN port_id c16259a2-eb59-46c3-b743-600832fe35f7 {{(pid=116505) record_port_status_changed /opt/stack/neutron/neutron/notifiers/nova.py:233}}
Aug 08 16:52:19.439697 dv-cinder-852209-3-iscsi neutron-server[116505]: DEBUG neutron_lib.callbacks.manager [req-32d24c19-247d-4c71-b4e3-5a4f9cbe0ed7 req-3ca79813-2f5c-4ea6-9889-fb53a4a676b3 service neutron] Publish callbacks [] for port (c16259a2-eb59-46c3-b743-600832fe35f7), precommit_update {{(pid=116505) _notify_loop /usr/local/lib/python3.8/dist-packages/neutron_lib/callbacks/manager.py:176}}
Aug 08 16:52:19.442440 dv-cinder-852209-3-iscsi neutron-server[116506]: INFO neutron.wsgi [req-10a38fcd-aebb-4fc2-962e-67eb313ec208 req-a8ce44ea-ee3f-418c-9f4f-b490cd593962 tempest-DeleteServersTestJSON-1226484710 tempest-DeleteServersTestJSON-1226484710-project] 10.222.0.13 "GET /networking/v2.0/security-groups?id=ae6e7303-8b81-4efb-a839-305f176aacd8&fields=id&fields=name HTTP/1.1" status: 200 len: 286 time: 0.2501082
Aug 08 16:52:19.446971 dv-cinder-852209-3-iscsi neutron-server[116505]: DEBUG dbcounter [-] [116505] Writing DB stats neutron:SELECT=95,neutron:INSERT=4,neutron:UPDATE=1 {{(pid=116505) stat_writer /usr/local/lib/python3.8/dist-packages/dbcounter.py:114}}
Aug 08 16:52:19.482040 dv-cinder-852209-3-iscsi neutron-server[116505]: INFO neutron.wsgi [req-e9e51692-b39f-4826-9dc8-a6a4364eac8e req-f747c38b-a72e-4f6d-96b6-6bde115fb9ca tempest-AttachVolumeNegativeTest-1446405313 tempest-AttachVolumeNegativeTest-1446405313-project] 10.222.0.13 "GET /networking/v2.0/ports?device_id=e0affcec-8e4c-461a-ac29-5ac8d4fd92bd HTTP/1.1" status: 200 len: 210 time: 0.0736637
Aug 08 16:52:19.521047 dv-cinder-852209-3-iscsi neutron-server[116505]: DEBUG neutron.db.provisioning_blocks [req-32d24c19-247d-4c71-b4e3-5a4f9cbe0ed7 req-3ca79813-2f5c-4ea6-9889-fb53a4a676b3 service neutron] Transition to ACTIVE for port object c16259a2-eb59-46c3-b743-600832fe35f7 will not be triggered until provisioned by entity L2. {{(pid=116505) add_provisioning_component /opt/stack/neutron/neutron/db/provisioning_blocks.py:75}}
Aug 08 16:52:19.568262 dv-cinder-852209-3-iscsi neutron-server[116506]: DEBUG neutron_lib.callbacks.manager [None req-469c0457-635a-4254-aace-17138339c89a admin admin] Publish callbacks [] for security_group (193f9635-ceeb-45f1-953e-3cb09cc7c25e), precommit_create {{(pid=116506) _notify_loop /usr/local/lib/python3.8/dist-packages/neutron_lib/callbacks/manager.py:176}}
Aug 08 16:52:19.604591 dv-cinder-852209-3-iscsi neutron-server[116506]: INFO neutron.wsgi [req-bc652dc8-7dab-41b8-a898-e29125020cba req-42ab66fe-f92a-4f0f-907b-5a08a3981232 tempest-AttachVolumeTestJSON-1057712121 tempest-AttachVolumeTestJSON-1057712121-project] 10.222.0.13 "GET /networking/v2.0/ports?device_id=cba167d3-4013-4e79-8c84-5a72b458b6f7 HTTP/1.1" status: 200 len: 210 time: 0.0345955
Aug 08 16:52:19.677389 dv-cinder-852209-3-iscsi neutron-server[116506]: DEBUG neutron_lib.callbacks.manager [req-c402bdf9-4276-47bf-bda5-a67a5b53799f req-770c2eff-b0af-44fa-b30d-c0850c8fbc0d service neutron] Publish callbacks ['neutron.plugins.ml2.plugin.SecurityGroupServerNotifierRpcMixin._notify_sg_on_port_change-581540', 'neutron.plugins.ml2.ovo_rpc._ObjectChangeHandler.handle_event-188691', 'neutron.api.rpc.agentnotifiers.dhcp_rpc_agent_api.DhcpAgentNotifyAPI._native_event_send_dhcp_notification-1587839', 'neutron.db.l3_db.L3RpcNotifierMixin._notify_gateway_port_ip_changed-8777375251685', 'neutron.db.l3_dvrscheduler_db._notify_l3_agent_port_update-8777374851229', 'neutron.db.l3_hascheduler_db._notify_l3_agent_ha_port_update-8777374851247'] for port (aa00f426-38ee-4d32-8b5a-c76a247b3988), after_update {{(pid=116506) _notify_loop /usr/local/lib/python3.8/dist-packages/neutron_lib/callbacks/manager.py:176}}
Aug 08 16:52:19.681187 dv-cinder-852209-3-iscsi neutron-server[116505]: DEBUG neutron_lib.callbacks.manager [req-32d24c19-247d-4c71-b4e3-5a4f9cbe0ed7 req-3ca79813-2f5c-4ea6-9889-fb53a4a676b3 service neutron] Publish callbacks ['neutron.plugins.ml2.plugin.SecurityGroupServerNotifierRpcMixin._notify_sg_on_port_change-581540', 'neutron.plugins.ml2.ovo_rpc._ObjectChangeHandler.handle_event-188691', 'neutron.api.rpc.agentnotifiers.dhcp_rpc_agent_api.DhcpAgentNotifyAPI._native_event_send_dhcp_notification-1587839', 'neutron.db.l3_db.L3RpcNotifierMixin._notify_gateway_port_ip_changed-8777375251685', 'neutron.db.l3_dvrscheduler_db._notify_l3_agent_port_update-8777374851229', 'neutron.db.l3_hascheduler_db._notify_l3_agent_ha_port_update-8777374851247'] for port (c16259a2-eb59-46c3-b743-600832fe35f7), after_update {{(pid=116505) _notify_loop /usr/local/lib/python3.8/dist-packages/neutron_lib/callbacks/manager.py:176}}
Aug 08 16:52:19.686352 dv-cinder-852209-3-iscsi neutron-server[116506]: DEBUG neutron_lib.callbacks.manager [req-8feea580-9ab6-4fc2-8b01-639f7b11cb18 req-8daf7755-e196-421d-96bb-030cfdbf463e tempest-AttachVolumeNegativeTest-1446405313 tempest-AttachVolumeNegativeTest-1446405313-project] Publish callbacks ['neutron.plugins.ml2.plugin.SecurityGroupServerNotifierRpcMixin._notify_sg_on_port_change-581540', 'neutron.plugins.ml2.ovo_rpc._ObjectChangeHandler.handle_event-188691', 'neutron.api.rpc.agentnotifiers.dhcp_rpc_agent_api.DhcpAgentNotifyAPI._native_event_send_dhcp_notification-1587839', 'neutron.db.l3_dvrscheduler_db._notify_l3_agent_new_port-8777374851211'] for port (412ef6d6-1ffe-43de-9f26-f0beb2a5afac), after_create {{(pid=116506) _notify_loop /usr/local/lib/python3.8/dist-packages/neutron_lib/callbacks/manager.py:176}}
Aug 08 16:52:19.701520 dv-cinder-852209-3-iscsi neutron-server[116506]: DEBUG neutron_lib.callbacks.manager [None req-469c0457-635a-4254-aace-17138339c89a admin admin] Publish callbacks ['neutron.plugins.ml2.ovo_rpc._ObjectChangeHandler.handle_event-1681023'] for security_group (193f9635-ceeb-45f1-953e-3cb09cc7c25e), after_create {{(pid=116506) _notify_loop /usr/local/lib/python3.8/dist-packages/neutron_lib/callbacks/manager.py:176}}
Aug 08 16:52:19.742289 dv-cinder-852209-3-iscsi neutron-server[116505]: DEBUG neutron_lib.callbacks.manager [req-4835ffed-2c42-4f1d-ba09-7b64d3199376 req-79c2573f-6b31-4773-a216-ed22222a03eb tempest-ServerRescueNegativeTestJSON-1491888347 tempest-ServerRescueNegativeTestJSON-1491888347-project] Publish callbacks ['neutron.plugins.ml2.plugin.SecurityGroupServerNotifierRpcMixin._notify_sg_on_port_change-581540', 'neutron.plugins.ml2.ovo_rpc._ObjectChangeHandler.handle_event-188691', 'neutron.api.rpc.agentnotifiers.dhcp_rpc_agent_api.DhcpAgentNotifyAPI._native_event_send_dhcp_notification-1587839', 'neutron.db.l3_dvrscheduler_db._notify_l3_agent_new_port-8777374851211'] for port (5f8c4a44-04d1-4ab7-bf9b-3e4a84483e8e), after_create {{(pid=116505) _notify_loop /usr/local/lib/python3.8/dist-packages/neutron_lib/callbacks/manager.py:176}}
Aug 08 16:52:19.749614 dv-cinder-852209-3-iscsi neutron-server[116507]: DEBUG neutron.db.l3_hamode_db [None req-1751f281-dec1-4fc6-8633-78989de333d7 None None] neutron.services.l3_router.l3_router_plugin.L3RouterPlugin method _process_sync_ha_data called with arguments (, [{'id': 'a88c4c90-91bc-4f96-8cc6-adee5d9af566', 'name': 'tempest-DeleteServersTestJSON-1555681137-router', 'tenant_id': 'e8beb878fb0d489cb0a2cf4a569bf475', 'admin_state_up': True, 'status': 'ACTIVE', 'external_gateway_info': {'network_id': '7356f3f2-699b-4c29-aca7-923365f50d6c', 'external_fixed_ips': [{'subnet_id': 'ff609788-3a01-48c2-a023-1e138d3a6a15', 'ip_address': '172.27.2.217'}], 'enable_snat': True}, 'gw_port_id': '3fee6c34-64f3-4893-8685-bd13268a241a', 'description': '', 'availability_zones': ['nova'], 'distributed': False, 'ha': False, 'ha_vr_id': 0, 'availability_zone_hints': [], 'routes': [], 'flavor_id': None, 'tags': [], 'created_at': '2022-08-08T16:51:50Z', 'updated_at': '2022-08-08T16:52:02Z', 'revision_number': 4, 'project_id': 'e8beb878fb0d489cb0a2cf4a569bf475', 'gw_port': {'id': '3fee6c34-64f3-4893-8685-bd13268a241a', 'name': '', 'network_id': '7356f3f2-699b-4c29-aca7-923365f50d6c', 'tenant_id': '', 'mac_address': 'fa:16:3e:d9:ae:a5', 'admin_state_up': True, 'status': 'ACTIVE', 'device_id': 'a88c4c90-91bc-4f96-8cc6-adee5d9af566', 'device_owner': 'network:router_gateway', 'standard_attr_id': 79, 'fixed_ips': [{'subnet_id': 'ff609788-3a01-48c2-a023-1e138d3a6a15', 'ip_address': '172.27.2.217', 'prefixlen': 24}], 'allowed_address_pairs': [], 'extra_dhcp_opts': [], 'security_groups': [], 'description': '', 'binding:vnic_type': 'normal', 'binding:profile': {}, 'binding:host_id': 'dv-cinder-852209-3-iscsi', 'binding:vif_type': 'ovs', 'binding:vif_details': {'connectivity': 'l2', 'port_filter': True, 'ovs_hybrid_plug': False, 'datapath_type': 'system', 'bridge_name': 'br-int', 'bound_drivers': {'0': 'openvswitch'}}, 'port_security_enabled': False, 'tags': [], 'created_at': '2022-08-08T16:51:52Z', 'updated_at': '2022-08-08T16:52:11Z', 'revision_number': 4, 'project_id': '', 'subnets': [{'id': 'ff609788-3a01-48c2-a023-1e138d3a6a15', 'cidr': '172.27.2.0/24', 'gateway_ip': '172.27.2.1', 'dns_nameservers': [], 'ipv6_ra_mode': None, 'subnetpool_id': None}], 'extra_subnets': [], 'address_scopes': {4: None, 6: None}, 'mtu': 1500}, 'enable_snat': True, 'gw_port_host': 'dv-cinder-852209-3-iscsi', '_interfaces': [{'id': 'ec4e070d-1987-468b-b3ee-512216855688', 'name': '', 'network_id': 'b09a83d2-aaea-46ef-8b96-c421b9fab9f0', 'tenant_id': 'e8beb878fb0d489cb0a2cf4a569bf475', 'mac_address': 'fa:16:3e:0a:5f:b7', 'admin_state_up': True, 'status': 'DOWN', 'device_id': 'a88c4c90-91bc-4f96-8cc6-adee5d9af566', 'device_owner': 'network:router_interface', 'standard_attr_id': 95, 'fixed_ips': [{'subnet_id': '16d6dc34-b17b-461e-9424-9c40455780e9', 'ip_address': '172.20.0.1', 'prefixlen': 28}], 'allowed_address_pairs': [], 'extra_dhcp_opts': [], 'security_groups': [], 'description': '', 'binding:vnic_type': 'normal', 'binding:profile': {}, 'binding:host_id': 'dv-cinder-852209-3-iscsi', 'binding:vif_type': 'ovs', 'binding:vif_details': {'connectivity': 'l2', 'port_filter': True, 'ovs_hybrid_plug': False, 'datapath_type': 'system', 'bridge_name': 'br-int', 'bound_drivers': {'0': 'openvswitch'}}, 'port_security_enabled': False, 'tags': [], 'created_at': '2022-08-08T16:52:00Z', 'updated_at': '2022-08-08T16:52:18Z', 'revision_number': 4, 'project_id': 'e8beb878fb0d489cb0a2cf4a569bf475', 'subnets': [{'id': '16d6dc34-b17b-461e-9424-9c40455780e9', 'cidr': '172.20.0.0/28', 'gateway_ip': '172.20.0.1', 'dns_nameservers': [], 'ipv6_ra_mode': None, 'subnetpool_id': None}], 'extra_subnets': [], 'address_scopes': {4: None, 6: None}, 'mtu': 1500}]}], 'dv-cinder-852209-3-iscsi', False) {} {{(pid=116507) wrapper /usr/local/lib/python3.8/dist-packages/oslo_log/helpers.py:65}}
Aug 08 16:52:19.774869 dv-cinder-852209-3-iscsi neutron-server[116506]: DEBUG neutron.pecan_wsgi.hooks.policy_enforcement [req-c402bdf9-4276-47bf-bda5-a67a5b53799f req-770c2eff-b0af-44fa-b30d-c0850c8fbc0d service neutron] Attributes excluded by policy engine: ['standard_attr_id'] {{(pid=116506) _exclude_attributes_by_policy /opt/stack/neutron/neutron/pecan_wsgi/hooks/policy_enforcement.py:259}}
Aug 08 16:52:19.775647 dv-cinder-852209-3-iscsi neutron-server[116506]: DEBUG neutron_lib.callbacks.manager [req-c402bdf9-4276-47bf-bda5-a67a5b53799f req-770c2eff-b0af-44fa-b30d-c0850c8fbc0d service neutron] Publish callbacks ['neutron.notifiers.nova.Notifier._send_nova_notification-149710', 'neutron.api.rpc.agentnotifiers.dhcp_rpc_agent_api.DhcpAgentNotifyAPI._send_dhcp_notification-1587817'] for port (None), before_response {{(pid=116506) _notify_loop /usr/local/lib/python3.8/dist-packages/neutron_lib/callbacks/manager.py:176}}
Aug 08 16:52:19.777183 dv-cinder-852209-3-iscsi neutron-server[116506]: INFO neutron.wsgi [req-c402bdf9-4276-47bf-bda5-a67a5b53799f req-770c2eff-b0af-44fa-b30d-c0850c8fbc0d service neutron] 10.222.0.23 "PUT /networking/v2.0/ports/aa00f426-38ee-4d32-8b5a-c76a247b3988 HTTP/1.1" status: 200 len: 1094 time: 4.0472879
Aug 08 16:52:19.798684 dv-cinder-852209-3-iscsi neutron-server[116505]: DEBUG neutron.api.rpc.handlers.resources_rpc [None req-3ca79813-2f5c-4ea6-9889-fb53a4a676b3 service neutron] Pushing event updated for resources: {'Port': ['ID=c16259a2-eb59-46c3-b743-600832fe35f7,revision_number=2']} {{(pid=116505) push /opt/stack/neutron/neutron/api/rpc/handlers/resources_rpc.py:237}}
Aug 08 16:52:19.803974 dv-cinder-852209-3-iscsi neutron-server[116506]: INFO neutron.wsgi [None req-469c0457-635a-4254-aace-17138339c89a admin admin] 10.222.0.13 "GET /networking/v2.0/security-groups?tenant_id=b17ad95eab8641ad99506a550b60d64d&name=default HTTP/1.1" status: 200 len: 2996 time: 1.0203958
Aug 08 16:52:19.805480 dv-cinder-852209-3-iscsi neutron-server[116506]: DEBUG neutron.notifiers.nova [-] Sending events: [{'name': 'network-changed', 'server_uuid': '65990fbf-4d36-42ed-8f3b-3406d373841a', 'tag': 'aa00f426-38ee-4d32-8b5a-c76a247b3988'}] {{(pid=116506) send_events /opt/stack/neutron/neutron/notifiers/nova.py:271}}
Aug 08 16:52:19.810303 dv-cinder-852209-3-iscsi neutron-server[116505]: DEBUG neutron.wsgi [-] (116505) accepted ('10.222.0.13', 56678) {{(pid=116505) server /usr/local/lib/python3.8/dist-packages/eventlet/wsgi.py:1004}}
Aug 08 16:52:19.812702 dv-cinder-852209-3-iscsi neutron-server[116507]: DEBUG neutron.api.rpc.handlers.l3_rpc [None req-1751f281-dec1-4fc6-8633-78989de333d7 None None] The sync data for ids ['a88c4c90-91bc-4f96-8cc6-adee5d9af566'] in dv-cinder-852209-3-iscsi is: [{'id': 'a88c4c90-91bc-4f96-8cc6-adee5d9af566', 'name': 'tempest-DeleteServersTestJSON-1555681137-router', 'tenant_id': 'e8beb878fb0d489cb0a2cf4a569bf475', 'admin_state_up': True, 'status': 'ACTIVE', 'external_gateway_info': {'network_id': '7356f3f2-699b-4c29-aca7-923365f50d6c', 'external_fixed_ips': [{'subnet_id': 'ff609788-3a01-48c2-a023-1e138d3a6a15', 'ip_address': '172.27.2.217'}], 'enable_snat': True}, 'gw_port_id': '3fee6c34-64f3-4893-8685-bd13268a241a', 'description': '', 'availability_zones': ['nova'], 'distributed': False, 'ha': False, 'ha_vr_id': 0, 'availability_zone_hints': [], 'routes': [], 'flavor_id': None, 'tags': [], 'created_at': '2022-08-08T16:51:50Z', 'updated_at': '2022-08-08T16:52:02Z', 'revision_number': 4, 'project_id': 'e8beb878fb0d489cb0a2cf4a569bf475', 'gw_port': {'id': '3fee6c34-64f3-4893-8685-bd13268a241a', 'name': '', 'network_id': '7356f3f2-699b-4c29-aca7-923365f50d6c', 'tenant_id': '', 'mac_address': 'fa:16:3e:d9:ae:a5', 'admin_state_up': True, 'status': 'ACTIVE', 'device_id': 'a88c4c90-91bc-4f96-8cc6-adee5d9af566', 'device_owner': 'network:router_gateway', 'standard_attr_id': 79, 'fixed_ips': [{'subnet_id': 'ff609788-3a01-48c2-a023-1e138d3a6a15', 'ip_address': '172.27.2.217', 'prefixlen': 24}], 'allowed_address_pairs': [], 'extra_dhcp_opts': [], 'security_groups': [], 'description': '', 'binding:vnic_type': 'normal', 'binding:profile': {}, 'binding:host_id': 'dv-cinder-852209-3-iscsi', 'binding:vif_type': 'ovs', 'binding:vif_details': {'connectivity': 'l2', 'port_filter': True, 'ovs_hybrid_plug': False, 'datapath_type': 'system', 'bridge_name': 'br-int', 'bound_drivers': {'0': 'openvswitch'}}, 'port_security_enabled': False, 'tags': [], 'created_at': '2022-08-08T16:51:52Z', 'updated_at': '2022-08-08T16:52:11Z', 'revision_number': 4, 'project_id': '', 'subnets': [{'id': 'ff609788-3a01-48c2-a023-1e138d3a6a15', 'cidr': '172.27.2.0/24', 'gateway_ip': '172.27.2.1', 'dns_nameservers': [], 'ipv6_ra_mode': None, 'subnetpool_id': None}], 'extra_subnets': [], 'address_scopes': {4: None, 6: None}, 'mtu': 1500}, 'enable_snat': True, 'gw_port_host': 'dv-cinder-852209-3-iscsi', '_interfaces': [{'id': 'ec4e070d-1987-468b-b3ee-512216855688', 'name': '', 'network_id': 'b09a83d2-aaea-46ef-8b96-c421b9fab9f0', 'tenant_id': 'e8beb878fb0d489cb0a2cf4a569bf475', 'mac_address': 'fa:16:3e:0a:5f:b7', 'admin_state_up': True, 'status': 'DOWN', 'device_id': 'a88c4c90-91bc-4f96-8cc6-adee5d9af566', 'device_owner': 'network:router_interface', 'standard_attr_id': 95, 'fixed_ips': [{'subnet_id': '16d6dc34-b17b-461e-9424-9c40455780e9', 'ip_address': '172.20.0.1', 'prefixlen': 28}], 'allowed_address_pairs': [], 'extra_dhcp_opts': [], 'security_groups': [], 'description': '', 'binding:vnic_type': 'normal', 'binding:profile': {}, 'binding:host_id': 'dv-cinder-852209-3-iscsi', 'binding:vif_type': 'ovs', 'binding:vif_details': {'connectivity': 'l2', 'port_filter': True, 'ovs_hybrid_plug': False, 'datapath_type': 'system', 'bridge_name': 'br-int', 'bound_drivers': {'0': 'openvswitch'}}, 'port_security_enabled': False, 'tags': [], 'created_at': '2022-08-08T16:52:00Z', 'updated_at': '2022-08-08T16:52:18Z', 'revision_number': 4, 'project_id': 'e8beb878fb0d489cb0a2cf4a569bf475', 'subnets': [{'id': '16d6dc34-b17b-461e-9424-9c40455780e9', 'cidr': '172.20.0.0/28', 'gateway_ip': '172.20.0.1', 'dns_nameservers': [], 'ipv6_ra_mode': None, 'subnetpool_id': None}], 'extra_subnets': [], 'address_scopes': {4: None, 6: None}, 'mtu': 1500}]}] {{(pid=116507) sync_routers /opt/stack/neutron/neutron/api/rpc/handlers/l3_rpc.py:137}}
Aug 08 16:52:19.925827 dv-cinder-852209-3-iscsi neutron-server[116505]: DEBUG neutron.api.rpc.handlers.resources_rpc [None req-79c2573f-6b31-4773-a216-ed22222a03eb tempest-ServerRescueNegativeTestJSON-1491888347 tempest-ServerRescueNegativeTestJSON-1491888347-project] Pushing event updated for resources: {'Port': ['ID=5f8c4a44-04d1-4ab7-bf9b-3e4a84483e8e,revision_number=1']} {{(pid=116505) push /opt/stack/neutron/neutron/api/rpc/handlers/resources_rpc.py:237}}
Aug 08 16:52:19.951040 dv-cinder-852209-3-iscsi neutron-server[116505]: DEBUG neutron.scheduler.dhcp_agent_scheduler [req-4835ffed-2c42-4f1d-ba09-7b64d3199376 req-79c2573f-6b31-4773-a216-ed22222a03eb tempest-ServerRescueNegativeTestJSON-1491888347 tempest-ServerRescueNegativeTestJSON-1491888347-project] Network c1eb484d-fc4e-424a-97e1-7a3cf0b73a68 is already hosted by enough agents. {{(pid=116505) _get_dhcp_agents_hosting_network /opt/stack/neutron/neutron/scheduler/dhcp_agent_scheduler.py:275}}
Aug 08 16:52:19.969524 dv-cinder-852209-3-iscsi neutron-server[116506]: DEBUG neutron.scheduler.dhcp_agent_scheduler [req-8feea580-9ab6-4fc2-8b01-639f7b11cb18 req-8daf7755-e196-421d-96bb-030cfdbf463e tempest-AttachVolumeNegativeTest-1446405313 tempest-AttachVolumeNegativeTest-1446405313-project] Network 13e31057-f543-4337-919e-432a457bba76 is already hosted by enough agents. {{(pid=116506) _get_dhcp_agents_hosting_network /opt/stack/neutron/neutron/scheduler/dhcp_agent_scheduler.py:275}}
Aug 08 16:52:19.981121 dv-cinder-852209-3-iscsi neutron-server[116506]: DEBUG neutron.scheduler.base_scheduler [req-8feea580-9ab6-4fc2-8b01-639f7b11cb18 req-8daf7755-e196-421d-96bb-030cfdbf463e tempest-AttachVolumeNegativeTest-1446405313 tempest-AttachVolumeNegativeTest-1446405313-project] Resources bound (agent type, host, resource id): {{(pid=116506) schedule /opt/stack/neutron/neutron/scheduler/base_scheduler.py:57}}
Aug 08 16:52:19.995189 dv-cinder-852209-3-iscsi neutron-server[116506]: DEBUG neutron.db.l3_dvrscheduler_db [req-8feea580-9ab6-4fc2-8b01-639f7b11cb18 req-8daf7755-e196-421d-96bb-030cfdbf463e tempest-AttachVolumeNegativeTest-1446405313 tempest-AttachVolumeNegativeTest-1446405313-project] Received port after_create {{(pid=116506) _notify_l3_agent_new_port /opt/stack/neutron/neutron/db/l3_dvrscheduler_db.py:542}}
Aug 08 16:52:20.007260 dv-cinder-852209-3-iscsi neutron-server[116505]: DEBUG neutron.scheduler.base_scheduler [req-4835ffed-2c42-4f1d-ba09-7b64d3199376 req-79c2573f-6b31-4773-a216-ed22222a03eb tempest-ServerRescueNegativeTestJSON-1491888347 tempest-ServerRescueNegativeTestJSON-1491888347-project] Resources bound (agent type, host, resource id): {{(pid=116505) schedule /opt/stack/neutron/neutron/scheduler/base_scheduler.py:57}}
Aug 08 16:52:20.016377 dv-cinder-852209-3-iscsi neutron-server[116505]: DEBUG neutron.db.l3_dvrscheduler_db [req-4835ffed-2c42-4f1d-ba09-7b64d3199376 req-79c2573f-6b31-4773-a216-ed22222a03eb tempest-ServerRescueNegativeTestJSON-1491888347 tempest-ServerRescueNegativeTestJSON-1491888347-project] Received port after_create {{(pid=116505) _notify_l3_agent_new_port /opt/stack/neutron/neutron/db/l3_dvrscheduler_db.py:542}}
Aug 08 16:52:20.022510 dv-cinder-852209-3-iscsi neutron-server[116505]: DEBUG neutron.pecan_wsgi.hooks.policy_enforcement [req-4835ffed-2c42-4f1d-ba09-7b64d3199376 req-79c2573f-6b31-4773-a216-ed22222a03eb tempest-ServerRescueNegativeTestJSON-1491888347 tempest-ServerRescueNegativeTestJSON-1491888347-project] Attributes excluded by policy engine: ['standard_attr_id', 'binding:profile', 'binding:host_id', 'binding:vif_type', 'binding:vif_details', 'network'] {{(pid=116505) _exclude_attributes_by_policy /opt/stack/neutron/neutron/pecan_wsgi/hooks/policy_enforcement.py:259}}
Aug 08 16:52:20.023745 dv-cinder-852209-3-iscsi neutron-server[116505]: DEBUG neutron_lib.callbacks.manager [req-4835ffed-2c42-4f1d-ba09-7b64d3199376 req-79c2573f-6b31-4773-a216-ed22222a03eb tempest-ServerRescueNegativeTestJSON-1491888347 tempest-ServerRescueNegativeTestJSON-1491888347-project] Publish callbacks ['neutron.notifiers.nova.Notifier._send_nova_notification-149710', 'neutron.api.rpc.agentnotifiers.dhcp_rpc_agent_api.DhcpAgentNotifyAPI._send_dhcp_notification-1587817'] for port (None), before_response {{(pid=116505) _notify_loop /usr/local/lib/python3.8/dist-packages/neutron_lib/callbacks/manager.py:176}}
Aug 08 16:52:20.028632 dv-cinder-852209-3-iscsi neutron-server[116506]: DEBUG neutron.pecan_wsgi.hooks.policy_enforcement [req-8feea580-9ab6-4fc2-8b01-639f7b11cb18 req-8daf7755-e196-421d-96bb-030cfdbf463e tempest-AttachVolumeNegativeTest-1446405313 tempest-AttachVolumeNegativeTest-1446405313-project] Attributes excluded by policy engine: ['standard_attr_id', 'binding:profile', 'binding:host_id', 'binding:vif_type', 'binding:vif_details', 'network'] {{(pid=116506) _exclude_attributes_by_policy /opt/stack/neutron/neutron/pecan_wsgi/hooks/policy_enforcement.py:259}}
Aug 08 16:52:20.029645 dv-cinder-852209-3-iscsi neutron-server[116506]: DEBUG neutron_lib.callbacks.manager [req-8feea580-9ab6-4fc2-8b01-639f7b11cb18 req-8daf7755-e196-421d-96bb-030cfdbf463e tempest-AttachVolumeNegativeTest-1446405313 tempest-AttachVolumeNegativeTest-1446405313-project] Publish callbacks ['neutron.notifiers.nova.Notifier._send_nova_notification-149710', 'neutron.api.rpc.agentnotifiers.dhcp_rpc_agent_api.DhcpAgentNotifyAPI._send_dhcp_notification-1587817'] for port (None), before_response {{(pid=116506) _notify_loop /usr/local/lib/python3.8/dist-packages/neutron_lib/callbacks/manager.py:176}}
Aug 08 16:52:20.049775 dv-cinder-852209-3-iscsi neutron-server[116506]: DEBUG neutron.api.rpc.handlers.resources_rpc [None req-469c0457-635a-4254-aace-17138339c89a admin admin] Pushing event updated for resources: {'SecurityGroup': ['ID=193f9635-ceeb-45f1-953e-3cb09cc7c25e,revision_number=1']} {{(pid=116506) push /opt/stack/neutron/neutron/api/rpc/handlers/resources_rpc.py:237}}
Aug 08 16:52:20.100485 dv-cinder-852209-3-iscsi neutron-server[116506]: DEBUG neutron.api.rpc.handlers.resources_rpc [None req-770c2eff-b0af-44fa-b30d-c0850c8fbc0d service neutron] Pushing event updated for resources: {'Port': ['ID=aa00f426-38ee-4d32-8b5a-c76a247b3988,revision_number=3']} {{(pid=116506) push /opt/stack/neutron/neutron/api/rpc/handlers/resources_rpc.py:237}}
Aug 08 16:52:20.201551 dv-cinder-852209-3-iscsi neutron-server[116506]: DEBUG neutron.api.rpc.handlers.resources_rpc [None req-8daf7755-e196-421d-96bb-030cfdbf463e tempest-AttachVolumeNegativeTest-1446405313 tempest-AttachVolumeNegativeTest-1446405313-project] Pushing event updated for resources: {'Port': ['ID=412ef6d6-1ffe-43de-9f26-f0beb2a5afac,revision_number=1']} {{(pid=116506) push /opt/stack/neutron/neutron/api/rpc/handlers/resources_rpc.py:237}}
Aug 08 16:52:20.313248 dv-cinder-852209-3-iscsi neutron-server[116505]: DEBUG neutron.plugins.ml2.managers [req-32d24c19-247d-4c71-b4e3-5a4f9cbe0ed7 req-3ca79813-2f5c-4ea6-9889-fb53a4a676b3 service neutron] Attempting to bind port c16259a2-eb59-46c3-b743-600832fe35f7 on host hv-cinder-85220 for vnic_type normal with profile {{(pid=116505) bind_port /opt/stack/neutron/neutron/plugins/ml2/managers.py:810}}
Aug 08 16:52:20.313248 dv-cinder-852209-3-iscsi neutron-server[116505]: DEBUG neutron.plugins.ml2.managers [req-32d24c19-247d-4c71-b4e3-5a4f9cbe0ed7 req-3ca79813-2f5c-4ea6-9889-fb53a4a676b3 service neutron] Attempting to bind port c16259a2-eb59-46c3-b743-600832fe35f7 by drivers openvswitch,hyperv on host hv-cinder-85220 at level 0 using segments [{'id': '7ec6e079-7eba-4729-bbd7-13b55735ab9e', 'network_type': 'vlan', 'physical_network': 'physnet1', 'segmentation_id': 400, 'network_id': 'b09a83d2-aaea-46ef-8b96-c421b9fab9f0'}] {{(pid=116505) _bind_port_level /opt/stack/neutron/neutron/plugins/ml2/managers.py:835}}
Aug 08 16:52:20.313248 dv-cinder-852209-3-iscsi neutron-server[116505]: DEBUG neutron.plugins.ml2.drivers.mech_agent [req-32d24c19-247d-4c71-b4e3-5a4f9cbe0ed7 req-3ca79813-2f5c-4ea6-9889-fb53a4a676b3 service neutron] Attempting to bind port c16259a2-eb59-46c3-b743-600832fe35f7 on network b09a83d2-aaea-46ef-8b96-c421b9fab9f0 {{(pid=116505) bind_port /opt/stack/neutron/neutron/plugins/ml2/drivers/mech_agent.py:91}}
Aug 08 16:52:20.313248 dv-cinder-852209-3-iscsi neutron-server[116505]: DEBUG neutron.plugins.ml2.drivers.mech_agent [req-32d24c19-247d-4c71-b4e3-5a4f9cbe0ed7 req-3ca79813-2f5c-4ea6-9889-fb53a4a676b3 service neutron] Port c16259a2-eb59-46c3-b743-600832fe35f7 on network b09a83d2-aaea-46ef-8b96-c421b9fab9f0 not bound, no agent of type Open vSwitch agent registered on host hv-cinder-85220 {{(pid=116505) bind_port /opt/stack/neutron/neutron/plugins/ml2/drivers/mech_agent.py:103}}
Aug 08 16:52:20.313248 dv-cinder-852209-3-iscsi neutron-server[116505]: DEBUG neutron.plugins.ml2.drivers.mech_agent [req-32d24c19-247d-4c71-b4e3-5a4f9cbe0ed7 req-3ca79813-2f5c-4ea6-9889-fb53a4a676b3 service neutron] Attempting to bind port c16259a2-eb59-46c3-b743-600832fe35f7 on network b09a83d2-aaea-46ef-8b96-c421b9fab9f0 {{(pid=116505) bind_port /opt/stack/neutron/neutron/plugins/ml2/drivers/mech_agent.py:91}}
Aug 08 16:52:20.313248 dv-cinder-852209-3-iscsi neutron-server[116505]: DEBUG neutron_lib.callbacks.manager [None req-e0a920c7-a380-4ec5-a6c0-9313f720dc54 admin admin] Publish callbacks [] for security_group (193f9635-ceeb-45f1-953e-3cb09cc7c25e), before_delete {{(pid=116505) _notify_loop /usr/local/lib/python3.8/dist-packages/neutron_lib/callbacks/manager.py:176}}
Aug 08 16:52:20.327459 dv-cinder-852209-3-iscsi neutron-server[116505]: DEBUG neutron.plugins.ml2.drivers.mech_agent [req-32d24c19-247d-4c71-b4e3-5a4f9cbe0ed7 req-3ca79813-2f5c-4ea6-9889-fb53a4a676b3 service neutron] Checking agent: {'id': '5a59a408-4c78-4c6c-b984-d3a5928b7a1e', 'agent_type': 'HyperV agent', 'binary': 'neutron-hyperv-agent', 'topic': 'N/A', 'host': 'hv-cinder-85220', 'admin_state_up': True, 'created_at': datetime.datetime(2022, 8, 8, 16, 49, 56), 'started_at': datetime.datetime(2022, 8, 8, 16, 49, 56), 'heartbeat_timestamp': datetime.datetime(2022, 8, 8, 16, 51, 57), 'description': None, 'resources_synced': None, 'availability_zone': None, 'alive': True, 'configurations': {'vswitch_mappings': {'physnet1$': 'br-data'}}, 'resource_versions': {}} {{(pid=116505) bind_port /opt/stack/neutron/neutron/plugins/ml2/drivers/mech_agent.py:110}}
Aug 08 16:52:20.327836 dv-cinder-852209-3-iscsi neutron-server[116505]: DEBUG neutron.plugins.ml2.drivers.mech_agent [req-32d24c19-247d-4c71-b4e3-5a4f9cbe0ed7 req-3ca79813-2f5c-4ea6-9889-fb53a4a676b3 service neutron] Checking segment: {'id': '7ec6e079-7eba-4729-bbd7-13b55735ab9e', 'network_type': 'vlan', 'physical_network': 'physnet1', 'segmentation_id': 400, 'network_id': 'b09a83d2-aaea-46ef-8b96-c421b9fab9f0'} for mappings: {'physnet1$': 'br-data'} with network types: ['local', 'flat', 'vlan'] {{(pid=116505) check_segment_for_agent /opt/stack/neutron/neutron/plugins/ml2/drivers/mech_agent.py:373}}
Aug 08 16:52:20.328440 dv-cinder-852209-3-iscsi neutron-server[116505]: DEBUG neutron.plugins.ml2.drivers.mech_agent [req-32d24c19-247d-4c71-b4e3-5a4f9cbe0ed7 req-3ca79813-2f5c-4ea6-9889-fb53a4a676b3 service neutron] Bound using segment: {'id': '7ec6e079-7eba-4729-bbd7-13b55735ab9e', 'network_type': 'vlan', 'physical_network': 'physnet1', 'segmentation_id': 400, 'network_id': 'b09a83d2-aaea-46ef-8b96-c421b9fab9f0'} {{(pid=116505) bind_port /opt/stack/neutron/neutron/plugins/ml2/drivers/mech_agent.py:120}}
Aug 08 16:52:20.328911 dv-cinder-852209-3-iscsi neutron-server[116505]: DEBUG neutron.plugins.ml2.managers [req-32d24c19-247d-4c71-b4e3-5a4f9cbe0ed7 req-3ca79813-2f5c-4ea6-9889-fb53a4a676b3 service neutron] Bound port: c16259a2-eb59-46c3-b743-600832fe35f7, host: hv-cinder-85220, vif_type: hyperv, vif_details: {"connectivity": "legacy", "port_filter": false}, binding_levels: [{'bound_driver': 'hyperv', 'bound_segment': {'id': '7ec6e079-7eba-4729-bbd7-13b55735ab9e', 'network_type': 'vlan', 'physical_network': 'physnet1', 'segmentation_id': 400, 'network_id': 'b09a83d2-aaea-46ef-8b96-c421b9fab9f0'}}] {{(pid=116505) _bind_port_level /opt/stack/neutron/neutron/plugins/ml2/managers.py:947}}
Aug 08 16:52:20.329393 dv-cinder-852209-3-iscsi neutron-server[116505]: DEBUG neutron_lib.callbacks.manager [req-32d24c19-247d-4c71-b4e3-5a4f9cbe0ed7 req-3ca79813-2f5c-4ea6-9889-fb53a4a676b3 service neutron] Publish callbacks ['neutron.plugins.ml2.plugin.SecurityGroupDbMixin._ensure_default_security_group_handler-581605'] for port (c16259a2-eb59-46c3-b743-600832fe35f7), before_update {{(pid=116505) _notify_loop /usr/local/lib/python3.8/dist-packages/neutron_lib/callbacks/manager.py:176}}
Aug 08 16:52:20.428223 dv-cinder-852209-3-iscsi neutron-server[116505]: DEBUG neutron_lib.callbacks.manager [None req-e0a920c7-a380-4ec5-a6c0-9313f720dc54 admin admin] Publish callbacks [] for security_group (193f9635-ceeb-45f1-953e-3cb09cc7c25e), precommit_delete {{(pid=116505) _notify_loop /usr/local/lib/python3.8/dist-packages/neutron_lib/callbacks/manager.py:176}}
Aug 08 16:52:20.524530 dv-cinder-852209-3-iscsi neutron-server[116506]: DEBUG neutron.pecan_wsgi.hooks.policy_enforcement [req-c402bdf9-4276-47bf-bda5-a67a5b53799f req-8dc29c8a-afb3-4743-8f61-9e43891616c3 service neutron] Attributes excluded by policy engine: ['standard_attr_id'] {{(pid=116506) _exclude_attributes_by_policy /opt/stack/neutron/neutron/pecan_wsgi/hooks/policy_enforcement.py:259}}
Aug 08 16:52:20.540629 dv-cinder-852209-3-iscsi neutron-server[116506]: INFO neutron.wsgi [req-c402bdf9-4276-47bf-bda5-a67a5b53799f req-8dc29c8a-afb3-4743-8f61-9e43891616c3 service neutron] 10.222.0.23 "GET /networking/v2.0/ports?tenant_id=6cac5ca5a8b04bce9a9d8ac938cd35e8&device_id=65990fbf-4d36-42ed-8f3b-3406d373841a HTTP/1.1" status: 200 len: 1128 time: 0.2990706
Aug 08 16:52:20.549000 dv-cinder-852209-3-iscsi neutron-server[116506]: DEBUG novaclient.v2.client [-] REQ: curl -g -i --cacert "/opt/stack/data/ca-bundle.pem" -X POST http://10.222.0.13/compute/v2.1/os-server-external-events -H "Accept: application/json" -H "Content-Type: application/json" -H "User-Agent: python-novaclient" -H "X-Auth-Token: {SHA256}ab6a63bc6f2dfe2052162cb206b3fa612b6d538980cc8cc0f0eb11301562f4da" -H "X-OpenStack-Nova-API-Version: 2.1" -H "X-OpenStack-Request-ID: req-b74e587c-cf82-4135-85d3-ec50dbe82187" -d '{"events": [{"name": "network-changed", "server_uuid": "65990fbf-4d36-42ed-8f3b-3406d373841a", "tag": "aa00f426-38ee-4d32-8b5a-c76a247b3988"}]}' {{(pid=116506) _http_log_request /usr/local/lib/python3.8/dist-packages/keystoneauth1/session.py:519}}
Aug 08 16:52:20.564481 dv-cinder-852209-3-iscsi neutron-server[116506]: INFO neutron.wsgi [req-8feea580-9ab6-4fc2-8b01-639f7b11cb18 req-8daf7755-e196-421d-96bb-030cfdbf463e tempest-AttachVolumeNegativeTest-1446405313 tempest-AttachVolumeNegativeTest-1446405313-project] 10.222.0.23 "POST /networking/v2.0/ports HTTP/1.1" status: 201 len: 933 time: 3.8587592
Aug 08 16:52:20.677497 dv-cinder-852209-3-iscsi neutron-server[116506]: DEBUG neutron.api.v2.base [req-8feea580-9ab6-4fc2-8b01-639f7b11cb18 req-19ffc604-dc17-4cbd-82c9-0a61b0234371 service neutron] Request body: {'port': {'device_id': 'e0affcec-8e4c-461a-ac29-5ac8d4fd92bd', 'device_owner': 'compute:nova', 'binding:host_id': 'hv-cinder-85220'}} {{(pid=116506) prepare_request_body /opt/stack/neutron/neutron/api/v2/base.py:730}}
Aug 08 16:52:20.686817 dv-cinder-852209-3-iscsi neutron-server[116507]: DEBUG neutron.db.provisioning_blocks [None req-e9236c2f-aa70-4da2-a054-6e0a7bca92ed None None] Provisioning complete for port 412ef6d6-1ffe-43de-9f26-f0beb2a5afac triggered by entity DHCP. {{(pid=116507) provisioning_complete /opt/stack/neutron/neutron/db/provisioning_blocks.py:145}}
Aug 08 16:52:20.687424 dv-cinder-852209-3-iscsi neutron-server[116507]: DEBUG neutron_lib.callbacks.manager [None req-e9236c2f-aa70-4da2-a054-6e0a7bca92ed None None] Publish callbacks ['neutron.plugins.ml2.plugin.Ml2Plugin._port_provisioned-604482'] for port (412ef6d6-1ffe-43de-9f26-f0beb2a5afac), provisioning_complete {{(pid=116507) _notify_loop /usr/local/lib/python3.8/dist-packages/neutron_lib/callbacks/manager.py:176}}
Aug 08 16:52:20.764846 dv-cinder-852209-3-iscsi neutron-server[116506]: INFO neutron.wsgi [req-c402bdf9-4276-47bf-bda5-a67a5b53799f req-ddc71ca2-2947-43fb-b072-224429797b2b service neutron] 10.222.0.23 "GET /networking/v2.0/floatingips?fixed_ip_address=172.20.0.11&port_id=aa00f426-38ee-4d32-8b5a-c76a247b3988 HTTP/1.1" status: 200 len: 217 time: 0.1988001
Aug 08 16:52:20.773174 dv-cinder-852209-3-iscsi neutron-server[116505]: INFO neutron.wsgi [req-4835ffed-2c42-4f1d-ba09-7b64d3199376 req-79c2573f-6b31-4773-a216-ed22222a03eb tempest-ServerRescueNegativeTestJSON-1491888347 tempest-ServerRescueNegativeTestJSON-1491888347-project] 10.222.0.23 "POST /networking/v2.0/ports HTTP/1.1" status: 201 len: 933 time: 4.5803373
Aug 08 16:52:20.805970 dv-cinder-852209-3-iscsi neutron-server[116507]: DEBUG neutron.plugins.ml2.rpc [None req-7874bd25-f44a-4847-8011-2cbaa961d694 None None] Device ec4e070d-1987-468b-b3ee-512216855688 up at agent ovs-agent-dv-cinder-852209-3-iscsi {{(pid=116507) update_device_up /opt/stack/neutron/neutron/plugins/ml2/rpc.py:296}}
Aug 08 16:52:21.034283 dv-cinder-852209-3-iscsi neutron-server[116506]: DEBUG neutron_lib.callbacks.manager [req-8feea580-9ab6-4fc2-8b01-639f7b11cb18 req-19ffc604-dc17-4cbd-82c9-0a61b0234371 service neutron] Publish callbacks ['neutron.plugins.ml2.plugin.SecurityGroupDbMixin._ensure_default_security_group_handler-581605'] for port (412ef6d6-1ffe-43de-9f26-f0beb2a5afac), before_update {{(pid=116506) _notify_loop /usr/local/lib/python3.8/dist-packages/neutron_lib/callbacks/manager.py:176}}
Aug 08 16:52:21.086848 dv-cinder-852209-3-iscsi neutron-server[116507]: DEBUG neutron.plugins.ml2.plugin [None req-e9236c2f-aa70-4da2-a054-6e0a7bca92ed None None] Port 412ef6d6-1ffe-43de-9f26-f0beb2a5afac cannot update to ACTIVE because it is not bound. {{(pid=116507) _port_provisioned /opt/stack/neutron/neutron/plugins/ml2/plugin.py:348}}
Aug 08 16:52:21.118260 dv-cinder-852209-3-iscsi neutron-server[116507]: DEBUG neutron.db.provisioning_blocks [None req-e9236c2f-aa70-4da2-a054-6e0a7bca92ed None None] Provisioning complete for port 5f8c4a44-04d1-4ab7-bf9b-3e4a84483e8e triggered by entity DHCP. {{(pid=116507) provisioning_complete /opt/stack/neutron/neutron/db/provisioning_blocks.py:145}}
Aug 08 16:52:21.119329 dv-cinder-852209-3-iscsi neutron-server[116507]: DEBUG neutron_lib.callbacks.manager [None req-e9236c2f-aa70-4da2-a054-6e0a7bca92ed None None] Publish callbacks ['neutron.plugins.ml2.plugin.Ml2Plugin._port_provisioned-604482'] for port (5f8c4a44-04d1-4ab7-bf9b-3e4a84483e8e), provisioning_complete {{(pid=116507) _notify_loop /usr/local/lib/python3.8/dist-packages/neutron_lib/callbacks/manager.py:176}}
Aug 08 16:52:21.172880 dv-cinder-852209-3-iscsi neutron-server[116507]: DEBUG neutron.db.provisioning_blocks [None req-7874bd25-f44a-4847-8011-2cbaa961d694 None None] Provisioning complete for port ec4e070d-1987-468b-b3ee-512216855688 triggered by entity L2. {{(pid=116507) provisioning_complete /opt/stack/neutron/neutron/db/provisioning_blocks.py:145}}
Aug 08 16:52:21.173863 dv-cinder-852209-3-iscsi neutron-server[116507]: DEBUG neutron_lib.callbacks.manager [None req-7874bd25-f44a-4847-8011-2cbaa961d694 None None] Publish callbacks ['neutron.plugins.ml2.plugin.Ml2Plugin._port_provisioned-604482'] for port (ec4e070d-1987-468b-b3ee-512216855688), provisioning_complete {{(pid=116507) _notify_loop /usr/local/lib/python3.8/dist-packages/neutron_lib/callbacks/manager.py:176}}
Aug 08 16:52:21.209635 dv-cinder-852209-3-iscsi neutron-server[116507]: DEBUG neutron.plugins.ml2.plugin [None req-e9236c2f-aa70-4da2-a054-6e0a7bca92ed None None] Port 5f8c4a44-04d1-4ab7-bf9b-3e4a84483e8e cannot update to ACTIVE because it is not bound. {{(pid=116507) _port_provisioned /opt/stack/neutron/neutron/plugins/ml2/plugin.py:348}}
Aug 08 16:52:21.218544 dv-cinder-852209-3-iscsi neutron-server[116506]: DEBUG neutron.pecan_wsgi.hooks.policy_enforcement [req-c402bdf9-4276-47bf-bda5-a67a5b53799f req-d973d586-21dc-42cb-aace-d7da859afb14 service neutron] Attributes excluded by policy engine: ['standard_attr_id', 'shared'] {{(pid=116506) _exclude_attributes_by_policy /opt/stack/neutron/neutron/pecan_wsgi/hooks/policy_enforcement.py:259}}
Aug 08 16:52:21.237625 dv-cinder-852209-3-iscsi neutron-server[116506]: INFO neutron.wsgi [req-c402bdf9-4276-47bf-bda5-a67a5b53799f req-d973d586-21dc-42cb-aace-d7da859afb14 service neutron] 10.222.0.23 "GET /networking/v2.0/subnets?id=68647ba9-f340-461c-b639-b64da36a16ff HTTP/1.1" status: 200 len: 858 time: 0.4319711
Aug 08 16:52:21.286004 dv-cinder-852209-3-iscsi neutron-server[116505]: DEBUG neutron.plugins.ml2.db [req-32d24c19-247d-4c71-b4e3-5a4f9cbe0ed7 req-3ca79813-2f5c-4ea6-9889-fb53a4a676b3 service neutron] For port c16259a2-eb59-46c3-b743-600832fe35f7, host hv-cinder-85220, cleared binding levels {{(pid=116505) clear_binding_levels /opt/stack/neutron/neutron/plugins/ml2/db.py:87}}
Aug 08 16:52:21.301796 dv-cinder-852209-3-iscsi neutron-server[116507]: DEBUG neutron.plugins.ml2.plugin [None req-7874bd25-f44a-4847-8011-2cbaa961d694 None None] Current status of the port ec4e070d-1987-468b-b3ee-512216855688 is: DOWN; New status is: ACTIVE {{(pid=116507) _update_individual_port_db_status /opt/stack/neutron/neutron/plugins/ml2/plugin.py:2292}}
Aug 08 16:52:21.316228 dv-cinder-852209-3-iscsi neutron-server[116507]: DEBUG neutron_lib.callbacks.manager [None req-7874bd25-f44a-4847-8011-2cbaa961d694 None None] Publish callbacks ['neutron.plugins.ml2.plugin.SecurityGroupDbMixin._ensure_default_security_group_handler-581605'] for port (ec4e070d-1987-468b-b3ee-512216855688), before_update {{(pid=116507) _notify_loop /usr/local/lib/python3.8/dist-packages/neutron_lib/callbacks/manager.py:176}}
Aug 08 16:52:21.316901 dv-cinder-852209-3-iscsi neutron-server[116505]: DEBUG neutron.pecan_wsgi.hooks.policy_enforcement [req-860c5e75-88a2-4bc1-ac73-4736e7fa0b08 req-f6ac0080-f3d8-4131-b7c8-b4c6ee907bfb tempest-ServerRescueNegativeTestJSON-1491888347 tempest-ServerRescueNegativeTestJSON-1491888347-project] Attributes excluded by policy engine: ['standard_attr_id', 'binding:profile', 'binding:host_id', 'binding:vif_type', 'binding:vif_details'] {{(pid=116505) _exclude_attributes_by_policy /opt/stack/neutron/neutron/pecan_wsgi/hooks/policy_enforcement.py:259}}
Aug 08 16:52:21.318416 dv-cinder-852209-3-iscsi neutron-server[116506]: DEBUG neutron.wsgi [-] (116506) accepted ('10.222.0.13', 56708) {{(pid=116506) server /usr/local/lib/python3.8/dist-packages/eventlet/wsgi.py:1004}}
Aug 08 16:52:21.333373 dv-cinder-852209-3-iscsi neutron-server[116505]: INFO neutron.wsgi [req-860c5e75-88a2-4bc1-ac73-4736e7fa0b08 req-f6ac0080-f3d8-4131-b7c8-b4c6ee907bfb tempest-ServerRescueNegativeTestJSON-1491888347 tempest-ServerRescueNegativeTestJSON-1491888347-project] 10.222.0.13 "GET /networking/v2.0/ports?device_id=9f523b07-1c20-4eab-a270-2e16b2895c14 HTTP/1.1" status: 200 len: 931 time: 0.6244266
Aug 08 16:52:21.360393 dv-cinder-852209-3-iscsi neutron-server[116506]: DEBUG neutron.pecan_wsgi.hooks.policy_enforcement [req-a7d8ebce-07bd-495f-8ef0-a8942a5e5497 req-03636bc9-e1f7-4bb1-b416-d22790de56c7 tempest-DeleteServersTestJSON-1226484710 tempest-DeleteServersTestJSON-1226484710-project] Attributes excluded by policy engine: ['standard_attr_id', 'binding:profile', 'binding:host_id', 'binding:vif_type', 'binding:vif_details'] {{(pid=116506) _exclude_attributes_by_policy /opt/stack/neutron/neutron/pecan_wsgi/hooks/policy_enforcement.py:259}}
Aug 08 16:52:21.363181 dv-cinder-852209-3-iscsi neutron-server[116507]: DEBUG neutron.plugins.ml2.db [None req-7874bd25-f44a-4847-8011-2cbaa961d694 None None] For port ec4e070d-1987-468b-b3ee-512216855688, host dv-cinder-852209-3-iscsi, got binding levels [PortBindingLevel(driver='openvswitch',host='dv-cinder-852209-3-iscsi',level=0,port_id=ec4e070d-1987-468b-b3ee-512216855688,segment=NetworkSegment(7ec6e079-7eba-4729-bbd7-13b55735ab9e),segment_id=7ec6e079-7eba-4729-bbd7-13b55735ab9e)] {{(pid=116507) get_binding_level_objs /opt/stack/neutron/neutron/plugins/ml2/db.py:74}}
Aug 08 16:52:21.370114 dv-cinder-852209-3-iscsi neutron-server[116505]: DEBUG dbcounter [-] [116505] Writing DB stats neutron:SELECT=88,neutron:INSERT=9,neutron:UPDATE=3 {{(pid=116505) stat_writer /usr/local/lib/python3.8/dist-packages/dbcounter.py:114}}
Aug 08 16:52:21.371764 dv-cinder-852209-3-iscsi neutron-server[116506]: INFO neutron.wsgi [req-a7d8ebce-07bd-495f-8ef0-a8942a5e5497 req-03636bc9-e1f7-4bb1-b416-d22790de56c7 tempest-DeleteServersTestJSON-1226484710 tempest-DeleteServersTestJSON-1226484710-project] 10.222.0.13 "GET /networking/v2.0/ports?device_id=6d9c648c-c4ed-45bc-8333-5f0646d9e6eb HTTP/1.1" status: 200 len: 944 time: 0.3700402
Aug 08 16:52:21.432311 dv-cinder-852209-3-iscsi neutron-server[116506]: DEBUG neutron.pecan_wsgi.hooks.policy_enforcement [req-c402bdf9-4276-47bf-bda5-a67a5b53799f req-352842f5-811a-40f5-9fab-276bfe58fdb1 service neutron] Attributes excluded by policy engine: ['standard_attr_id'] {{(pid=116506) _exclude_attributes_by_policy /opt/stack/neutron/neutron/pecan_wsgi/hooks/policy_enforcement.py:259}}
Aug 08 16:52:21.433849 dv-cinder-852209-3-iscsi neutron-server[116506]: INFO neutron.wsgi [req-c402bdf9-4276-47bf-bda5-a67a5b53799f req-352842f5-811a-40f5-9fab-276bfe58fdb1 service neutron] 10.222.0.23 "GET /networking/v2.0/ports?network_id=c1eb484d-fc4e-424a-97e1-7a3cf0b73a68&device_owner=network%3Adhcp HTTP/1.1" status: 200 len: 1212 time: 0.2056015
Aug 08 16:52:21.480481 dv-cinder-852209-3-iscsi neutron-server[116507]: DEBUG neutron_lib.callbacks.manager [None req-7874bd25-f44a-4847-8011-2cbaa961d694 None None] Publish callbacks ['neutron.plugins.ml2.plugin.SecurityGroupServerNotifierRpcMixin._notify_sg_on_port_change-581540', 'neutron.plugins.ml2.ovo_rpc._ObjectChangeHandler.handle_event-188691', 'neutron.api.rpc.agentnotifiers.dhcp_rpc_agent_api.DhcpAgentNotifyAPI._native_event_send_dhcp_notification-1587839', 'neutron.db.l3_db.L3RpcNotifierMixin._notify_gateway_port_ip_changed-8777375251685', 'neutron.db.l3_dvrscheduler_db._notify_l3_agent_port_update-8777374851229', 'neutron.db.l3_hascheduler_db._notify_l3_agent_ha_port_update-8777374851247'] for port (ec4e070d-1987-468b-b3ee-512216855688), after_update {{(pid=116507) _notify_loop /usr/local/lib/python3.8/dist-packages/neutron_lib/callbacks/manager.py:176}}
Aug 08 16:52:21.515750 dv-cinder-852209-3-iscsi neutron-server[116505]: DEBUG neutron.api.v2.base [req-4835ffed-2c42-4f1d-ba09-7b64d3199376 req-ec32de17-100a-48b0-bef1-e61aa9f0383d service neutron] Request body: {'port': {'device_id': '9f523b07-1c20-4eab-a270-2e16b2895c14', 'device_owner': 'compute:nova', 'binding:host_id': 'hv-cinder-85220'}} {{(pid=116505) prepare_request_body /opt/stack/neutron/neutron/api/v2/base.py:730}}
