Aug 05 19:35:58.369047 dv-cinder-852209-2-iscsi devstack@keystone.service[87004]: ERROR keystone.server.flask.application
File "/usr/local/lib/python3.8/dist-packages/flask/app.py", line 1517, in full_dispatch_request
Aug 05 19:35:58.369047 dv-cinder-852209-2-iscsi devstack@keystone.service[87004]: ERROR keystone.server.flask.application rv = self.dispatch_request()
Aug 05 19:35:58.369047 dv-cinder-852209-2-iscsi devstack@keystone.service[87004]: ERROR keystone.server.flask.application
File "/usr/local/lib/python3.8/dist-packages/flask/app.py", line 1503, in dispatch_request
Aug 05 19:35:58.369047 dv-cinder-852209-2-iscsi devstack@keystone.service[87004]: ERROR keystone.server.flask.application return self.ensure_sync(self.view_functions[rule.endpoint])(**req.view_args)
Aug 05 19:35:58.369047 dv-cinder-852209-2-iscsi devstack@keystone.service[87004]: ERROR keystone.server.flask.application
File "/usr/local/lib/python3.8/dist-packages/flask_restful/__init__.py", line 467, in wrapper
Aug 05 19:35:58.369047 dv-cinder-852209-2-iscsi devstack@keystone.service[87004]: ERROR keystone.server.flask.application resp = resource(*args, **kwargs)
Aug 05 19:35:58.369047 dv-cinder-852209-2-iscsi devstack@keystone.service[87004]: ERROR keystone.server.flask.application
File "/usr/local/lib/python3.8/dist-packages/flask/views.py", line 84, in view
Aug 05 19:35:58.369047 dv-cinder-852209-2-iscsi devstack@keystone.service[87004]: ERROR keystone.server.flask.application return current_app.ensure_sync(self.dispatch_request)(*args, **kwargs)
Aug 05 19:35:58.369047 dv-cinder-852209-2-iscsi devstack@keystone.service[87004]: ERROR keystone.server.flask.application
File "/usr/local/lib/python3.8/dist-packages/flask_restful/__init__.py", line 582, in dispatch_request
Aug 05 19:35:58.369047 dv-cinder-852209-2-iscsi devstack@keystone.service[87004]: ERROR keystone.server.flask.application resp = meth(*args, **kwargs)
Aug 05 19:35:58.369047 dv-cinder-852209-2-iscsi devstack@keystone.service[87004]: ERROR keystone.server.flask.application
File "/opt/stack/keystone/keystone/api/roles.py", line 50, in get
Aug 05 19:35:58.369047 dv-cinder-852209-2-iscsi devstack@keystone.service[87004]: ERROR keystone.server.flask.application return self._get_role(role_id)
Aug 05 19:35:58.369047 dv-cinder-852209-2-iscsi devstack@keystone.service[87004]: ERROR keystone.server.flask.application
File "/opt/stack/keystone/keystone/api/roles.py", line 70, in _get_role
Aug 05 19:35:58.369047 dv-cinder-852209-2-iscsi devstack@keystone.service[87004]: ERROR keystone.server.flask.application ENFORCER.enforce_call(action='identity:get_role')
Aug 05 19:35:58.369955 dv-cinder-852209-2-iscsi devstack@keystone.service[87004]: ERROR keystone.server.flask.application
File "/opt/stack/keystone/keystone/common/rbac_enforcer/enforcer.py", line 402, in enforce_call
Aug 05 19:35:58.369955 dv-cinder-852209-2-iscsi devstack@keystone.service[87004]: ERROR keystone.server.flask.application policy_dict.update(cls._extract_member_target_data(
Aug 05 19:35:58.369955 dv-cinder-852209-2-iscsi devstack@keystone.service[87004]: ERROR keystone.server.flask.application
File "/opt/stack/keystone/keystone/common/rbac_enforcer/enforcer.py", line 234, in _extract_member_target_data
Aug 05 19:35:58.369955 dv-cinder-852209-2-iscsi devstack@keystone.service[87004]: ERROR keystone.server.flask.application member_name: func(flask.request.view_args[key])
Aug 05 19:35:58.369955 dv-cinder-852209-2-iscsi devstack@keystone.service[87004]: ERROR keystone.server.flask.application
File "/opt/stack/keystone/keystone/common/manager.py", line 115, in wrapped
Aug 05 19:35:58.369955 dv-cinder-852209-2-iscsi devstack@keystone.service[87004]: ERROR keystone.server.flask.application __ret_val = __f(*args, **kwargs)
Aug 05 19:35:58.369955 dv-cinder-852209-2-iscsi devstack@keystone.service[87004]: ERROR keystone.server.flask.application
File "/usr/local/lib/python3.8/dist-packages/decorator.py", line 232, in fun
Aug 05 19:35:58.369955 dv-cinder-852209-2-iscsi devstack@keystone.service[87004]: ERROR keystone.server.flask.application return caller(func, *(extras + args), **kw)
Aug 05 19:35:58.369955 dv-cinder-852209-2-iscsi devstack@keystone.service[87004]: ERROR keystone.server.flask.application
File "/usr/local/lib/python3.8/dist-packages/dogpile/cache/region.py", line 1577, in get_or_create_for_user_func
Aug 05 19:35:58.369955 dv-cinder-852209-2-iscsi devstack@keystone.service[87004]: ERROR keystone.server.flask.application return self.get_or_create(
Aug 05 19:35:58.369955 dv-cinder-852209-2-iscsi devstack@keystone.service[87004]: ERROR keystone.server.flask.application
File "/usr/local/lib/python3.8/dist-packages/dogpile/cache/region.py", line 1042, in get_or_create
Aug 05 19:35:58.369955 dv-cinder-852209-2-iscsi devstack@keystone.service[87004]: ERROR keystone.server.flask.application with Lock(
Aug 05 19:35:58.369955 dv-cinder-852209-2-iscsi devstack@keystone.service[87004]: ERROR keystone.server.flask.application
File "/usr/local/lib/python3.8/dist-packages/dogpile/lock.py", line 185, in __enter__
Aug 05 19:35:58.369955 dv-cinder-852209-2-iscsi devstack@keystone.service[87004]: ERROR keystone.server.flask.application return self._enter()
Aug 05 19:35:58.369955 dv-cinder-852209-2-iscsi devstack@keystone.service[87004]: ERROR keystone.server.flask.application
File "/usr/local/lib/python3.8/dist-packages/dogpile/lock.py", line 94, in _enter
Aug 05 19:35:58.369955 dv-cinder-852209-2-iscsi devstack@keystone.service[87004]: ERROR keystone.server.flask.application generated = self._enter_create(value, createdtime)
Aug 05 19:35:58.375771 dv-cinder-852209-2-iscsi devstack@keystone.service[87004]: ERROR keystone.server.flask.application
File "/usr/local/lib/python3.8/dist-packages/dogpile/lock.py", line 178, in _enter_create
Aug 05 19:35:58.375771 dv-cinder-852209-2-iscsi devstack@keystone.service[87004]: ERROR keystone.server.flask.application return self.creator()
Aug 05 19:35:58.375771 dv-cinder-852209-2-iscsi devstack@keystone.service[87004]: ERROR keystone.server.flask.application
File "/usr/local/lib/python3.8/dist-packages/dogpile/cache/region.py", line 995, in gen_value
Aug 05 19:35:58.375771 dv-cinder-852209-2-iscsi devstack@keystone.service[87004]: ERROR keystone.server.flask.application created_value = creator(
Aug 05 19:35:58.375771 dv-cinder-852209-2-iscsi devstack@keystone.service[87004]: ERROR keystone.server.flask.application
File "/opt/stack/keystone/keystone/assignment/core.py", line 1276, in get_role
Aug 05 19:35:58.375771 dv-cinder-852209-2-iscsi devstack@keystone.service[87004]: ERROR keystone.server.flask.application return self.driver.get_role(role_id)
Aug 05 19:35:58.375771 dv-cinder-852209-2-iscsi devstack@keystone.service[87004]: ERROR keystone.server.flask.application
File "/opt/stack/keystone/keystone/assignment/role_backends/sql.py", line 70, in get_role
Aug 05 19:35:58.375771 dv-cinder-852209-2-iscsi devstack@keystone.service[87004]: ERROR keystone.server.flask.application return self._get_role(session, role_id).to_dict()
Aug 05 19:35:58.375771 dv-cinder-852209-2-iscsi devstack@keystone.service[87004]: ERROR keystone.server.flask.application
File "/opt/stack/keystone/keystone/assignment/role_backends/sql.py", line 65, in _get_role
Aug 05 19:35:58.375771 dv-cinder-852209-2-iscsi devstack@keystone.service[87004]: ERROR keystone.server.flask.application raise exception.RoleNotFound(role_id=role_id)
Aug 05 19:35:58.375771 dv-cinder-852209-2-iscsi devstack@keystone.service[87004]: ERROR keystone.server.flask.application keystone.exception.RoleNotFound: Could not find role: member.
Aug 05 19:35:58.375771 dv-cinder-852209-2-iscsi devstack@keystone.service[87004]: ERROR keystone.server.flask.application
Aug 05 19:35:58.375771 dv-cinder-852209-2-iscsi devstack@keystone.service[87004]: [pid: 87004|app: 0|req: 43/80] 10.222.0.86 () {56 vars in 1099 bytes} [Fri Aug 5 19:35:58 2022] GET /identity/v3/roles/member => generated 84 bytes in 192 msecs (HTTP/1.1 404) 5 headers in 183 bytes (1 switches on core 0)
Aug 05 19:35:58.375771 dv-cinder-852209-2-iscsi devstack@keystone.service[87004]: DEBUG keystone.server.flask.request_processing.middleware.auth_context [None req-27885d21-ec4d-4c87-9609-a8c7ad7db8b6 None admin] Authenticating user token {{(pid=87004) process_request /usr/local/lib/python3.8/dist-packages/keystonemiddleware/auth_token/__init__.py:407}}
Aug 05 19:35:58.380362 dv-cinder-852209-2-iscsi devstack@keystone.service[87005]: DEBUG dbcounter [-] [87005] Writing DB stats keystone:SELECT=100 {{(pid=87005) stat_writer /usr/local/lib/python3.8/dist-packages/dbcounter.py:114}}
Aug 05 19:35:58.453564 dv-cinder-852209-2-iscsi devstack@keystone.service[87005]: [pid: 87005|app: 0|req: 38/81] 10.222.0.86 () {58 vars in 1282 bytes} [Fri Aug 5 19:35:58 2022] GET /identity/v3/auth/tokens => generated 799 bytes in 392 msecs (HTTP/1.1 200) 6 headers in 358 bytes (1 switches on core 0)
Aug 05 19:35:58.454420 dv-cinder-852209-2-iscsi devstack@keystone.service[87005]: DEBUG keystone.server.flask.request_processing.middleware.auth_context [None req-a72c4224-732a-4062-9564-f65d5a649a66 None admin] Authenticating user token {{(pid=87005) process_request /usr/local/lib/python3.8/dist-packages/keystonemiddleware/auth_token/__init__.py:407}}
Aug 05 19:35:58.504977 dv-cinder-852209-2-iscsi devstack@keystone.service[87004]: DEBUG keystone.server.flask.request_processing.middleware.auth_context [None req-27885d21-ec4d-4c87-9609-a8c7ad7db8b6 None admin] Validating token access rules against request {{(pid=87004) validate_allowed_request /usr/local/lib/python3.8/dist-packages/keystonemiddleware/auth_token/__init__.py:545}}
Aug 05 19:35:58.550319 dv-cinder-852209-2-iscsi devstack@keystone.service[87004]: DEBUG keystone.server.flask.request_processing.middleware.auth_context [None req-4fff8973-ea9f-4b7d-a236-3b9bbc128393 None admin] RBAC: auth_context: {'token': , 'domain_id': None, 'trust_id': None, 'trustor_id': None, 'trustee_id': None, 'domain_name': None, 'group_ids': [], 'user_id': '047b4b41672048d8889a2b3bb55b2d97', 'user_domain_id': 'default', 'system_scope': 'all', 'project_id': None, 'project_domain_id': None, 'roles': ['admin', 'member', 'reader'], 'is_admin_project': True, 'service_user_id': None, 'service_user_domain_id': None, 'service_project_id': None, 'service_project_domain_id': None, 'service_roles': []} {{(pid=87004) fill_context /opt/stack/keystone/keystone/server/flask/request_processing/middleware/auth_context.py:478}}
Aug 05 19:35:58.550885 dv-cinder-852209-2-iscsi devstack@keystone.service[87004]: DEBUG keystone.server.flask.request_processing.req_logging [None req-4fff8973-ea9f-4b7d-a236-3b9bbc128393 None admin] REQUEST_METHOD: `GET` {{(pid=87004) log_request_info /opt/stack/keystone/keystone/server/flask/request_processing/req_logging.py:27}}
Aug 05 19:35:58.551169 dv-cinder-852209-2-iscsi devstack@keystone.service[87004]: DEBUG keystone.server.flask.request_processing.req_logging [None req-4fff8973-ea9f-4b7d-a236-3b9bbc128393 None admin] SCRIPT_NAME: `/identity` {{(pid=87004) log_request_info /opt/stack/keystone/keystone/server/flask/request_processing/req_logging.py:28}}
Aug 05 19:35:58.551448 dv-cinder-852209-2-iscsi devstack@keystone.service[87004]: DEBUG keystone.server.flask.request_processing.req_logging [None req-4fff8973-ea9f-4b7d-a236-3b9bbc128393 None admin] PATH_INFO: `/v3/auth/tokens` {{(pid=87004) log_request_info /opt/stack/keystone/keystone/server/flask/request_processing/req_logging.py:29}}
Aug 05 19:35:58.564328 dv-cinder-852209-2-iscsi devstack@keystone.service[87004]: DEBUG dbcounter [-] [87004] Writing DB stats keystone:SELECT=100 {{(pid=87004) stat_writer /usr/local/lib/python3.8/dist-packages/dbcounter.py:114}}
Aug 05 19:35:58.571568 dv-cinder-852209-2-iscsi devstack@keystone.service[87005]: DEBUG keystone.server.flask.request_processing.middleware.auth_context [None req-a72c4224-732a-4062-9564-f65d5a649a66 None admin] Validating token access rules against request {{(pid=87005) validate_allowed_request /usr/local/lib/python3.8/dist-packages/keystonemiddleware/auth_token/__init__.py:545}}
Aug 05 19:35:58.609141 dv-cinder-852209-2-iscsi devstack@keystone.service[87005]: DEBUG keystone.server.flask.request_processing.middleware.auth_context [None req-bba29edf-e5ff-4b10-a935-a8f24e8aafa3 None admin] RBAC: auth_context: {'token': , 'domain_id': None, 'trust_id': None, 'trustor_id': None, 'trustee_id': None, 'domain_name': None, 'group_ids': [], 'user_id': '047b4b41672048d8889a2b3bb55b2d97', 'user_domain_id': 'default', 'system_scope': 'all', 'project_id': None, 'project_domain_id': None, 'roles': ['admin', 'member', 'reader'], 'is_admin_project': True, 'service_user_id': None, 'service_user_domain_id': None, 'service_project_id': None, 'service_project_domain_id': None, 'service_roles': []} {{(pid=87005) fill_context /opt/stack/keystone/keystone/server/flask/request_processing/middleware/auth_context.py:478}}
Aug 05 19:35:58.609783 dv-cinder-852209-2-iscsi devstack@keystone.service[87005]: DEBUG keystone.server.flask.request_processing.req_logging [None req-bba29edf-e5ff-4b10-a935-a8f24e8aafa3 None admin] REQUEST_METHOD: `GET` {{(pid=87005) log_request_info /opt/stack/keystone/keystone/server/flask/request_processing/req_logging.py:27}}
Aug 05 19:35:58.610057 dv-cinder-852209-2-iscsi devstack@keystone.service[87005]: DEBUG keystone.server.flask.request_processing.req_logging [None req-bba29edf-e5ff-4b10-a935-a8f24e8aafa3 None admin] SCRIPT_NAME: `/identity` {{(pid=87005) log_request_info /opt/stack/keystone/keystone/server/flask/request_processing/req_logging.py:28}}
Aug 05 19:35:58.610329 dv-cinder-852209-2-iscsi devstack@keystone.service[87005]: DEBUG keystone.server.flask.request_processing.req_logging [None req-bba29edf-e5ff-4b10-a935-a8f24e8aafa3 None admin] PATH_INFO: `/v3/users/4b27046155b1457883bf610e3be6b70e` {{(pid=87005) log_request_info /opt/stack/keystone/keystone/server/flask/request_processing/req_logging.py:29}}
Aug 05 19:35:58.611551 dv-cinder-852209-2-iscsi devstack@keystone.service[87005]: DEBUG keystone.common.rbac_enforcer.enforcer [None req-bba29edf-e5ff-4b10-a935-a8f24e8aafa3 None admin] RBAC: Authorizing `identity:get_user(user_id=4b27046155b1457883bf610e3be6b70e)` {{(pid=87005) enforce_call /opt/stack/keystone/keystone/common/rbac_enforcer/enforcer.py:449}}
Aug 05 19:35:58.613001 dv-cinder-852209-2-iscsi devstack@keystone.service[87005]: DEBUG keystone.common.rbac_enforcer.enforcer [None req-bba29edf-e5ff-4b10-a935-a8f24e8aafa3 None admin] RBAC: Authorization granted {{(pid=87005) enforce_call /opt/stack/keystone/keystone/common/rbac_enforcer/enforcer.py:457}}
Aug 05 19:35:58.614636 dv-cinder-852209-2-iscsi devstack@keystone.service[87005]: [pid: 87005|app: 0|req: 39/82] 10.222.0.86 () {56 vars in 1177 bytes} [Fri Aug 5 19:35:58 2022] GET /identity/v3/users/4b27046155b1457883bf610e3be6b70e => generated 275 bytes in 160 msecs (HTTP/1.1 200) 5 headers in 177 bytes (1 switches on core 0)
Aug 05 19:35:58.615421 dv-cinder-852209-2-iscsi devstack@keystone.service[87005]: DEBUG keystone.server.flask.request_processing.middleware.auth_context [None req-bba29edf-e5ff-4b10-a935-a8f24e8aafa3 None admin] Authenticating user token {{(pid=87005) process_request /usr/local/lib/python3.8/dist-packages/keystonemiddleware/auth_token/__init__.py:407}}
Aug 05 19:35:58.627680 dv-cinder-852209-2-iscsi devstack@keystone.service[87005]: DEBUG dbcounter [-] [87005] Writing DB stats keystone:SELECT=100 {{(pid=87005) stat_writer /usr/local/lib/python3.8/dist-packages/dbcounter.py:114}}
Aug 05 19:35:58.632715 dv-cinder-852209-2-iscsi devstack@keystone.service[87004]: DEBUG keystone.common.rbac_enforcer.enforcer [None req-4fff8973-ea9f-4b7d-a236-3b9bbc128393 None admin] RBAC: Authorizing `identity:validate_token()` {{(pid=87004) enforce_call /opt/stack/keystone/keystone/common/rbac_enforcer/enforcer.py:449}}
Aug 05 19:35:58.635212 dv-cinder-852209-2-iscsi devstack@keystone.service[87004]: DEBUG keystone.common.rbac_enforcer.enforcer [None req-4fff8973-ea9f-4b7d-a236-3b9bbc128393 None admin] RBAC: Authorization granted {{(pid=87004) enforce_call /opt/stack/keystone/keystone/common/rbac_enforcer/enforcer.py:457}}
Aug 05 19:35:58.723933 dv-cinder-852209-2-iscsi devstack@keystone.service[87005]: DEBUG keystone.server.flask.request_processing.middleware.auth_context [None req-bba29edf-e5ff-4b10-a935-a8f24e8aafa3 None admin] Validating token access rules against request {{(pid=87005) validate_allowed_request /usr/local/lib/python3.8/dist-packages/keystonemiddleware/auth_token/__init__.py:545}}
Aug 05 19:35:58.752294 dv-cinder-852209-2-iscsi devstack@keystone.service[87004]: [pid: 87004|app: 0|req: 44/83] 10.222.0.86 () {58 vars in 1282 bytes} [Fri Aug 5 19:35:58 2022] GET /identity/v3/auth/tokens => generated 799 bytes in 381 msecs (HTTP/1.1 200) 6 headers in 358 bytes (1 switches on core 0)
Aug 05 19:35:58.753077 dv-cinder-852209-2-iscsi devstack@keystone.service[87004]: DEBUG keystone.server.flask.request_processing.middleware.auth_context [None req-4fff8973-ea9f-4b7d-a236-3b9bbc128393 None admin] Authenticating user token {{(pid=87004) process_request /usr/local/lib/python3.8/dist-packages/keystonemiddleware/auth_token/__init__.py:407}}
Aug 05 19:35:58.763974 dv-cinder-852209-2-iscsi devstack@keystone.service[87005]: DEBUG keystone.server.flask.request_processing.middleware.auth_context [None req-d6ad9d78-1a1d-497d-95d4-f2c2e26a3ecf None admin] RBAC: auth_context: {'token': , 'domain_id': None, 'trust_id': None, 'trustor_id': None, 'trustee_id': None, 'domain_name': None, 'group_ids': [], 'user_id': '047b4b41672048d8889a2b3bb55b2d97', 'user_domain_id': 'default', 'system_scope': 'all', 'project_id': None, 'project_domain_id': None, 'roles': ['admin', 'member', 'reader'], 'is_admin_project': True, 'service_user_id': None, 'service_user_domain_id': None, 'service_project_id': None, 'service_project_domain_id': None, 'service_roles': []} {{(pid=87005) fill_context /opt/stack/keystone/keystone/server/flask/request_processing/middleware/auth_context.py:478}}
Aug 05 19:35:58.764617 dv-cinder-852209-2-iscsi devstack@keystone.service[87005]: DEBUG keystone.server.flask.request_processing.req_logging [None req-d6ad9d78-1a1d-497d-95d4-f2c2e26a3ecf None admin] REQUEST_METHOD: `GET` {{(pid=87005) log_request_info /opt/stack/keystone/keystone/server/flask/request_processing/req_logging.py:27}}
Aug 05 19:35:58.764903 dv-cinder-852209-2-iscsi devstack@keystone.service[87005]: DEBUG keystone.server.flask.request_processing.req_logging [None req-d6ad9d78-1a1d-497d-95d4-f2c2e26a3ecf None admin] SCRIPT_NAME: `/identity` {{(pid=87005) log_request_info /opt/stack/keystone/keystone/server/flask/request_processing/req_logging.py:28}}
Aug 05 19:35:58.765177 dv-cinder-852209-2-iscsi devstack@keystone.service[87005]: DEBUG keystone.server.flask.request_processing.req_logging [None req-d6ad9d78-1a1d-497d-95d4-f2c2e26a3ecf None admin] PATH_INFO: `/v3/domains/default` {{(pid=87005) log_request_info /opt/stack/keystone/keystone/server/flask/request_processing/req_logging.py:29}}
Aug 05 19:35:58.766401 dv-cinder-852209-2-iscsi devstack@keystone.service[87005]: DEBUG keystone.common.rbac_enforcer.enforcer [None req-d6ad9d78-1a1d-497d-95d4-f2c2e26a3ecf None admin] RBAC: Authorizing `identity:get_domain(domain_id=default)` {{(pid=87005) enforce_call /opt/stack/keystone/keystone/common/rbac_enforcer/enforcer.py:449}}
Aug 05 19:35:58.767907 dv-cinder-852209-2-iscsi devstack@keystone.service[87005]: DEBUG keystone.common.rbac_enforcer.enforcer [None req-d6ad9d78-1a1d-497d-95d4-f2c2e26a3ecf None admin] RBAC: Authorization granted {{(pid=87005) enforce_call /opt/stack/keystone/keystone/common/rbac_enforcer/enforcer.py:457}}
Aug 05 19:35:58.769539 dv-cinder-852209-2-iscsi devstack@keystone.service[87005]: [pid: 87005|app: 0|req: 40/84] 10.222.0.86 () {56 vars in 1108 bytes} [Fri Aug 5 19:35:58 2022] GET /identity/v3/domains/default => generated 199 bytes in 154 msecs (HTTP/1.1 200) 5 headers in 177 bytes (1 switches on core 0)
Aug 05 19:35:58.770308 dv-cinder-852209-2-iscsi devstack@keystone.service[87005]: DEBUG keystone.server.flask.request_processing.middleware.auth_context [None req-d6ad9d78-1a1d-497d-95d4-f2c2e26a3ecf None admin] Authenticating user token {{(pid=87005) process_request /usr/local/lib/python3.8/dist-packages/keystonemiddleware/auth_token/__init__.py:407}}
Aug 05 19:35:58.800730 dv-cinder-852209-2-iscsi devstack@keystone.service[87004]: DEBUG dbcounter [-] [87004] Writing DB stats keystone:SELECT=100 {{(pid=87004) stat_writer /usr/local/lib/python3.8/dist-packages/dbcounter.py:114}}
Aug 05 19:35:58.864080 dv-cinder-852209-2-iscsi devstack@keystone.service[87005]: DEBUG dbcounter [-] [87005] Writing DB stats keystone:SELECT=100 {{(pid=87005) stat_writer /usr/local/lib/python3.8/dist-packages/dbcounter.py:114}}
Aug 05 19:35:58.874010 dv-cinder-852209-2-iscsi devstack@keystone.service[87004]: DEBUG keystone.server.flask.request_processing.middleware.auth_context [None req-4fff8973-ea9f-4b7d-a236-3b9bbc128393 None admin] Validating token access rules against request {{(pid=87004) validate_allowed_request /usr/local/lib/python3.8/dist-packages/keystonemiddleware/auth_token/__init__.py:545}}
Aug 05 19:35:58.890949 dv-cinder-852209-2-iscsi devstack@keystone.service[87005]: DEBUG keystone.server.flask.request_processing.middleware.auth_context [None req-d6ad9d78-1a1d-497d-95d4-f2c2e26a3ecf None admin] Validating token access rules against request {{(pid=87005) validate_allowed_request /usr/local/lib/python3.8/dist-packages/keystonemiddleware/auth_token/__init__.py:545}}
Aug 05 19:35:58.918782 dv-cinder-852209-2-iscsi devstack@keystone.service[87004]: DEBUG keystone.server.flask.request_processing.middleware.auth_context [None req-8ca0d6d8-a5a5-4e71-803c-c3140f514d7f None admin] RBAC: auth_context: {'token': , 'domain_id': None, 'trust_id': None, 'trustor_id': None, 'trustee_id': None, 'domain_name': None, 'group_ids': [], 'user_id': '047b4b41672048d8889a2b3bb55b2d97', 'user_domain_id': 'default', 'system_scope': 'all', 'project_id': None, 'project_domain_id': None, 'roles': ['admin', 'member', 'reader'], 'is_admin_project': True, 'service_user_id': None, 'service_user_domain_id': None, 'service_project_id': None, 'service_project_domain_id': None, 'service_roles': []} {{(pid=87004) fill_context /opt/stack/keystone/keystone/server/flask/request_processing/middleware/auth_context.py:478}}
Aug 05 19:35:58.919451 dv-cinder-852209-2-iscsi devstack@keystone.service[87004]: DEBUG keystone.server.flask.request_processing.req_logging [None req-8ca0d6d8-a5a5-4e71-803c-c3140f514d7f None admin] REQUEST_METHOD: `GET` {{(pid=87004) log_request_info /opt/stack/keystone/keystone/server/flask/request_processing/req_logging.py:27}}
Aug 05 19:35:58.919731 dv-cinder-852209-2-iscsi devstack@keystone.service[87004]: DEBUG keystone.server.flask.request_processing.req_logging [None req-8ca0d6d8-a5a5-4e71-803c-c3140f514d7f None admin] SCRIPT_NAME: `/identity` {{(pid=87004) log_request_info /opt/stack/keystone/keystone/server/flask/request_processing/req_logging.py:28}}
Aug 05 19:35:58.920002 dv-cinder-852209-2-iscsi devstack@keystone.service[87004]: DEBUG keystone.server.flask.request_processing.req_logging [None req-8ca0d6d8-a5a5-4e71-803c-c3140f514d7f None admin] PATH_INFO: `/v3/roles` {{(pid=87004) log_request_info /opt/stack/keystone/keystone/server/flask/request_processing/req_logging.py:29}}
Aug 05 19:35:58.920722 dv-cinder-852209-2-iscsi devstack@keystone.service[87004]: DEBUG keystone.common.rbac_enforcer.enforcer [None req-8ca0d6d8-a5a5-4e71-803c-c3140f514d7f None admin] RBAC: Adding query filter params (name=member) {{(pid=87004) _extract_filter_values /opt/stack/keystone/keystone/common/rbac_enforcer/enforcer.py:167}}
Aug 05 19:35:58.921031 dv-cinder-852209-2-iscsi devstack@keystone.service[87004]: DEBUG keystone.common.rbac_enforcer.enforcer [None req-8ca0d6d8-a5a5-4e71-803c-c3140f514d7f None admin] RBAC: Authorizing `identity:list_roles()` {{(pid=87004) enforce_call /opt/stack/keystone/keystone/common/rbac_enforcer/enforcer.py:449}}
Aug 05 19:35:58.922445 dv-cinder-852209-2-iscsi devstack@keystone.service[87004]: DEBUG keystone.common.rbac_enforcer.enforcer [None req-8ca0d6d8-a5a5-4e71-803c-c3140f514d7f None admin] RBAC: Authorization granted {{(pid=87004) enforce_call /opt/stack/keystone/keystone/common/rbac_enforcer/enforcer.py:457}}
Aug 05 19:35:58.927454 dv-cinder-852209-2-iscsi devstack@keystone.service[87005]: DEBUG keystone.server.flask.request_processing.middleware.auth_context [None req-c0d8a05d-e5b6-4a63-8342-1ed5a1b50abd None admin] RBAC: auth_context: {'token': , 'domain_id': None, 'trust_id': None, 'trustor_id': None, 'trustee_id': None, 'domain_name': None, 'group_ids': [], 'user_id': '047b4b41672048d8889a2b3bb55b2d97', 'user_domain_id': 'default', 'system_scope': 'all', 'project_id': None, 'project_domain_id': None, 'roles': ['admin', 'member', 'reader'], 'is_admin_project': True, 'service_user_id': None, 'service_user_domain_id': None, 'service_project_id': None, 'service_project_domain_id': None, 'service_roles': []} {{(pid=87005) fill_context /opt/stack/keystone/keystone/server/flask/request_processing/middleware/auth_context.py:478}}
Aug 05 19:35:58.928107 dv-cinder-852209-2-iscsi devstack@keystone.service[87005]: DEBUG keystone.server.flask.request_processing.req_logging [None req-c0d8a05d-e5b6-4a63-8342-1ed5a1b50abd None admin] REQUEST_METHOD: `GET` {{(pid=87005) log_request_info /opt/stack/keystone/keystone/server/flask/request_processing/req_logging.py:27}}
Aug 05 19:35:58.928391 dv-cinder-852209-2-iscsi devstack@keystone.service[87005]: DEBUG keystone.server.flask.request_processing.req_logging [None req-c0d8a05d-e5b6-4a63-8342-1ed5a1b50abd None admin] SCRIPT_NAME: `/identity` {{(pid=87005) log_request_info /opt/stack/keystone/keystone/server/flask/request_processing/req_logging.py:28}}
Aug 05 19:35:58.928669 dv-cinder-852209-2-iscsi devstack@keystone.service[87005]: DEBUG keystone.server.flask.request_processing.req_logging [None req-c0d8a05d-e5b6-4a63-8342-1ed5a1b50abd None admin] PATH_INFO: `/v3/projects/11d6ae35861149a9a30b9eadb5380b85` {{(pid=87005) log_request_info /opt/stack/keystone/keystone/server/flask/request_processing/req_logging.py:29}}
Aug 05 19:35:58.929886 dv-cinder-852209-2-iscsi devstack@keystone.service[87005]: DEBUG keystone.common.rbac_enforcer.enforcer [None req-c0d8a05d-e5b6-4a63-8342-1ed5a1b50abd None admin] RBAC: Authorizing `identity:get_project(project_id=11d6ae35861149a9a30b9eadb5380b85)` {{(pid=87005) enforce_call /opt/stack/keystone/keystone/common/rbac_enforcer/enforcer.py:449}}
Aug 05 19:35:58.932267 dv-cinder-852209-2-iscsi devstack@keystone.service[87005]: DEBUG keystone.common.rbac_enforcer.enforcer [None req-c0d8a05d-e5b6-4a63-8342-1ed5a1b50abd None admin] RBAC: Authorization granted {{(pid=87005) enforce_call /opt/stack/keystone/keystone/common/rbac_enforcer/enforcer.py:457}}
Aug 05 19:35:58.934174 dv-cinder-852209-2-iscsi devstack@keystone.service[87005]: [pid: 87005|app: 0|req: 41/85] 10.222.0.86 () {56 vars in 1186 bytes} [Fri Aug 5 19:35:58 2022] GET /identity/v3/projects/11d6ae35861149a9a30b9eadb5380b85 => generated 298 bytes in 164 msecs (HTTP/1.1 200) 5 headers in 177 bytes (1 switches on core 0)
Aug 05 19:35:58.934500 dv-cinder-852209-2-iscsi devstack@keystone.service[87004]: [pid: 87004|app: 0|req: 45/86] 10.222.0.86 () {56 vars in 1101 bytes} [Fri Aug 5 19:35:58 2022] GET /identity/v3/roles?name=member => generated 341 bytes in 182 msecs (HTTP/1.1 200) 5 headers in 177 bytes (1 switches on core 0)
Aug 05 19:35:58.935090 dv-cinder-852209-2-iscsi devstack@keystone.service[87005]: DEBUG keystone.server.flask.request_processing.middleware.auth_context [None req-c0d8a05d-e5b6-4a63-8342-1ed5a1b50abd None admin] Authenticating user token {{(pid=87005) process_request /usr/local/lib/python3.8/dist-packages/keystonemiddleware/auth_token/__init__.py:407}}
Aug 05 19:35:58.935741 dv-cinder-852209-2-iscsi devstack@keystone.service[87004]: DEBUG keystone.server.flask.request_processing.middleware.auth_context [None req-8ca0d6d8-a5a5-4e71-803c-c3140f514d7f None admin] Authenticating user token {{(pid=87004) process_request /usr/local/lib/python3.8/dist-packages/keystonemiddleware/auth_token/__init__.py:407}}
Aug 05 19:35:59.060020 dv-cinder-852209-2-iscsi devstack@keystone.service[87005]: DEBUG keystone.server.flask.request_processing.middleware.auth_context [None req-c0d8a05d-e5b6-4a63-8342-1ed5a1b50abd None admin] Validating token access rules against request {{(pid=87005) validate_allowed_request /usr/local/lib/python3.8/dist-packages/keystonemiddleware/auth_token/__init__.py:545}}
Aug 05 19:35:59.068005 dv-cinder-852209-2-iscsi devstack@keystone.service[87004]: DEBUG keystone.server.flask.request_processing.middleware.auth_context [None req-8ca0d6d8-a5a5-4e71-803c-c3140f514d7f None admin] Validating token access rules against request {{(pid=87004) validate_allowed_request /usr/local/lib/python3.8/dist-packages/keystonemiddleware/auth_token/__init__.py:545}}
Aug 05 19:35:59.070490 dv-cinder-852209-2-iscsi devstack@keystone.service[87004]: DEBUG dbcounter [-] [87004] Writing DB stats keystone:SELECT=100 {{(pid=87004) stat_writer /usr/local/lib/python3.8/dist-packages/dbcounter.py:114}}
Aug 05 19:35:59.103465 dv-cinder-852209-2-iscsi devstack@keystone.service[87005]: DEBUG keystone.server.flask.request_processing.middleware.auth_context [None req-0f104898-9978-4414-a5f6-2a6bfe72ca89 None admin] RBAC: auth_context: {'token': , 'domain_id': None, 'trust_id': None, 'trustor_id': None, 'trustee_id': None, 'domain_name': None, 'group_ids': [], 'user_id': '047b4b41672048d8889a2b3bb55b2d97', 'user_domain_id': 'default', 'system_scope': 'all', 'project_id': None, 'project_domain_id': None, 'roles': ['admin', 'member', 'reader'], 'is_admin_project': True, 'service_user_id': None, 'service_user_domain_id': None, 'service_project_id': None, 'service_project_domain_id': None, 'service_roles': []} {{(pid=87005) fill_context /opt/stack/keystone/keystone/server/flask/request_processing/middleware/auth_context.py:478}}
Aug 05 19:35:59.104086 dv-cinder-852209-2-iscsi devstack@keystone.service[87005]: DEBUG keystone.server.flask.request_processing.req_logging [None req-0f104898-9978-4414-a5f6-2a6bfe72ca89 None admin] REQUEST_METHOD: `GET` {{(pid=87005) log_request_info /opt/stack/keystone/keystone/server/flask/request_processing/req_logging.py:27}}
Aug 05 19:35:59.104367 dv-cinder-852209-2-iscsi devstack@keystone.service[87005]: DEBUG keystone.server.flask.request_processing.req_logging [None req-0f104898-9978-4414-a5f6-2a6bfe72ca89 None admin] SCRIPT_NAME: `/identity` {{(pid=87005) log_request_info /opt/stack/keystone/keystone/server/flask/request_processing/req_logging.py:28}}
Aug 05 19:35:59.104648 dv-cinder-852209-2-iscsi devstack@keystone.service[87005]: DEBUG keystone.server.flask.request_processing.req_logging [None req-0f104898-9978-4414-a5f6-2a6bfe72ca89 None admin] PATH_INFO: `/v3/auth/tokens` {{(pid=87005) log_request_info /opt/stack/keystone/keystone/server/flask/request_processing/req_logging.py:29}}
Aug 05 19:35:59.111542 dv-cinder-852209-2-iscsi devstack@keystone.service[87004]: DEBUG keystone.server.flask.request_processing.middleware.auth_context [None req-b8945093-bf3f-4c5a-85df-74ba5ec7fddb None admin] RBAC: auth_context: {'token': , 'domain_id': None, 'trust_id': None, 'trustor_id': None, 'trustee_id': None, 'domain_name': None, 'group_ids': [], 'user_id': '047b4b41672048d8889a2b3bb55b2d97', 'user_domain_id': 'default', 'system_scope': 'all', 'project_id': None, 'project_domain_id': None, 'roles': ['admin', 'member', 'reader'], 'is_admin_project': True, 'service_user_id': None, 'service_user_domain_id': None, 'service_project_id': None, 'service_project_domain_id': None, 'service_roles': []} {{(pid=87004) fill_context /opt/stack/keystone/keystone/server/flask/request_processing/middleware/auth_context.py:478}}
Aug 05 19:35:59.112481 dv-cinder-852209-2-iscsi devstack@keystone.service[87004]: DEBUG keystone.server.flask.request_processing.req_logging [None req-b8945093-bf3f-4c5a-85df-74ba5ec7fddb None admin] REQUEST_METHOD: `GET` {{(pid=87004) log_request_info /opt/stack/keystone/keystone/server/flask/request_processing/req_logging.py:27}}
Aug 05 19:35:59.112903 dv-cinder-852209-2-iscsi devstack@keystone.service[87004]: DEBUG keystone.server.flask.request_processing.req_logging [None req-b8945093-bf3f-4c5a-85df-74ba5ec7fddb None admin] SCRIPT_NAME: `/identity` {{(pid=87004) log_request_info /opt/stack/keystone/keystone/server/flask/request_processing/req_logging.py:28}}
Aug 05 19:35:59.113326 dv-cinder-852209-2-iscsi devstack@keystone.service[87004]: DEBUG keystone.server.flask.request_processing.req_logging [None req-b8945093-bf3f-4c5a-85df-74ba5ec7fddb None admin] PATH_INFO: `/v3/projects/11d6ae35861149a9a30b9eadb5380b85` {{(pid=87004) log_request_info /opt/stack/keystone/keystone/server/flask/request_processing/req_logging.py:29}}
Aug 05 19:35:59.115235 dv-cinder-852209-2-iscsi devstack@keystone.service[87004]: DEBUG keystone.common.rbac_enforcer.enforcer [None req-b8945093-bf3f-4c5a-85df-74ba5ec7fddb None admin] RBAC: Authorizing `identity:get_project(project_id=11d6ae35861149a9a30b9eadb5380b85)` {{(pid=87004) enforce_call /opt/stack/keystone/keystone/common/rbac_enforcer/enforcer.py:449}}
Aug 05 19:35:59.118165 dv-cinder-852209-2-iscsi devstack@keystone.service[87004]: DEBUG keystone.common.rbac_enforcer.enforcer [None req-b8945093-bf3f-4c5a-85df-74ba5ec7fddb None admin] RBAC: Authorization granted {{(pid=87004) enforce_call /opt/stack/keystone/keystone/common/rbac_enforcer/enforcer.py:457}}
Aug 05 19:35:59.120782 dv-cinder-852209-2-iscsi devstack@keystone.service[87004]: [pid: 87004|app: 0|req: 46/87] 10.222.0.86 () {56 vars in 1186 bytes} [Fri Aug 5 19:35:58 2022] GET /identity/v3/projects/11d6ae35861149a9a30b9eadb5380b85 => generated 298 bytes in 186 msecs (HTTP/1.1 200) 5 headers in 177 bytes (1 switches on core 0)
Aug 05 19:35:59.121325 dv-cinder-852209-2-iscsi devstack@keystone.service[87005]: DEBUG dbcounter [-] [87005] Writing DB stats keystone:SELECT=100 {{(pid=87005) stat_writer /usr/local/lib/python3.8/dist-packages/dbcounter.py:114}}
Aug 05 19:35:59.121553 dv-cinder-852209-2-iscsi devstack@keystone.service[87004]: DEBUG keystone.server.flask.request_processing.middleware.auth_context [None req-b8945093-bf3f-4c5a-85df-74ba5ec7fddb None admin] Authenticating user token {{(pid=87004) process_request /usr/local/lib/python3.8/dist-packages/keystonemiddleware/auth_token/__init__.py:407}}
Aug 05 19:35:59.203142 dv-cinder-852209-2-iscsi devstack@keystone.service[87005]: DEBUG keystone.common.rbac_enforcer.enforcer [None req-0f104898-9978-4414-a5f6-2a6bfe72ca89 None admin] RBAC: Authorizing `identity:validate_token()` {{(pid=87005) enforce_call /opt/stack/keystone/keystone/common/rbac_enforcer/enforcer.py:449}}
Aug 05 19:35:59.204609 dv-cinder-852209-2-iscsi devstack@keystone.service[87005]: DEBUG keystone.common.rbac_enforcer.enforcer [None req-0f104898-9978-4414-a5f6-2a6bfe72ca89 None admin] RBAC: Authorization granted {{(pid=87005) enforce_call /opt/stack/keystone/keystone/common/rbac_enforcer/enforcer.py:457}}
Aug 05 19:35:59.250516 dv-cinder-852209-2-iscsi devstack@keystone.service[87004]: DEBUG keystone.server.flask.request_processing.middleware.auth_context [None req-b8945093-bf3f-4c5a-85df-74ba5ec7fddb None admin] Validating token access rules against request {{(pid=87004) validate_allowed_request /usr/local/lib/python3.8/dist-packages/keystonemiddleware/auth_token/__init__.py:545}}
Aug 05 19:35:59.292140 dv-cinder-852209-2-iscsi devstack@keystone.service[87004]: DEBUG keystone.server.flask.request_processing.middleware.auth_context [None req-1abcb33c-93be-456e-a69b-3e90d1182639 None admin] RBAC: auth_context: {'token': , 'domain_id': None, 'trust_id': None, 'trustor_id': None, 'trustee_id': None, 'domain_name': None, 'group_ids': [], 'user_id': '047b4b41672048d8889a2b3bb55b2d97', 'user_domain_id': 'default', 'system_scope': 'all', 'project_id': None, 'project_domain_id': None, 'roles': ['admin', 'member', 'reader'], 'is_admin_project': True, 'service_user_id': None, 'service_user_domain_id': None, 'service_project_id': None, 'service_project_domain_id': None, 'service_roles': []} {{(pid=87004) fill_context /opt/stack/keystone/keystone/server/flask/request_processing/middleware/auth_context.py:478}}
Aug 05 19:35:59.292776 dv-cinder-852209-2-iscsi devstack@keystone.service[87004]: DEBUG keystone.server.flask.request_processing.req_logging [None req-1abcb33c-93be-456e-a69b-3e90d1182639 None admin] REQUEST_METHOD: `POST` {{(pid=87004) log_request_info /opt/stack/keystone/keystone/server/flask/request_processing/req_logging.py:27}}
Aug 05 19:35:59.293059 dv-cinder-852209-2-iscsi devstack@keystone.service[87004]: DEBUG keystone.server.flask.request_processing.req_logging [None req-1abcb33c-93be-456e-a69b-3e90d1182639 None admin] SCRIPT_NAME: `/identity` {{(pid=87004) log_request_info /opt/stack/keystone/keystone/server/flask/request_processing/req_logging.py:28}}
Aug 05 19:35:59.293341 dv-cinder-852209-2-iscsi devstack@keystone.service[87004]: DEBUG keystone.server.flask.request_processing.req_logging [None req-1abcb33c-93be-456e-a69b-3e90d1182639 None admin] PATH_INFO: `/v3/users` {{(pid=87004) log_request_info /opt/stack/keystone/keystone/server/flask/request_processing/req_logging.py:29}}
Aug 05 19:35:59.294036 dv-cinder-852209-2-iscsi devstack@keystone.service[87004]: DEBUG keystone.common.rbac_enforcer.enforcer [None req-1abcb33c-93be-456e-a69b-3e90d1182639 None admin] RBAC: Authorizing `identity:create_user()` {{(pid=87004) enforce_call /opt/stack/keystone/keystone/common/rbac_enforcer/enforcer.py:449}}
Aug 05 19:35:59.295546 dv-cinder-852209-2-iscsi devstack@keystone.service[87004]: DEBUG keystone.common.rbac_enforcer.enforcer [None req-1abcb33c-93be-456e-a69b-3e90d1182639 None admin] RBAC: Authorization granted {{(pid=87004) enforce_call /opt/stack/keystone/keystone/common/rbac_enforcer/enforcer.py:457}}
Aug 05 19:35:59.318812 dv-cinder-852209-2-iscsi devstack@keystone.service[87004]: [pid: 87004|app: 0|req: 47/88] 10.222.0.86 () {60 vars in 1132 bytes} [Fri Aug 5 19:35:59 2022] POST /identity/v3/users => generated 289 bytes in 197 msecs (HTTP/1.1 201) 5 headers in 182 bytes (1 switches on core 0)
Aug 05 19:35:59.319569 dv-cinder-852209-2-iscsi devstack@keystone.service[87004]: DEBUG keystone.server.flask.request_processing.middleware.auth_context [None req-1abcb33c-93be-456e-a69b-3e90d1182639 None admin] Authenticating user token {{(pid=87004) process_request /usr/local/lib/python3.8/dist-packages/keystonemiddleware/auth_token/__init__.py:407}}
Aug 05 19:35:59.340490 dv-cinder-852209-2-iscsi devstack@keystone.service[87005]: [pid: 87005|app: 0|req: 42/89] 10.222.0.86 () {58 vars in 1282 bytes} [Fri Aug 5 19:35:58 2022] GET /identity/v3/auth/tokens => generated 799 bytes in 400 msecs (HTTP/1.1 200) 6 headers in 358 bytes (1 switches on core 0)
Aug 05 19:35:59.340490 dv-cinder-852209-2-iscsi devstack@keystone.service[87005]: DEBUG keystone.server.flask.request_processing.middleware.auth_context [None req-0f104898-9978-4414-a5f6-2a6bfe72ca89 None admin] Authenticating user token {{(pid=87005) process_request /usr/local/lib/python3.8/dist-packages/keystonemiddleware/auth_token/__init__.py:407}}
Aug 05 19:35:59.377849 dv-cinder-852209-2-iscsi devstack@keystone.service[87004]: DEBUG dbcounter [-] [87004] Writing DB stats keystone:SELECT=97,keystone:INSERT=3 {{(pid=87004) stat_writer /usr/local/lib/python3.8/dist-packages/dbcounter.py:114}}
Aug 05 19:35:59.409488 dv-cinder-852209-2-iscsi devstack@keystone.service[87005]: DEBUG dbcounter [-] [87005] Writing DB stats keystone:SELECT=100 {{(pid=87005) stat_writer /usr/local/lib/python3.8/dist-packages/dbcounter.py:114}}
Aug 05 19:35:59.500765 dv-cinder-852209-2-iscsi devstack@keystone.service[87004]: DEBUG keystone.server.flask.request_processing.middleware.auth_context [None req-1abcb33c-93be-456e-a69b-3e90d1182639 None admin] Validating token access rules against request {{(pid=87004) validate_allowed_request /usr/local/lib/python3.8/dist-packages/keystonemiddleware/auth_token/__init__.py:545}}
Aug 05 19:35:59.503157 dv-cinder-852209-2-iscsi devstack@keystone.service[87005]: DEBUG keystone.server.flask.request_processing.middleware.auth_context [None req-0f104898-9978-4414-a5f6-2a6bfe72ca89 None admin] Validating token access rules against request {{(pid=87005) validate_allowed_request /usr/local/lib/python3.8/dist-packages/keystonemiddleware/auth_token/__init__.py:545}}
Aug 05 19:35:59.551631 dv-cinder-852209-2-iscsi devstack@keystone.service[87005]: DEBUG keystone.server.flask.request_processing.middleware.auth_context [None req-ef14dc94-97a6-4cf6-a858-1efb46799fe8 None admin] RBAC: auth_context: {'token': , 'domain_id': None, 'trust_id': None, 'trustor_id': None, 'trustee_id': None, 'domain_name': None, 'group_ids': [], 'user_id': '047b4b41672048d8889a2b3bb55b2d97', 'user_domain_id': 'default', 'system_scope': 'all', 'project_id': None, 'project_domain_id': None, 'roles': ['admin', 'member', 'reader'], 'is_admin_project': True, 'service_user_id': None, 'service_user_domain_id': None, 'service_project_id': None, 'service_project_domain_id': None, 'service_roles': []} {{(pid=87005) fill_context /opt/stack/keystone/keystone/server/flask/request_processing/middleware/auth_context.py:478}}
Aug 05 19:35:59.551631 dv-cinder-852209-2-iscsi devstack@keystone.service[87005]: DEBUG keystone.server.flask.request_processing.req_logging [None req-ef14dc94-97a6-4cf6-a858-1efb46799fe8 None admin] REQUEST_METHOD: `GET` {{(pid=87005) log_request_info /opt/stack/keystone/keystone/server/flask/request_processing/req_logging.py:27}}
Aug 05 19:35:59.551631 dv-cinder-852209-2-iscsi devstack@keystone.service[87005]: DEBUG keystone.server.flask.request_processing.req_logging [None req-ef14dc94-97a6-4cf6-a858-1efb46799fe8 None admin] SCRIPT_NAME: `/identity` {{(pid=87005) log_request_info /opt/stack/keystone/keystone/server/flask/request_processing/req_logging.py:28}}
Aug 05 19:35:59.551631 dv-cinder-852209-2-iscsi devstack@keystone.service[87005]: DEBUG keystone.server.flask.request_processing.req_logging [None req-ef14dc94-97a6-4cf6-a858-1efb46799fe8 None admin] PATH_INFO: `/v3/users/4b27046155b1457883bf610e3be6b70e` {{(pid=87005) log_request_info /opt/stack/keystone/keystone/server/flask/request_processing/req_logging.py:29}}
Aug 05 19:35:59.552884 dv-cinder-852209-2-iscsi devstack@keystone.service[87005]: DEBUG keystone.common.rbac_enforcer.enforcer [None req-ef14dc94-97a6-4cf6-a858-1efb46799fe8 None admin] RBAC: Authorizing `identity:get_user(user_id=4b27046155b1457883bf610e3be6b70e)` {{(pid=87005) enforce_call /opt/stack/keystone/keystone/common/rbac_enforcer/enforcer.py:449}}
Aug 05 19:35:59.554331 dv-cinder-852209-2-iscsi devstack@keystone.service[87005]: DEBUG keystone.common.rbac_enforcer.enforcer [None req-ef14dc94-97a6-4cf6-a858-1efb46799fe8 None admin] RBAC: Authorization granted {{(pid=87005) enforce_call /opt/stack/keystone/keystone/common/rbac_enforcer/enforcer.py:457}}
Aug 05 19:35:59.556897 dv-cinder-852209-2-iscsi devstack@keystone.service[87005]: [pid: 87005|app: 0|req: 43/90] 10.222.0.86 () {56 vars in 1177 bytes} [Fri Aug 5 19:35:59 2022] GET /identity/v3/users/4b27046155b1457883bf610e3be6b70e => generated 275 bytes in 221 msecs (HTTP/1.1 200) 5 headers in 177 bytes (1 switches on core 0)
Aug 05 19:35:59.558260 dv-cinder-852209-2-iscsi devstack@keystone.service[87005]: DEBUG keystone.server.flask.request_processing.middleware.auth_context [None req-ef14dc94-97a6-4cf6-a858-1efb46799fe8 None admin] Authenticating user token {{(pid=87005) process_request /usr/local/lib/python3.8/dist-packages/keystonemiddleware/auth_token/__init__.py:407}}
Aug 05 19:35:59.559541 dv-cinder-852209-2-iscsi devstack@keystone.service[87004]: DEBUG keystone.server.flask.request_processing.middleware.auth_context [None req-0c201470-286f-4379-acda-a2248d7762ea None admin] RBAC: auth_context: {'token': , 'domain_id': None, 'trust_id': None, 'trustor_id': None, 'trustee_id': None, 'domain_name': None, 'group_ids': [], 'user_id': '047b4b41672048d8889a2b3bb55b2d97', 'user_domain_id': 'default', 'system_scope': 'all', 'project_id': None, 'project_domain_id': None, 'roles': ['admin', 'member', 'reader'], 'is_admin_project': True, 'service_user_id': None, 'service_user_domain_id': None, 'service_project_id': None, 'service_project_domain_id': None, 'service_roles': []} {{(pid=87004) fill_context /opt/stack/keystone/keystone/server/flask/request_processing/middleware/auth_context.py:478}}
Aug 05 19:35:59.559733 dv-cinder-852209-2-iscsi devstack@keystone.service[87004]: DEBUG keystone.server.flask.request_processing.req_logging [None req-0c201470-286f-4379-acda-a2248d7762ea None admin] REQUEST_METHOD: `GET` {{(pid=87004) log_request_info /opt/stack/keystone/keystone/server/flask/request_processing/req_logging.py:27}}
Aug 05 19:35:59.560027 dv-cinder-852209-2-iscsi devstack@keystone.service[87004]: DEBUG keystone.server.flask.request_processing.req_logging [None req-0c201470-286f-4379-acda-a2248d7762ea None admin] SCRIPT_NAME: `/identity` {{(pid=87004) log_request_info /opt/stack/keystone/keystone/server/flask/request_processing/req_logging.py:28}}
Aug 05 19:35:59.560309 dv-cinder-852209-2-iscsi devstack@keystone.service[87004]: DEBUG keystone.server.flask.request_processing.req_logging [None req-0c201470-286f-4379-acda-a2248d7762ea None admin] PATH_INFO: `/v3/role_assignments` {{(pid=87004) log_request_info /opt/stack/keystone/keystone/server/flask/request_processing/req_logging.py:29}}
Aug 05 19:35:59.561132 dv-cinder-852209-2-iscsi devstack@keystone.service[87004]: DEBUG keystone.common.rbac_enforcer.enforcer [None req-0c201470-286f-4379-acda-a2248d7762ea None admin] RBAC: Adding query filter params (role.id=93eb204498fc49d297bcd1841e00818d, scope.project.id=11d6ae35861149a9a30b9eadb5380b85, user.id=047b4b41672048d8889a2b3bb55b2d97) {{(pid=87004) _extract_filter_values /opt/stack/keystone/keystone/common/rbac_enforcer/enforcer.py:167}}
Aug 05 19:35:59.561451 dv-cinder-852209-2-iscsi devstack@keystone.service[87004]: DEBUG keystone.common.rbac_enforcer.enforcer [None req-0c201470-286f-4379-acda-a2248d7762ea None admin] RBAC: Authorizing `identity:list_role_assignments()` {{(pid=87004) enforce_call /opt/stack/keystone/keystone/common/rbac_enforcer/enforcer.py:449}}
Aug 05 19:35:59.563263 dv-cinder-852209-2-iscsi devstack@keystone.service[87004]: DEBUG keystone.common.rbac_enforcer.enforcer [None req-0c201470-286f-4379-acda-a2248d7762ea None admin] RBAC: Authorization granted {{(pid=87004) enforce_call /opt/stack/keystone/keystone/common/rbac_enforcer/enforcer.py:457}}
Aug 05 19:35:59.569842 dv-cinder-852209-2-iscsi devstack@keystone.service[87004]: [pid: 87004|app: 0|req: 48/91] 10.222.0.86 () {56 vars in 1374 bytes} [Fri Aug 5 19:35:59 2022] GET /identity/v3/role_assignments?user.id=047b4b41672048d8889a2b3bb55b2d97&scope.project.id=11d6ae35861149a9a30b9eadb5380b85&role.id=93eb204498fc49d297bcd1841e00818d => generated 259 bytes in 250 msecs (HTTP/1.1 200) 5 headers in 177 bytes (1 switches on core 0)
Aug 05 19:35:59.572041 dv-cinder-852209-2-iscsi devstack@keystone.service[87004]: DEBUG keystone.server.flask.request_processing.middleware.auth_context [None req-0c201470-286f-4379-acda-a2248d7762ea None admin] Authenticating user token {{(pid=87004) process_request /usr/local/lib/python3.8/dist-packages/keystonemiddleware/auth_token/__init__.py:407}}
Aug 05 19:35:59.719835 dv-cinder-852209-2-iscsi devstack@keystone.service[87005]: DEBUG keystone.server.flask.request_processing.middleware.auth_context [None req-ef14dc94-97a6-4cf6-a858-1efb46799fe8 None admin] Validating token access rules against request {{(pid=87005) validate_allowed_request /usr/local/lib/python3.8/dist-packages/keystonemiddleware/auth_token/__init__.py:545}}
Aug 05 19:35:59.727776 dv-cinder-852209-2-iscsi devstack@keystone.service[87004]: DEBUG dbcounter [-] [87004] Writing DB stats keystone:SELECT=100 {{(pid=87004) stat_writer /usr/local/lib/python3.8/dist-packages/dbcounter.py:114}}
Aug 05 19:35:59.745905 dv-cinder-852209-2-iscsi devstack@keystone.service[87004]: DEBUG keystone.server.flask.request_processing.middleware.auth_context [None req-0c201470-286f-4379-acda-a2248d7762ea None admin] Validating token access rules against request {{(pid=87004) validate_allowed_request /usr/local/lib/python3.8/dist-packages/keystonemiddleware/auth_token/__init__.py:545}}
Aug 05 19:35:59.751640 dv-cinder-852209-2-iscsi devstack@keystone.service[87005]: DEBUG dbcounter [-] [87005] Writing DB stats keystone:SELECT=100 {{(pid=87005) stat_writer /usr/local/lib/python3.8/dist-packages/dbcounter.py:114}}
Aug 05 19:35:59.793044 dv-cinder-852209-2-iscsi devstack@keystone.service[87005]: DEBUG keystone.server.flask.request_processing.middleware.auth_context [None req-0324dc4b-43d2-42bb-98de-a05bcf14fbd3 None admin] RBAC: auth_context: {'token': , 'domain_id': None, 'trust_id': None, 'trustor_id': None, 'trustee_id': None, 'domain_name': None, 'group_ids': [], 'user_id': '047b4b41672048d8889a2b3bb55b2d97', 'user_domain_id': 'default', 'system_scope': 'all', 'project_id': None, 'project_domain_id': None, 'roles': ['admin', 'member', 'reader'], 'is_admin_project': True, 'service_user_id': None, 'service_user_domain_id': None, 'service_project_id': None, 'service_project_domain_id': None, 'service_roles': []} {{(pid=87005) fill_context /opt/stack/keystone/keystone/server/flask/request_processing/middleware/auth_context.py:478}}
