Aug 05 19:36:41.013255 dv-cinder-852209-2-iscsi devstack@keystone.service[87004]: DEBUG keystone.server.flask.request_processing.middleware.auth_context [None req-e0468dfa-1dbe-4466-95c1-8bcc9635c14c None None] Validating token access rules against request {{(pid=87004) validate_allowed_request /usr/local/lib/python3.8/dist-packages/keystonemiddleware/auth_token/__init__.py:545}}
Aug 05 19:36:41.086803 dv-cinder-852209-2-iscsi devstack@keystone.service[87004]: DEBUG keystone.server.flask.request_processing.middleware.auth_context [None req-1f8d4571-d4cb-4f3c-83d5-d30902d6c342 None admin] RBAC: auth_context: {'token': , 'domain_id': None, 'trust_id': None, 'trustor_id': None, 'trustee_id': None, 'domain_name': None, 'group_ids': [], 'user_id': '047b4b41672048d8889a2b3bb55b2d97', 'user_domain_id': 'default', 'system_scope': 'all', 'project_id': None, 'project_domain_id': None, 'roles': ['admin', 'member', 'reader'], 'is_admin_project': True, 'service_user_id': None, 'service_user_domain_id': None, 'service_project_id': None, 'service_project_domain_id': None, 'service_roles': []} {{(pid=87004) fill_context /opt/stack/keystone/keystone/server/flask/request_processing/middleware/auth_context.py:478}}
Aug 05 19:36:41.087963 dv-cinder-852209-2-iscsi devstack@keystone.service[87004]: DEBUG keystone.server.flask.request_processing.req_logging [None req-1f8d4571-d4cb-4f3c-83d5-d30902d6c342 None admin] REQUEST_METHOD: `GET` {{(pid=87004) log_request_info /opt/stack/keystone/keystone/server/flask/request_processing/req_logging.py:27}}
Aug 05 19:36:41.088409 dv-cinder-852209-2-iscsi devstack@keystone.service[87004]: DEBUG keystone.server.flask.request_processing.req_logging [None req-1f8d4571-d4cb-4f3c-83d5-d30902d6c342 None admin] SCRIPT_NAME: `/identity` {{(pid=87004) log_request_info /opt/stack/keystone/keystone/server/flask/request_processing/req_logging.py:28}}
Aug 05 19:36:41.089076 dv-cinder-852209-2-iscsi devstack@keystone.service[87004]: DEBUG keystone.server.flask.request_processing.req_logging [None req-1f8d4571-d4cb-4f3c-83d5-d30902d6c342 None admin] PATH_INFO: `/v3/projects/11aa9c879322427d8920955a2aa93539` {{(pid=87004) log_request_info /opt/stack/keystone/keystone/server/flask/request_processing/req_logging.py:29}}
Aug 05 19:36:41.095891 dv-cinder-852209-2-iscsi devstack@keystone.service[87004]: DEBUG keystone.common.rbac_enforcer.enforcer [None req-1f8d4571-d4cb-4f3c-83d5-d30902d6c342 None admin] RBAC: Authorizing `identity:get_project(project_id=11aa9c879322427d8920955a2aa93539)` {{(pid=87004) enforce_call /opt/stack/keystone/keystone/common/rbac_enforcer/enforcer.py:449}}
Aug 05 19:36:41.097383 dv-cinder-852209-2-iscsi devstack@keystone.service[87004]: DEBUG keystone.common.rbac_enforcer.enforcer [None req-1f8d4571-d4cb-4f3c-83d5-d30902d6c342 None admin] RBAC: Authorization granted {{(pid=87004) enforce_call /opt/stack/keystone/keystone/common/rbac_enforcer/enforcer.py:457}}
Aug 05 19:36:41.104702 dv-cinder-852209-2-iscsi devstack@keystone.service[87004]: [pid: 87004|app: 0|req: 197/378] 10.222.0.86 () {56 vars in 1186 bytes} [Fri Aug 5 19:36:40 2022] GET /identity/v3/projects/11aa9c879322427d8920955a2aa93539 => generated 344 bytes in 265 msecs (HTTP/1.1 200) 5 headers in 177 bytes (1 switches on core 0)
Aug 05 19:36:41.104886 dv-cinder-852209-2-iscsi devstack@keystone.service[87005]: [pid: 87005|app: 0|req: 182/379] 10.222.0.86 () {58 vars in 1024 bytes} [Fri Aug 5 19:36:40 2022] POST /identity/v3/auth/tokens => generated 799 bytes in 137 msecs (HTTP/1.1 201) 6 headers in 363 bytes (1 switches on core 0)
Aug 05 19:36:41.105766 dv-cinder-852209-2-iscsi devstack@keystone.service[87004]: DEBUG keystone.server.flask.request_processing.middleware.auth_context [None req-1f8d4571-d4cb-4f3c-83d5-d30902d6c342 None admin] Authenticating user token {{(pid=87004) process_request /usr/local/lib/python3.8/dist-packages/keystonemiddleware/auth_token/__init__.py:407}}
Aug 05 19:36:41.109845 dv-cinder-852209-2-iscsi devstack@keystone.service[87005]: DEBUG keystone.server.flask.request_processing.middleware.auth_context [None req-67f37c05-e91e-4ea5-b8be-e867981c0bc8 None None] Authenticating user token {{(pid=87005) process_request /usr/local/lib/python3.8/dist-packages/keystonemiddleware/auth_token/__init__.py:407}}
Aug 05 19:36:41.221481 dv-cinder-852209-2-iscsi devstack@keystone.service[87004]: DEBUG dbcounter [-] [87004] Writing DB stats keystone:SELECT=100 {{(pid=87004) stat_writer /usr/local/lib/python3.8/dist-packages/dbcounter.py:114}}
Aug 05 19:36:41.254045 dv-cinder-852209-2-iscsi devstack@keystone.service[87005]: DEBUG dbcounter [-] [87005] Writing DB stats keystone:SELECT=100 {{(pid=87005) stat_writer /usr/local/lib/python3.8/dist-packages/dbcounter.py:114}}
Aug 05 19:36:41.270553 dv-cinder-852209-2-iscsi devstack@keystone.service[87005]: DEBUG keystone.server.flask.request_processing.middleware.auth_context [None req-67f37c05-e91e-4ea5-b8be-e867981c0bc8 None None] Validating token access rules against request {{(pid=87005) validate_allowed_request /usr/local/lib/python3.8/dist-packages/keystonemiddleware/auth_token/__init__.py:545}}
Aug 05 19:36:41.273852 dv-cinder-852209-2-iscsi devstack@keystone.service[87004]: DEBUG keystone.server.flask.request_processing.middleware.auth_context [None req-1f8d4571-d4cb-4f3c-83d5-d30902d6c342 None admin] Validating token access rules against request {{(pid=87004) validate_allowed_request /usr/local/lib/python3.8/dist-packages/keystonemiddleware/auth_token/__init__.py:545}}
Aug 05 19:36:41.321683 dv-cinder-852209-2-iscsi devstack@keystone.service[87005]: DEBUG keystone.server.flask.request_processing.middleware.auth_context [None req-5034dff7-85b5-461c-859e-580b53a82053 None admin] RBAC: auth_context: {'token': , 'domain_id': None, 'trust_id': None, 'trustor_id': None, 'trustee_id': None, 'domain_name': None, 'group_ids': [], 'user_id': '047b4b41672048d8889a2b3bb55b2d97', 'user_domain_id': 'default', 'system_scope': 'all', 'project_id': None, 'project_domain_id': None, 'roles': ['admin', 'member', 'reader'], 'is_admin_project': True, 'service_user_id': None, 'service_user_domain_id': None, 'service_project_id': None, 'service_project_domain_id': None, 'service_roles': []} {{(pid=87005) fill_context /opt/stack/keystone/keystone/server/flask/request_processing/middleware/auth_context.py:478}}
Aug 05 19:36:41.322442 dv-cinder-852209-2-iscsi devstack@keystone.service[87005]: DEBUG keystone.server.flask.request_processing.req_logging [None req-5034dff7-85b5-461c-859e-580b53a82053 None admin] REQUEST_METHOD: `GET` {{(pid=87005) log_request_info /opt/stack/keystone/keystone/server/flask/request_processing/req_logging.py:27}}
Aug 05 19:36:41.323045 dv-cinder-852209-2-iscsi devstack@keystone.service[87005]: DEBUG keystone.server.flask.request_processing.req_logging [None req-5034dff7-85b5-461c-859e-580b53a82053 None admin] SCRIPT_NAME: `/identity` {{(pid=87005) log_request_info /opt/stack/keystone/keystone/server/flask/request_processing/req_logging.py:28}}
Aug 05 19:36:41.323045 dv-cinder-852209-2-iscsi devstack@keystone.service[87005]: DEBUG keystone.server.flask.request_processing.req_logging [None req-5034dff7-85b5-461c-859e-580b53a82053 None admin] PATH_INFO: `/v3/groups/2b5cd417939b46cda3fee3d3bba700e9` {{(pid=87005) log_request_info /opt/stack/keystone/keystone/server/flask/request_processing/req_logging.py:29}}
Aug 05 19:36:41.330299 dv-cinder-852209-2-iscsi devstack@keystone.service[87005]: DEBUG keystone.common.rbac_enforcer.enforcer [None req-5034dff7-85b5-461c-859e-580b53a82053 None admin] RBAC: Authorizing `identity:get_group(group_id=2b5cd417939b46cda3fee3d3bba700e9)` {{(pid=87005) enforce_call /opt/stack/keystone/keystone/common/rbac_enforcer/enforcer.py:449}}
Aug 05 19:36:41.330926 dv-cinder-852209-2-iscsi devstack@keystone.service[87004]: DEBUG keystone.server.flask.request_processing.middleware.auth_context [None req-157392c8-b2a3-4e95-87d4-6edef5698648 None admin] RBAC: auth_context: {'token': , 'domain_id': None, 'trust_id': None, 'trustor_id': None, 'trustee_id': None, 'domain_name': None, 'group_ids': [], 'user_id': '047b4b41672048d8889a2b3bb55b2d97', 'user_domain_id': 'default', 'system_scope': 'all', 'project_id': None, 'project_domain_id': None, 'roles': ['admin', 'member', 'reader'], 'is_admin_project': True, 'service_user_id': None, 'service_user_domain_id': None, 'service_project_id': None, 'service_project_domain_id': None, 'service_roles': []} {{(pid=87004) fill_context /opt/stack/keystone/keystone/server/flask/request_processing/middleware/auth_context.py:478}}
Aug 05 19:36:41.331796 dv-cinder-852209-2-iscsi devstack@keystone.service[87004]: DEBUG keystone.server.flask.request_processing.req_logging [None req-157392c8-b2a3-4e95-87d4-6edef5698648 None admin] REQUEST_METHOD: `GET` {{(pid=87004) log_request_info /opt/stack/keystone/keystone/server/flask/request_processing/req_logging.py:27}}
Aug 05 19:36:41.331910 dv-cinder-852209-2-iscsi devstack@keystone.service[87005]: DEBUG keystone.common.rbac_enforcer.enforcer [None req-5034dff7-85b5-461c-859e-580b53a82053 None admin] RBAC: Authorization granted {{(pid=87005) enforce_call /opt/stack/keystone/keystone/common/rbac_enforcer/enforcer.py:457}}
Aug 05 19:36:41.332386 dv-cinder-852209-2-iscsi devstack@keystone.service[87004]: DEBUG keystone.server.flask.request_processing.req_logging [None req-157392c8-b2a3-4e95-87d4-6edef5698648 None admin] SCRIPT_NAME: `/identity` {{(pid=87004) log_request_info /opt/stack/keystone/keystone/server/flask/request_processing/req_logging.py:28}}
Aug 05 19:36:41.332867 dv-cinder-852209-2-iscsi devstack@keystone.service[87004]: DEBUG keystone.server.flask.request_processing.req_logging [None req-157392c8-b2a3-4e95-87d4-6edef5698648 None admin] PATH_INFO: `/v3/role_assignments` {{(pid=87004) log_request_info /opt/stack/keystone/keystone/server/flask/request_processing/req_logging.py:29}}
Aug 05 19:36:41.333857 dv-cinder-852209-2-iscsi devstack@keystone.service[87004]: DEBUG keystone.common.rbac_enforcer.enforcer [None req-157392c8-b2a3-4e95-87d4-6edef5698648 None admin] RBAC: Adding query filter params (group.id=f5504a89d5b343d7bf5dac61e3410018, role.id=686764f0686e446f884315081e158bf3, scope.project.id=5c33c6fa415942299549b8fdce48c1b7) {{(pid=87004) _extract_filter_values /opt/stack/keystone/keystone/common/rbac_enforcer/enforcer.py:167}}
Aug 05 19:36:41.333980 dv-cinder-852209-2-iscsi devstack@keystone.service[87005]: [pid: 87005|app: 0|req: 183/380] 10.222.0.86 () {56 vars in 1180 bytes} [Fri Aug 5 19:36:41 2022] GET /identity/v3/groups/2b5cd417939b46cda3fee3d3bba700e9 => generated 229 bytes in 224 msecs (HTTP/1.1 200) 5 headers in 177 bytes (2 switches on core 0)
Aug 05 19:36:41.334560 dv-cinder-852209-2-iscsi devstack@keystone.service[87004]: DEBUG keystone.common.rbac_enforcer.enforcer [None req-157392c8-b2a3-4e95-87d4-6edef5698648 None admin] RBAC: Authorizing `identity:list_role_assignments()` {{(pid=87004) enforce_call /opt/stack/keystone/keystone/common/rbac_enforcer/enforcer.py:449}}
Aug 05 19:36:41.334814 dv-cinder-852209-2-iscsi devstack@keystone.service[87005]: DEBUG keystone.server.flask.request_processing.middleware.auth_context [None req-5034dff7-85b5-461c-859e-580b53a82053 None admin] Authenticating user token {{(pid=87005) process_request /usr/local/lib/python3.8/dist-packages/keystonemiddleware/auth_token/__init__.py:407}}
Aug 05 19:36:41.336983 dv-cinder-852209-2-iscsi devstack@keystone.service[87004]: DEBUG keystone.common.rbac_enforcer.enforcer [None req-157392c8-b2a3-4e95-87d4-6edef5698648 None admin] RBAC: Authorization granted {{(pid=87004) enforce_call /opt/stack/keystone/keystone/common/rbac_enforcer/enforcer.py:457}}
Aug 05 19:36:41.346035 dv-cinder-852209-2-iscsi devstack@keystone.service[87004]: [pid: 87004|app: 0|req: 198/381] 10.222.0.86 () {56 vars in 1376 bytes} [Fri Aug 5 19:36:41 2022] GET /identity/v3/role_assignments?group.id=f5504a89d5b343d7bf5dac61e3410018&scope.project.id=5c33c6fa415942299549b8fdce48c1b7&role.id=686764f0686e446f884315081e158bf3 => generated 260 bytes in 241 msecs (HTTP/1.1 200) 5 headers in 177 bytes (1 switches on core 0)
Aug 05 19:36:41.347371 dv-cinder-852209-2-iscsi devstack@keystone.service[87004]: DEBUG keystone.server.flask.request_processing.middleware.auth_context [None req-157392c8-b2a3-4e95-87d4-6edef5698648 None admin] Authenticating user token {{(pid=87004) process_request /usr/local/lib/python3.8/dist-packages/keystonemiddleware/auth_token/__init__.py:407}}
Aug 05 19:36:41.478515 dv-cinder-852209-2-iscsi devstack@keystone.service[87005]: DEBUG keystone.server.flask.request_processing.middleware.auth_context [None req-5034dff7-85b5-461c-859e-580b53a82053 None admin] Validating token access rules against request {{(pid=87005) validate_allowed_request /usr/local/lib/python3.8/dist-packages/keystonemiddleware/auth_token/__init__.py:545}}
Aug 05 19:36:41.487944 dv-cinder-852209-2-iscsi devstack@keystone.service[87004]: DEBUG keystone.server.flask.request_processing.middleware.auth_context [None req-157392c8-b2a3-4e95-87d4-6edef5698648 None admin] Validating token access rules against request {{(pid=87004) validate_allowed_request /usr/local/lib/python3.8/dist-packages/keystonemiddleware/auth_token/__init__.py:545}}
Aug 05 19:36:41.531082 dv-cinder-852209-2-iscsi devstack@keystone.service[87004]: DEBUG dbcounter [-] [87004] Writing DB stats keystone:SELECT=100 {{(pid=87004) stat_writer /usr/local/lib/python3.8/dist-packages/dbcounter.py:114}}
Aug 05 19:36:41.535581 dv-cinder-852209-2-iscsi devstack@keystone.service[87005]: DEBUG keystone.server.flask.request_processing.middleware.auth_context [None req-f42ca329-db59-45c6-a09b-c6e5a4712f36 None admin] RBAC: auth_context: {'token': , 'domain_id': None, 'trust_id': None, 'trustor_id': None, 'trustee_id': None, 'domain_name': None, 'group_ids': [], 'user_id': '047b4b41672048d8889a2b3bb55b2d97', 'user_domain_id': 'default', 'system_scope': 'all', 'project_id': None, 'project_domain_id': None, 'roles': ['admin', 'member', 'reader'], 'is_admin_project': True, 'service_user_id': None, 'service_user_domain_id': None, 'service_project_id': None, 'service_project_domain_id': None, 'service_roles': []} {{(pid=87005) fill_context /opt/stack/keystone/keystone/server/flask/request_processing/middleware/auth_context.py:478}}
Aug 05 19:36:41.538005 dv-cinder-852209-2-iscsi devstack@keystone.service[87005]: DEBUG keystone.server.flask.request_processing.req_logging [None req-f42ca329-db59-45c6-a09b-c6e5a4712f36 None admin] REQUEST_METHOD: `GET` {{(pid=87005) log_request_info /opt/stack/keystone/keystone/server/flask/request_processing/req_logging.py:27}}
Aug 05 19:36:41.538992 dv-cinder-852209-2-iscsi devstack@keystone.service[87005]: DEBUG keystone.server.flask.request_processing.req_logging [None req-f42ca329-db59-45c6-a09b-c6e5a4712f36 None admin] SCRIPT_NAME: `/identity` {{(pid=87005) log_request_info /opt/stack/keystone/keystone/server/flask/request_processing/req_logging.py:28}}
Aug 05 19:36:41.541610 dv-cinder-852209-2-iscsi devstack@keystone.service[87005]: DEBUG keystone.server.flask.request_processing.req_logging [None req-f42ca329-db59-45c6-a09b-c6e5a4712f36 None admin] PATH_INFO: `/v3/roles/member` {{(pid=87005) log_request_info /opt/stack/keystone/keystone/server/flask/request_processing/req_logging.py:29}}
Aug 05 19:36:41.553168 dv-cinder-852209-2-iscsi devstack@keystone.service[87004]: DEBUG keystone.server.flask.request_processing.middleware.auth_context [None req-b724c069-06ef-412b-95e4-73d3a21a6d5f None admin] RBAC: auth_context: {'token': , 'domain_id': None, 'trust_id': None, 'trustor_id': None, 'trustee_id': None, 'domain_name': None, 'group_ids': [], 'user_id': '047b4b41672048d8889a2b3bb55b2d97', 'user_domain_id': 'default', 'system_scope': 'all', 'project_id': None, 'project_domain_id': None, 'roles': ['admin', 'member', 'reader'], 'is_admin_project': True, 'service_user_id': None, 'service_user_domain_id': None, 'service_project_id': None, 'service_project_domain_id': None, 'service_roles': []} {{(pid=87004) fill_context /opt/stack/keystone/keystone/server/flask/request_processing/middleware/auth_context.py:478}}
Aug 05 19:36:41.555046 dv-cinder-852209-2-iscsi devstack@keystone.service[87004]: DEBUG keystone.server.flask.request_processing.req_logging [None req-b724c069-06ef-412b-95e4-73d3a21a6d5f None admin] REQUEST_METHOD: `GET` {{(pid=87004) log_request_info /opt/stack/keystone/keystone/server/flask/request_processing/req_logging.py:27}}
Aug 05 19:36:41.557637 dv-cinder-852209-2-iscsi devstack@keystone.service[87004]: DEBUG keystone.server.flask.request_processing.req_logging [None req-b724c069-06ef-412b-95e4-73d3a21a6d5f None admin] SCRIPT_NAME: `/identity` {{(pid=87004) log_request_info /opt/stack/keystone/keystone/server/flask/request_processing/req_logging.py:28}}
Aug 05 19:36:41.558138 dv-cinder-852209-2-iscsi devstack@keystone.service[87004]: DEBUG keystone.server.flask.request_processing.req_logging [None req-b724c069-06ef-412b-95e4-73d3a21a6d5f None admin] PATH_INFO: `/v3/role_assignments` {{(pid=87004) log_request_info /opt/stack/keystone/keystone/server/flask/request_processing/req_logging.py:29}}
Aug 05 19:36:41.559410 dv-cinder-852209-2-iscsi devstack@keystone.service[87004]: DEBUG keystone.common.rbac_enforcer.enforcer [None req-b724c069-06ef-412b-95e4-73d3a21a6d5f None admin] RBAC: Adding query filter params (group.id=2b5cd417939b46cda3fee3d3bba700e9, role.id=93eb204498fc49d297bcd1841e00818d, scope.project.id=11aa9c879322427d8920955a2aa93539) {{(pid=87004) _extract_filter_values /opt/stack/keystone/keystone/common/rbac_enforcer/enforcer.py:167}}
Aug 05 19:36:41.560814 dv-cinder-852209-2-iscsi devstack@keystone.service[87004]: DEBUG keystone.common.rbac_enforcer.enforcer [None req-b724c069-06ef-412b-95e4-73d3a21a6d5f None admin] RBAC: Authorizing `identity:list_role_assignments()` {{(pid=87004) enforce_call /opt/stack/keystone/keystone/common/rbac_enforcer/enforcer.py:449}}
Aug 05 19:36:41.565158 dv-cinder-852209-2-iscsi devstack@keystone.service[87004]: DEBUG keystone.common.rbac_enforcer.enforcer [None req-b724c069-06ef-412b-95e4-73d3a21a6d5f None admin] RBAC: Authorization granted {{(pid=87004) enforce_call /opt/stack/keystone/keystone/common/rbac_enforcer/enforcer.py:457}}
Aug 05 19:36:41.570609 dv-cinder-852209-2-iscsi devstack@keystone.service[87005]: DEBUG keystone.common.rbac_enforcer.enforcer [None req-f42ca329-db59-45c6-a09b-c6e5a4712f36 None admin] Extracting inferred target data resulted in "NOT FOUND (404)". {{(pid=87005) enforce_call /opt/stack/keystone/keystone/common/rbac_enforcer/enforcer.py:409}}
Aug 05 19:36:41.577840 dv-cinder-852209-2-iscsi devstack@keystone.service[87004]: [pid: 87004|app: 0|req: 199/382] 10.222.0.86 () {56 vars in 1376 bytes} [Fri Aug 5 19:36:41 2022] GET /identity/v3/role_assignments?group.id=2b5cd417939b46cda3fee3d3bba700e9&scope.project.id=11aa9c879322427d8920955a2aa93539&role.id=93eb204498fc49d297bcd1841e00818d => generated 260 bytes in 231 msecs (HTTP/1.1 200) 5 headers in 177 bytes (1 switches on core 0)
Aug 05 19:36:41.580862 dv-cinder-852209-2-iscsi devstack@keystone.service[87005]: ERROR keystone.server.flask.application [None req-f42ca329-db59-45c6-a09b-c6e5a4712f36 None admin] Could not find role: member.: keystone.exception.RoleNotFound: Could not find role: member.
Aug 05 19:36:41.580862 dv-cinder-852209-2-iscsi devstack@keystone.service[87005]: ERROR keystone.server.flask.application
Traceback (most recent call last):
Aug 05 19:36:41.580862 dv-cinder-852209-2-iscsi devstack@keystone.service[87005]: ERROR keystone.server.flask.application
File "/usr/local/lib/python3.8/dist-packages/flask/app.py", line 1517, in full_dispatch_request
Aug 05 19:36:41.580862 dv-cinder-852209-2-iscsi devstack@keystone.service[87005]: ERROR keystone.server.flask.application rv = self.dispatch_request()
Aug 05 19:36:41.580862 dv-cinder-852209-2-iscsi devstack@keystone.service[87005]: ERROR keystone.server.flask.application
File "/usr/local/lib/python3.8/dist-packages/flask/app.py", line 1503, in dispatch_request
Aug 05 19:36:41.580862 dv-cinder-852209-2-iscsi devstack@keystone.service[87005]: ERROR keystone.server.flask.application return self.ensure_sync(self.view_functions[rule.endpoint])(**req.view_args)
Aug 05 19:36:41.580862 dv-cinder-852209-2-iscsi devstack@keystone.service[87005]: ERROR keystone.server.flask.application
File "/usr/local/lib/python3.8/dist-packages/flask_restful/__init__.py", line 467, in wrapper
Aug 05 19:36:41.580862 dv-cinder-852209-2-iscsi devstack@keystone.service[87005]: ERROR keystone.server.flask.application resp = resource(*args, **kwargs)
Aug 05 19:36:41.580862 dv-cinder-852209-2-iscsi devstack@keystone.service[87005]: ERROR keystone.server.flask.application
File "/usr/local/lib/python3.8/dist-packages/flask/views.py", line 84, in view
Aug 05 19:36:41.580862 dv-cinder-852209-2-iscsi devstack@keystone.service[87005]: ERROR keystone.server.flask.application return current_app.ensure_sync(self.dispatch_request)(*args, **kwargs)
Aug 05 19:36:41.580862 dv-cinder-852209-2-iscsi devstack@keystone.service[87005]: ERROR keystone.server.flask.application
File "/usr/local/lib/python3.8/dist-packages/flask_restful/__init__.py", line 582, in dispatch_request
Aug 05 19:36:41.580862 dv-cinder-852209-2-iscsi devstack@keystone.service[87005]: ERROR keystone.server.flask.application resp = meth(*args, **kwargs)
Aug 05 19:36:41.580862 dv-cinder-852209-2-iscsi devstack@keystone.service[87005]: ERROR keystone.server.flask.application
File "/opt/stack/keystone/keystone/api/roles.py", line 50, in get
Aug 05 19:36:41.580862 dv-cinder-852209-2-iscsi devstack@keystone.service[87005]: ERROR keystone.server.flask.application return self._get_role(role_id)
Aug 05 19:36:41.580862 dv-cinder-852209-2-iscsi devstack@keystone.service[87005]: ERROR keystone.server.flask.application
File "/opt/stack/keystone/keystone/api/roles.py", line 70, in _get_role
Aug 05 19:36:41.580862 dv-cinder-852209-2-iscsi devstack@keystone.service[87005]: ERROR keystone.server.flask.application ENFORCER.enforce_call(action='identity:get_role')
Aug 05 19:36:41.581831 dv-cinder-852209-2-iscsi devstack@keystone.service[87005]: ERROR keystone.server.flask.application
File "/opt/stack/keystone/keystone/common/rbac_enforcer/enforcer.py", line 402, in enforce_call
Aug 05 19:36:41.581831 dv-cinder-852209-2-iscsi devstack@keystone.service[87005]: ERROR keystone.server.flask.application policy_dict.update(cls._extract_member_target_data(
Aug 05 19:36:41.581831 dv-cinder-852209-2-iscsi devstack@keystone.service[87005]: ERROR keystone.server.flask.application
File "/opt/stack/keystone/keystone/common/rbac_enforcer/enforcer.py", line 234, in _extract_member_target_data
Aug 05 19:36:41.581831 dv-cinder-852209-2-iscsi devstack@keystone.service[87005]: ERROR keystone.server.flask.application member_name: func(flask.request.view_args[key])
Aug 05 19:36:41.581831 dv-cinder-852209-2-iscsi devstack@keystone.service[87005]: ERROR keystone.server.flask.application
File "/opt/stack/keystone/keystone/common/manager.py", line 115, in wrapped
Aug 05 19:36:41.581831 dv-cinder-852209-2-iscsi devstack@keystone.service[87005]: ERROR keystone.server.flask.application __ret_val = __f(*args, **kwargs)
Aug 05 19:36:41.581831 dv-cinder-852209-2-iscsi devstack@keystone.service[87005]: ERROR keystone.server.flask.application
File "/usr/local/lib/python3.8/dist-packages/decorator.py", line 232, in fun
Aug 05 19:36:41.581831 dv-cinder-852209-2-iscsi devstack@keystone.service[87005]: ERROR keystone.server.flask.application return caller(func, *(extras + args), **kw)
Aug 05 19:36:41.581831 dv-cinder-852209-2-iscsi devstack@keystone.service[87005]: ERROR keystone.server.flask.application
File "/usr/local/lib/python3.8/dist-packages/dogpile/cache/region.py", line 1577, in get_or_create_for_user_func
Aug 05 19:36:41.581831 dv-cinder-852209-2-iscsi devstack@keystone.service[87005]: ERROR keystone.server.flask.application return self.get_or_create(
Aug 05 19:36:41.581831 dv-cinder-852209-2-iscsi devstack@keystone.service[87005]: ERROR keystone.server.flask.application
File "/usr/local/lib/python3.8/dist-packages/dogpile/cache/region.py", line 1042, in get_or_create
Aug 05 19:36:41.581831 dv-cinder-852209-2-iscsi devstack@keystone.service[87005]: ERROR keystone.server.flask.application with Lock(
Aug 05 19:36:41.581831 dv-cinder-852209-2-iscsi devstack@keystone.service[87005]: ERROR keystone.server.flask.application
File "/usr/local/lib/python3.8/dist-packages/dogpile/lock.py", line 185, in __enter__
Aug 05 19:36:41.581831 dv-cinder-852209-2-iscsi devstack@keystone.service[87005]: ERROR keystone.server.flask.application return self._enter()
Aug 05 19:36:41.581831 dv-cinder-852209-2-iscsi devstack@keystone.service[87005]: ERROR keystone.server.flask.application
File "/usr/local/lib/python3.8/dist-packages/dogpile/lock.py", line 94, in _enter
Aug 05 19:36:41.581831 dv-cinder-852209-2-iscsi devstack@keystone.service[87005]: ERROR keystone.server.flask.application generated = self._enter_create(value, createdtime)
Aug 05 19:36:41.582648 dv-cinder-852209-2-iscsi devstack@keystone.service[87005]: ERROR keystone.server.flask.application
File "/usr/local/lib/python3.8/dist-packages/dogpile/lock.py", line 178, in _enter_create
Aug 05 19:36:41.582648 dv-cinder-852209-2-iscsi devstack@keystone.service[87005]: ERROR keystone.server.flask.application return self.creator()
Aug 05 19:36:41.582648 dv-cinder-852209-2-iscsi devstack@keystone.service[87005]: ERROR keystone.server.flask.application
File "/usr/local/lib/python3.8/dist-packages/dogpile/cache/region.py", line 995, in gen_value
Aug 05 19:36:41.582648 dv-cinder-852209-2-iscsi devstack@keystone.service[87005]: ERROR keystone.server.flask.application created_value = creator(
Aug 05 19:36:41.582648 dv-cinder-852209-2-iscsi devstack@keystone.service[87005]: ERROR keystone.server.flask.application
File "/opt/stack/keystone/keystone/assignment/core.py", line 1276, in get_role
Aug 05 19:36:41.582648 dv-cinder-852209-2-iscsi devstack@keystone.service[87005]: ERROR keystone.server.flask.application return self.driver.get_role(role_id)
Aug 05 19:36:41.582648 dv-cinder-852209-2-iscsi devstack@keystone.service[87005]: ERROR keystone.server.flask.application
File "/opt/stack/keystone/keystone/assignment/role_backends/sql.py", line 70, in get_role
Aug 05 19:36:41.582648 dv-cinder-852209-2-iscsi devstack@keystone.service[87005]: ERROR keystone.server.flask.application return self._get_role(session, role_id).to_dict()
Aug 05 19:36:41.582648 dv-cinder-852209-2-iscsi devstack@keystone.service[87005]: ERROR keystone.server.flask.application
File "/opt/stack/keystone/keystone/assignment/role_backends/sql.py", line 65, in _get_role
Aug 05 19:36:41.582648 dv-cinder-852209-2-iscsi devstack@keystone.service[87005]: ERROR keystone.server.flask.application raise exception.RoleNotFound(role_id=role_id)
Aug 05 19:36:41.582648 dv-cinder-852209-2-iscsi devstack@keystone.service[87005]: ERROR keystone.server.flask.application keystone.exception.RoleNotFound: Could not find role: member.
Aug 05 19:36:41.582648 dv-cinder-852209-2-iscsi devstack@keystone.service[87005]: ERROR keystone.server.flask.application
Aug 05 19:36:41.586327 dv-cinder-852209-2-iscsi devstack@keystone.service[87005]: [pid: 87005|app: 0|req: 184/383] 10.222.0.86 () {56 vars in 1099 bytes} [Fri Aug 5 19:36:41 2022] GET /identity/v3/roles/member => generated 84 bytes in 252 msecs (HTTP/1.1 404) 5 headers in 183 bytes (1 switches on core 0)
Aug 05 19:36:41.596014 dv-cinder-852209-2-iscsi devstack@keystone.service[87004]: DEBUG keystone.server.flask.request_processing.middleware.auth_context [None req-b724c069-06ef-412b-95e4-73d3a21a6d5f None admin] Authenticating user token {{(pid=87004) process_request /usr/local/lib/python3.8/dist-packages/keystonemiddleware/auth_token/__init__.py:407}}
Aug 05 19:36:41.728970 dv-cinder-852209-2-iscsi devstack@keystone.service[87004]: DEBUG keystone.server.flask.request_processing.middleware.auth_context [None req-b724c069-06ef-412b-95e4-73d3a21a6d5f None admin] Validating token access rules against request {{(pid=87004) validate_allowed_request /usr/local/lib/python3.8/dist-packages/keystonemiddleware/auth_token/__init__.py:545}}
Aug 05 19:36:41.770422 dv-cinder-852209-2-iscsi devstack@keystone.service[87004]: DEBUG keystone.server.flask.request_processing.middleware.auth_context [None req-0994c70a-d4f7-4717-9e38-094128bd8c72 None admin] RBAC: auth_context: {'token': , 'domain_id': None, 'trust_id': None, 'trustor_id': None, 'trustee_id': None, 'domain_name': None, 'group_ids': [], 'user_id': '047b4b41672048d8889a2b3bb55b2d97', 'user_domain_id': 'default', 'system_scope': 'all', 'project_id': None, 'project_domain_id': None, 'roles': ['admin', 'member', 'reader'], 'is_admin_project': True, 'service_user_id': None, 'service_user_domain_id': None, 'service_project_id': None, 'service_project_domain_id': None, 'service_roles': []} {{(pid=87004) fill_context /opt/stack/keystone/keystone/server/flask/request_processing/middleware/auth_context.py:478}}
Aug 05 19:36:41.771071 dv-cinder-852209-2-iscsi devstack@keystone.service[87004]: DEBUG keystone.server.flask.request_processing.req_logging [None req-0994c70a-d4f7-4717-9e38-094128bd8c72 None admin] REQUEST_METHOD: `GET` {{(pid=87004) log_request_info /opt/stack/keystone/keystone/server/flask/request_processing/req_logging.py:27}}
Aug 05 19:36:41.771342 dv-cinder-852209-2-iscsi devstack@keystone.service[87004]: DEBUG keystone.server.flask.request_processing.req_logging [None req-0994c70a-d4f7-4717-9e38-094128bd8c72 None admin] SCRIPT_NAME: `/identity` {{(pid=87004) log_request_info /opt/stack/keystone/keystone/server/flask/request_processing/req_logging.py:28}}
Aug 05 19:36:41.771608 dv-cinder-852209-2-iscsi devstack@keystone.service[87004]: DEBUG keystone.server.flask.request_processing.req_logging [None req-0994c70a-d4f7-4717-9e38-094128bd8c72 None admin] PATH_INFO: `/v3/roles` {{(pid=87004) log_request_info /opt/stack/keystone/keystone/server/flask/request_processing/req_logging.py:29}}
Aug 05 19:36:41.772377 dv-cinder-852209-2-iscsi devstack@keystone.service[87004]: DEBUG keystone.common.rbac_enforcer.enforcer [None req-0994c70a-d4f7-4717-9e38-094128bd8c72 None admin] RBAC: Adding query filter params (name=member) {{(pid=87004) _extract_filter_values /opt/stack/keystone/keystone/common/rbac_enforcer/enforcer.py:167}}
Aug 05 19:36:41.772681 dv-cinder-852209-2-iscsi devstack@keystone.service[87004]: DEBUG keystone.common.rbac_enforcer.enforcer [None req-0994c70a-d4f7-4717-9e38-094128bd8c72 None admin] RBAC: Authorizing `identity:list_roles()` {{(pid=87004) enforce_call /opt/stack/keystone/keystone/common/rbac_enforcer/enforcer.py:449}}
Aug 05 19:36:41.774728 dv-cinder-852209-2-iscsi devstack@keystone.service[87004]: DEBUG keystone.common.rbac_enforcer.enforcer [None req-0994c70a-d4f7-4717-9e38-094128bd8c72 None admin] RBAC: Authorization granted {{(pid=87004) enforce_call /opt/stack/keystone/keystone/common/rbac_enforcer/enforcer.py:457}}
Aug 05 19:36:41.784749 dv-cinder-852209-2-iscsi devstack@keystone.service[87004]: [pid: 87004|app: 0|req: 200/384] 10.222.0.86 () {56 vars in 1101 bytes} [Fri Aug 5 19:36:41 2022] GET /identity/v3/roles?name=member => generated 341 bytes in 189 msecs (HTTP/1.1 200) 5 headers in 177 bytes (1 switches on core 0)
Aug 05 19:36:41.790594 dv-cinder-852209-2-iscsi devstack@keystone.service[87005]: DEBUG keystone.server.flask.request_processing.middleware.auth_context [None req-f42ca329-db59-45c6-a09b-c6e5a4712f36 None admin] Authenticating user token {{(pid=87005) process_request /usr/local/lib/python3.8/dist-packages/keystonemiddleware/auth_token/__init__.py:407}}
Aug 05 19:36:41.810867 dv-cinder-852209-2-iscsi devstack@keystone.service[87005]: DEBUG dbcounter [-] [87005] Writing DB stats keystone:SELECT=100 {{(pid=87005) stat_writer /usr/local/lib/python3.8/dist-packages/dbcounter.py:114}}
Aug 05 19:36:41.933345 dv-cinder-852209-2-iscsi devstack@keystone.service[87005]: DEBUG keystone.server.flask.request_processing.middleware.auth_context [None req-f42ca329-db59-45c6-a09b-c6e5a4712f36 None admin] Validating token access rules against request {{(pid=87005) validate_allowed_request /usr/local/lib/python3.8/dist-packages/keystonemiddleware/auth_token/__init__.py:545}}
Aug 05 19:36:41.978224 dv-cinder-852209-2-iscsi devstack@keystone.service[87005]: DEBUG keystone.server.flask.request_processing.middleware.auth_context [None req-3a0b351b-c21d-4164-8019-0314ea7df4cd None admin] RBAC: auth_context: {'token': , 'domain_id': None, 'trust_id': None, 'trustor_id': None, 'trustee_id': None, 'domain_name': None, 'group_ids': [], 'user_id': '047b4b41672048d8889a2b3bb55b2d97', 'user_domain_id': 'default', 'system_scope': 'all', 'project_id': None, 'project_domain_id': None, 'roles': ['admin', 'member', 'reader'], 'is_admin_project': True, 'service_user_id': None, 'service_user_domain_id': None, 'service_project_id': None, 'service_project_domain_id': None, 'service_roles': []} {{(pid=87005) fill_context /opt/stack/keystone/keystone/server/flask/request_processing/middleware/auth_context.py:478}}
Aug 05 19:36:41.979429 dv-cinder-852209-2-iscsi devstack@keystone.service[87005]: DEBUG keystone.server.flask.request_processing.req_logging [None req-3a0b351b-c21d-4164-8019-0314ea7df4cd None admin] REQUEST_METHOD: `GET` {{(pid=87005) log_request_info /opt/stack/keystone/keystone/server/flask/request_processing/req_logging.py:27}}
Aug 05 19:36:41.979945 dv-cinder-852209-2-iscsi devstack@keystone.service[87005]: DEBUG keystone.server.flask.request_processing.req_logging [None req-3a0b351b-c21d-4164-8019-0314ea7df4cd None admin] SCRIPT_NAME: `/identity` {{(pid=87005) log_request_info /opt/stack/keystone/keystone/server/flask/request_processing/req_logging.py:28}}
Aug 05 19:36:41.980432 dv-cinder-852209-2-iscsi devstack@keystone.service[87005]: DEBUG keystone.server.flask.request_processing.req_logging [None req-3a0b351b-c21d-4164-8019-0314ea7df4cd None admin] PATH_INFO: `/v3/groups/f5504a89d5b343d7bf5dac61e3410018` {{(pid=87005) log_request_info /opt/stack/keystone/keystone/server/flask/request_processing/req_logging.py:29}}
Aug 05 19:36:41.985274 dv-cinder-852209-2-iscsi devstack@keystone.service[87005]: DEBUG keystone.common.rbac_enforcer.enforcer [None req-3a0b351b-c21d-4164-8019-0314ea7df4cd None admin] RBAC: Authorizing `identity:get_group(group_id=f5504a89d5b343d7bf5dac61e3410018)` {{(pid=87005) enforce_call /opt/stack/keystone/keystone/common/rbac_enforcer/enforcer.py:449}}
Aug 05 19:36:41.987175 dv-cinder-852209-2-iscsi devstack@keystone.service[87005]: DEBUG keystone.common.rbac_enforcer.enforcer [None req-3a0b351b-c21d-4164-8019-0314ea7df4cd None admin] RBAC: Authorization granted {{(pid=87005) enforce_call /opt/stack/keystone/keystone/common/rbac_enforcer/enforcer.py:457}}
Aug 05 19:36:41.989439 dv-cinder-852209-2-iscsi devstack@keystone.service[87005]: [pid: 87005|app: 0|req: 185/385] 10.222.0.86 () {56 vars in 1180 bytes} [Fri Aug 5 19:36:41 2022] GET /identity/v3/groups/f5504a89d5b343d7bf5dac61e3410018 => generated 226 bytes in 199 msecs (HTTP/1.1 200) 5 headers in 177 bytes (1 switches on core 0)
Aug 05 19:36:41.994955 dv-cinder-852209-2-iscsi devstack@keystone.service[87004]: DEBUG keystone.server.flask.request_processing.middleware.auth_context [None req-0994c70a-d4f7-4717-9e38-094128bd8c72 None admin] Authenticating user token {{(pid=87004) process_request /usr/local/lib/python3.8/dist-packages/keystonemiddleware/auth_token/__init__.py:407}}
Aug 05 19:36:42.067545 dv-cinder-852209-2-iscsi devstack@keystone.service[87004]: DEBUG dbcounter [-] [87004] Writing DB stats keystone:SELECT=100 {{(pid=87004) stat_writer /usr/local/lib/python3.8/dist-packages/dbcounter.py:114}}
Aug 05 19:36:42.131036 dv-cinder-852209-2-iscsi devstack@keystone.service[87004]: DEBUG keystone.server.flask.request_processing.middleware.auth_context [None req-0994c70a-d4f7-4717-9e38-094128bd8c72 None admin] Validating token access rules against request {{(pid=87004) validate_allowed_request /usr/local/lib/python3.8/dist-packages/keystonemiddleware/auth_token/__init__.py:545}}
Aug 05 19:36:42.170516 dv-cinder-852209-2-iscsi devstack@keystone.service[87004]: DEBUG keystone.server.flask.request_processing.middleware.auth_context [None req-f7c2f2d2-ccd9-4a61-a16f-8397a55f2078 None admin] RBAC: auth_context: {'token': , 'domain_id': None, 'trust_id': None, 'trustor_id': None, 'trustee_id': None, 'domain_name': None, 'group_ids': [], 'user_id': '047b4b41672048d8889a2b3bb55b2d97', 'user_domain_id': 'default', 'system_scope': 'all', 'project_id': None, 'project_domain_id': None, 'roles': ['admin', 'member', 'reader'], 'is_admin_project': True, 'service_user_id': None, 'service_user_domain_id': None, 'service_project_id': None, 'service_project_domain_id': None, 'service_roles': []} {{(pid=87004) fill_context /opt/stack/keystone/keystone/server/flask/request_processing/middleware/auth_context.py:478}}
Aug 05 19:36:42.171190 dv-cinder-852209-2-iscsi devstack@keystone.service[87004]: DEBUG keystone.server.flask.request_processing.req_logging [None req-f7c2f2d2-ccd9-4a61-a16f-8397a55f2078 None admin] REQUEST_METHOD: `GET` {{(pid=87004) log_request_info /opt/stack/keystone/keystone/server/flask/request_processing/req_logging.py:27}}
Aug 05 19:36:42.171634 dv-cinder-852209-2-iscsi devstack@keystone.service[87004]: DEBUG keystone.server.flask.request_processing.req_logging [None req-f7c2f2d2-ccd9-4a61-a16f-8397a55f2078 None admin] SCRIPT_NAME: `/identity` {{(pid=87004) log_request_info /opt/stack/keystone/keystone/server/flask/request_processing/req_logging.py:28}}
Aug 05 19:36:42.171909 dv-cinder-852209-2-iscsi devstack@keystone.service[87004]: DEBUG keystone.server.flask.request_processing.req_logging [None req-f7c2f2d2-ccd9-4a61-a16f-8397a55f2078 None admin] PATH_INFO: `/v3/projects/11d6ae35861149a9a30b9eadb5380b85` {{(pid=87004) log_request_info /opt/stack/keystone/keystone/server/flask/request_processing/req_logging.py:29}}
Aug 05 19:36:42.173166 dv-cinder-852209-2-iscsi devstack@keystone.service[87004]: DEBUG keystone.common.rbac_enforcer.enforcer [None req-f7c2f2d2-ccd9-4a61-a16f-8397a55f2078 None admin] RBAC: Authorizing `identity:get_project(project_id=11d6ae35861149a9a30b9eadb5380b85)` {{(pid=87004) enforce_call /opt/stack/keystone/keystone/common/rbac_enforcer/enforcer.py:449}}
Aug 05 19:36:42.174602 dv-cinder-852209-2-iscsi devstack@keystone.service[87004]: DEBUG keystone.common.rbac_enforcer.enforcer [None req-f7c2f2d2-ccd9-4a61-a16f-8397a55f2078 None admin] RBAC: Authorization granted {{(pid=87004) enforce_call /opt/stack/keystone/keystone/common/rbac_enforcer/enforcer.py:457}}
Aug 05 19:36:42.176295 dv-cinder-852209-2-iscsi devstack@keystone.service[87004]: [pid: 87004|app: 0|req: 201/386] 10.222.0.86 () {56 vars in 1186 bytes} [Fri Aug 5 19:36:41 2022] GET /identity/v3/projects/11d6ae35861149a9a30b9eadb5380b85 => generated 298 bytes in 182 msecs (HTTP/1.1 200) 5 headers in 177 bytes (1 switches on core 0)
Aug 05 19:36:42.183860 dv-cinder-852209-2-iscsi devstack@keystone.service[87005]: DEBUG keystone.server.flask.request_processing.middleware.auth_context [None req-3a0b351b-c21d-4164-8019-0314ea7df4cd None admin] Authenticating user token {{(pid=87005) process_request /usr/local/lib/python3.8/dist-packages/keystonemiddleware/auth_token/__init__.py:407}}
Aug 05 19:36:42.223815 dv-cinder-852209-2-iscsi devstack@keystone.service[87004]: DEBUG keystone.server.flask.request_processing.req_logging [None req-5aa89e2e-9c64-49a5-9a63-c6fd04392fec None None] REQUEST_METHOD: `GET` {{(pid=87004) log_request_info /opt/stack/keystone/keystone/server/flask/request_processing/req_logging.py:27}}
Aug 05 19:36:42.224378 dv-cinder-852209-2-iscsi devstack@keystone.service[87004]: DEBUG keystone.server.flask.request_processing.req_logging [None req-5aa89e2e-9c64-49a5-9a63-c6fd04392fec None None] SCRIPT_NAME: `/identity` {{(pid=87004) log_request_info /opt/stack/keystone/keystone/server/flask/request_processing/req_logging.py:28}}
Aug 05 19:36:42.224378 dv-cinder-852209-2-iscsi devstack@keystone.service[87004]: DEBUG keystone.server.flask.request_processing.req_logging [None req-5aa89e2e-9c64-49a5-9a63-c6fd04392fec None None] PATH_INFO: `/` {{(pid=87004) log_request_info /opt/stack/keystone/keystone/server/flask/request_processing/req_logging.py:29}}
Aug 05 19:36:42.225685 dv-cinder-852209-2-iscsi devstack@keystone.service[87004]: [pid: 87004|app: 0|req: 202/387] 10.222.0.86 () {54 vars in 927 bytes} [Fri Aug 5 19:36:42 2022] GET /identity => generated 270 bytes in 3 msecs (HTTP/1.1 300) 6 headers in 234 bytes (1 switches on core 0)
Aug 05 19:36:42.232340 dv-cinder-852209-2-iscsi devstack@keystone.service[87004]: DEBUG keystone.server.flask.request_processing.req_logging [None req-5c23d403-3557-4a1c-8366-1a2ac0147860 None None] REQUEST_METHOD: `POST` {{(pid=87004) log_request_info /opt/stack/keystone/keystone/server/flask/request_processing/req_logging.py:27}}
Aug 05 19:36:42.234152 dv-cinder-852209-2-iscsi devstack@keystone.service[87004]: DEBUG keystone.server.flask.request_processing.req_logging [None req-5c23d403-3557-4a1c-8366-1a2ac0147860 None None] SCRIPT_NAME: `/identity` {{(pid=87004) log_request_info /opt/stack/keystone/keystone/server/flask/request_processing/req_logging.py:28}}
Aug 05 19:36:42.234152 dv-cinder-852209-2-iscsi devstack@keystone.service[87004]: DEBUG keystone.server.flask.request_processing.req_logging [None req-5c23d403-3557-4a1c-8366-1a2ac0147860 None None] PATH_INFO: `/v3/auth/tokens` {{(pid=87004) log_request_info /opt/stack/keystone/keystone/server/flask/request_processing/req_logging.py:29}}
Aug 05 19:36:42.256686 dv-cinder-852209-2-iscsi devstack@keystone.service[87004]: DEBUG keystone.auth.core [None req-5c23d403-3557-4a1c-8366-1a2ac0147860 None None] MFA Rules not processed for user `047b4b41672048d8889a2b3bb55b2d97`. Rule list: `[]` (Enabled: `True`). {{(pid=87004) check_auth_methods_against_rules /opt/stack/keystone/keystone/auth/core.py:438}}
Aug 05 19:36:42.259209 dv-cinder-852209-2-iscsi devstack@keystone.service[87004]: DEBUG keystone.common.fernet_utils [None req-5c23d403-3557-4a1c-8366-1a2ac0147860 None None] Loaded 2 Fernet keys from /etc/keystone/fernet-keys/, but `[fernet_tokens] max_active_keys = 3`; perhaps there have not been enough key rotations to reach `max_active_keys` yet? {{(pid=87004) load_keys /opt/stack/keystone/keystone/common/fernet_utils.py:286}}
Aug 05 19:36:42.350482 dv-cinder-852209-2-iscsi devstack@keystone.service[87005]: DEBUG dbcounter [-] [87005] Writing DB stats keystone:SELECT=100 {{(pid=87005) stat_writer /usr/local/lib/python3.8/dist-packages/dbcounter.py:114}}
Aug 05 19:36:42.374912 dv-cinder-852209-2-iscsi devstack@keystone.service[87004]: [pid: 87004|app: 0|req: 203/388] 10.222.0.86 () {58 vars in 1024 bytes} [Fri Aug 5 19:36:42 2022] POST /identity/v3/auth/tokens => generated 799 bytes in 144 msecs (HTTP/1.1 201) 6 headers in 363 bytes (2 switches on core 0)
Aug 05 19:36:42.385448 dv-cinder-852209-2-iscsi devstack@keystone.service[87005]: DEBUG keystone.server.flask.request_processing.middleware.auth_context [None req-3a0b351b-c21d-4164-8019-0314ea7df4cd None admin] Validating token access rules against request {{(pid=87005) validate_allowed_request /usr/local/lib/python3.8/dist-packages/keystonemiddleware/auth_token/__init__.py:545}}
Aug 05 19:36:42.422792 dv-cinder-852209-2-iscsi devstack@keystone.service[87004]: DEBUG keystone.server.flask.request_processing.middleware.auth_context [None req-5c23d403-3557-4a1c-8366-1a2ac0147860 None None] Authenticating user token {{(pid=87004) process_request /usr/local/lib/python3.8/dist-packages/keystonemiddleware/auth_token/__init__.py:407}}
Aug 05 19:36:42.459456 dv-cinder-852209-2-iscsi devstack@keystone.service[87005]: DEBUG keystone.server.flask.request_processing.middleware.auth_context [None req-40e79cd7-99ad-4083-87a6-c11ba4a663ca None admin] RBAC: auth_context: {'token': , 'domain_id': None, 'trust_id': None, 'trustor_id': None, 'trustee_id': None, 'domain_name': None, 'group_ids': [], 'user_id': '047b4b41672048d8889a2b3bb55b2d97', 'user_domain_id': 'default', 'system_scope': 'all', 'project_id': None, 'project_domain_id': None, 'roles': ['admin', 'member', 'reader'], 'is_admin_project': True, 'service_user_id': None, 'service_user_domain_id': None, 'service_project_id': None, 'service_project_domain_id': None, 'service_roles': []} {{(pid=87005) fill_context /opt/stack/keystone/keystone/server/flask/request_processing/middleware/auth_context.py:478}}
Aug 05 19:36:42.461034 dv-cinder-852209-2-iscsi devstack@keystone.service[87005]: DEBUG keystone.server.flask.request_processing.req_logging [None req-40e79cd7-99ad-4083-87a6-c11ba4a663ca None admin] REQUEST_METHOD: `PUT` {{(pid=87005) log_request_info /opt/stack/keystone/keystone/server/flask/request_processing/req_logging.py:27}}
Aug 05 19:36:42.461524 dv-cinder-852209-2-iscsi devstack@keystone.service[87005]: DEBUG keystone.server.flask.request_processing.req_logging [None req-40e79cd7-99ad-4083-87a6-c11ba4a663ca None admin] SCRIPT_NAME: `/identity` {{(pid=87005) log_request_info /opt/stack/keystone/keystone/server/flask/request_processing/req_logging.py:28}}
Aug 05 19:36:42.462006 dv-cinder-852209-2-iscsi devstack@keystone.service[87005]: DEBUG keystone.server.flask.request_processing.req_logging [None req-40e79cd7-99ad-4083-87a6-c11ba4a663ca None admin] PATH_INFO: `/v3/projects/11d6ae35861149a9a30b9eadb5380b85/groups/f5504a89d5b343d7bf5dac61e3410018/roles/fe6c7625134a449c8395ab84ffd82371` {{(pid=87005) log_request_info /opt/stack/keystone/keystone/server/flask/request_processing/req_logging.py:29}}
Aug 05 19:36:42.467341 dv-cinder-852209-2-iscsi devstack@keystone.service[87005]: DEBUG keystone.common.rbac_enforcer.enforcer [None req-40e79cd7-99ad-4083-87a6-c11ba4a663ca None admin] RBAC: Authorizing `identity:create_grant(project_id=11d6ae35861149a9a30b9eadb5380b85, group_id=f5504a89d5b343d7bf5dac61e3410018, role_id=fe6c7625134a449c8395ab84ffd82371)` {{(pid=87005) enforce_call /opt/stack/keystone/keystone/common/rbac_enforcer/enforcer.py:449}}
Aug 05 19:36:42.468813 dv-cinder-852209-2-iscsi devstack@keystone.service[87005]: DEBUG keystone.common.rbac_enforcer.enforcer [None req-40e79cd7-99ad-4083-87a6-c11ba4a663ca None admin] RBAC: Authorization granted {{(pid=87005) enforce_call /opt/stack/keystone/keystone/common/rbac_enforcer/enforcer.py:457}}
Aug 05 19:36:42.505245 dv-cinder-852209-2-iscsi devstack@keystone.service[87005]: [pid: 87005|app: 0|req: 186/389] 10.222.0.86 () {58 vars in 1442 bytes} [Fri Aug 5 19:36:42 2022] PUT /identity/v3/projects/11d6ae35861149a9a30b9eadb5380b85/groups/f5504a89d5b343d7bf5dac61e3410018/roles/fe6c7625134a449c8395ab84ffd82371 => generated 0 bytes in 322 msecs (HTTP/1.1 204) 3 headers in 132 bytes (0 switches on core 0)
Aug 05 19:36:42.526945 dv-cinder-852209-2-iscsi devstack@keystone.service[87004]: DEBUG dbcounter [-] [87004] Writing DB stats keystone:SELECT=100 {{(pid=87004) stat_writer /usr/local/lib/python3.8/dist-packages/dbcounter.py:114}}
Aug 05 19:36:42.587603 dv-cinder-852209-2-iscsi devstack@keystone.service[87004]: DEBUG keystone.server.flask.request_processing.middleware.auth_context [None req-5c23d403-3557-4a1c-8366-1a2ac0147860 None None] Validating token access rules against request {{(pid=87004) validate_allowed_request /usr/local/lib/python3.8/dist-packages/keystonemiddleware/auth_token/__init__.py:545}}
Aug 05 19:36:42.630189 dv-cinder-852209-2-iscsi devstack@keystone.service[87004]: DEBUG keystone.server.flask.request_processing.middleware.auth_context [None req-f791b049-7c64-46bc-a0d6-56cc1259df51 None admin] RBAC: auth_context: {'token': , 'domain_id': None, 'trust_id': None, 'trustor_id': None, 'trustee_id': None, 'domain_name': None, 'group_ids': [], 'user_id': '047b4b41672048d8889a2b3bb55b2d97', 'user_domain_id': 'default', 'system_scope': 'all', 'project_id': None, 'project_domain_id': None, 'roles': ['admin', 'member', 'reader'], 'is_admin_project': True, 'service_user_id': None, 'service_user_domain_id': None, 'service_project_id': None, 'service_project_domain_id': None, 'service_roles': []} {{(pid=87004) fill_context /opt/stack/keystone/keystone/server/flask/request_processing/middleware/auth_context.py:478}}
Aug 05 19:36:42.630873 dv-cinder-852209-2-iscsi devstack@keystone.service[87004]: DEBUG keystone.server.flask.request_processing.req_logging [None req-f791b049-7c64-46bc-a0d6-56cc1259df51 None admin] REQUEST_METHOD: `GET` {{(pid=87004) log_request_info /opt/stack/keystone/keystone/server/flask/request_processing/req_logging.py:27}}
Aug 05 19:36:42.631151 dv-cinder-852209-2-iscsi devstack@keystone.service[87004]: DEBUG keystone.server.flask.request_processing.req_logging [None req-f791b049-7c64-46bc-a0d6-56cc1259df51 None admin] SCRIPT_NAME: `/identity` {{(pid=87004) log_request_info /opt/stack/keystone/keystone/server/flask/request_processing/req_logging.py:28}}
Aug 05 19:36:42.631419 dv-cinder-852209-2-iscsi devstack@keystone.service[87004]: DEBUG keystone.server.flask.request_processing.req_logging [None req-f791b049-7c64-46bc-a0d6-56cc1259df51 None admin] PATH_INFO: `/v3/roles/anotherrole` {{(pid=87004) log_request_info /opt/stack/keystone/keystone/server/flask/request_processing/req_logging.py:29}}
Aug 05 19:36:42.644642 dv-cinder-852209-2-iscsi devstack@keystone.service[87004]: DEBUG keystone.common.rbac_enforcer.enforcer [None req-f791b049-7c64-46bc-a0d6-56cc1259df51 None admin] Extracting inferred target data resulted in "NOT FOUND (404)". {{(pid=87004) enforce_call /opt/stack/keystone/keystone/common/rbac_enforcer/enforcer.py:409}}
