Sep 09 06:30:11.288605 dv-cinder-852209-16-smb devstack@c-api.service[113303]: INFO cinder.api.openstack.wsgi [None req-635acb94-9b06-4fa9-acfd-288ac34393d6 tempest-VolumesCloneTest-1300335977 tempest-VolumesCloneTest-1300335977-project] http://10.222.0.30/volume/v3/f337e4081bb74f19b07dd0a59ab50e71/volumes/e52b4cec-6ab5-4487-95aa-c04e694f35c7 returned with HTTP 200
Sep 09 06:30:11.289910 dv-cinder-852209-16-smb devstack@c-api.service[113303]: [pid: 113303|app: 0|req: 171/366] 10.222.0.30 () {58 vars in 1325 bytes} [Fri Sep 9 06:30:11 2022] GET /volume/v3/f337e4081bb74f19b07dd0a59ab50e71/volumes/e52b4cec-6ab5-4487-95aa-c04e694f35c7 => generated 907 bytes in 61 msecs (HTTP/1.1 200) 7 headers in 285 bytes (1 switches on core 0)
Sep 09 06:30:11.290824 dv-cinder-852209-16-smb devstack@c-api.service[113304]: INFO cinder.volume.api [None req-c2dda1fb-f2e3-41dd-92ab-ebb3fd2fe1e5 tempest-VolumeTypesTest-1698936455 tempest-VolumeTypesTest-1698936455-project] Volume info retrieved successfully.
Sep 09 06:30:11.291928 dv-cinder-852209-16-smb devstack@c-api.service[113303]: DEBUG cinder.api.middleware.request_id [None req-e908ddf2-a144-4bfb-935a-f94de15f1b91 None None] RequestId filter calling following filter/app {{(pid=113303) _context_setter /opt/stack/cinder/cinder/api/middleware/request_id.py:62}}
Sep 09 06:30:11.296780 dv-cinder-852209-16-smb devstack@c-api.service[113303]: INFO cinder.api.openstack.wsgi [None req-e908ddf2-a144-4bfb-935a-f94de15f1b91 tempest-GroupSnapshotsTest-1314013482 tempest-GroupSnapshotsTest-1314013482-project] GET http://10.222.0.30/volume/v3/598e9fe4dde543deb243732d3279c92c/snapshots/00d8cd15-a04a-40b3-b591-94b075cbe580
Sep 09 06:30:11.297389 dv-cinder-852209-16-smb devstack@c-api.service[113303]: DEBUG cinder.api.openstack.wsgi [None req-e908ddf2-a144-4bfb-935a-f94de15f1b91 tempest-GroupSnapshotsTest-1314013482 tempest-GroupSnapshotsTest-1314013482-project] Empty body provided in request {{(pid=113303) get_body /opt/stack/cinder/cinder/api/openstack/wsgi.py:715}}
Sep 09 06:30:11.299553 dv-cinder-852209-16-smb devstack@c-api.service[113303]: DEBUG cinder.api.openstack.wsgi [None req-e908ddf2-a144-4bfb-935a-f94de15f1b91 tempest-GroupSnapshotsTest-1314013482 tempest-GroupSnapshotsTest-1314013482-project] Calling method 'show' {{(pid=113303) _process_stack /opt/stack/cinder/cinder/api/openstack/wsgi.py:868}}
Sep 09 06:30:11.303960 dv-cinder-852209-16-smb devstack@c-api.service[113304]: INFO cinder.api.openstack.wsgi [None req-c2dda1fb-f2e3-41dd-92ab-ebb3fd2fe1e5 tempest-VolumeTypesTest-1698936455 tempest-VolumeTypesTest-1698936455-project] http://10.222.0.30/volume/v3/678e0081c7914773ac51742ab1dae1c9/volumes/cbd8cf9e-7223-4c6b-bf93-089fd18b529e returned with HTTP 200
Sep 09 06:30:11.304950 dv-cinder-852209-16-smb devstack@c-api.service[113304]: [pid: 113304|app: 0|req: 196/367] 10.222.0.30 () {58 vars in 1325 bytes} [Fri Sep 9 06:30:11 2022] GET /volume/v3/678e0081c7914773ac51742ab1dae1c9/volumes/cbd8cf9e-7223-4c6b-bf93-089fd18b529e => generated 942 bytes in 66 msecs (HTTP/1.1 200) 7 headers in 285 bytes (1 switches on core 0)
Sep 09 06:30:11.313779 dv-cinder-852209-16-smb devstack@c-api.service[113303]: /usr/local/lib/python3.8/dist-packages/oslo_context/context.py:100: DeprecationWarning: Policy enforcement is depending on the value of is_admin. This key is deprecated. Please update your policy file to use the standard policy values.
Sep 09 06:30:11.313779 dv-cinder-852209-16-smb devstack@c-api.service[113303]: warnings.warn('Policy enforcement is depending on the value of '
Sep 09 06:30:11.315381 dv-cinder-852209-16-smb devstack@c-api.service[113303]: INFO cinder.volume.api [None req-e908ddf2-a144-4bfb-935a-f94de15f1b91 tempest-GroupSnapshotsTest-1314013482 tempest-GroupSnapshotsTest-1314013482-project] Snapshot retrieved successfully.
Sep 09 06:30:11.317572 dv-cinder-852209-16-smb devstack@c-api.service[113303]: INFO cinder.api.openstack.wsgi [None req-e908ddf2-a144-4bfb-935a-f94de15f1b91 tempest-GroupSnapshotsTest-1314013482 tempest-GroupSnapshotsTest-1314013482-project] http://10.222.0.30/volume/v3/598e9fe4dde543deb243732d3279c92c/snapshots/00d8cd15-a04a-40b3-b591-94b075cbe580 returned with HTTP 200
Sep 09 06:30:11.318499 dv-cinder-852209-16-smb devstack@c-api.service[113303]: [pid: 113303|app: 0|req: 172/368] 10.222.0.30 () {58 vars in 1331 bytes} [Fri Sep 9 06:30:11 2022] GET /volume/v3/598e9fe4dde543deb243732d3279c92c/snapshots/00d8cd15-a04a-40b3-b591-94b075cbe580 => generated 517 bytes in 28 msecs (HTTP/1.1 200) 7 headers in 285 bytes (1 switches on core 0)
Sep 09 06:30:11.329464 dv-cinder-852209-16-smb devstack@c-api.service[113304]: DEBUG cinder.api.middleware.request_id [None req-12f12ca3-f8d2-4b29-9a1e-ea6558975858 None None] RequestId filter calling following filter/app {{(pid=113304) _context_setter /opt/stack/cinder/cinder/api/middleware/request_id.py:62}}
Sep 09 06:30:11.336715 dv-cinder-852209-16-smb devstack@c-api.service[113304]: INFO cinder.api.openstack.wsgi [None req-12f12ca3-f8d2-4b29-9a1e-ea6558975858 tempest-GroupSnapshotsTest-1314013482 tempest-GroupSnapshotsTest-1314013482-project] GET http://10.222.0.30/volume/v3/598e9fe4dde543deb243732d3279c92c/group_snapshots/cafab853-6d74-40bd-9901-365cfa507ea5
Sep 09 06:30:11.337635 dv-cinder-852209-16-smb devstack@c-api.service[113304]: DEBUG cinder.api.openstack.wsgi [None req-12f12ca3-f8d2-4b29-9a1e-ea6558975858 tempest-GroupSnapshotsTest-1314013482 tempest-GroupSnapshotsTest-1314013482-project] Empty body provided in request {{(pid=113304) get_body /opt/stack/cinder/cinder/api/openstack/wsgi.py:715}}
Sep 09 06:30:11.338173 dv-cinder-852209-16-smb devstack@c-api.service[113304]: DEBUG cinder.api.openstack.wsgi [None req-12f12ca3-f8d2-4b29-9a1e-ea6558975858 tempest-GroupSnapshotsTest-1314013482 tempest-GroupSnapshotsTest-1314013482-project] Calling method 'version_select' {{(pid=113304) _process_stack /opt/stack/cinder/cinder/api/openstack/wsgi.py:868}}
Sep 09 06:30:11.338909 dv-cinder-852209-16-smb devstack@c-api.service[113304]: DEBUG cinder.api.v3.group_snapshots [None req-12f12ca3-f8d2-4b29-9a1e-ea6558975858 tempest-GroupSnapshotsTest-1314013482 tempest-GroupSnapshotsTest-1314013482-project] show called for member cafab853-6d74-40bd-9901-365cfa507ea5 {{(pid=113304) show /opt/stack/cinder/cinder/api/v3/group_snapshots.py:58}}
Sep 09 06:30:11.346291 dv-cinder-852209-16-smb devstack@c-api.service[113304]: /usr/local/lib/python3.8/dist-packages/oslo_context/context.py:100: DeprecationWarning: Policy enforcement is depending on the value of is_admin. This key is deprecated. Please update your policy file to use the standard policy values.
Sep 09 06:30:11.346291 dv-cinder-852209-16-smb devstack@c-api.service[113304]: warnings.warn('Policy enforcement is depending on the value of '
Sep 09 06:30:11.355027 dv-cinder-852209-16-smb devstack@c-api.service[113304]: INFO cinder.api.openstack.wsgi [None req-12f12ca3-f8d2-4b29-9a1e-ea6558975858 tempest-GroupSnapshotsTest-1314013482 tempest-GroupSnapshotsTest-1314013482-project] http://10.222.0.30/volume/v3/598e9fe4dde543deb243732d3279c92c/group_snapshots/cafab853-6d74-40bd-9901-365cfa507ea5 returned with HTTP 200
Sep 09 06:30:11.356356 dv-cinder-852209-16-smb devstack@c-api.service[113304]: [pid: 113304|app: 0|req: 197/369] 10.222.0.30 () {60 vars in 1390 bytes} [Fri Sep 9 06:30:11 2022] GET /volume/v3/598e9fe4dde543deb243732d3279c92c/group_snapshots/cafab853-6d74-40bd-9901-365cfa507ea5 => generated 308 bytes in 30 msecs (HTTP/1.1 200) 7 headers in 286 bytes (1 switches on core 0)
Sep 09 06:30:11.365115 dv-cinder-852209-16-smb devstack@c-api.service[113303]: DEBUG cinder.api.middleware.request_id [None req-ac458f94-0113-4ac0-b2ec-caceab6fd36d None None] RequestId filter calling following filter/app {{(pid=113303) _context_setter /opt/stack/cinder/cinder/api/middleware/request_id.py:62}}
Sep 09 06:30:11.369273 dv-cinder-852209-16-smb devstack@c-api.service[113303]: INFO cinder.api.openstack.wsgi [None req-ac458f94-0113-4ac0-b2ec-caceab6fd36d tempest-GroupSnapshotsTest-1314013482 tempest-GroupSnapshotsTest-1314013482-project] GET http://10.222.0.30/volume/v3/598e9fe4dde543deb243732d3279c92c/group_snapshots/detail
Sep 09 06:30:11.369819 dv-cinder-852209-16-smb devstack@c-api.service[113303]: DEBUG cinder.api.openstack.wsgi [None req-ac458f94-0113-4ac0-b2ec-caceab6fd36d tempest-GroupSnapshotsTest-1314013482 tempest-GroupSnapshotsTest-1314013482-project] Empty body provided in request {{(pid=113303) get_body /opt/stack/cinder/cinder/api/openstack/wsgi.py:715}}
Sep 09 06:30:11.370233 dv-cinder-852209-16-smb devstack@c-api.service[113303]: DEBUG cinder.api.openstack.wsgi [None req-ac458f94-0113-4ac0-b2ec-caceab6fd36d tempest-GroupSnapshotsTest-1314013482 tempest-GroupSnapshotsTest-1314013482-project] Calling method 'version_select' {{(pid=113303) _process_stack /opt/stack/cinder/cinder/api/openstack/wsgi.py:868}}
Sep 09 06:30:11.388636 dv-cinder-852209-16-smb devstack@c-api.service[113303]: INFO cinder.api.openstack.wsgi [None req-ac458f94-0113-4ac0-b2ec-caceab6fd36d tempest-GroupSnapshotsTest-1314013482 tempest-GroupSnapshotsTest-1314013482-project] http://10.222.0.30/volume/v3/598e9fe4dde543deb243732d3279c92c/group_snapshots/detail returned with HTTP 200
Sep 09 06:30:11.389687 dv-cinder-852209-16-smb devstack@c-api.service[113303]: [pid: 113303|app: 0|req: 173/370] 10.222.0.30 () {60 vars in 1300 bytes} [Fri Sep 9 06:30:11 2022] GET /volume/v3/598e9fe4dde543deb243732d3279c92c/group_snapshots/detail => generated 311 bytes in 26 msecs (HTTP/1.1 200) 7 headers in 286 bytes (1 switches on core 0)
Sep 09 06:30:11.398983 dv-cinder-852209-16-smb devstack@c-api.service[113304]: DEBUG cinder.api.middleware.request_id [None req-7a9f747e-f14c-4eec-8823-961d7c1798ba None None] RequestId filter calling following filter/app {{(pid=113304) _context_setter /opt/stack/cinder/cinder/api/middleware/request_id.py:62}}
Sep 09 06:30:11.403601 dv-cinder-852209-16-smb devstack@c-api.service[113304]: INFO cinder.api.openstack.wsgi [None req-7a9f747e-f14c-4eec-8823-961d7c1798ba tempest-GroupSnapshotsTest-1314013482 tempest-GroupSnapshotsTest-1314013482-project] DELETE http://10.222.0.30/volume/v3/598e9fe4dde543deb243732d3279c92c/group_snapshots/cafab853-6d74-40bd-9901-365cfa507ea5
Sep 09 06:30:11.404186 dv-cinder-852209-16-smb devstack@c-api.service[113304]: DEBUG cinder.api.openstack.wsgi [None req-7a9f747e-f14c-4eec-8823-961d7c1798ba tempest-GroupSnapshotsTest-1314013482 tempest-GroupSnapshotsTest-1314013482-project] Empty body provided in request {{(pid=113304) get_body /opt/stack/cinder/cinder/api/openstack/wsgi.py:715}}
Sep 09 06:30:11.404752 dv-cinder-852209-16-smb devstack@c-api.service[113304]: DEBUG cinder.api.openstack.wsgi [None req-7a9f747e-f14c-4eec-8823-961d7c1798ba tempest-GroupSnapshotsTest-1314013482 tempest-GroupSnapshotsTest-1314013482-project] Calling method 'version_select' {{(pid=113304) _process_stack /opt/stack/cinder/cinder/api/openstack/wsgi.py:868}}
Sep 09 06:30:11.404870 dv-cinder-852209-16-smb devstack@c-api.service[113303]: DEBUG cinder.api.middleware.request_id [None req-82793652-2973-4f74-98f7-59fb94201662 None None] RequestId filter calling following filter/app {{(pid=113303) _context_setter /opt/stack/cinder/cinder/api/middleware/request_id.py:62}}
Sep 09 06:30:11.405261 dv-cinder-852209-16-smb devstack@c-api.service[113304]: DEBUG cinder.api.v3.group_snapshots [None req-7a9f747e-f14c-4eec-8823-961d7c1798ba tempest-GroupSnapshotsTest-1314013482 tempest-GroupSnapshotsTest-1314013482-project] delete called for member cafab853-6d74-40bd-9901-365cfa507ea5 {{(pid=113304) delete /opt/stack/cinder/cinder/api/v3/group_snapshots.py:72}}
Sep 09 06:30:11.405646 dv-cinder-852209-16-smb devstack@c-api.service[113304]: INFO cinder.api.v3.group_snapshots [None req-7a9f747e-f14c-4eec-8823-961d7c1798ba tempest-GroupSnapshotsTest-1314013482 tempest-GroupSnapshotsTest-1314013482-project] Delete group_snapshot with id: cafab853-6d74-40bd-9901-365cfa507ea5
Sep 09 06:30:11.411672 dv-cinder-852209-16-smb devstack@c-api.service[113303]: INFO cinder.api.openstack.wsgi [None req-82793652-2973-4f74-98f7-59fb94201662 tempest-DeleteServersTestJSON-647385926 tempest-DeleteServersTestJSON-647385926-project] GET http://10.222.0.30/volume/v3/3f834bc2033f4d89a9a54c7954096357/volumes/087be093-f70a-4878-adaa-649f4c245dfe
Sep 09 06:30:11.412630 dv-cinder-852209-16-smb devstack@c-api.service[113303]: DEBUG cinder.api.openstack.wsgi [None req-82793652-2973-4f74-98f7-59fb94201662 tempest-DeleteServersTestJSON-647385926 tempest-DeleteServersTestJSON-647385926-project] Empty body provided in request {{(pid=113303) get_body /opt/stack/cinder/cinder/api/openstack/wsgi.py:715}}
Sep 09 06:30:11.413400 dv-cinder-852209-16-smb devstack@c-api.service[113304]: /usr/local/lib/python3.8/dist-packages/oslo_context/context.py:100: DeprecationWarning: Policy enforcement is depending on the value of is_admin. This key is deprecated. Please update your policy file to use the standard policy values.
Sep 09 06:30:11.413400 dv-cinder-852209-16-smb devstack@c-api.service[113304]: warnings.warn('Policy enforcement is depending on the value of '
Sep 09 06:30:11.413872 dv-cinder-852209-16-smb devstack@c-api.service[113303]: DEBUG cinder.api.openstack.wsgi [None req-82793652-2973-4f74-98f7-59fb94201662 tempest-DeleteServersTestJSON-647385926 tempest-DeleteServersTestJSON-647385926-project] Calling method 'show' {{(pid=113303) _process_stack /opt/stack/cinder/cinder/api/openstack/wsgi.py:868}}
Sep 09 06:30:11.447976 dv-cinder-852209-16-smb devstack@c-api.service[113303]: /usr/local/lib/python3.8/dist-packages/oslo_context/context.py:100: DeprecationWarning: Policy enforcement is depending on the value of is_admin. This key is deprecated. Please update your policy file to use the standard policy values.
Sep 09 06:30:11.447976 dv-cinder-852209-16-smb devstack@c-api.service[113303]: warnings.warn('Policy enforcement is depending on the value of '
Sep 09 06:30:11.459904 dv-cinder-852209-16-smb devstack@c-api.service[113303]: INFO cinder.volume.api [None req-82793652-2973-4f74-98f7-59fb94201662 tempest-DeleteServersTestJSON-647385926 tempest-DeleteServersTestJSON-647385926-project] Volume info retrieved successfully.
Sep 09 06:30:11.470558 dv-cinder-852209-16-smb devstack@c-api.service[113304]: INFO cinder.api.openstack.wsgi [None req-7a9f747e-f14c-4eec-8823-961d7c1798ba tempest-GroupSnapshotsTest-1314013482 tempest-GroupSnapshotsTest-1314013482-project] http://10.222.0.30/volume/v3/598e9fe4dde543deb243732d3279c92c/group_snapshots/cafab853-6d74-40bd-9901-365cfa507ea5 returned with HTTP 202
Sep 09 06:30:11.471884 dv-cinder-852209-16-smb devstack@c-api.service[113304]: [pid: 113304|app: 0|req: 198/371] 10.222.0.30 () {60 vars in 1393 bytes} [Fri Sep 9 06:30:11 2022] DELETE /volume/v3/598e9fe4dde543deb243732d3279c92c/group_snapshots/cafab853-6d74-40bd-9901-365cfa507ea5 => generated 0 bytes in 74 msecs (HTTP/1.1 202) 6 headers in 234 bytes (1 switches on core 0)
Sep 09 06:30:11.478908 dv-cinder-852209-16-smb devstack@c-api.service[113303]: INFO cinder.api.openstack.wsgi [None req-82793652-2973-4f74-98f7-59fb94201662 tempest-DeleteServersTestJSON-647385926 tempest-DeleteServersTestJSON-647385926-project] http://10.222.0.30/volume/v3/3f834bc2033f4d89a9a54c7954096357/volumes/087be093-f70a-4878-adaa-649f4c245dfe returned with HTTP 200
Sep 09 06:30:11.479975 dv-cinder-852209-16-smb devstack@c-api.service[113303]: [pid: 113303|app: 0|req: 174/372] 10.222.0.30 () {58 vars in 1325 bytes} [Fri Sep 9 06:30:11 2022] GET /volume/v3/3f834bc2033f4d89a9a54c7954096357/volumes/087be093-f70a-4878-adaa-649f4c245dfe => generated 913 bytes in 77 msecs (HTTP/1.1 200) 7 headers in 285 bytes (1 switches on core 0)
Sep 09 06:30:11.484284 dv-cinder-852209-16-smb devstack@c-api.service[113304]: DEBUG cinder.api.middleware.request_id [None req-2e809b65-af65-4a8c-bdf0-af8f56f3898f None None] RequestId filter calling following filter/app {{(pid=113304) _context_setter /opt/stack/cinder/cinder/api/middleware/request_id.py:62}}
Sep 09 06:30:11.489528 dv-cinder-852209-16-smb devstack@c-api.service[113304]: INFO cinder.api.openstack.wsgi [None req-2e809b65-af65-4a8c-bdf0-af8f56f3898f tempest-GroupSnapshotsTest-1314013482 tempest-GroupSnapshotsTest-1314013482-project] GET http://10.222.0.30/volume/v3/598e9fe4dde543deb243732d3279c92c/volumes/detail
Sep 09 06:30:11.493340 dv-cinder-852209-16-smb devstack@c-api.service[113304]: DEBUG cinder.api.openstack.wsgi [None req-2e809b65-af65-4a8c-bdf0-af8f56f3898f tempest-GroupSnapshotsTest-1314013482 tempest-GroupSnapshotsTest-1314013482-project] Empty body provided in request {{(pid=113304) get_body /opt/stack/cinder/cinder/api/openstack/wsgi.py:715}}
Sep 09 06:30:11.495216 dv-cinder-852209-16-smb devstack@c-api.service[113304]: DEBUG cinder.api.openstack.wsgi [None req-2e809b65-af65-4a8c-bdf0-af8f56f3898f tempest-GroupSnapshotsTest-1314013482 tempest-GroupSnapshotsTest-1314013482-project] Calling method 'detail' {{(pid=113304) _process_stack /opt/stack/cinder/cinder/api/openstack/wsgi.py:868}}
Sep 09 06:30:11.496001 dv-cinder-852209-16-smb devstack@c-api.service[113304]: DEBUG cinder.api.api_utils [None req-2e809b65-af65-4a8c-bdf0-af8f56f3898f tempest-GroupSnapshotsTest-1314013482 tempest-GroupSnapshotsTest-1314013482-project] Removing options '' from query. {{(pid=113304) remove_invalid_filter_options /opt/stack/cinder/cinder/api/api_utils.py:83}}
Sep 09 06:30:11.497916 dv-cinder-852209-16-smb devstack@c-api.service[113304]: /usr/local/lib/python3.8/dist-packages/oslo_context/context.py:100: DeprecationWarning: Policy enforcement is depending on the value of is_admin. This key is deprecated. Please update your policy file to use the standard policy values.
Sep 09 06:30:11.497916 dv-cinder-852209-16-smb devstack@c-api.service[113304]: warnings.warn('Policy enforcement is depending on the value of '
Sep 09 06:30:11.499574 dv-cinder-852209-16-smb devstack@c-api.service[113304]: DEBUG cinder.volume.api [None req-2e809b65-af65-4a8c-bdf0-af8f56f3898f tempest-GroupSnapshotsTest-1314013482 tempest-GroupSnapshotsTest-1314013482-project] Searching by: MultiDict([('no_migration_targets', True)]). {{(pid=113304) get_all /opt/stack/cinder/cinder/volume/api.py:664}}
Sep 09 06:30:11.565334 dv-cinder-852209-16-smb devstack@c-api.service[113304]: INFO cinder.volume.api [None req-2e809b65-af65-4a8c-bdf0-af8f56f3898f tempest-GroupSnapshotsTest-1314013482 tempest-GroupSnapshotsTest-1314013482-project] Get all volumes completed successfully.
Sep 09 06:30:11.567431 dv-cinder-852209-16-smb devstack@c-api.service[113304]: WARNING stevedore.named [None req-2e809b65-af65-4a8c-bdf0-af8f56f3898f tempest-GroupSnapshotsTest-1314013482 tempest-GroupSnapshotsTest-1314013482-project] Could not load cinder.keymgr.conf_key_mgr.ConfKeyManager
Sep 09 06:30:11.567817 dv-cinder-852209-16-smb devstack@c-api.service[113304]: WARNING castellan.key_manager [None req-2e809b65-af65-4a8c-bdf0-af8f56f3898f tempest-GroupSnapshotsTest-1314013482 tempest-GroupSnapshotsTest-1314013482-project] Deprecation Warning : cinder.keymgr.conf_key_mgr.ConfKeyManager is not a stevedore based driver, trying to load it as a class: stevedore.exception.NoMatches: No 'castellan.drivers' driver found, looking for 'cinder.keymgr.conf_key_mgr.ConfKeyManager'
Sep 09 06:30:11.576014 dv-cinder-852209-16-smb devstack@c-api.service[113304]: DEBUG oslo_db.sqlalchemy.engines [None req-2e809b65-af65-4a8c-bdf0-af8f56f3898f tempest-GroupSnapshotsTest-1314013482 tempest-GroupSnapshotsTest-1314013482-project] MySQL server mode set to STRICT_TRANS_TABLES,STRICT_ALL_TABLES,NO_ZERO_IN_DATE,NO_ZERO_DATE,ERROR_FOR_DIVISION_BY_ZERO,TRADITIONAL,NO_ENGINE_SUBSTITUTION {{(pid=113304) _check_effective_sql_mode /usr/local/lib/python3.8/dist-packages/oslo_db/sqlalchemy/engines.py:314}}
Sep 09 06:30:11.582510 dv-cinder-852209-16-smb devstack@c-api.service[113304]: /usr/local/lib/python3.8/dist-packages/oslo_context/context.py:100: DeprecationWarning: Policy enforcement is depending on the value of is_admin. This key is deprecated. Please update your policy file to use the standard policy values.
Sep 09 06:30:11.582510 dv-cinder-852209-16-smb devstack@c-api.service[113304]: warnings.warn('Policy enforcement is depending on the value of '
Sep 09 06:30:11.598727 dv-cinder-852209-16-smb devstack@c-api.service[113304]: INFO cinder.api.openstack.wsgi [None req-2e809b65-af65-4a8c-bdf0-af8f56f3898f tempest-GroupSnapshotsTest-1314013482 tempest-GroupSnapshotsTest-1314013482-project] http://10.222.0.30/volume/v3/598e9fe4dde543deb243732d3279c92c/volumes/detail returned with HTTP 200
Sep 09 06:30:11.599566 dv-cinder-852209-16-smb devstack@c-api.service[113304]: [pid: 113304|app: 0|req: 199/373] 10.222.0.30 () {60 vars in 1276 bytes} [Fri Sep 9 06:30:11 2022] GET /volume/v3/598e9fe4dde543deb243732d3279c92c/volumes/detail => generated 1003 bytes in 117 msecs (HTTP/1.1 200) 7 headers in 287 bytes (1 switches on core 0)
Sep 09 06:30:11.618072 dv-cinder-852209-16-smb devstack@c-api.service[113303]: DEBUG cinder.api.middleware.request_id [None req-bd6b1454-ced5-4c92-981b-a9951f9906aa None None] RequestId filter calling following filter/app {{(pid=113303) _context_setter /opt/stack/cinder/cinder/api/middleware/request_id.py:62}}
Sep 09 06:30:11.622203 dv-cinder-852209-16-smb devstack@c-api.service[113303]: INFO cinder.api.openstack.wsgi [None req-bd6b1454-ced5-4c92-981b-a9951f9906aa tempest-GroupSnapshotsTest-1314013482 tempest-GroupSnapshotsTest-1314013482-project] GET http://10.222.0.30/volume/v3/598e9fe4dde543deb243732d3279c92c/snapshots/detail
Sep 09 06:30:11.622679 dv-cinder-852209-16-smb devstack@c-api.service[113303]: DEBUG cinder.api.openstack.wsgi [None req-bd6b1454-ced5-4c92-981b-a9951f9906aa tempest-GroupSnapshotsTest-1314013482 tempest-GroupSnapshotsTest-1314013482-project] Empty body provided in request {{(pid=113303) get_body /opt/stack/cinder/cinder/api/openstack/wsgi.py:715}}
Sep 09 06:30:11.623214 dv-cinder-852209-16-smb devstack@c-api.service[113303]: DEBUG cinder.api.openstack.wsgi [None req-bd6b1454-ced5-4c92-981b-a9951f9906aa tempest-GroupSnapshotsTest-1314013482 tempest-GroupSnapshotsTest-1314013482-project] Calling method 'detail' {{(pid=113303) _process_stack /opt/stack/cinder/cinder/api/openstack/wsgi.py:868}}
Sep 09 06:30:11.623749 dv-cinder-852209-16-smb devstack@c-api.service[113303]: DEBUG cinder.api.api_utils [None req-bd6b1454-ced5-4c92-981b-a9951f9906aa tempest-GroupSnapshotsTest-1314013482 tempest-GroupSnapshotsTest-1314013482-project] Removing options '' from query. {{(pid=113303) remove_invalid_filter_options /opt/stack/cinder/cinder/api/api_utils.py:83}}
Sep 09 06:30:11.626063 dv-cinder-852209-16-smb devstack@c-api.service[113303]: DEBUG cinder.db.sqlalchemy.api [None req-bd6b1454-ced5-4c92-981b-a9951f9906aa tempest-GroupSnapshotsTest-1314013482 tempest-GroupSnapshotsTest-1314013482-project] Building query based on filter {{(pid=113303) _process_snaps_filters /opt/stack/cinder/cinder/db/sqlalchemy/api.py:3885}}
Sep 09 06:30:11.635819 dv-cinder-852209-16-smb devstack@c-api.service[113303]: INFO cinder.volume.api [None req-bd6b1454-ced5-4c92-981b-a9951f9906aa tempest-GroupSnapshotsTest-1314013482 tempest-GroupSnapshotsTest-1314013482-project] Get all snapshots completed successfully.
Sep 09 06:30:11.636975 dv-cinder-852209-16-smb devstack@c-api.service[113303]: /usr/local/lib/python3.8/dist-packages/oslo_context/context.py:100: DeprecationWarning: Policy enforcement is depending on the value of is_admin. This key is deprecated. Please update your policy file to use the standard policy values.
Sep 09 06:30:11.636975 dv-cinder-852209-16-smb devstack@c-api.service[113303]: warnings.warn('Policy enforcement is depending on the value of '
Sep 09 06:30:11.638404 dv-cinder-852209-16-smb devstack@c-api.service[113303]: INFO cinder.api.openstack.wsgi [None req-bd6b1454-ced5-4c92-981b-a9951f9906aa tempest-GroupSnapshotsTest-1314013482 tempest-GroupSnapshotsTest-1314013482-project] http://10.222.0.30/volume/v3/598e9fe4dde543deb243732d3279c92c/snapshots/detail returned with HTTP 200
Sep 09 06:30:11.639147 dv-cinder-852209-16-smb devstack@c-api.service[113303]: [pid: 113303|app: 0|req: 175/374] 10.222.0.30 () {58 vars in 1241 bytes} [Fri Sep 9 06:30:11 2022] GET /volume/v3/598e9fe4dde543deb243732d3279c92c/snapshots/detail => generated 519 bytes in 22 msecs (HTTP/1.1 200) 7 headers in 285 bytes (1 switches on core 0)
Sep 09 06:30:11.648826 dv-cinder-852209-16-smb devstack@c-api.service[113304]: DEBUG cinder.api.middleware.request_id [None req-c6e69ea6-5121-4acc-8d5a-bb0ffb6ed008 None None] RequestId filter calling following filter/app {{(pid=113304) _context_setter /opt/stack/cinder/cinder/api/middleware/request_id.py:62}}
Sep 09 06:30:11.653200 dv-cinder-852209-16-smb devstack@c-api.service[113304]: INFO cinder.api.openstack.wsgi [None req-c6e69ea6-5121-4acc-8d5a-bb0ffb6ed008 tempest-GroupSnapshotsTest-1314013482 tempest-GroupSnapshotsTest-1314013482-project] GET http://10.222.0.30/volume/v3/598e9fe4dde543deb243732d3279c92c/snapshots/00d8cd15-a04a-40b3-b591-94b075cbe580
Sep 09 06:30:11.653646 dv-cinder-852209-16-smb devstack@c-api.service[113304]: DEBUG cinder.api.openstack.wsgi [None req-c6e69ea6-5121-4acc-8d5a-bb0ffb6ed008 tempest-GroupSnapshotsTest-1314013482 tempest-GroupSnapshotsTest-1314013482-project] Empty body provided in request {{(pid=113304) get_body /opt/stack/cinder/cinder/api/openstack/wsgi.py:715}}
Sep 09 06:30:11.654242 dv-cinder-852209-16-smb devstack@c-api.service[113304]: DEBUG cinder.api.openstack.wsgi [None req-c6e69ea6-5121-4acc-8d5a-bb0ffb6ed008 tempest-GroupSnapshotsTest-1314013482 tempest-GroupSnapshotsTest-1314013482-project] Calling method 'show' {{(pid=113304) _process_stack /opt/stack/cinder/cinder/api/openstack/wsgi.py:868}}
Sep 09 06:30:11.664621 dv-cinder-852209-16-smb devstack@c-api.service[113304]: /usr/local/lib/python3.8/dist-packages/oslo_context/context.py:100: DeprecationWarning: Policy enforcement is depending on the value of is_admin. This key is deprecated. Please update your policy file to use the standard policy values.
Sep 09 06:30:11.664621 dv-cinder-852209-16-smb devstack@c-api.service[113304]: warnings.warn('Policy enforcement is depending on the value of '
Sep 09 06:30:11.665595 dv-cinder-852209-16-smb devstack@c-api.service[113304]: INFO cinder.volume.api [None req-c6e69ea6-5121-4acc-8d5a-bb0ffb6ed008 tempest-GroupSnapshotsTest-1314013482 tempest-GroupSnapshotsTest-1314013482-project] Snapshot retrieved successfully.
Sep 09 06:30:11.667393 dv-cinder-852209-16-smb devstack@c-api.service[113304]: INFO cinder.api.openstack.wsgi [None req-c6e69ea6-5121-4acc-8d5a-bb0ffb6ed008 tempest-GroupSnapshotsTest-1314013482 tempest-GroupSnapshotsTest-1314013482-project] http://10.222.0.30/volume/v3/598e9fe4dde543deb243732d3279c92c/snapshots/00d8cd15-a04a-40b3-b591-94b075cbe580 returned with HTTP 200
Sep 09 06:30:11.668312 dv-cinder-852209-16-smb devstack@c-api.service[113304]: [pid: 113304|app: 0|req: 200/375] 10.222.0.30 () {58 vars in 1331 bytes} [Fri Sep 9 06:30:11 2022] GET /volume/v3/598e9fe4dde543deb243732d3279c92c/snapshots/00d8cd15-a04a-40b3-b591-94b075cbe580 => generated 516 bytes in 20 msecs (HTTP/1.1 200) 7 headers in 285 bytes (1 switches on core 0)
Sep 09 06:30:12.261680 dv-cinder-852209-16-smb devstack@c-api.service[113303]: DEBUG cinder.api.middleware.request_id [req-ed9cd21d-31a4-4daf-9852-7c4d0a1dbd2a req-2b21e94f-e5b7-4849-b23b-2e7b8d717b35 None None] RequestId filter calling following filter/app {{(pid=113303) _context_setter /opt/stack/cinder/cinder/api/middleware/request_id.py:62}}
Sep 09 06:30:12.266147 dv-cinder-852209-16-smb devstack@c-api.service[113303]: INFO cinder.api.openstack.wsgi [req-ed9cd21d-31a4-4daf-9852-7c4d0a1dbd2a req-2b21e94f-e5b7-4849-b23b-2e7b8d717b35 tempest-DeleteServersTestJSON-647385926 tempest-DeleteServersTestJSON-647385926-project] POST http://10.222.0.30/volume/v3/3f834bc2033f4d89a9a54c7954096357/attachments/636cd2c6-3946-4545-bdff-dc378ceec77c/action
Sep 09 06:30:12.266923 dv-cinder-852209-16-smb devstack@c-api.service[113303]: DEBUG cinder.api.openstack.wsgi [req-ed9cd21d-31a4-4daf-9852-7c4d0a1dbd2a req-2b21e94f-e5b7-4849-b23b-2e7b8d717b35 tempest-DeleteServersTestJSON-647385926 tempest-DeleteServersTestJSON-647385926-project] Action body: b'{"os-complete": null}' {{(pid=113303) get_method /opt/stack/cinder/cinder/api/openstack/wsgi.py:983}}
Sep 09 06:30:12.267253 dv-cinder-852209-16-smb devstack@c-api.service[113303]: DEBUG cinder.api.openstack.wsgi [req-ed9cd21d-31a4-4daf-9852-7c4d0a1dbd2a req-2b21e94f-e5b7-4849-b23b-2e7b8d717b35 tempest-DeleteServersTestJSON-647385926 tempest-DeleteServersTestJSON-647385926-project] Action: 'action', calling method: version_select, body: {"os-complete": null} {{(pid=113303) _process_stack /opt/stack/cinder/cinder/api/openstack/wsgi.py:866}}
Sep 09 06:30:12.279662 dv-cinder-852209-16-smb devstack@c-api.service[113303]: DEBUG dbcounter [-] [113303] Writing DB stats cinder:SELECT=89,cinder:UPDATE=5,cinder:INSERT=6 {{(pid=113303) stat_writer /usr/local/lib/python3.8/dist-packages/dbcounter.py:114}}
Sep 09 06:30:12.312693 dv-cinder-852209-16-smb devstack@c-api.service[113303]: /usr/local/lib/python3.8/dist-packages/oslo_context/context.py:100: DeprecationWarning: Policy enforcement is depending on the value of is_admin. This key is deprecated. Please update your policy file to use the standard policy values.
Sep 09 06:30:12.312693 dv-cinder-852209-16-smb devstack@c-api.service[113303]: warnings.warn('Policy enforcement is depending on the value of '
Sep 09 06:30:12.312970 dv-cinder-852209-16-smb devstack@c-api.service[113304]: DEBUG cinder.api.middleware.request_id [None req-8230667c-2b8a-4d81-bf34-03b4a9a6a1ab None None] RequestId filter calling following filter/app {{(pid=113304) _context_setter /opt/stack/cinder/cinder/api/middleware/request_id.py:62}}
Sep 09 06:30:12.316818 dv-cinder-852209-16-smb devstack@c-api.service[113304]: INFO cinder.api.openstack.wsgi [None req-8230667c-2b8a-4d81-bf34-03b4a9a6a1ab tempest-VolumesCloneTest-1300335977 tempest-VolumesCloneTest-1300335977-project] GET http://10.222.0.30/volume/v3/f337e4081bb74f19b07dd0a59ab50e71/volumes/e52b4cec-6ab5-4487-95aa-c04e694f35c7
Sep 09 06:30:12.317388 dv-cinder-852209-16-smb devstack@c-api.service[113304]: DEBUG cinder.api.openstack.wsgi [None req-8230667c-2b8a-4d81-bf34-03b4a9a6a1ab tempest-VolumesCloneTest-1300335977 tempest-VolumesCloneTest-1300335977-project] Empty body provided in request {{(pid=113304) get_body /opt/stack/cinder/cinder/api/openstack/wsgi.py:715}}
Sep 09 06:30:12.317975 dv-cinder-852209-16-smb devstack@c-api.service[113304]: DEBUG cinder.api.openstack.wsgi [None req-8230667c-2b8a-4d81-bf34-03b4a9a6a1ab tempest-VolumesCloneTest-1300335977 tempest-VolumesCloneTest-1300335977-project] Calling method 'show' {{(pid=113304) _process_stack /opt/stack/cinder/cinder/api/openstack/wsgi.py:868}}
Sep 09 06:30:12.336847 dv-cinder-852209-16-smb devstack@c-api.service[113303]: INFO cinder.api.openstack.wsgi [req-ed9cd21d-31a4-4daf-9852-7c4d0a1dbd2a req-2b21e94f-e5b7-4849-b23b-2e7b8d717b35 tempest-DeleteServersTestJSON-647385926 tempest-DeleteServersTestJSON-647385926-project] http://10.222.0.30/volume/v3/3f834bc2033f4d89a9a54c7954096357/attachments/636cd2c6-3946-4545-bdff-dc378ceec77c/action returned with HTTP 204
Sep 09 06:30:12.339954 dv-cinder-852209-16-smb devstack@c-api.service[113303]: [pid: 113303|app: 0|req: 176/376] 10.222.0.23 () {64 vars in 1498 bytes} [Fri Sep 9 06:30:12 2022] POST /volume/v3/3f834bc2033f4d89a9a54c7954096357/attachments/636cd2c6-3946-4545-bdff-dc378ceec77c/action => generated 0 bytes in 77 msecs (HTTP/1.1 204) 7 headers in 292 bytes (1 switches on core 0)
Sep 09 06:30:12.342530 dv-cinder-852209-16-smb devstack@c-api.service[113303]: DEBUG cinder.api.middleware.request_id [None req-ba2595a3-6c98-4b45-b205-73e273575e9f None None] RequestId filter calling following filter/app {{(pid=113303) _context_setter /opt/stack/cinder/cinder/api/middleware/request_id.py:62}}
Sep 09 06:30:12.348616 dv-cinder-852209-16-smb devstack@c-api.service[113304]: /usr/local/lib/python3.8/dist-packages/oslo_context/context.py:100: DeprecationWarning: Policy enforcement is depending on the value of is_admin. This key is deprecated. Please update your policy file to use the standard policy values.
Sep 09 06:30:12.348616 dv-cinder-852209-16-smb devstack@c-api.service[113304]: warnings.warn('Policy enforcement is depending on the value of '
Sep 09 06:30:12.356644 dv-cinder-852209-16-smb devstack@c-api.service[113304]: INFO cinder.volume.api [None req-8230667c-2b8a-4d81-bf34-03b4a9a6a1ab tempest-VolumesCloneTest-1300335977 tempest-VolumesCloneTest-1300335977-project] Volume info retrieved successfully.
Sep 09 06:30:12.367142 dv-cinder-852209-16-smb devstack@c-api.service[113304]: INFO cinder.api.openstack.wsgi [None req-8230667c-2b8a-4d81-bf34-03b4a9a6a1ab tempest-VolumesCloneTest-1300335977 tempest-VolumesCloneTest-1300335977-project] http://10.222.0.30/volume/v3/f337e4081bb74f19b07dd0a59ab50e71/volumes/e52b4cec-6ab5-4487-95aa-c04e694f35c7 returned with HTTP 200
Sep 09 06:30:12.368636 dv-cinder-852209-16-smb devstack@c-api.service[113304]: [pid: 113304|app: 0|req: 201/377] 10.222.0.30 () {58 vars in 1325 bytes} [Fri Sep 9 06:30:12 2022] GET /volume/v3/f337e4081bb74f19b07dd0a59ab50e71/volumes/e52b4cec-6ab5-4487-95aa-c04e694f35c7 => generated 907 bytes in 60 msecs (HTTP/1.1 200) 7 headers in 285 bytes (1 switches on core 0)
Sep 09 06:30:12.389768 dv-cinder-852209-16-smb devstack@c-api.service[113303]: INFO cinder.api.openstack.wsgi [None req-ba2595a3-6c98-4b45-b205-73e273575e9f tempest-VolumeTypesTest-1698936455 tempest-VolumeTypesTest-1698936455-project] GET http://10.222.0.30/volume/v3/678e0081c7914773ac51742ab1dae1c9/volumes/cbd8cf9e-7223-4c6b-bf93-089fd18b529e
Sep 09 06:30:12.390239 dv-cinder-852209-16-smb devstack@c-api.service[113303]: DEBUG cinder.api.openstack.wsgi [None req-ba2595a3-6c98-4b45-b205-73e273575e9f tempest-VolumeTypesTest-1698936455 tempest-VolumeTypesTest-1698936455-project] Empty body provided in request {{(pid=113303) get_body /opt/stack/cinder/cinder/api/openstack/wsgi.py:715}}
Sep 09 06:30:12.390699 dv-cinder-852209-16-smb devstack@c-api.service[113303]: DEBUG cinder.api.openstack.wsgi [None req-ba2595a3-6c98-4b45-b205-73e273575e9f tempest-VolumeTypesTest-1698936455 tempest-VolumeTypesTest-1698936455-project] Calling method 'show' {{(pid=113303) _process_stack /opt/stack/cinder/cinder/api/openstack/wsgi.py:868}}
Sep 09 06:30:12.420797 dv-cinder-852209-16-smb devstack@c-api.service[113303]: /usr/local/lib/python3.8/dist-packages/oslo_context/context.py:100: DeprecationWarning: Policy enforcement is depending on the value of is_admin. This key is deprecated. Please update your policy file to use the standard policy values.
Sep 09 06:30:12.420797 dv-cinder-852209-16-smb devstack@c-api.service[113303]: warnings.warn('Policy enforcement is depending on the value of '
Sep 09 06:30:12.438975 dv-cinder-852209-16-smb devstack@c-api.service[113303]: INFO cinder.volume.api [None req-ba2595a3-6c98-4b45-b205-73e273575e9f tempest-VolumeTypesTest-1698936455 tempest-VolumeTypesTest-1698936455-project] Volume info retrieved successfully.
Sep 09 06:30:12.468657 dv-cinder-852209-16-smb devstack@c-api.service[113303]: INFO cinder.api.openstack.wsgi [None req-ba2595a3-6c98-4b45-b205-73e273575e9f tempest-VolumeTypesTest-1698936455 tempest-VolumeTypesTest-1698936455-project] http://10.222.0.30/volume/v3/678e0081c7914773ac51742ab1dae1c9/volumes/cbd8cf9e-7223-4c6b-bf93-089fd18b529e returned with HTTP 200
Sep 09 06:30:12.469589 dv-cinder-852209-16-smb devstack@c-api.service[113303]: [pid: 113303|app: 0|req: 177/378] 10.222.0.30 () {58 vars in 1325 bytes} [Fri Sep 9 06:30:12 2022] GET /volume/v3/678e0081c7914773ac51742ab1dae1c9/volumes/cbd8cf9e-7223-4c6b-bf93-089fd18b529e => generated 942 bytes in 129 msecs (HTTP/1.1 200) 7 headers in 285 bytes (1 switches on core 0)
Sep 09 06:30:12.490075 dv-cinder-852209-16-smb devstack@c-api.service[113304]: DEBUG cinder.api.middleware.request_id [None req-a750ba7f-f7db-4927-8c57-56acb96aa8c5 None None] RequestId filter calling following filter/app {{(pid=113304) _context_setter /opt/stack/cinder/cinder/api/middleware/request_id.py:62}}
Sep 09 06:30:12.495237 dv-cinder-852209-16-smb devstack@c-api.service[113304]: INFO cinder.api.openstack.wsgi [None req-a750ba7f-f7db-4927-8c57-56acb96aa8c5 tempest-VolumeTypesTest-1698936455 tempest-VolumeTypesTest-1698936455-project] GET http://10.222.0.30/volume/v3/678e0081c7914773ac51742ab1dae1c9/volumes/cbd8cf9e-7223-4c6b-bf93-089fd18b529e
Sep 09 06:30:12.496257 dv-cinder-852209-16-smb devstack@c-api.service[113304]: DEBUG cinder.api.openstack.wsgi [None req-a750ba7f-f7db-4927-8c57-56acb96aa8c5 tempest-VolumeTypesTest-1698936455 tempest-VolumeTypesTest-1698936455-project] Empty body provided in request {{(pid=113304) get_body /opt/stack/cinder/cinder/api/openstack/wsgi.py:715}}
Sep 09 06:30:12.497083 dv-cinder-852209-16-smb devstack@c-api.service[113304]: DEBUG cinder.api.openstack.wsgi [None req-a750ba7f-f7db-4927-8c57-56acb96aa8c5 tempest-VolumeTypesTest-1698936455 tempest-VolumeTypesTest-1698936455-project] Calling method 'show' {{(pid=113304) _process_stack /opt/stack/cinder/cinder/api/openstack/wsgi.py:868}}
Sep 09 06:30:12.500162 dv-cinder-852209-16-smb devstack@c-api.service[113303]: DEBUG cinder.api.middleware.request_id [None req-c146d3a5-570a-49d4-a216-a2bcf9ea9d53 None None] RequestId filter calling following filter/app {{(pid=113303) _context_setter /opt/stack/cinder/cinder/api/middleware/request_id.py:62}}
Sep 09 06:30:12.511004 dv-cinder-852209-16-smb devstack@c-api.service[113303]: INFO cinder.api.openstack.wsgi [None req-c146d3a5-570a-49d4-a216-a2bcf9ea9d53 tempest-DeleteServersTestJSON-647385926 tempest-DeleteServersTestJSON-647385926-project] GET http://10.222.0.30/volume/v3/3f834bc2033f4d89a9a54c7954096357/volumes/087be093-f70a-4878-adaa-649f4c245dfe
Sep 09 06:30:12.512726 dv-cinder-852209-16-smb devstack@c-api.service[113303]: DEBUG cinder.api.openstack.wsgi [None req-c146d3a5-570a-49d4-a216-a2bcf9ea9d53 tempest-DeleteServersTestJSON-647385926 tempest-DeleteServersTestJSON-647385926-project] Empty body provided in request {{(pid=113303) get_body /opt/stack/cinder/cinder/api/openstack/wsgi.py:715}}
Sep 09 06:30:12.513374 dv-cinder-852209-16-smb devstack@c-api.service[113303]: DEBUG cinder.api.openstack.wsgi [None req-c146d3a5-570a-49d4-a216-a2bcf9ea9d53 tempest-DeleteServersTestJSON-647385926 tempest-DeleteServersTestJSON-647385926-project] Calling method 'show' {{(pid=113303) _process_stack /opt/stack/cinder/cinder/api/openstack/wsgi.py:868}}
Sep 09 06:30:12.525818 dv-cinder-852209-16-smb devstack@c-api.service[113304]: /usr/local/lib/python3.8/dist-packages/oslo_context/context.py:100: DeprecationWarning: Policy enforcement is depending on the value of is_admin. This key is deprecated. Please update your policy file to use the standard policy values.
Sep 09 06:30:12.525818 dv-cinder-852209-16-smb devstack@c-api.service[113304]: warnings.warn('Policy enforcement is depending on the value of '
Sep 09 06:30:12.537571 dv-cinder-852209-16-smb devstack@c-api.service[113304]: INFO cinder.volume.api [None req-a750ba7f-f7db-4927-8c57-56acb96aa8c5 tempest-VolumeTypesTest-1698936455 tempest-VolumeTypesTest-1698936455-project] Volume info retrieved successfully.
Sep 09 06:30:12.550090 dv-cinder-852209-16-smb devstack@c-api.service[113304]: INFO cinder.api.openstack.wsgi [None req-a750ba7f-f7db-4927-8c57-56acb96aa8c5 tempest-VolumeTypesTest-1698936455 tempest-VolumeTypesTest-1698936455-project] http://10.222.0.30/volume/v3/678e0081c7914773ac51742ab1dae1c9/volumes/cbd8cf9e-7223-4c6b-bf93-089fd18b529e returned with HTTP 200
Sep 09 06:30:12.553773 dv-cinder-852209-16-smb devstack@c-api.service[113304]: [pid: 113304|app: 0|req: 202/379] 10.222.0.30 () {58 vars in 1325 bytes} [Fri Sep 9 06:30:12 2022] GET /volume/v3/678e0081c7914773ac51742ab1dae1c9/volumes/cbd8cf9e-7223-4c6b-bf93-089fd18b529e => generated 942 bytes in 66 msecs (HTTP/1.1 200) 7 headers in 285 bytes (1 switches on core 0)
Sep 09 06:30:12.573302 dv-cinder-852209-16-smb devstack@c-api.service[113304]: DEBUG cinder.api.middleware.request_id [None req-b5d5b575-0d0b-48cc-8c23-0ce69f6d7bc9 None None] RequestId filter calling following filter/app {{(pid=113304) _context_setter /opt/stack/cinder/cinder/api/middleware/request_id.py:62}}
Sep 09 06:30:12.577528 dv-cinder-852209-16-smb devstack@c-api.service[113304]: INFO cinder.api.openstack.wsgi [None req-b5d5b575-0d0b-48cc-8c23-0ce69f6d7bc9 tempest-VolumeTypesTest-1436638479 tempest-VolumeTypesTest-1436638479-project-admin] POST http://10.222.0.30/volume/v3/c43d8c3820f448239c2175ceaf8f103a/types
Sep 09 06:30:12.578273 dv-cinder-852209-16-smb devstack@c-api.service[113304]: DEBUG cinder.api.openstack.wsgi [None req-b5d5b575-0d0b-48cc-8c23-0ce69f6d7bc9 tempest-VolumeTypesTest-1436638479 tempest-VolumeTypesTest-1436638479-project-admin] Action: 'create', calling method: _create, body: {"volume_type": {"name": "tempest-VolumeTypesTest-volume-type-281388876", "description": "tempest-volume-type-description-230555471", "extra_specs": {"storage_protocol": "smbfs", "vendor_name": "Open Source"}, "os-volume-type-access:is_public": true}} {{(pid=113304) _process_stack /opt/stack/cinder/cinder/api/openstack/wsgi.py:866}}
Sep 09 06:30:12.589664 dv-cinder-852209-16-smb devstack@c-api.service[113303]: /usr/local/lib/python3.8/dist-packages/oslo_context/context.py:100: DeprecationWarning: Policy enforcement is depending on the value of is_admin. This key is deprecated. Please update your policy file to use the standard policy values.
Sep 09 06:30:12.589664 dv-cinder-852209-16-smb devstack@c-api.service[113303]: warnings.warn('Policy enforcement is depending on the value of '
Sep 09 06:30:12.607145 dv-cinder-852209-16-smb devstack@c-api.service[113303]: INFO cinder.volume.api [None req-c146d3a5-570a-49d4-a216-a2bcf9ea9d53 tempest-DeleteServersTestJSON-647385926 tempest-DeleteServersTestJSON-647385926-project] Volume info retrieved successfully.
Sep 09 06:30:12.612664 dv-cinder-852209-16-smb devstack@c-api.service[113304]: INFO cinder.api.openstack.wsgi [None req-b5d5b575-0d0b-48cc-8c23-0ce69f6d7bc9 tempest-VolumeTypesTest-1436638479 tempest-VolumeTypesTest-1436638479-project-admin] http://10.222.0.30/volume/v3/c43d8c3820f448239c2175ceaf8f103a/types returned with HTTP 200
Sep 09 06:30:12.623080 dv-cinder-852209-16-smb devstack@c-api.service[113304]: [pid: 113304|app: 0|req: 203/380] 10.222.0.30 () {60 vars in 1230 bytes} [Fri Sep 9 06:30:12 2022] POST /volume/v3/c43d8c3820f448239c2175ceaf8f103a/types => generated 316 bytes in 50 msecs (HTTP/1.1 200) 7 headers in 285 bytes (1 switches on core 0)
Sep 09 06:30:12.624883 dv-cinder-852209-16-smb devstack@c-api.service[113304]: DEBUG cinder.api.middleware.request_id [None req-dd956461-4bd8-4e28-bf0b-05caa94d87b2 None None] RequestId filter calling following filter/app {{(pid=113304) _context_setter /opt/stack/cinder/cinder/api/middleware/request_id.py:62}}
Sep 09 06:30:12.631412 dv-cinder-852209-16-smb devstack@c-api.service[113303]: INFO cinder.api.openstack.wsgi [None req-c146d3a5-570a-49d4-a216-a2bcf9ea9d53 tempest-DeleteServersTestJSON-647385926 tempest-DeleteServersTestJSON-647385926-project] http://10.222.0.30/volume/v3/3f834bc2033f4d89a9a54c7954096357/volumes/087be093-f70a-4878-adaa-649f4c245dfe returned with HTTP 200
Sep 09 06:30:12.646312 dv-cinder-852209-16-smb devstack@c-api.service[113303]: [pid: 113303|app: 0|req: 178/381] 10.222.0.30 () {58 vars in 1325 bytes} [Fri Sep 9 06:30:12 2022] GET /volume/v3/3f834bc2033f4d89a9a54c7954096357/volumes/087be093-f70a-4878-adaa-649f4c245dfe => generated 1205 bytes in 134 msecs (HTTP/1.1 200) 7 headers in 286 bytes (1 switches on core 0)
Sep 09 06:30:12.646510 dv-cinder-852209-16-smb devstack@c-api.service[113304]: INFO cinder.api.openstack.wsgi [None req-dd956461-4bd8-4e28-bf0b-05caa94d87b2 tempest-VolumeTypesTest-1436638479 tempest-VolumeTypesTest-1436638479-project-admin] GET http://10.222.0.30/volume/v3/c43d8c3820f448239c2175ceaf8f103a/types/490fdb55-1496-48b5-81f3-b23652800afd
Sep 09 06:30:12.646510 dv-cinder-852209-16-smb devstack@c-api.service[113304]: DEBUG cinder.api.openstack.wsgi [None req-dd956461-4bd8-4e28-bf0b-05caa94d87b2 tempest-VolumeTypesTest-1436638479 tempest-VolumeTypesTest-1436638479-project-admin] Empty body provided in request {{(pid=113304) get_body /opt/stack/cinder/cinder/api/openstack/wsgi.py:715}}
Sep 09 06:30:12.646510 dv-cinder-852209-16-smb devstack@c-api.service[113304]: DEBUG cinder.api.openstack.wsgi [None req-dd956461-4bd8-4e28-bf0b-05caa94d87b2 tempest-VolumeTypesTest-1436638479 tempest-VolumeTypesTest-1436638479-project-admin] Calling method 'show' {{(pid=113304) _process_stack /opt/stack/cinder/cinder/api/openstack/wsgi.py:868}}
Sep 09 06:30:12.650214 dv-cinder-852209-16-smb devstack@c-api.service[113303]: DEBUG cinder.api.middleware.request_id [None req-d1664587-ee54-49a3-8805-ae439c191429 None None] RequestId filter calling following filter/app {{(pid=113303) _context_setter /opt/stack/cinder/cinder/api/middleware/request_id.py:62}}
Sep 09 06:30:12.654586 dv-cinder-852209-16-smb devstack@c-api.service[113303]: INFO cinder.api.openstack.wsgi [None req-d1664587-ee54-49a3-8805-ae439c191429 tempest-DeleteServersTestJSON-647385926 tempest-DeleteServersTestJSON-647385926-project] GET http://10.222.0.30/volume/v3/3f834bc2033f4d89a9a54c7954096357/volumes/087be093-f70a-4878-adaa-649f4c245dfe
Sep 09 06:30:12.655048 dv-cinder-852209-16-smb devstack@c-api.service[113303]: DEBUG cinder.api.openstack.wsgi [None req-d1664587-ee54-49a3-8805-ae439c191429 tempest-DeleteServersTestJSON-647385926 tempest-DeleteServersTestJSON-647385926-project] Empty body provided in request {{(pid=113303) get_body /opt/stack/cinder/cinder/api/openstack/wsgi.py:715}}
Sep 09 06:30:12.655531 dv-cinder-852209-16-smb devstack@c-api.service[113303]: DEBUG cinder.api.openstack.wsgi [None req-d1664587-ee54-49a3-8805-ae439c191429 tempest-DeleteServersTestJSON-647385926 tempest-DeleteServersTestJSON-647385926-project] Calling method 'show' {{(pid=113303) _process_stack /opt/stack/cinder/cinder/api/openstack/wsgi.py:868}}
Sep 09 06:30:12.671557 dv-cinder-852209-16-smb devstack@c-api.service[113304]: INFO cinder.api.openstack.wsgi [None req-dd956461-4bd8-4e28-bf0b-05caa94d87b2 tempest-VolumeTypesTest-1436638479 tempest-VolumeTypesTest-1436638479-project-admin] http://10.222.0.30/volume/v3/c43d8c3820f448239c2175ceaf8f103a/types/490fdb55-1496-48b5-81f3-b23652800afd returned with HTTP 200
Sep 09 06:30:12.683039 dv-cinder-852209-16-smb devstack@c-api.service[113304]: [pid: 113304|app: 0|req: 204/382] 10.222.0.30 () {58 vars in 1319 bytes} [Fri Sep 9 06:30:12 2022] GET /volume/v3/c43d8c3820f448239c2175ceaf8f103a/types/490fdb55-1496-48b5-81f3-b23652800afd => generated 338 bytes in 58 msecs (HTTP/1.1 200) 7 headers in 285 bytes (1 switches on core 0)
Sep 09 06:30:12.690779 dv-cinder-852209-16-smb devstack@c-api.service[113304]: DEBUG cinder.api.middleware.request_id [None req-de1af85f-5e7f-4cc6-8936-5164dc377a14 None None] RequestId filter calling following filter/app {{(pid=113304) _context_setter /opt/stack/cinder/cinder/api/middleware/request_id.py:62}}
Sep 09 06:30:12.695129 dv-cinder-852209-16-smb devstack@c-api.service[113304]: INFO cinder.api.openstack.wsgi [None req-de1af85f-5e7f-4cc6-8936-5164dc377a14 tempest-GroupSnapshotsTest-1314013482 tempest-GroupSnapshotsTest-1314013482-project] GET http://10.222.0.30/volume/v3/598e9fe4dde543deb243732d3279c92c/snapshots/00d8cd15-a04a-40b3-b591-94b075cbe580
Sep 09 06:30:12.695583 dv-cinder-852209-16-smb devstack@c-api.service[113304]: DEBUG cinder.api.openstack.wsgi [None req-de1af85f-5e7f-4cc6-8936-5164dc377a14 tempest-GroupSnapshotsTest-1314013482 tempest-GroupSnapshotsTest-1314013482-project] Empty body provided in request {{(pid=113304) get_body /opt/stack/cinder/cinder/api/openstack/wsgi.py:715}}
Sep 09 06:30:12.696021 dv-cinder-852209-16-smb devstack@c-api.service[113304]: DEBUG cinder.api.openstack.wsgi [None req-de1af85f-5e7f-4cc6-8936-5164dc377a14 tempest-GroupSnapshotsTest-1314013482 tempest-GroupSnapshotsTest-1314013482-project] Calling method 'show' {{(pid=113304) _process_stack /opt/stack/cinder/cinder/api/openstack/wsgi.py:868}}
Sep 09 06:30:12.700551 dv-cinder-852209-16-smb devstack@c-api.service[113303]: /usr/local/lib/python3.8/dist-packages/oslo_context/context.py:100: DeprecationWarning: Policy enforcement is depending on the value of is_admin. This key is deprecated. Please update your policy file to use the standard policy values.
Sep 09 06:30:12.700551 dv-cinder-852209-16-smb devstack@c-api.service[113303]: warnings.warn('Policy enforcement is depending on the value of '
Sep 09 06:30:12.707124 dv-cinder-852209-16-smb devstack@c-api.service[113304]: INFO cinder.api.openstack.wsgi [None req-de1af85f-5e7f-4cc6-8936-5164dc377a14 tempest-GroupSnapshotsTest-1314013482 tempest-GroupSnapshotsTest-1314013482-project] http://10.222.0.30/volume/v3/598e9fe4dde543deb243732d3279c92c/snapshots/00d8cd15-a04a-40b3-b591-94b075cbe580 returned with HTTP 404
Sep 09 06:30:12.709112 dv-cinder-852209-16-smb devstack@c-api.service[113303]: INFO cinder.volume.api [None req-d1664587-ee54-49a3-8805-ae439c191429 tempest-DeleteServersTestJSON-647385926 tempest-DeleteServersTestJSON-647385926-project] Volume info retrieved successfully.
Sep 09 06:30:12.712084 dv-cinder-852209-16-smb devstack@c-api.service[113304]: [pid: 113304|app: 0|req: 205/383] 10.222.0.30 () {58 vars in 1331 bytes} [Fri Sep 9 06:30:12 2022] GET /volume/v3/598e9fe4dde543deb243732d3279c92c/snapshots/00d8cd15-a04a-40b3-b591-94b075cbe580 => generated 111 bytes in 22 msecs (HTTP/1.1 404) 7 headers in 292 bytes (1 switches on core 0)
