Aug 18 14:55:55.575765 dv-cinder-852208-7-smb devstack@c-api.service[113473]: INFO cinder.api.openstack.wsgi [None req-9ff7c539-1b2e-4bf7-a818-652f4ab26bf2 tempest-VolumeTypesAccessTest-1612453783 tempest-VolumeTypesAccessTest-1612453783-project-admin] DELETE http://10.222.0.46/volume/v3/1a849baad5a8423da2e6323e642beff0/types/26b084ee-8939-412e-8101-97acc291a5f7
Aug 18 14:55:55.575765 dv-cinder-852208-7-smb devstack@c-api.service[113473]: DEBUG cinder.api.openstack.wsgi [None req-9ff7c539-1b2e-4bf7-a818-652f4ab26bf2 tempest-VolumeTypesAccessTest-1612453783 tempest-VolumeTypesAccessTest-1612453783-project-admin] Empty body provided in request {{(pid=113473) get_body /opt/stack/cinder/cinder/api/openstack/wsgi.py:715}}
Aug 18 14:55:55.575765 dv-cinder-852208-7-smb devstack@c-api.service[113473]: DEBUG cinder.api.openstack.wsgi [None req-9ff7c539-1b2e-4bf7-a818-652f4ab26bf2 tempest-VolumeTypesAccessTest-1612453783 tempest-VolumeTypesAccessTest-1612453783-project-admin] Calling method '_delete' {{(pid=113473) _process_stack /opt/stack/cinder/cinder/api/openstack/wsgi.py:868}}
Aug 18 14:55:55.624628 dv-cinder-852208-7-smb devstack@c-api.service[113472]: INFO cinder.api.openstack.wsgi [None req-3faeba5f-4add-478c-a2a5-3f373a5d9624 tempest-UserMessagesTest-650599220 tempest-UserMessagesTest-650599220-project] http://10.222.0.46/volume/v3/eb7d99920b6748838a74beed167ffd03/volumes/481af7a9-7dec-4e83-a36c-1d79f4196db9 returned with HTTP 404
Aug 18 14:55:55.642783 dv-cinder-852208-7-smb devstack@c-api.service[113472]: [pid: 113472|app: 0|req: 97/195] 10.222.0.46 () {60 vars in 1365 bytes} [Thu Aug 18 14:55:55 2022] GET /volume/v3/eb7d99920b6748838a74beed167ffd03/volumes/481af7a9-7dec-4e83-a36c-1d79f4196db9 => generated 109 bytes in 80 msecs (HTTP/1.1 404) 7 headers in 292 bytes (1 switches on core 0)
Aug 18 14:55:55.648880 dv-cinder-852208-7-smb devstack@c-api.service[113472]: DEBUG cinder.api.middleware.request_id [None req-17b349c9-9a5c-4670-a83c-b41ace3ba124 None None] RequestId filter calling following filter/app {{(pid=113472) _context_setter /opt/stack/cinder/cinder/api/middleware/request_id.py:62}}
Aug 18 14:55:55.685596 dv-cinder-852208-7-smb devstack@c-api.service[113472]: INFO cinder.api.openstack.wsgi [None req-17b349c9-9a5c-4670-a83c-b41ace3ba124 tempest-UserMessagesTest-1627632292 tempest-UserMessagesTest-1627632292-project-admin] DELETE http://10.222.0.46/volume/v3/33104309b78844c6b9f24ad69436f914/types/2242eee7-ce29-4717-96d1-fd6a4bd4db98
Aug 18 14:55:55.686132 dv-cinder-852208-7-smb devstack@c-api.service[113472]: DEBUG cinder.api.openstack.wsgi [None req-17b349c9-9a5c-4670-a83c-b41ace3ba124 tempest-UserMessagesTest-1627632292 tempest-UserMessagesTest-1627632292-project-admin] Empty body provided in request {{(pid=113472) get_body /opt/stack/cinder/cinder/api/openstack/wsgi.py:715}}
Aug 18 14:55:55.686995 dv-cinder-852208-7-smb devstack@c-api.service[113472]: DEBUG cinder.api.openstack.wsgi [None req-17b349c9-9a5c-4670-a83c-b41ace3ba124 tempest-UserMessagesTest-1627632292 tempest-UserMessagesTest-1627632292-project-admin] Calling method '_delete' {{(pid=113472) _process_stack /opt/stack/cinder/cinder/api/openstack/wsgi.py:868}}
Aug 18 14:55:55.773209 dv-cinder-852208-7-smb devstack@c-api.service[113473]: INFO cinder.api.openstack.wsgi [None req-9ff7c539-1b2e-4bf7-a818-652f4ab26bf2 tempest-VolumeTypesAccessTest-1612453783 tempest-VolumeTypesAccessTest-1612453783-project-admin] http://10.222.0.46/volume/v3/1a849baad5a8423da2e6323e642beff0/types/26b084ee-8939-412e-8101-97acc291a5f7 returned with HTTP 202
Aug 18 14:55:55.774818 dv-cinder-852208-7-smb devstack@c-api.service[113473]: [pid: 113473|app: 0|req: 99/196] 10.222.0.46 () {58 vars in 1322 bytes} [Thu Aug 18 14:55:55 2022] DELETE /volume/v3/1a849baad5a8423da2e6323e642beff0/types/26b084ee-8939-412e-8101-97acc291a5f7 => generated 0 bytes in 213 msecs (HTTP/1.1 202) 6 headers in 233 bytes (1 switches on core 0)
Aug 18 14:55:55.781145 dv-cinder-852208-7-smb devstack@c-api.service[113473]: DEBUG cinder.api.middleware.request_id [None req-176a3201-9bf5-46e9-b007-3bfd5cb1c88e None None] RequestId filter calling following filter/app {{(pid=113473) _context_setter /opt/stack/cinder/cinder/api/middleware/request_id.py:62}}
Aug 18 14:55:55.786829 dv-cinder-852208-7-smb devstack@c-api.service[113473]: INFO cinder.api.openstack.wsgi [None req-176a3201-9bf5-46e9-b007-3bfd5cb1c88e tempest-VolumeTypesAccessTest-1612453783 tempest-VolumeTypesAccessTest-1612453783-project-admin] GET http://10.222.0.46/volume/v3/1a849baad5a8423da2e6323e642beff0/types/26b084ee-8939-412e-8101-97acc291a5f7
Aug 18 14:55:55.797748 dv-cinder-852208-7-smb devstack@c-api.service[113473]: DEBUG cinder.api.openstack.wsgi [None req-176a3201-9bf5-46e9-b007-3bfd5cb1c88e tempest-VolumeTypesAccessTest-1612453783 tempest-VolumeTypesAccessTest-1612453783-project-admin] Empty body provided in request {{(pid=113473) get_body /opt/stack/cinder/cinder/api/openstack/wsgi.py:715}}
Aug 18 14:55:55.798646 dv-cinder-852208-7-smb devstack@c-api.service[113473]: DEBUG cinder.api.openstack.wsgi [None req-176a3201-9bf5-46e9-b007-3bfd5cb1c88e tempest-VolumeTypesAccessTest-1612453783 tempest-VolumeTypesAccessTest-1612453783-project-admin] Calling method 'show' {{(pid=113473) _process_stack /opt/stack/cinder/cinder/api/openstack/wsgi.py:868}}
Aug 18 14:55:55.806555 dv-cinder-852208-7-smb devstack@c-api.service[113473]: DEBUG dbcounter [-] [113473] Writing DB stats cinder:UPDATE=29,cinder:SELECT=66,cinder:INSERT=5 {{(pid=113473) stat_writer /usr/local/lib/python3.8/dist-packages/dbcounter.py:114}}
Aug 18 14:55:55.817987 dv-cinder-852208-7-smb devstack@c-api.service[113473]: INFO cinder.api.openstack.wsgi [None req-176a3201-9bf5-46e9-b007-3bfd5cb1c88e tempest-VolumeTypesAccessTest-1612453783 tempest-VolumeTypesAccessTest-1612453783-project-admin] http://10.222.0.46/volume/v3/1a849baad5a8423da2e6323e642beff0/types/26b084ee-8939-412e-8101-97acc291a5f7 returned with HTTP 404
Aug 18 14:55:55.825282 dv-cinder-852208-7-smb devstack@c-api.service[113472]: INFO cinder.api.openstack.wsgi [None req-17b349c9-9a5c-4670-a83c-b41ace3ba124 tempest-UserMessagesTest-1627632292 tempest-UserMessagesTest-1627632292-project-admin] http://10.222.0.46/volume/v3/33104309b78844c6b9f24ad69436f914/types/2242eee7-ce29-4717-96d1-fd6a4bd4db98 returned with HTTP 202
Aug 18 14:55:55.830003 dv-cinder-852208-7-smb devstack@c-api.service[113473]: [pid: 113473|app: 0|req: 100/197] 10.222.0.46 () {58 vars in 1319 bytes} [Thu Aug 18 14:55:55 2022] GET /volume/v3/1a849baad5a8423da2e6323e642beff0/types/26b084ee-8939-412e-8101-97acc291a5f7 => generated 114 bytes in 50 msecs (HTTP/1.1 404) 7 headers in 292 bytes (1 switches on core 0)
Aug 18 14:55:55.831628 dv-cinder-852208-7-smb devstack@c-api.service[113473]: DEBUG cinder.api.middleware.request_id [None req-bee5a7f9-deda-4f10-86ca-bbfef94ea081 None None] RequestId filter calling following filter/app {{(pid=113473) _context_setter /opt/stack/cinder/cinder/api/middleware/request_id.py:62}}
Aug 18 14:55:55.836061 dv-cinder-852208-7-smb devstack@c-api.service[113473]: INFO cinder.api.openstack.wsgi [None req-bee5a7f9-deda-4f10-86ca-bbfef94ea081 tempest-VolumeTypesAccessTest-628868073 tempest-VolumeTypesAccessTest-628868073-project] DELETE http://10.222.0.46/volume/v3/19958d37a0534761aa436c8094e10d7e/volumes/fabb2679-45a1-4d14-a1b6-b9cc168869fc
Aug 18 14:55:55.836244 dv-cinder-852208-7-smb devstack@c-api.service[113472]: [pid: 113472|app: 0|req: 98/198] 10.222.0.46 () {58 vars in 1322 bytes} [Thu Aug 18 14:55:55 2022] DELETE /volume/v3/33104309b78844c6b9f24ad69436f914/types/2242eee7-ce29-4717-96d1-fd6a4bd4db98 => generated 0 bytes in 193 msecs (HTTP/1.1 202) 6 headers in 233 bytes (1 switches on core 0)
Aug 18 14:55:55.839858 dv-cinder-852208-7-smb devstack@c-api.service[113472]: DEBUG cinder.api.middleware.request_id [None req-778fdec8-af43-4b0e-b4f6-b99fcc18c64d None None] RequestId filter calling following filter/app {{(pid=113472) _context_setter /opt/stack/cinder/cinder/api/middleware/request_id.py:62}}
Aug 18 14:55:55.840741 dv-cinder-852208-7-smb devstack@c-api.service[113473]: DEBUG cinder.api.openstack.wsgi [None req-bee5a7f9-deda-4f10-86ca-bbfef94ea081 tempest-VolumeTypesAccessTest-628868073 tempest-VolumeTypesAccessTest-628868073-project] Empty body provided in request {{(pid=113473) get_body /opt/stack/cinder/cinder/api/openstack/wsgi.py:715}}
Aug 18 14:55:55.841479 dv-cinder-852208-7-smb devstack@c-api.service[113473]: DEBUG cinder.api.openstack.wsgi [None req-bee5a7f9-deda-4f10-86ca-bbfef94ea081 tempest-VolumeTypesAccessTest-628868073 tempest-VolumeTypesAccessTest-628868073-project] Calling method 'delete' {{(pid=113473) _process_stack /opt/stack/cinder/cinder/api/openstack/wsgi.py:868}}
Aug 18 14:55:55.845631 dv-cinder-852208-7-smb devstack@c-api.service[113472]: INFO cinder.api.openstack.wsgi [None req-778fdec8-af43-4b0e-b4f6-b99fcc18c64d tempest-UserMessagesTest-1627632292 tempest-UserMessagesTest-1627632292-project-admin] GET http://10.222.0.46/volume/v3/33104309b78844c6b9f24ad69436f914/types/2242eee7-ce29-4717-96d1-fd6a4bd4db98
Aug 18 14:55:55.846096 dv-cinder-852208-7-smb devstack@c-api.service[113472]: DEBUG cinder.api.openstack.wsgi [None req-778fdec8-af43-4b0e-b4f6-b99fcc18c64d tempest-UserMessagesTest-1627632292 tempest-UserMessagesTest-1627632292-project-admin] Empty body provided in request {{(pid=113472) get_body /opt/stack/cinder/cinder/api/openstack/wsgi.py:715}}
Aug 18 14:55:55.846563 dv-cinder-852208-7-smb devstack@c-api.service[113472]: DEBUG cinder.api.openstack.wsgi [None req-778fdec8-af43-4b0e-b4f6-b99fcc18c64d tempest-UserMessagesTest-1627632292 tempest-UserMessagesTest-1627632292-project-admin] Calling method 'show' {{(pid=113472) _process_stack /opt/stack/cinder/cinder/api/openstack/wsgi.py:868}}
Aug 18 14:55:55.846835 dv-cinder-852208-7-smb devstack@c-api.service[113473]: INFO cinder.api.v3.volumes [None req-bee5a7f9-deda-4f10-86ca-bbfef94ea081 tempest-VolumeTypesAccessTest-628868073 tempest-VolumeTypesAccessTest-628868073-project] Delete volume with id: fabb2679-45a1-4d14-a1b6-b9cc168869fc
Aug 18 14:55:55.854118 dv-cinder-852208-7-smb devstack@c-api.service[113472]: INFO cinder.api.openstack.wsgi [None req-778fdec8-af43-4b0e-b4f6-b99fcc18c64d tempest-UserMessagesTest-1627632292 tempest-UserMessagesTest-1627632292-project-admin] http://10.222.0.46/volume/v3/33104309b78844c6b9f24ad69436f914/types/2242eee7-ce29-4717-96d1-fd6a4bd4db98 returned with HTTP 404
Aug 18 14:55:55.857005 dv-cinder-852208-7-smb devstack@c-api.service[113472]: [pid: 113472|app: 0|req: 99/199] 10.222.0.46 () {58 vars in 1319 bytes} [Thu Aug 18 14:55:55 2022] GET /volume/v3/33104309b78844c6b9f24ad69436f914/types/2242eee7-ce29-4717-96d1-fd6a4bd4db98 => generated 114 bytes in 20 msecs (HTTP/1.1 404) 7 headers in 292 bytes (1 switches on core 0)
Aug 18 14:55:55.863085 dv-cinder-852208-7-smb devstack@c-api.service[113472]: DEBUG cinder.api.middleware.request_id [None req-2d8a4293-bb93-44e2-9981-c6d826f79b74 None None] RequestId filter calling following filter/app {{(pid=113472) _context_setter /opt/stack/cinder/cinder/api/middleware/request_id.py:62}}
Aug 18 14:55:55.875311 dv-cinder-852208-7-smb devstack@c-api.service[113472]: INFO cinder.api.openstack.wsgi [None req-2d8a4293-bb93-44e2-9981-c6d826f79b74 tempest-UserMessagesTest-650599220 tempest-UserMessagesTest-650599220-project] DELETE http://10.222.0.46/volume/v3/eb7d99920b6748838a74beed167ffd03/volumes/19b5fb7c-1faa-41f2-9ce7-f728a8d31e4a
Aug 18 14:55:55.875884 dv-cinder-852208-7-smb devstack@c-api.service[113472]: DEBUG cinder.api.openstack.wsgi [None req-2d8a4293-bb93-44e2-9981-c6d826f79b74 tempest-UserMessagesTest-650599220 tempest-UserMessagesTest-650599220-project] Empty body provided in request {{(pid=113472) get_body /opt/stack/cinder/cinder/api/openstack/wsgi.py:715}}
Aug 18 14:55:55.878298 dv-cinder-852208-7-smb devstack@c-api.service[113472]: DEBUG cinder.api.openstack.wsgi [None req-2d8a4293-bb93-44e2-9981-c6d826f79b74 tempest-UserMessagesTest-650599220 tempest-UserMessagesTest-650599220-project] Calling method 'delete' {{(pid=113472) _process_stack /opt/stack/cinder/cinder/api/openstack/wsgi.py:868}}
Aug 18 14:55:55.878782 dv-cinder-852208-7-smb devstack@c-api.service[113472]: INFO cinder.api.v3.volumes [None req-2d8a4293-bb93-44e2-9981-c6d826f79b74 tempest-UserMessagesTest-650599220 tempest-UserMessagesTest-650599220-project] Delete volume with id: 19b5fb7c-1faa-41f2-9ce7-f728a8d31e4a
Aug 18 14:55:55.880811 dv-cinder-852208-7-smb devstack@c-api.service[113473]: /usr/local/lib/python3.8/dist-packages/oslo_context/context.py:100: DeprecationWarning: Policy enforcement is depending on the value of is_admin. This key is deprecated. Please update your policy file to use the standard policy values.
Aug 18 14:55:55.880811 dv-cinder-852208-7-smb devstack@c-api.service[113473]: warnings.warn('Policy enforcement is depending on the value of '
Aug 18 14:55:55.883923 dv-cinder-852208-7-smb devstack@c-api.service[113473]: INFO cinder.volume.api [None req-bee5a7f9-deda-4f10-86ca-bbfef94ea081 tempest-VolumeTypesAccessTest-628868073 tempest-VolumeTypesAccessTest-628868073-project] Volume info retrieved successfully.
Aug 18 14:55:55.903255 dv-cinder-852208-7-smb devstack@c-api.service[113472]: /usr/local/lib/python3.8/dist-packages/oslo_context/context.py:100: DeprecationWarning: Policy enforcement is depending on the value of is_admin. This key is deprecated. Please update your policy file to use the standard policy values.
Aug 18 14:55:55.903255 dv-cinder-852208-7-smb devstack@c-api.service[113472]: warnings.warn('Policy enforcement is depending on the value of '
Aug 18 14:55:55.904860 dv-cinder-852208-7-smb devstack@c-api.service[113472]: INFO cinder.volume.api [None req-2d8a4293-bb93-44e2-9981-c6d826f79b74 tempest-UserMessagesTest-650599220 tempest-UserMessagesTest-650599220-project] Volume info retrieved successfully.
Aug 18 14:55:55.915392 dv-cinder-852208-7-smb devstack@c-api.service[113472]: DEBUG cinder.volume.api [None req-2d8a4293-bb93-44e2-9981-c6d826f79b74 tempest-UserMessagesTest-650599220 tempest-UserMessagesTest-650599220-project] Decrease volume quotas for non temporary volume in non error_managing status. {{(pid=113472) delete /opt/stack/cinder/cinder/volume/api.py:434}}
Aug 18 14:55:55.957498 dv-cinder-852208-7-smb devstack@c-api.service[113473]: INFO cinder.volume.api [None req-bee5a7f9-deda-4f10-86ca-bbfef94ea081 tempest-VolumeTypesAccessTest-628868073 tempest-VolumeTypesAccessTest-628868073-project] Delete volume request issued successfully.
Aug 18 14:55:55.958772 dv-cinder-852208-7-smb devstack@c-api.service[113473]: INFO cinder.api.openstack.wsgi [None req-bee5a7f9-deda-4f10-86ca-bbfef94ea081 tempest-VolumeTypesAccessTest-628868073 tempest-VolumeTypesAccessTest-628868073-project] http://10.222.0.46/volume/v3/19958d37a0534761aa436c8094e10d7e/volumes/fabb2679-45a1-4d14-a1b6-b9cc168869fc returned with HTTP 202
Aug 18 14:55:55.959747 dv-cinder-852208-7-smb devstack@c-api.service[113473]: [pid: 113473|app: 0|req: 101/200] 10.222.0.46 () {58 vars in 1328 bytes} [Thu Aug 18 14:55:55 2022] DELETE /volume/v3/19958d37a0534761aa436c8094e10d7e/volumes/fabb2679-45a1-4d14-a1b6-b9cc168869fc => generated 0 bytes in 129 msecs (HTTP/1.1 202) 6 headers in 233 bytes (1 switches on core 0)
Aug 18 14:55:55.965895 dv-cinder-852208-7-smb devstack@c-api.service[113473]: DEBUG cinder.api.middleware.request_id [None req-f755b85a-677d-49ef-8e68-6b3c06657c84 None None] RequestId filter calling following filter/app {{(pid=113473) _context_setter /opt/stack/cinder/cinder/api/middleware/request_id.py:62}}
Aug 18 14:55:55.972352 dv-cinder-852208-7-smb devstack@c-api.service[113473]: INFO cinder.api.openstack.wsgi [None req-f755b85a-677d-49ef-8e68-6b3c06657c84 tempest-VolumeTypesAccessTest-628868073 tempest-VolumeTypesAccessTest-628868073-project] GET http://10.222.0.46/volume/v3/19958d37a0534761aa436c8094e10d7e/volumes/fabb2679-45a1-4d14-a1b6-b9cc168869fc
Aug 18 14:55:55.972751 dv-cinder-852208-7-smb devstack@c-api.service[113473]: DEBUG cinder.api.openstack.wsgi [None req-f755b85a-677d-49ef-8e68-6b3c06657c84 tempest-VolumeTypesAccessTest-628868073 tempest-VolumeTypesAccessTest-628868073-project] Empty body provided in request {{(pid=113473) get_body /opt/stack/cinder/cinder/api/openstack/wsgi.py:715}}
Aug 18 14:55:55.973208 dv-cinder-852208-7-smb devstack@c-api.service[113473]: DEBUG cinder.api.openstack.wsgi [None req-f755b85a-677d-49ef-8e68-6b3c06657c84 tempest-VolumeTypesAccessTest-628868073 tempest-VolumeTypesAccessTest-628868073-project] Calling method 'show' {{(pid=113473) _process_stack /opt/stack/cinder/cinder/api/openstack/wsgi.py:868}}
Aug 18 14:55:56.011253 dv-cinder-852208-7-smb devstack@c-api.service[113472]: DEBUG cinder.quota [None req-2d8a4293-bb93-44e2-9981-c6d826f79b74 tempest-UserMessagesTest-650599220 tempest-UserMessagesTest-650599220-project] Created reservations ['669126c0-58cc-4e4c-b32a-798e42629282', 'edd20234-63ae-41c4-8dc9-efce334a63ef', '6954f5c3-9749-4c9e-ad26-98d068ea47c8', 'd804c75f-ba46-4765-bed8-6ce791b9673f'] {{(pid=113472) reserve /opt/stack/cinder/cinder/quota.py:755}}
Aug 18 14:55:56.057740 dv-cinder-852208-7-smb devstack@c-api.service[113473]: /usr/local/lib/python3.8/dist-packages/oslo_context/context.py:100: DeprecationWarning: Policy enforcement is depending on the value of is_admin. This key is deprecated. Please update your policy file to use the standard policy values.
Aug 18 14:55:56.057740 dv-cinder-852208-7-smb devstack@c-api.service[113473]: warnings.warn('Policy enforcement is depending on the value of '
Aug 18 14:55:56.085449 dv-cinder-852208-7-smb devstack@c-api.service[113473]: INFO cinder.volume.api [None req-f755b85a-677d-49ef-8e68-6b3c06657c84 tempest-VolumeTypesAccessTest-628868073 tempest-VolumeTypesAccessTest-628868073-project] Volume info retrieved successfully.
Aug 18 14:55:56.134220 dv-cinder-852208-7-smb devstack@c-api.service[113473]: INFO cinder.api.openstack.wsgi [None req-f755b85a-677d-49ef-8e68-6b3c06657c84 tempest-VolumeTypesAccessTest-628868073 tempest-VolumeTypesAccessTest-628868073-project] http://10.222.0.46/volume/v3/19958d37a0534761aa436c8094e10d7e/volumes/fabb2679-45a1-4d14-a1b6-b9cc168869fc returned with HTTP 200
Aug 18 14:55:56.135076 dv-cinder-852208-7-smb devstack@c-api.service[113473]: [pid: 113473|app: 0|req: 102/201] 10.222.0.46 () {58 vars in 1325 bytes} [Thu Aug 18 14:55:55 2022] GET /volume/v3/19958d37a0534761aa436c8094e10d7e/volumes/fabb2679-45a1-4d14-a1b6-b9cc168869fc => generated 954 bytes in 172 msecs (HTTP/1.1 200) 7 headers in 285 bytes (2 switches on core 0)
Aug 18 14:55:56.258175 dv-cinder-852208-7-smb devstack@c-api.service[113472]: INFO cinder.volume.api [None req-2d8a4293-bb93-44e2-9981-c6d826f79b74 tempest-UserMessagesTest-650599220 tempest-UserMessagesTest-650599220-project] Delete volume request issued successfully.
Aug 18 14:55:56.258614 dv-cinder-852208-7-smb devstack@c-api.service[113472]: INFO cinder.api.openstack.wsgi [None req-2d8a4293-bb93-44e2-9981-c6d826f79b74 tempest-UserMessagesTest-650599220 tempest-UserMessagesTest-650599220-project] http://10.222.0.46/volume/v3/eb7d99920b6748838a74beed167ffd03/volumes/19b5fb7c-1faa-41f2-9ce7-f728a8d31e4a returned with HTTP 202
Aug 18 14:55:56.261938 dv-cinder-852208-7-smb devstack@c-api.service[113472]: [pid: 113472|app: 0|req: 100/202] 10.222.0.46 () {60 vars in 1368 bytes} [Thu Aug 18 14:55:55 2022] DELETE /volume/v3/eb7d99920b6748838a74beed167ffd03/volumes/19b5fb7c-1faa-41f2-9ce7-f728a8d31e4a => generated 0 bytes in 400 msecs (HTTP/1.1 202) 6 headers in 233 bytes (1 switches on core 0)
Aug 18 14:55:56.276107 dv-cinder-852208-7-smb devstack@c-api.service[113473]: DEBUG cinder.api.middleware.request_id [None req-1c3f455e-2990-4d5b-a479-21ea420f8264 None None] RequestId filter calling following filter/app {{(pid=113473) _context_setter /opt/stack/cinder/cinder/api/middleware/request_id.py:62}}
Aug 18 14:55:56.276107 dv-cinder-852208-7-smb devstack@c-api.service[113473]: INFO cinder.api.openstack.wsgi [None req-1c3f455e-2990-4d5b-a479-21ea420f8264 tempest-UserMessagesTest-650599220 tempest-UserMessagesTest-650599220-project] GET http://10.222.0.46/volume/v3/eb7d99920b6748838a74beed167ffd03/volumes/19b5fb7c-1faa-41f2-9ce7-f728a8d31e4a
Aug 18 14:55:56.276107 dv-cinder-852208-7-smb devstack@c-api.service[113473]: DEBUG cinder.api.openstack.wsgi [None req-1c3f455e-2990-4d5b-a479-21ea420f8264 tempest-UserMessagesTest-650599220 tempest-UserMessagesTest-650599220-project] Empty body provided in request {{(pid=113473) get_body /opt/stack/cinder/cinder/api/openstack/wsgi.py:715}}
Aug 18 14:55:56.276107 dv-cinder-852208-7-smb devstack@c-api.service[113473]: DEBUG cinder.api.openstack.wsgi [None req-1c3f455e-2990-4d5b-a479-21ea420f8264 tempest-UserMessagesTest-650599220 tempest-UserMessagesTest-650599220-project] Calling method 'show' {{(pid=113473) _process_stack /opt/stack/cinder/cinder/api/openstack/wsgi.py:868}}
Aug 18 14:55:56.297772 dv-cinder-852208-7-smb devstack@c-api.service[113473]: INFO cinder.api.openstack.wsgi [None req-1c3f455e-2990-4d5b-a479-21ea420f8264 tempest-UserMessagesTest-650599220 tempest-UserMessagesTest-650599220-project] http://10.222.0.46/volume/v3/eb7d99920b6748838a74beed167ffd03/volumes/19b5fb7c-1faa-41f2-9ce7-f728a8d31e4a returned with HTTP 404
Aug 18 14:55:56.300587 dv-cinder-852208-7-smb devstack@c-api.service[113473]: [pid: 113473|app: 0|req: 103/203] 10.222.0.46 () {60 vars in 1365 bytes} [Thu Aug 18 14:55:56 2022] GET /volume/v3/eb7d99920b6748838a74beed167ffd03/volumes/19b5fb7c-1faa-41f2-9ce7-f728a8d31e4a => generated 109 bytes in 35 msecs (HTTP/1.1 404) 7 headers in 292 bytes (1 switches on core 0)
Aug 18 14:55:56.304932 dv-cinder-852208-7-smb devstack@c-api.service[113472]: DEBUG cinder.api.middleware.request_id [None req-73903684-2015-4ff8-a4c2-7435c7a51046 None None] RequestId filter calling following filter/app {{(pid=113472) _context_setter /opt/stack/cinder/cinder/api/middleware/request_id.py:62}}
Aug 18 14:55:56.309778 dv-cinder-852208-7-smb devstack@c-api.service[113472]: INFO cinder.api.openstack.wsgi [None req-73903684-2015-4ff8-a4c2-7435c7a51046 tempest-UserMessagesTest-1627632292 tempest-UserMessagesTest-1627632292-project-admin] DELETE http://10.222.0.46/volume/v3/33104309b78844c6b9f24ad69436f914/types/dceb4a67-100d-4f06-87f0-d14d8cd77e0a
Aug 18 14:55:56.310313 dv-cinder-852208-7-smb devstack@c-api.service[113472]: DEBUG cinder.api.openstack.wsgi [None req-73903684-2015-4ff8-a4c2-7435c7a51046 tempest-UserMessagesTest-1627632292 tempest-UserMessagesTest-1627632292-project-admin] Empty body provided in request {{(pid=113472) get_body /opt/stack/cinder/cinder/api/openstack/wsgi.py:715}}
Aug 18 14:55:56.311269 dv-cinder-852208-7-smb devstack@c-api.service[113472]: DEBUG cinder.api.openstack.wsgi [None req-73903684-2015-4ff8-a4c2-7435c7a51046 tempest-UserMessagesTest-1627632292 tempest-UserMessagesTest-1627632292-project-admin] Calling method '_delete' {{(pid=113472) _process_stack /opt/stack/cinder/cinder/api/openstack/wsgi.py:868}}
Aug 18 14:55:56.426073 dv-cinder-852208-7-smb devstack@c-api.service[113472]: INFO cinder.api.openstack.wsgi [None req-73903684-2015-4ff8-a4c2-7435c7a51046 tempest-UserMessagesTest-1627632292 tempest-UserMessagesTest-1627632292-project-admin] http://10.222.0.46/volume/v3/33104309b78844c6b9f24ad69436f914/types/dceb4a67-100d-4f06-87f0-d14d8cd77e0a returned with HTTP 202
Aug 18 14:55:56.427351 dv-cinder-852208-7-smb devstack@c-api.service[113472]: [pid: 113472|app: 0|req: 101/204] 10.222.0.46 () {58 vars in 1322 bytes} [Thu Aug 18 14:55:56 2022] DELETE /volume/v3/33104309b78844c6b9f24ad69436f914/types/dceb4a67-100d-4f06-87f0-d14d8cd77e0a => generated 0 bytes in 124 msecs (HTTP/1.1 202) 6 headers in 233 bytes (1 switches on core 0)
Aug 18 14:55:56.434144 dv-cinder-852208-7-smb devstack@c-api.service[113473]: DEBUG cinder.api.middleware.request_id [None req-9bdafbc7-c5fb-4da4-8d92-15dd60d5db62 None None] RequestId filter calling following filter/app {{(pid=113473) _context_setter /opt/stack/cinder/cinder/api/middleware/request_id.py:62}}
Aug 18 14:55:56.440009 dv-cinder-852208-7-smb devstack@c-api.service[113473]: INFO cinder.api.openstack.wsgi [None req-9bdafbc7-c5fb-4da4-8d92-15dd60d5db62 tempest-UserMessagesTest-1627632292 tempest-UserMessagesTest-1627632292-project-admin] GET http://10.222.0.46/volume/v3/33104309b78844c6b9f24ad69436f914/types/dceb4a67-100d-4f06-87f0-d14d8cd77e0a
Aug 18 14:55:56.440537 dv-cinder-852208-7-smb devstack@c-api.service[113473]: DEBUG cinder.api.openstack.wsgi [None req-9bdafbc7-c5fb-4da4-8d92-15dd60d5db62 tempest-UserMessagesTest-1627632292 tempest-UserMessagesTest-1627632292-project-admin] Empty body provided in request {{(pid=113473) get_body /opt/stack/cinder/cinder/api/openstack/wsgi.py:715}}
Aug 18 14:55:56.441001 dv-cinder-852208-7-smb devstack@c-api.service[113473]: DEBUG cinder.api.openstack.wsgi [None req-9bdafbc7-c5fb-4da4-8d92-15dd60d5db62 tempest-UserMessagesTest-1627632292 tempest-UserMessagesTest-1627632292-project-admin] Calling method 'show' {{(pid=113473) _process_stack /opt/stack/cinder/cinder/api/openstack/wsgi.py:868}}
Aug 18 14:55:56.455939 dv-cinder-852208-7-smb devstack@c-api.service[113473]: INFO cinder.api.openstack.wsgi [None req-9bdafbc7-c5fb-4da4-8d92-15dd60d5db62 tempest-UserMessagesTest-1627632292 tempest-UserMessagesTest-1627632292-project-admin] http://10.222.0.46/volume/v3/33104309b78844c6b9f24ad69436f914/types/dceb4a67-100d-4f06-87f0-d14d8cd77e0a returned with HTTP 404
Aug 18 14:55:56.457099 dv-cinder-852208-7-smb devstack@c-api.service[113473]: [pid: 113473|app: 0|req: 104/205] 10.222.0.46 () {58 vars in 1319 bytes} [Thu Aug 18 14:55:56 2022] GET /volume/v3/33104309b78844c6b9f24ad69436f914/types/dceb4a67-100d-4f06-87f0-d14d8cd77e0a => generated 114 bytes in 26 msecs (HTTP/1.1 404) 7 headers in 292 bytes (1 switches on core 0)
Aug 18 14:55:57.152124 dv-cinder-852208-7-smb devstack@c-api.service[113472]: DEBUG cinder.api.middleware.request_id [None req-dd264ec3-cc7c-44ba-89a3-3b22f4fbbf41 None None] RequestId filter calling following filter/app {{(pid=113472) _context_setter /opt/stack/cinder/cinder/api/middleware/request_id.py:62}}
Aug 18 14:55:57.160595 dv-cinder-852208-7-smb devstack@c-api.service[113472]: INFO cinder.api.openstack.wsgi [None req-dd264ec3-cc7c-44ba-89a3-3b22f4fbbf41 tempest-VolumeTypesAccessTest-628868073 tempest-VolumeTypesAccessTest-628868073-project] GET http://10.222.0.46/volume/v3/19958d37a0534761aa436c8094e10d7e/volumes/fabb2679-45a1-4d14-a1b6-b9cc168869fc
Aug 18 14:55:57.162339 dv-cinder-852208-7-smb devstack@c-api.service[113472]: DEBUG cinder.api.openstack.wsgi [None req-dd264ec3-cc7c-44ba-89a3-3b22f4fbbf41 tempest-VolumeTypesAccessTest-628868073 tempest-VolumeTypesAccessTest-628868073-project] Empty body provided in request {{(pid=113472) get_body /opt/stack/cinder/cinder/api/openstack/wsgi.py:715}}
Aug 18 14:55:57.164947 dv-cinder-852208-7-smb devstack@c-api.service[113472]: DEBUG cinder.api.openstack.wsgi [None req-dd264ec3-cc7c-44ba-89a3-3b22f4fbbf41 tempest-VolumeTypesAccessTest-628868073 tempest-VolumeTypesAccessTest-628868073-project] Calling method 'show' {{(pid=113472) _process_stack /opt/stack/cinder/cinder/api/openstack/wsgi.py:868}}
Aug 18 14:55:57.202952 dv-cinder-852208-7-smb devstack@c-api.service[113472]: INFO cinder.api.openstack.wsgi [None req-dd264ec3-cc7c-44ba-89a3-3b22f4fbbf41 tempest-VolumeTypesAccessTest-628868073 tempest-VolumeTypesAccessTest-628868073-project] http://10.222.0.46/volume/v3/19958d37a0534761aa436c8094e10d7e/volumes/fabb2679-45a1-4d14-a1b6-b9cc168869fc returned with HTTP 404
Aug 18 14:55:57.204522 dv-cinder-852208-7-smb devstack@c-api.service[113472]: [pid: 113472|app: 0|req: 102/206] 10.222.0.46 () {58 vars in 1325 bytes} [Thu Aug 18 14:55:57 2022] GET /volume/v3/19958d37a0534761aa436c8094e10d7e/volumes/fabb2679-45a1-4d14-a1b6-b9cc168869fc => generated 109 bytes in 54 msecs (HTTP/1.1 404) 7 headers in 292 bytes (1 switches on core 0)
Aug 18 14:55:57.209123 dv-cinder-852208-7-smb devstack@c-api.service[113473]: DEBUG cinder.api.middleware.request_id [None req-18a54d4d-e60c-4343-b302-70a9c90999ab None None] RequestId filter calling following filter/app {{(pid=113473) _context_setter /opt/stack/cinder/cinder/api/middleware/request_id.py:62}}
Aug 18 14:55:57.214564 dv-cinder-852208-7-smb devstack@c-api.service[113473]: INFO cinder.api.openstack.wsgi [None req-18a54d4d-e60c-4343-b302-70a9c90999ab tempest-VolumeTypesAccessTest-1612453783 tempest-VolumeTypesAccessTest-1612453783-project-admin] DELETE http://10.222.0.46/volume/v3/1a849baad5a8423da2e6323e642beff0/types/4aece1b1-30d9-4ba7-866c-67b5d8838378
Aug 18 14:55:57.215339 dv-cinder-852208-7-smb devstack@c-api.service[113473]: DEBUG cinder.api.openstack.wsgi [None req-18a54d4d-e60c-4343-b302-70a9c90999ab tempest-VolumeTypesAccessTest-1612453783 tempest-VolumeTypesAccessTest-1612453783-project-admin] Empty body provided in request {{(pid=113473) get_body /opt/stack/cinder/cinder/api/openstack/wsgi.py:715}}
Aug 18 14:55:57.216082 dv-cinder-852208-7-smb devstack@c-api.service[113473]: DEBUG cinder.api.openstack.wsgi [None req-18a54d4d-e60c-4343-b302-70a9c90999ab tempest-VolumeTypesAccessTest-1612453783 tempest-VolumeTypesAccessTest-1612453783-project-admin] Calling method '_delete' {{(pid=113473) _process_stack /opt/stack/cinder/cinder/api/openstack/wsgi.py:868}}
Aug 18 14:55:57.279201 dv-cinder-852208-7-smb devstack@c-api.service[113473]: INFO cinder.api.openstack.wsgi [None req-18a54d4d-e60c-4343-b302-70a9c90999ab tempest-VolumeTypesAccessTest-1612453783 tempest-VolumeTypesAccessTest-1612453783-project-admin] http://10.222.0.46/volume/v3/1a849baad5a8423da2e6323e642beff0/types/4aece1b1-30d9-4ba7-866c-67b5d8838378 returned with HTTP 202
Aug 18 14:55:57.292568 dv-cinder-852208-7-smb devstack@c-api.service[113472]: DEBUG cinder.api.middleware.request_id [None req-387a45bb-9d94-444e-bfa3-4a949d6c2783 None None] RequestId filter calling following filter/app {{(pid=113472) _context_setter /opt/stack/cinder/cinder/api/middleware/request_id.py:62}}
Aug 18 14:55:57.308798 dv-cinder-852208-7-smb devstack@c-api.service[113472]: INFO cinder.api.openstack.wsgi [None req-387a45bb-9d94-444e-bfa3-4a949d6c2783 tempest-VolumeTypesAccessTest-1612453783 tempest-VolumeTypesAccessTest-1612453783-project-admin] GET http://10.222.0.46/volume/v3/1a849baad5a8423da2e6323e642beff0/types/4aece1b1-30d9-4ba7-866c-67b5d8838378
Aug 18 14:55:57.309401 dv-cinder-852208-7-smb devstack@c-api.service[113472]: DEBUG cinder.api.openstack.wsgi [None req-387a45bb-9d94-444e-bfa3-4a949d6c2783 tempest-VolumeTypesAccessTest-1612453783 tempest-VolumeTypesAccessTest-1612453783-project-admin] Empty body provided in request {{(pid=113472) get_body /opt/stack/cinder/cinder/api/openstack/wsgi.py:715}}
Aug 18 14:55:57.312755 dv-cinder-852208-7-smb devstack@c-api.service[113472]: DEBUG cinder.api.openstack.wsgi [None req-387a45bb-9d94-444e-bfa3-4a949d6c2783 tempest-VolumeTypesAccessTest-1612453783 tempest-VolumeTypesAccessTest-1612453783-project-admin] Calling method 'show' {{(pid=113472) _process_stack /opt/stack/cinder/cinder/api/openstack/wsgi.py:868}}
Aug 18 14:55:57.317924 dv-cinder-852208-7-smb devstack@c-api.service[113473]: [pid: 113473|app: 0|req: 105/207] 10.222.0.46 () {58 vars in 1322 bytes} [Thu Aug 18 14:55:57 2022] DELETE /volume/v3/1a849baad5a8423da2e6323e642beff0/types/4aece1b1-30d9-4ba7-866c-67b5d8838378 => generated 0 bytes in 76 msecs (HTTP/1.1 202) 6 headers in 233 bytes (1 switches on core 0)
Aug 18 14:55:57.329232 dv-cinder-852208-7-smb devstack@c-api.service[113472]: INFO cinder.api.openstack.wsgi [None req-387a45bb-9d94-444e-bfa3-4a949d6c2783 tempest-VolumeTypesAccessTest-1612453783 tempest-VolumeTypesAccessTest-1612453783-project-admin] http://10.222.0.46/volume/v3/1a849baad5a8423da2e6323e642beff0/types/4aece1b1-30d9-4ba7-866c-67b5d8838378 returned with HTTP 404
Aug 18 14:55:57.330726 dv-cinder-852208-7-smb devstack@c-api.service[113472]: [pid: 113472|app: 0|req: 103/208] 10.222.0.46 () {58 vars in 1319 bytes} [Thu Aug 18 14:55:57 2022] GET /volume/v3/1a849baad5a8423da2e6323e642beff0/types/4aece1b1-30d9-4ba7-866c-67b5d8838378 => generated 114 bytes in 43 msecs (HTTP/1.1 404) 7 headers in 292 bytes (1 switches on core 0)
Aug 18 14:56:04.292987 dv-cinder-852208-7-smb devstack@c-api.service[113473]: DEBUG cinder.api.middleware.request_id [None req-c00e497a-b8ed-4fea-b8cb-acbb05a6b42d None None] RequestId filter calling following filter/app {{(pid=113473) _context_setter /opt/stack/cinder/cinder/api/middleware/request_id.py:62}}
Aug 18 14:56:04.449626 dv-cinder-852208-7-smb devstack@c-api.service[113473]: INFO cinder.api.openstack.wsgi [None req-c00e497a-b8ed-4fea-b8cb-acbb05a6b42d tempest-GroupTypesTest-781331627 tempest-GroupTypesTest-781331627-project-admin] POST http://10.222.0.46/volume/v3/b0c0a1adb0284d7aa35b1d516436e568/group_types
Aug 18 14:56:04.450659 dv-cinder-852208-7-smb devstack@c-api.service[113473]: DEBUG cinder.api.openstack.wsgi [None req-c00e497a-b8ed-4fea-b8cb-acbb05a6b42d tempest-GroupTypesTest-781331627 tempest-GroupTypesTest-781331627-project-admin] Action: 'create', calling method: version_select, body: {"group_type": {"name": "tempest-GroupTypesTest-group-type-1637703443", "description": "tempest-group-type-description-1777664340", "group_specs": {"consistent_group_snapshot_enabled": " False"}, "is_public": true}} {{(pid=113473) _process_stack /opt/stack/cinder/cinder/api/openstack/wsgi.py:866}}
Aug 18 14:56:04.489950 dv-cinder-852208-7-smb devstack@c-api.service[113473]: INFO cinder.api.openstack.wsgi [None req-c00e497a-b8ed-4fea-b8cb-acbb05a6b42d tempest-GroupTypesTest-781331627 tempest-GroupTypesTest-781331627-project-admin] http://10.222.0.46/volume/v3/b0c0a1adb0284d7aa35b1d516436e568/group_types returned with HTTP 202
Aug 18 14:56:04.490878 dv-cinder-852208-7-smb devstack@c-api.service[113473]: [pid: 113473|app: 0|req: 106/209] 10.222.0.46 () {62 vars in 1289 bytes} [Thu Aug 18 14:56:04 2022] POST /volume/v3/b0c0a1adb0284d7aa35b1d516436e568/group_types => generated 265 bytes in 200 msecs (HTTP/1.1 202) 7 headers in 292 bytes (1 switches on core 0)
Aug 18 14:56:04.499498 dv-cinder-852208-7-smb devstack@c-api.service[113472]: DEBUG cinder.api.middleware.request_id [None req-5d31b93b-c899-457c-8395-0dfecff69cbf None None] RequestId filter calling following filter/app {{(pid=113472) _context_setter /opt/stack/cinder/cinder/api/middleware/request_id.py:62}}
Aug 18 14:56:04.503402 dv-cinder-852208-7-smb devstack@c-api.service[113472]: INFO cinder.api.openstack.wsgi [None req-5d31b93b-c899-457c-8395-0dfecff69cbf tempest-GroupTypesTest-781331627 tempest-GroupTypesTest-781331627-project-admin] GET http://10.222.0.46/volume/v3/b0c0a1adb0284d7aa35b1d516436e568/group_types
Aug 18 14:56:04.503936 dv-cinder-852208-7-smb devstack@c-api.service[113472]: DEBUG cinder.api.openstack.wsgi [None req-5d31b93b-c899-457c-8395-0dfecff69cbf tempest-GroupTypesTest-781331627 tempest-GroupTypesTest-781331627-project-admin] Empty body provided in request {{(pid=113472) get_body /opt/stack/cinder/cinder/api/openstack/wsgi.py:715}}
Aug 18 14:56:04.504402 dv-cinder-852208-7-smb devstack@c-api.service[113472]: DEBUG cinder.api.openstack.wsgi [None req-5d31b93b-c899-457c-8395-0dfecff69cbf tempest-GroupTypesTest-781331627 tempest-GroupTypesTest-781331627-project-admin] Calling method 'version_select' {{(pid=113472) _process_stack /opt/stack/cinder/cinder/api/openstack/wsgi.py:868}}
Aug 18 14:56:04.508116 dv-cinder-852208-7-smb devstack@c-api.service[113472]: DEBUG dbcounter [-] [113472] Writing DB stats cinder:SELECT=69,cinder:INSERT=6,cinder:UPDATE=25 {{(pid=113472) stat_writer /usr/local/lib/python3.8/dist-packages/dbcounter.py:114}}
Aug 18 14:56:04.529542 dv-cinder-852208-7-smb devstack@c-api.service[113472]: INFO cinder.api.openstack.wsgi [None req-5d31b93b-c899-457c-8395-0dfecff69cbf tempest-GroupTypesTest-781331627 tempest-GroupTypesTest-781331627-project-admin] http://10.222.0.46/volume/v3/b0c0a1adb0284d7aa35b1d516436e568/group_types returned with HTTP 200
Aug 18 14:56:04.530639 dv-cinder-852208-7-smb devstack@c-api.service[113472]: [pid: 113472|app: 0|req: 104/210] 10.222.0.46 () {60 vars in 1267 bytes} [Thu Aug 18 14:56:04 2022] GET /volume/v3/b0c0a1adb0284d7aa35b1d516436e568/group_types => generated 499 bytes in 32 msecs (HTTP/1.1 200) 7 headers in 286 bytes (2 switches on core 0)
Aug 18 14:56:04.539140 dv-cinder-852208-7-smb devstack@c-api.service[113473]: DEBUG cinder.api.middleware.request_id [None req-7f9c9948-635f-496e-a5a2-8c7e84c524eb None None] RequestId filter calling following filter/app {{(pid=113473) _context_setter /opt/stack/cinder/cinder/api/middleware/request_id.py:62}}
Aug 18 14:56:04.544199 dv-cinder-852208-7-smb devstack@c-api.service[113473]: INFO cinder.api.openstack.wsgi [None req-7f9c9948-635f-496e-a5a2-8c7e84c524eb tempest-GroupTypesTest-781331627 tempest-GroupTypesTest-781331627-project-admin] PUT http://10.222.0.46/volume/v3/b0c0a1adb0284d7aa35b1d516436e568/group_types/2e7071be-4a13-449e-aaa7-8de77adcd82c
Aug 18 14:56:04.545136 dv-cinder-852208-7-smb devstack@c-api.service[113473]: DEBUG cinder.api.openstack.wsgi [None req-7f9c9948-635f-496e-a5a2-8c7e84c524eb tempest-GroupTypesTest-781331627 tempest-GroupTypesTest-781331627-project-admin] Action: 'update', calling method: version_select, body: {"group_type": {"name": "tempest-GroupTypesTest-updated-group-type-1812883668", "description": "updated-group-type-desc"}} {{(pid=113473) _process_stack /opt/stack/cinder/cinder/api/openstack/wsgi.py:866}}
Aug 18 14:56:04.569991 dv-cinder-852208-7-smb devstack@c-api.service[113473]: INFO cinder.api.openstack.wsgi [None req-7f9c9948-635f-496e-a5a2-8c7e84c524eb tempest-GroupTypesTest-781331627 tempest-GroupTypesTest-781331627-project-admin] http://10.222.0.46/volume/v3/b0c0a1adb0284d7aa35b1d516436e568/group_types/2e7071be-4a13-449e-aaa7-8de77adcd82c returned with HTTP 200
Aug 18 14:56:04.571208 dv-cinder-852208-7-smb devstack@c-api.service[113473]: [pid: 113473|app: 0|req: 107/211] 10.222.0.46 () {62 vars in 1399 bytes} [Thu Aug 18 14:56:04 2022] PUT /volume/v3/b0c0a1adb0284d7aa35b1d516436e568/group_types/2e7071be-4a13-449e-aaa7-8de77adcd82c => generated 255 bytes in 34 msecs (HTTP/1.1 200) 7 headers in 286 bytes (1 switches on core 0)
Aug 18 14:56:04.578954 dv-cinder-852208-7-smb devstack@c-api.service[113472]: DEBUG cinder.api.middleware.request_id [None req-7f1a8594-34b1-4008-ac79-4ed649d5fba8 None None] RequestId filter calling following filter/app {{(pid=113472) _context_setter /opt/stack/cinder/cinder/api/middleware/request_id.py:62}}
Aug 18 14:56:04.584071 dv-cinder-852208-7-smb devstack@c-api.service[113472]: INFO cinder.api.openstack.wsgi [None req-7f1a8594-34b1-4008-ac79-4ed649d5fba8 tempest-GroupTypesTest-781331627 tempest-GroupTypesTest-781331627-project-admin] GET http://10.222.0.46/volume/v3/b0c0a1adb0284d7aa35b1d516436e568/group_types/2e7071be-4a13-449e-aaa7-8de77adcd82c
Aug 18 14:56:04.584847 dv-cinder-852208-7-smb devstack@c-api.service[113472]: DEBUG cinder.api.openstack.wsgi [None req-7f1a8594-34b1-4008-ac79-4ed649d5fba8 tempest-GroupTypesTest-781331627 tempest-GroupTypesTest-781331627-project-admin] Empty body provided in request {{(pid=113472) get_body /opt/stack/cinder/cinder/api/openstack/wsgi.py:715}}
Aug 18 14:56:04.585631 dv-cinder-852208-7-smb devstack@c-api.service[113472]: DEBUG cinder.api.openstack.wsgi [None req-7f1a8594-34b1-4008-ac79-4ed649d5fba8 tempest-GroupTypesTest-781331627 tempest-GroupTypesTest-781331627-project-admin] Calling method 'version_select' {{(pid=113472) _process_stack /opt/stack/cinder/cinder/api/openstack/wsgi.py:868}}
Aug 18 14:56:04.596069 dv-cinder-852208-7-smb devstack@c-api.service[113472]: INFO cinder.api.openstack.wsgi [None req-7f1a8594-34b1-4008-ac79-4ed649d5fba8 tempest-GroupTypesTest-781331627 tempest-GroupTypesTest-781331627-project-admin] http://10.222.0.46/volume/v3/b0c0a1adb0284d7aa35b1d516436e568/group_types/2e7071be-4a13-449e-aaa7-8de77adcd82c returned with HTTP 200
Aug 18 14:56:04.597859 dv-cinder-852208-7-smb devstack@c-api.service[113472]: [pid: 113472|app: 0|req: 105/212] 10.222.0.46 () {60 vars in 1378 bytes} [Thu Aug 18 14:56:04 2022] GET /volume/v3/b0c0a1adb0284d7aa35b1d516436e568/group_types/2e7071be-4a13-449e-aaa7-8de77adcd82c => generated 255 bytes in 20 msecs (HTTP/1.1 200) 7 headers in 286 bytes (2 switches on core 0)
Aug 18 14:56:04.605717 dv-cinder-852208-7-smb devstack@c-api.service[113473]: DEBUG cinder.api.middleware.request_id [None req-794b65b4-2fd1-41e7-aa83-c369b04f82fb None None] RequestId filter calling following filter/app {{(pid=113473) _context_setter /opt/stack/cinder/cinder/api/middleware/request_id.py:62}}
Aug 18 14:56:04.612108 dv-cinder-852208-7-smb devstack@c-api.service[113473]: INFO cinder.api.openstack.wsgi [None req-794b65b4-2fd1-41e7-aa83-c369b04f82fb tempest-GroupTypesTest-781331627 tempest-GroupTypesTest-781331627-project-admin] DELETE http://10.222.0.46/volume/v3/b0c0a1adb0284d7aa35b1d516436e568/group_types/2e7071be-4a13-449e-aaa7-8de77adcd82c
Aug 18 14:56:04.613250 dv-cinder-852208-7-smb devstack@c-api.service[113473]: DEBUG cinder.api.openstack.wsgi [None req-794b65b4-2fd1-41e7-aa83-c369b04f82fb tempest-GroupTypesTest-781331627 tempest-GroupTypesTest-781331627-project-admin] Empty body provided in request {{(pid=113473) get_body /opt/stack/cinder/cinder/api/openstack/wsgi.py:715}}
Aug 18 14:56:04.613911 dv-cinder-852208-7-smb devstack@c-api.service[113473]: DEBUG cinder.api.openstack.wsgi [None req-794b65b4-2fd1-41e7-aa83-c369b04f82fb tempest-GroupTypesTest-781331627 tempest-GroupTypesTest-781331627-project-admin] Calling method 'version_select' {{(pid=113473) _process_stack /opt/stack/cinder/cinder/api/openstack/wsgi.py:868}}
Aug 18 14:56:04.643693 dv-cinder-852208-7-smb devstack@c-api.service[113473]: INFO cinder.api.openstack.wsgi [None req-794b65b4-2fd1-41e7-aa83-c369b04f82fb tempest-GroupTypesTest-781331627 tempest-GroupTypesTest-781331627-project-admin] http://10.222.0.46/volume/v3/b0c0a1adb0284d7aa35b1d516436e568/group_types/2e7071be-4a13-449e-aaa7-8de77adcd82c returned with HTTP 202
Aug 18 14:56:04.645301 dv-cinder-852208-7-smb devstack@c-api.service[113473]: [pid: 113473|app: 0|req: 108/213] 10.222.0.46 () {60 vars in 1381 bytes} [Thu Aug 18 14:56:04 2022] DELETE /volume/v3/b0c0a1adb0284d7aa35b1d516436e568/group_types/2e7071be-4a13-449e-aaa7-8de77adcd82c => generated 0 bytes in 41 msecs (HTTP/1.1 202) 6 headers in 234 bytes (1 switches on core 0)
Aug 18 14:56:04.650696 dv-cinder-852208-7-smb devstack@c-api.service[113472]: DEBUG cinder.api.middleware.request_id [None req-69d56b21-9dad-411d-bdff-9274c56de67c None None] RequestId filter calling following filter/app {{(pid=113472) _context_setter /opt/stack/cinder/cinder/api/middleware/request_id.py:62}}
Aug 18 14:56:04.656236 dv-cinder-852208-7-smb devstack@c-api.service[113472]: INFO cinder.api.openstack.wsgi [None req-69d56b21-9dad-411d-bdff-9274c56de67c tempest-GroupTypesTest-781331627 tempest-GroupTypesTest-781331627-project-admin] GET http://10.222.0.46/volume/v3/b0c0a1adb0284d7aa35b1d516436e568/group_types
Aug 18 14:56:04.657426 dv-cinder-852208-7-smb devstack@c-api.service[113472]: DEBUG cinder.api.openstack.wsgi [None req-69d56b21-9dad-411d-bdff-9274c56de67c tempest-GroupTypesTest-781331627 tempest-GroupTypesTest-781331627-project-admin] Empty body provided in request {{(pid=113472) get_body /opt/stack/cinder/cinder/api/openstack/wsgi.py:715}}
Aug 18 14:56:04.658139 dv-cinder-852208-7-smb devstack@c-api.service[113472]: DEBUG cinder.api.openstack.wsgi [None req-69d56b21-9dad-411d-bdff-9274c56de67c tempest-GroupTypesTest-781331627 tempest-GroupTypesTest-781331627-project-admin] Calling method 'version_select' {{(pid=113472) _process_stack /opt/stack/cinder/cinder/api/openstack/wsgi.py:868}}
Aug 18 14:56:04.676305 dv-cinder-852208-7-smb devstack@c-api.service[113472]: INFO cinder.api.openstack.wsgi [None req-69d56b21-9dad-411d-bdff-9274c56de67c tempest-GroupTypesTest-781331627 tempest-GroupTypesTest-781331627-project-admin] http://10.222.0.46/volume/v3/b0c0a1adb0284d7aa35b1d516436e568/group_types returned with HTTP 200
Aug 18 14:56:04.677041 dv-cinder-852208-7-smb devstack@c-api.service[113472]: [pid: 113472|app: 0|req: 106/214] 10.222.0.46 () {60 vars in 1267 bytes} [Thu Aug 18 14:56:04 2022] GET /volume/v3/b0c0a1adb0284d7aa35b1d516436e568/group_types => generated 248 bytes in 28 msecs (HTTP/1.1 200) 7 headers in 286 bytes (1 switches on core 0)
Aug 18 14:56:04.687582 dv-cinder-852208-7-smb devstack@c-api.service[113473]: DEBUG cinder.api.middleware.request_id [None req-908783bb-4476-4856-8f5a-e9c07479c8a3 None None] RequestId filter calling following filter/app {{(pid=113473) _context_setter /opt/stack/cinder/cinder/api/middleware/request_id.py:62}}
Aug 18 14:56:04.692583 dv-cinder-852208-7-smb devstack@c-api.service[113473]: INFO cinder.api.openstack.wsgi [None req-908783bb-4476-4856-8f5a-e9c07479c8a3 tempest-GroupTypesTest-781331627 tempest-GroupTypesTest-781331627-project-admin] POST http://10.222.0.46/volume/v3/b0c0a1adb0284d7aa35b1d516436e568/group_types
Aug 18 14:56:04.694453 dv-cinder-852208-7-smb devstack@c-api.service[113473]: DEBUG cinder.api.openstack.wsgi [None req-908783bb-4476-4856-8f5a-e9c07479c8a3 tempest-GroupTypesTest-781331627 tempest-GroupTypesTest-781331627-project-admin] Action: 'create', calling method: version_select, body: {"group_type": {"name": "a_tempest-group-type-131931873", "is_public": true}} {{(pid=113473) _process_stack /opt/stack/cinder/cinder/api/openstack/wsgi.py:866}}
Aug 18 14:56:04.727092 dv-cinder-852208-7-smb devstack@c-api.service[113473]: INFO cinder.api.openstack.wsgi [None req-908783bb-4476-4856-8f5a-e9c07479c8a3 tempest-GroupTypesTest-781331627 tempest-GroupTypesTest-781331627-project-admin] http://10.222.0.46/volume/v3/b0c0a1adb0284d7aa35b1d516436e568/group_types returned with HTTP 202
Aug 18 14:56:04.731987 dv-cinder-852208-7-smb devstack@c-api.service[113473]: [pid: 113473|app: 0|req: 109/215] 10.222.0.46 () {62 vars in 1288 bytes} [Thu Aug 18 14:56:04 2022] POST /volume/v3/b0c0a1adb0284d7aa35b1d516436e568/group_types => generated 163 bytes in 42 msecs (HTTP/1.1 202) 7 headers in 292 bytes (1 switches on core 0)
Aug 18 14:56:04.735579 dv-cinder-852208-7-smb devstack@c-api.service[113472]: DEBUG cinder.api.middleware.request_id [None req-59da54f5-7f98-4cbf-93c4-98b8af06553d None None] RequestId filter calling following filter/app {{(pid=113472) _context_setter /opt/stack/cinder/cinder/api/middleware/request_id.py:62}}
Aug 18 14:56:04.739970 dv-cinder-852208-7-smb devstack@c-api.service[113472]: INFO cinder.api.openstack.wsgi [None req-59da54f5-7f98-4cbf-93c4-98b8af06553d tempest-GroupTypesTest-781331627 tempest-GroupTypesTest-781331627-project-admin] POST http://10.222.0.46/volume/v3/b0c0a1adb0284d7aa35b1d516436e568/group_types
Aug 18 14:56:04.741245 dv-cinder-852208-7-smb devstack@c-api.service[113472]: DEBUG cinder.api.openstack.wsgi [None req-59da54f5-7f98-4cbf-93c4-98b8af06553d tempest-GroupTypesTest-781331627 tempest-GroupTypesTest-781331627-project-admin] Action: 'create', calling method: version_select, body: {"group_type": {"name": "b_tempest-group-type-1325657078", "is_public": false}} {{(pid=113472) _process_stack /opt/stack/cinder/cinder/api/openstack/wsgi.py:866}}
Aug 18 14:56:04.778133 dv-cinder-852208-7-smb devstack@c-api.service[113472]: INFO cinder.api.openstack.wsgi [None req-59da54f5-7f98-4cbf-93c4-98b8af06553d tempest-GroupTypesTest-781331627 tempest-GroupTypesTest-781331627-project-admin] http://10.222.0.46/volume/v3/b0c0a1adb0284d7aa35b1d516436e568/group_types returned with HTTP 202
Aug 18 14:56:04.779721 dv-cinder-852208-7-smb devstack@c-api.service[113472]: [pid: 113472|app: 0|req: 107/216] 10.222.0.46 () {62 vars in 1288 bytes} [Thu Aug 18 14:56:04 2022] POST /volume/v3/b0c0a1adb0284d7aa35b1d516436e568/group_types => generated 165 bytes in 45 msecs (HTTP/1.1 202) 7 headers in 292 bytes (1 switches on core 0)
Aug 18 14:56:04.787759 dv-cinder-852208-7-smb devstack@c-api.service[113473]: DEBUG cinder.api.middleware.request_id [None req-4e63f71f-e075-4948-af45-b396bc8a9020 None None] RequestId filter calling following filter/app {{(pid=113473) _context_setter /opt/stack/cinder/cinder/api/middleware/request_id.py:62}}
Aug 18 14:56:04.792928 dv-cinder-852208-7-smb devstack@c-api.service[113473]: INFO cinder.api.openstack.wsgi [None req-4e63f71f-e075-4948-af45-b396bc8a9020 tempest-GroupTypesTest-781331627 tempest-GroupTypesTest-781331627-project-admin] GET http://10.222.0.46/volume/v3/b0c0a1adb0284d7aa35b1d516436e568/group_types?sort=name%3Aasc&is_public=None
Aug 18 14:56:04.793757 dv-cinder-852208-7-smb devstack@c-api.service[113473]: DEBUG cinder.api.openstack.wsgi [None req-4e63f71f-e075-4948-af45-b396bc8a9020 tempest-GroupTypesTest-781331627 tempest-GroupTypesTest-781331627-project-admin] Empty body provided in request {{(pid=113473) get_body /opt/stack/cinder/cinder/api/openstack/wsgi.py:715}}
Aug 18 14:56:04.794236 dv-cinder-852208-7-smb devstack@c-api.service[113473]: DEBUG cinder.api.openstack.wsgi [None req-4e63f71f-e075-4948-af45-b396bc8a9020 tempest-GroupTypesTest-781331627 tempest-GroupTypesTest-781331627-project-admin] Calling method 'version_select' {{(pid=113473) _process_stack /opt/stack/cinder/cinder/api/openstack/wsgi.py:868}}
Aug 18 14:56:04.812576 dv-cinder-852208-7-smb devstack@c-api.service[113473]: INFO cinder.api.openstack.wsgi [None req-4e63f71f-e075-4948-af45-b396bc8a9020 tempest-GroupTypesTest-781331627 tempest-GroupTypesTest-781331627-project-admin] http://10.222.0.46/volume/v3/b0c0a1adb0284d7aa35b1d516436e568/group_types?sort=name%3Aasc&is_public=None returned with HTTP 200
