Aug 18 14:50:40.562512 dv-cinder-852208-7-iscsi devstack@n-api.service[132267]: DEBUG nova.api.openstack.wsgi_app [-] oslo_messaging_rabbit.ssl = False {{(pid=132267) log_opt_values /usr/local/lib/python3.8/dist-packages/oslo_config/cfg.py:2609}}
Aug 18 14:50:40.562512 dv-cinder-852208-7-iscsi devstack@n-api.service[132267]: DEBUG nova.api.openstack.wsgi_app [-] oslo_messaging_rabbit.ssl_ca_file = {{(pid=132267) log_opt_values /usr/local/lib/python3.8/dist-packages/oslo_config/cfg.py:2609}}
Aug 18 14:50:40.562939 dv-cinder-852208-7-iscsi devstack@n-api.service[132268]: DEBUG nova.api.openstack.wsgi_app [-] oslo_messaging_rabbit.rabbit_quroum_max_memory_length = 0 {{(pid=132268) log_opt_values /usr/local/lib/python3.8/dist-packages/oslo_config/cfg.py:2609}}
Aug 18 14:50:40.563166 dv-cinder-852208-7-iscsi devstack@n-api.service[132267]: DEBUG nova.api.openstack.wsgi_app [-] oslo_messaging_rabbit.ssl_cert_file = {{(pid=132267) log_opt_values /usr/local/lib/python3.8/dist-packages/oslo_config/cfg.py:2609}}
Aug 18 14:50:40.563307 dv-cinder-852208-7-iscsi devstack@n-api.service[132268]: DEBUG nova.api.openstack.wsgi_app [-] oslo_messaging_rabbit.rabbit_retry_backoff = 2 {{(pid=132268) log_opt_values /usr/local/lib/python3.8/dist-packages/oslo_config/cfg.py:2609}}
Aug 18 14:50:40.563457 dv-cinder-852208-7-iscsi devstack@n-api.service[132267]: DEBUG nova.api.openstack.wsgi_app [-] oslo_messaging_rabbit.ssl_enforce_fips_mode = False {{(pid=132267) log_opt_values /usr/local/lib/python3.8/dist-packages/oslo_config/cfg.py:2609}}
Aug 18 14:50:40.563457 dv-cinder-852208-7-iscsi devstack@n-api.service[132267]: DEBUG nova.api.openstack.wsgi_app [-] oslo_messaging_rabbit.ssl_key_file = {{(pid=132267) log_opt_values /usr/local/lib/python3.8/dist-packages/oslo_config/cfg.py:2609}}
Aug 18 14:50:40.563781 dv-cinder-852208-7-iscsi devstack@n-api.service[132268]: DEBUG nova.api.openstack.wsgi_app [-] oslo_messaging_rabbit.rabbit_retry_interval = 1 {{(pid=132268) log_opt_values /usr/local/lib/python3.8/dist-packages/oslo_config/cfg.py:2609}}
Aug 18 14:50:40.564010 dv-cinder-852208-7-iscsi devstack@n-api.service[132267]: DEBUG nova.api.openstack.wsgi_app [-] oslo_messaging_rabbit.ssl_version = {{(pid=132267) log_opt_values /usr/local/lib/python3.8/dist-packages/oslo_config/cfg.py:2609}}
Aug 18 14:50:40.564163 dv-cinder-852208-7-iscsi devstack@n-api.service[132268]: DEBUG nova.api.openstack.wsgi_app [-] oslo_messaging_rabbit.rabbit_transient_queues_ttl = 1800 {{(pid=132268) log_opt_values /usr/local/lib/python3.8/dist-packages/oslo_config/cfg.py:2609}}
Aug 18 14:50:40.564479 dv-cinder-852208-7-iscsi devstack@n-api.service[132267]: DEBUG nova.api.openstack.wsgi_app [-] oslo_messaging_notifications.driver = ['messagingv2'] {{(pid=132267) log_opt_values /usr/local/lib/python3.8/dist-packages/oslo_config/cfg.py:2609}}
Aug 18 14:50:40.564479 dv-cinder-852208-7-iscsi devstack@n-api.service[132267]: DEBUG nova.api.openstack.wsgi_app [-] oslo_messaging_notifications.retry = -1 {{(pid=132267) log_opt_values /usr/local/lib/python3.8/dist-packages/oslo_config/cfg.py:2609}}
Aug 18 14:50:40.564773 dv-cinder-852208-7-iscsi devstack@n-api.service[132268]: DEBUG nova.api.openstack.wsgi_app [-] oslo_messaging_rabbit.rpc_conn_pool_size = 30 {{(pid=132268) log_opt_values /usr/local/lib/python3.8/dist-packages/oslo_config/cfg.py:2609}}
Aug 18 14:50:40.564913 dv-cinder-852208-7-iscsi devstack@n-api.service[132267]: DEBUG nova.api.openstack.wsgi_app [-] oslo_messaging_notifications.topics = ['notifications'] {{(pid=132267) log_opt_values /usr/local/lib/python3.8/dist-packages/oslo_config/cfg.py:2609}}
Aug 18 14:50:40.565051 dv-cinder-852208-7-iscsi devstack@n-api.service[132268]: DEBUG nova.api.openstack.wsgi_app [-] oslo_messaging_rabbit.ssl = False {{(pid=132268) log_opt_values /usr/local/lib/python3.8/dist-packages/oslo_config/cfg.py:2609}}
Aug 18 14:50:40.565200 dv-cinder-852208-7-iscsi devstack@n-api.service[132267]: DEBUG nova.api.openstack.wsgi_app [-] oslo_messaging_notifications.transport_url = **** {{(pid=132267) log_opt_values /usr/local/lib/python3.8/dist-packages/oslo_config/cfg.py:2609}}
Aug 18 14:50:40.565379 dv-cinder-852208-7-iscsi devstack@n-api.service[132267]: DEBUG nova.api.openstack.wsgi_app [-] oslo_reports.file_event_handler = None {{(pid=132267) log_opt_values /usr/local/lib/python3.8/dist-packages/oslo_config/cfg.py:2609}}
Aug 18 14:50:40.565528 dv-cinder-852208-7-iscsi devstack@n-api.service[132268]: DEBUG nova.api.openstack.wsgi_app [-] oslo_messaging_rabbit.ssl_ca_file = {{(pid=132268) log_opt_values /usr/local/lib/python3.8/dist-packages/oslo_config/cfg.py:2609}}
Aug 18 14:50:40.565759 dv-cinder-852208-7-iscsi devstack@n-api.service[132267]: DEBUG nova.api.openstack.wsgi_app [-] oslo_reports.file_event_handler_interval = 1 {{(pid=132267) log_opt_values /usr/local/lib/python3.8/dist-packages/oslo_config/cfg.py:2609}}
Aug 18 14:50:40.565993 dv-cinder-852208-7-iscsi devstack@n-api.service[132267]: DEBUG nova.api.openstack.wsgi_app [-] oslo_reports.log_dir = None {{(pid=132267) log_opt_values /usr/local/lib/python3.8/dist-packages/oslo_config/cfg.py:2609}}
Aug 18 14:50:40.566137 dv-cinder-852208-7-iscsi devstack@n-api.service[132268]: DEBUG nova.api.openstack.wsgi_app [-] oslo_messaging_rabbit.ssl_cert_file = {{(pid=132268) log_opt_values /usr/local/lib/python3.8/dist-packages/oslo_config/cfg.py:2609}}
Aug 18 14:50:40.566287 dv-cinder-852208-7-iscsi devstack@n-api.service[132267]: DEBUG nova.api.openstack.wsgi_app [-] ******************************************************************************** {{(pid=132267) log_opt_values /usr/local/lib/python3.8/dist-packages/oslo_config/cfg.py:2613}}
Aug 18 14:50:40.566501 dv-cinder-852208-7-iscsi devstack@n-api.service[132268]: DEBUG nova.api.openstack.wsgi_app [-] oslo_messaging_rabbit.ssl_enforce_fips_mode = False {{(pid=132268) log_opt_values /usr/local/lib/python3.8/dist-packages/oslo_config/cfg.py:2609}}
Aug 18 14:50:40.566908 dv-cinder-852208-7-iscsi devstack@n-api.service[132268]: DEBUG nova.api.openstack.wsgi_app [-] oslo_messaging_rabbit.ssl_key_file = {{(pid=132268) log_opt_values /usr/local/lib/python3.8/dist-packages/oslo_config/cfg.py:2609}}
Aug 18 14:50:40.567315 dv-cinder-852208-7-iscsi devstack@n-api.service[132268]: DEBUG nova.api.openstack.wsgi_app [-] oslo_messaging_rabbit.ssl_version = {{(pid=132268) log_opt_values /usr/local/lib/python3.8/dist-packages/oslo_config/cfg.py:2609}}
Aug 18 14:50:40.567775 dv-cinder-852208-7-iscsi devstack@n-api.service[132268]: DEBUG nova.api.openstack.wsgi_app [-] oslo_messaging_notifications.driver = ['messagingv2'] {{(pid=132268) log_opt_values /usr/local/lib/python3.8/dist-packages/oslo_config/cfg.py:2609}}
Aug 18 14:50:40.568167 dv-cinder-852208-7-iscsi devstack@n-api.service[132268]: DEBUG nova.api.openstack.wsgi_app [-] oslo_messaging_notifications.retry = -1 {{(pid=132268) log_opt_values /usr/local/lib/python3.8/dist-packages/oslo_config/cfg.py:2609}}
Aug 18 14:50:40.568592 dv-cinder-852208-7-iscsi devstack@n-api.service[132268]: DEBUG nova.api.openstack.wsgi_app [-] oslo_messaging_notifications.topics = ['notifications'] {{(pid=132268) log_opt_values /usr/local/lib/python3.8/dist-packages/oslo_config/cfg.py:2609}}
Aug 18 14:50:40.568997 dv-cinder-852208-7-iscsi devstack@n-api.service[132268]: DEBUG nova.api.openstack.wsgi_app [-] oslo_messaging_notifications.transport_url = **** {{(pid=132268) log_opt_values /usr/local/lib/python3.8/dist-packages/oslo_config/cfg.py:2609}}
Aug 18 14:50:40.569389 dv-cinder-852208-7-iscsi devstack@n-api.service[132268]: DEBUG nova.api.openstack.wsgi_app [-] oslo_reports.file_event_handler = None {{(pid=132268) log_opt_values /usr/local/lib/python3.8/dist-packages/oslo_config/cfg.py:2609}}
Aug 18 14:50:40.570198 dv-cinder-852208-7-iscsi devstack@n-api.service[132268]: DEBUG nova.api.openstack.wsgi_app [-] oslo_reports.file_event_handler_interval = 1 {{(pid=132268) log_opt_values /usr/local/lib/python3.8/dist-packages/oslo_config/cfg.py:2609}}
Aug 18 14:50:40.570198 dv-cinder-852208-7-iscsi devstack@n-api.service[132268]: DEBUG nova.api.openstack.wsgi_app [-] oslo_reports.log_dir = None {{(pid=132268) log_opt_values /usr/local/lib/python3.8/dist-packages/oslo_config/cfg.py:2609}}
Aug 18 14:50:40.570408 dv-cinder-852208-7-iscsi devstack@n-api.service[132268]: DEBUG nova.api.openstack.wsgi_app [-] ******************************************************************************** {{(pid=132268) log_opt_values /usr/local/lib/python3.8/dist-packages/oslo_config/cfg.py:2613}}
Aug 18 14:50:40.628743 dv-cinder-852208-7-iscsi devstack@n-api.service[132267]: INFO dbcounter [None req-24f2b53c-39f2-44be-9b70-4a17212be30a None None] Registered counter for database nova_api
Aug 18 14:50:40.632929 dv-cinder-852208-7-iscsi devstack@n-api.service[132268]: INFO dbcounter [None req-96347364-1edb-47e1-8eb8-a95792ad6978 None None] Registered counter for database nova_api
Aug 18 14:50:40.650745 dv-cinder-852208-7-iscsi devstack@n-api.service[132267]: DEBUG oslo_db.sqlalchemy.engines [None req-24f2b53c-39f2-44be-9b70-4a17212be30a None None] MySQL server mode set to STRICT_TRANS_TABLES,STRICT_ALL_TABLES,NO_ZERO_IN_DATE,NO_ZERO_DATE,ERROR_FOR_DIVISION_BY_ZERO,TRADITIONAL,NO_ENGINE_SUBSTITUTION {{(pid=132267) _check_effective_sql_mode /usr/local/lib/python3.8/dist-packages/oslo_db/sqlalchemy/engines.py:314}}
Aug 18 14:50:40.654849 dv-cinder-852208-7-iscsi devstack@n-api.service[132268]: DEBUG oslo_db.sqlalchemy.engines [None req-96347364-1edb-47e1-8eb8-a95792ad6978 None None] MySQL server mode set to STRICT_TRANS_TABLES,STRICT_ALL_TABLES,NO_ZERO_IN_DATE,NO_ZERO_DATE,ERROR_FOR_DIVISION_BY_ZERO,TRADITIONAL,NO_ENGINE_SUBSTITUTION {{(pid=132268) _check_effective_sql_mode /usr/local/lib/python3.8/dist-packages/oslo_db/sqlalchemy/engines.py:314}}
Aug 18 14:50:40.658237 dv-cinder-852208-7-iscsi devstack@n-api.service[132267]: DEBUG dbcounter [-] [132267] Writer thread running {{(pid=132267) stat_writer /usr/local/lib/python3.8/dist-packages/dbcounter.py:99}}
Aug 18 14:50:40.661473 dv-cinder-852208-7-iscsi devstack@n-api.service[132268]: DEBUG dbcounter [-] [132268] Writer thread running {{(pid=132268) stat_writer /usr/local/lib/python3.8/dist-packages/dbcounter.py:99}}
Aug 18 14:50:40.716159 dv-cinder-852208-7-iscsi devstack@n-api.service[132267]: DEBUG nova.context [None req-24f2b53c-39f2-44be-9b70-4a17212be30a None None] Found 2 cells: 00000000-0000-0000-0000-000000000000(cell0),b3f44a74-f470-4dbc-81de-0c86ad3f4d2c(cell1) {{(pid=132267) load_cells /opt/stack/nova/nova/context.py:464}}
Aug 18 14:50:40.719271 dv-cinder-852208-7-iscsi devstack@n-api.service[132268]: DEBUG nova.context [None req-96347364-1edb-47e1-8eb8-a95792ad6978 None None] Found 2 cells: 00000000-0000-0000-0000-000000000000(cell0),b3f44a74-f470-4dbc-81de-0c86ad3f4d2c(cell1) {{(pid=132268) load_cells /opt/stack/nova/nova/context.py:464}}
Aug 18 14:50:40.720259 dv-cinder-852208-7-iscsi devstack@n-api.service[132267]: DEBUG oslo_concurrency.lockutils [None req-24f2b53c-39f2-44be-9b70-4a17212be30a None None] Acquiring lock "00000000-0000-0000-0000-000000000000" by "nova.context.set_target_cell..get_or_set_cached_cell_and_set_connections" {{(pid=132267) inner /usr/local/lib/python3.8/dist-packages/oslo_concurrency/lockutils.py:385}}
Aug 18 14:50:40.720741 dv-cinder-852208-7-iscsi devstack@n-api.service[132267]: DEBUG oslo_concurrency.lockutils [None req-24f2b53c-39f2-44be-9b70-4a17212be30a None None] Lock "00000000-0000-0000-0000-000000000000" acquired by "nova.context.set_target_cell..get_or_set_cached_cell_and_set_connections" :: waited 0.001s {{(pid=132267) inner /usr/local/lib/python3.8/dist-packages/oslo_concurrency/lockutils.py:390}}
Aug 18 14:50:40.722324 dv-cinder-852208-7-iscsi devstack@n-api.service[132267]: DEBUG oslo_concurrency.lockutils [None req-24f2b53c-39f2-44be-9b70-4a17212be30a None None] Lock "00000000-0000-0000-0000-000000000000" "released" by "nova.context.set_target_cell..get_or_set_cached_cell_and_set_connections" :: held 0.002s {{(pid=132267) inner /usr/local/lib/python3.8/dist-packages/oslo_concurrency/lockutils.py:404}}
Aug 18 14:50:40.723069 dv-cinder-852208-7-iscsi devstack@n-api.service[132267]: DEBUG oslo_concurrency.lockutils [None req-24f2b53c-39f2-44be-9b70-4a17212be30a None None] Acquiring lock "b3f44a74-f470-4dbc-81de-0c86ad3f4d2c" by "nova.context.set_target_cell..get_or_set_cached_cell_and_set_connections" {{(pid=132267) inner /usr/local/lib/python3.8/dist-packages/oslo_concurrency/lockutils.py:385}}
Aug 18 14:50:40.723310 dv-cinder-852208-7-iscsi devstack@n-api.service[132268]: DEBUG oslo_concurrency.lockutils [None req-96347364-1edb-47e1-8eb8-a95792ad6978 None None] Acquiring lock "00000000-0000-0000-0000-000000000000" by "nova.context.set_target_cell..get_or_set_cached_cell_and_set_connections" {{(pid=132268) inner /usr/local/lib/python3.8/dist-packages/oslo_concurrency/lockutils.py:385}}
Aug 18 14:50:40.723520 dv-cinder-852208-7-iscsi devstack@n-api.service[132267]: DEBUG oslo_concurrency.lockutils [None req-24f2b53c-39f2-44be-9b70-4a17212be30a None None] Lock "b3f44a74-f470-4dbc-81de-0c86ad3f4d2c" acquired by "nova.context.set_target_cell..get_or_set_cached_cell_and_set_connections" :: waited 0.000s {{(pid=132267) inner /usr/local/lib/python3.8/dist-packages/oslo_concurrency/lockutils.py:390}}
Aug 18 14:50:40.723807 dv-cinder-852208-7-iscsi devstack@n-api.service[132268]: DEBUG oslo_concurrency.lockutils [None req-96347364-1edb-47e1-8eb8-a95792ad6978 None None] Lock "00000000-0000-0000-0000-000000000000" acquired by "nova.context.set_target_cell..get_or_set_cached_cell_and_set_connections" :: waited 0.001s {{(pid=132268) inner /usr/local/lib/python3.8/dist-packages/oslo_concurrency/lockutils.py:390}}
Aug 18 14:50:40.725361 dv-cinder-852208-7-iscsi devstack@n-api.service[132268]: DEBUG oslo_concurrency.lockutils [None req-96347364-1edb-47e1-8eb8-a95792ad6978 None None] Lock "00000000-0000-0000-0000-000000000000" "released" by "nova.context.set_target_cell..get_or_set_cached_cell_and_set_connections" :: held 0.002s {{(pid=132268) inner /usr/local/lib/python3.8/dist-packages/oslo_concurrency/lockutils.py:404}}
Aug 18 14:50:40.725562 dv-cinder-852208-7-iscsi devstack@n-api.service[132267]: DEBUG oslo_concurrency.lockutils [None req-24f2b53c-39f2-44be-9b70-4a17212be30a None None] Lock "b3f44a74-f470-4dbc-81de-0c86ad3f4d2c" "released" by "nova.context.set_target_cell..get_or_set_cached_cell_and_set_connections" :: held 0.002s {{(pid=132267) inner /usr/local/lib/python3.8/dist-packages/oslo_concurrency/lockutils.py:404}}
Aug 18 14:50:40.726093 dv-cinder-852208-7-iscsi devstack@n-api.service[132268]: DEBUG oslo_concurrency.lockutils [None req-96347364-1edb-47e1-8eb8-a95792ad6978 None None] Acquiring lock "b3f44a74-f470-4dbc-81de-0c86ad3f4d2c" by "nova.context.set_target_cell..get_or_set_cached_cell_and_set_connections" {{(pid=132268) inner /usr/local/lib/python3.8/dist-packages/oslo_concurrency/lockutils.py:385}}
Aug 18 14:50:40.726542 dv-cinder-852208-7-iscsi devstack@n-api.service[132268]: DEBUG oslo_concurrency.lockutils [None req-96347364-1edb-47e1-8eb8-a95792ad6978 None None] Lock "b3f44a74-f470-4dbc-81de-0c86ad3f4d2c" acquired by "nova.context.set_target_cell..get_or_set_cached_cell_and_set_connections" :: waited 0.000s {{(pid=132268) inner /usr/local/lib/python3.8/dist-packages/oslo_concurrency/lockutils.py:390}}
Aug 18 14:50:40.727563 dv-cinder-852208-7-iscsi devstack@n-api.service[132267]: INFO dbcounter [None req-24f2b53c-39f2-44be-9b70-4a17212be30a None None] Registered counter for database nova_cell0
Aug 18 14:50:40.728574 dv-cinder-852208-7-iscsi devstack@n-api.service[132268]: DEBUG oslo_concurrency.lockutils [None req-96347364-1edb-47e1-8eb8-a95792ad6978 None None] Lock "b3f44a74-f470-4dbc-81de-0c86ad3f4d2c" "released" by "nova.context.set_target_cell..get_or_set_cached_cell_and_set_connections" :: held 0.002s {{(pid=132268) inner /usr/local/lib/python3.8/dist-packages/oslo_concurrency/lockutils.py:404}}
Aug 18 14:50:40.730622 dv-cinder-852208-7-iscsi devstack@n-api.service[132268]: INFO dbcounter [None req-96347364-1edb-47e1-8eb8-a95792ad6978 None None] Registered counter for database nova_cell0
Aug 18 14:50:40.731724 dv-cinder-852208-7-iscsi devstack@n-api.service[132267]: INFO dbcounter [None req-24f2b53c-39f2-44be-9b70-4a17212be30a None None] Registered counter for database nova_cell1
Aug 18 14:50:40.734645 dv-cinder-852208-7-iscsi devstack@n-api.service[132268]: INFO dbcounter [None req-96347364-1edb-47e1-8eb8-a95792ad6978 None None] Registered counter for database nova_cell1
Aug 18 14:50:40.739432 dv-cinder-852208-7-iscsi devstack@n-api.service[132267]: DEBUG oslo_db.sqlalchemy.engines [None req-24f2b53c-39f2-44be-9b70-4a17212be30a None None] MySQL server mode set to STRICT_TRANS_TABLES,STRICT_ALL_TABLES,NO_ZERO_IN_DATE,NO_ZERO_DATE,ERROR_FOR_DIVISION_BY_ZERO,TRADITIONAL,NO_ENGINE_SUBSTITUTION {{(pid=132267) _check_effective_sql_mode /usr/local/lib/python3.8/dist-packages/oslo_db/sqlalchemy/engines.py:314}}
Aug 18 14:50:40.741414 dv-cinder-852208-7-iscsi devstack@n-api.service[132267]: DEBUG oslo_db.sqlalchemy.engines [None req-24f2b53c-39f2-44be-9b70-4a17212be30a None None] MySQL server mode set to STRICT_TRANS_TABLES,STRICT_ALL_TABLES,NO_ZERO_IN_DATE,NO_ZERO_DATE,ERROR_FOR_DIVISION_BY_ZERO,TRADITIONAL,NO_ENGINE_SUBSTITUTION {{(pid=132267) _check_effective_sql_mode /usr/local/lib/python3.8/dist-packages/oslo_db/sqlalchemy/engines.py:314}}
Aug 18 14:50:40.743469 dv-cinder-852208-7-iscsi devstack@n-api.service[132268]: DEBUG oslo_db.sqlalchemy.engines [None req-96347364-1edb-47e1-8eb8-a95792ad6978 None None] MySQL server mode set to STRICT_TRANS_TABLES,STRICT_ALL_TABLES,NO_ZERO_IN_DATE,NO_ZERO_DATE,ERROR_FOR_DIVISION_BY_ZERO,TRADITIONAL,NO_ENGINE_SUBSTITUTION {{(pid=132268) _check_effective_sql_mode /usr/local/lib/python3.8/dist-packages/oslo_db/sqlalchemy/engines.py:314}}
Aug 18 14:50:40.744776 dv-cinder-852208-7-iscsi devstack@n-api.service[132268]: DEBUG oslo_db.sqlalchemy.engines [None req-96347364-1edb-47e1-8eb8-a95792ad6978 None None] MySQL server mode set to STRICT_TRANS_TABLES,STRICT_ALL_TABLES,NO_ZERO_IN_DATE,NO_ZERO_DATE,ERROR_FOR_DIVISION_BY_ZERO,TRADITIONAL,NO_ENGINE_SUBSTITUTION {{(pid=132268) _check_effective_sql_mode /usr/local/lib/python3.8/dist-packages/oslo_db/sqlalchemy/engines.py:314}}
Aug 18 14:50:40.748586 dv-cinder-852208-7-iscsi devstack@n-api.service[132267]: DEBUG dbcounter [-] [132267] Writer thread running {{(pid=132267) stat_writer /usr/local/lib/python3.8/dist-packages/dbcounter.py:99}}
Aug 18 14:50:40.749872 dv-cinder-852208-7-iscsi devstack@n-api.service[132267]: DEBUG dbcounter [-] [132267] Writer thread running {{(pid=132267) stat_writer /usr/local/lib/python3.8/dist-packages/dbcounter.py:99}}
Aug 18 14:50:40.752155 dv-cinder-852208-7-iscsi devstack@n-api.service[132268]: DEBUG dbcounter [-] [132268] Writer thread running {{(pid=132268) stat_writer /usr/local/lib/python3.8/dist-packages/dbcounter.py:99}}
Aug 18 14:50:40.753502 dv-cinder-852208-7-iscsi devstack@n-api.service[132268]: DEBUG dbcounter [-] [132268] Writer thread running {{(pid=132268) stat_writer /usr/local/lib/python3.8/dist-packages/dbcounter.py:99}}
Aug 18 14:50:40.899876 dv-cinder-852208-7-iscsi devstack@n-api.service[132267]: INFO dbcounter [None req-24f2b53c-39f2-44be-9b70-4a17212be30a None None] Registered counter for database nova_cell0
Aug 18 14:50:40.907155 dv-cinder-852208-7-iscsi devstack@n-api.service[132267]: DEBUG oslo_db.sqlalchemy.engines [None req-24f2b53c-39f2-44be-9b70-4a17212be30a None None] MySQL server mode set to STRICT_TRANS_TABLES,STRICT_ALL_TABLES,NO_ZERO_IN_DATE,NO_ZERO_DATE,ERROR_FOR_DIVISION_BY_ZERO,TRADITIONAL,NO_ENGINE_SUBSTITUTION {{(pid=132267) _check_effective_sql_mode /usr/local/lib/python3.8/dist-packages/oslo_db/sqlalchemy/engines.py:314}}
Aug 18 14:50:40.912002 dv-cinder-852208-7-iscsi devstack@n-api.service[132267]: DEBUG dbcounter [-] [132267] Writer thread running {{(pid=132267) stat_writer /usr/local/lib/python3.8/dist-packages/dbcounter.py:99}}
Aug 18 14:50:40.914165 dv-cinder-852208-7-iscsi devstack@n-api.service[132268]: INFO dbcounter [None req-96347364-1edb-47e1-8eb8-a95792ad6978 None None] Registered counter for database nova_cell0
Aug 18 14:50:40.921713 dv-cinder-852208-7-iscsi devstack@n-api.service[132268]: DEBUG oslo_db.sqlalchemy.engines [None req-96347364-1edb-47e1-8eb8-a95792ad6978 None None] MySQL server mode set to STRICT_TRANS_TABLES,STRICT_ALL_TABLES,NO_ZERO_IN_DATE,NO_ZERO_DATE,ERROR_FOR_DIVISION_BY_ZERO,TRADITIONAL,NO_ENGINE_SUBSTITUTION {{(pid=132268) _check_effective_sql_mode /usr/local/lib/python3.8/dist-packages/oslo_db/sqlalchemy/engines.py:314}}
Aug 18 14:50:40.926499 dv-cinder-852208-7-iscsi devstack@n-api.service[132268]: DEBUG dbcounter [-] [132268] Writer thread running {{(pid=132268) stat_writer /usr/local/lib/python3.8/dist-packages/dbcounter.py:99}}
Aug 18 14:50:41.232150 dv-cinder-852208-7-iscsi devstack@n-api.service[132267]: WARNING keystonemiddleware.auth_token [None req-24f2b53c-39f2-44be-9b70-4a17212be30a None None] AuthToken middleware is set with keystone_authtoken.service_token_roles_required set to False. This is backwards compatible but deprecated behaviour. Please set this to True.
Aug 18 14:50:41.239521 dv-cinder-852208-7-iscsi devstack@n-api.service[132267]: WARNING keystonemiddleware.auth_token [None req-24f2b53c-39f2-44be-9b70-4a17212be30a None None] Configuring www_authenticate_uri to point to the public identity endpoint is required; clients may not be able to authenticate against an admin endpoint
Aug 18 14:50:41.251021 dv-cinder-852208-7-iscsi devstack@n-api.service[132268]: WARNING keystonemiddleware.auth_token [None req-96347364-1edb-47e1-8eb8-a95792ad6978 None None] AuthToken middleware is set with keystone_authtoken.service_token_roles_required set to False. This is backwards compatible but deprecated behaviour. Please set this to True.
Aug 18 14:50:41.258711 dv-cinder-852208-7-iscsi devstack@n-api.service[132268]: WARNING keystonemiddleware.auth_token [None req-96347364-1edb-47e1-8eb8-a95792ad6978 None None] Configuring www_authenticate_uri to point to the public identity endpoint is required; clients may not be able to authenticate against an admin endpoint
Aug 18 14:50:41.590914 dv-cinder-852208-7-iscsi devstack@n-api.service[132267]: WARNING keystonemiddleware.auth_token [None req-24f2b53c-39f2-44be-9b70-4a17212be30a None None] AuthToken middleware is set with keystone_authtoken.service_token_roles_required set to False. This is backwards compatible but deprecated behaviour. Please set this to True.
Aug 18 14:50:41.597982 dv-cinder-852208-7-iscsi devstack@n-api.service[132267]: WARNING keystonemiddleware.auth_token [None req-24f2b53c-39f2-44be-9b70-4a17212be30a None None] Configuring www_authenticate_uri to point to the public identity endpoint is required; clients may not be able to authenticate against an admin endpoint
Aug 18 14:50:41.603575 dv-cinder-852208-7-iscsi devstack@n-api.service[132267]: WSGI app 0 (mountpoint='') ready in 6 seconds on interpreter 0x558785c089c0 pid: 132267 (default app)
Aug 18 14:50:41.612290 dv-cinder-852208-7-iscsi devstack@n-api.service[132268]: WARNING keystonemiddleware.auth_token [None req-96347364-1edb-47e1-8eb8-a95792ad6978 None None] AuthToken middleware is set with keystone_authtoken.service_token_roles_required set to False. This is backwards compatible but deprecated behaviour. Please set this to True.
Aug 18 14:50:41.618637 dv-cinder-852208-7-iscsi devstack@n-api.service[132268]: WARNING keystonemiddleware.auth_token [None req-96347364-1edb-47e1-8eb8-a95792ad6978 None None] Configuring www_authenticate_uri to point to the public identity endpoint is required; clients may not be able to authenticate against an admin endpoint
Aug 18 14:50:41.624271 dv-cinder-852208-7-iscsi devstack@n-api.service[132268]: WSGI app 0 (mountpoint='') ready in 6 seconds on interpreter 0x558785c089c0 pid: 132268 (default app)
Aug 18 14:51:18.064693 dv-cinder-852208-7-iscsi devstack@n-api.service[132267]: DEBUG dbcounter [-] [132267] Writing DB stats nova_api:SELECT=3 {{(pid=132267) stat_writer /usr/local/lib/python3.8/dist-packages/dbcounter.py:114}}
Aug 18 14:51:18.067417 dv-cinder-852208-7-iscsi devstack@n-api.service[132267]: DEBUG dbcounter [-] [132267] Writing DB stats nova_cell0:SELECT=3 {{(pid=132267) stat_writer /usr/local/lib/python3.8/dist-packages/dbcounter.py:114}}
Aug 18 14:51:18.070593 dv-cinder-852208-7-iscsi devstack@n-api.service[132267]: DEBUG dbcounter [-] [132267] Writing DB stats nova_cell1:SELECT=3 {{(pid=132267) stat_writer /usr/local/lib/python3.8/dist-packages/dbcounter.py:114}}
Aug 18 14:51:18.071435 dv-cinder-852208-7-iscsi devstack@n-api.service[132267]: DEBUG dbcounter [-] [132267] Writing DB stats nova_cell0:SELECT=3 {{(pid=132267) stat_writer /usr/local/lib/python3.8/dist-packages/dbcounter.py:114}}
Aug 18 14:51:18.238238 dv-cinder-852208-7-iscsi devstack@n-api.service[132268]: DEBUG dbcounter [-] [132268] Writing DB stats nova_api:SELECT=3 {{(pid=132268) stat_writer /usr/local/lib/python3.8/dist-packages/dbcounter.py:114}}
Aug 18 14:51:18.239062 dv-cinder-852208-7-iscsi devstack@n-api.service[132268]: DEBUG dbcounter [-] [132268] Writing DB stats nova_cell1:SELECT=3 {{(pid=132268) stat_writer /usr/local/lib/python3.8/dist-packages/dbcounter.py:114}}
Aug 18 14:51:18.242381 dv-cinder-852208-7-iscsi devstack@n-api.service[132268]: DEBUG dbcounter [-] [132268] Writing DB stats nova_cell0:SELECT=3 {{(pid=132268) stat_writer /usr/local/lib/python3.8/dist-packages/dbcounter.py:114}}
Aug 18 14:51:18.243146 dv-cinder-852208-7-iscsi devstack@n-api.service[132268]: DEBUG dbcounter [-] [132268] Writing DB stats nova_cell0:SELECT=3 {{(pid=132268) stat_writer /usr/local/lib/python3.8/dist-packages/dbcounter.py:114}}
Aug 18 14:51:19.201234 dv-cinder-852208-7-iscsi devstack@n-api.service[132267]: DEBUG nova.api.openstack.wsgi [None req-4b68d5fd-b21b-4841-9b68-303258bc7821 tempest-VolumesNegativeTest-629935173 tempest-VolumesNegativeTest-629935173-project] Action: 'create', calling method: .version_select at 0x7fb2151a54c0>, body: {"volume": {"size": "#$%", "display_name": "tempest-VolumesNegativeTest-Volume-392286682", "metadata": {"Type": "work"}}} {{(pid=132267) _process_stack /opt/stack/nova/nova/api/openstack/wsgi.py:511}}
Aug 18 14:51:19.213634 dv-cinder-852208-7-iscsi devstack@n-api.service[132267]: DEBUG nova.api.openstack.wsgi [None req-4b68d5fd-b21b-4841-9b68-303258bc7821 tempest-VolumesNegativeTest-629935173 tempest-VolumesNegativeTest-629935173-project] Request method failure captured:
Aug 18 14:51:19.213634 dv-cinder-852208-7-iscsi devstack@n-api.service[132267]: request: POST /compute/v2.1/os-volumes HTTP/1.1
Aug 18 14:51:19.213634 dv-cinder-852208-7-iscsi devstack@n-api.service[132267]: Accept: application/json
Aug 18 14:51:19.213634 dv-cinder-852208-7-iscsi devstack@n-api.service[132267]: Accept-Encoding: identity
Aug 18 14:51:19.213634 dv-cinder-852208-7-iscsi devstack@n-api.service[132267]: Connection: close
Aug 18 14:51:19.213634 dv-cinder-852208-7-iscsi devstack@n-api.service[132267]: Content-Length: 121
Aug 18 14:51:19.213634 dv-cinder-852208-7-iscsi devstack@n-api.service[132267]: Content-Type: application/json
Aug 18 14:51:19.213634 dv-cinder-852208-7-iscsi devstack@n-api.service[132267]: Host: 10.222.0.36
Aug 18 14:51:19.213634 dv-cinder-852208-7-iscsi devstack@n-api.service[132267]: Openstack-System-Scope: None
Aug 18 14:51:19.213634 dv-cinder-852208-7-iscsi devstack@n-api.service[132267]: User-Agent: python-urllib3/1.26.11
Aug 18 14:51:19.213634 dv-cinder-852208-7-iscsi devstack@n-api.service[132267]: X-Auth-Token: gAAAAABi_lHl7sxQiNT17m1-bYqvPa1VzgCY8BEe5COX1ZkGUNIECTBZtzTgmtDvxCfKfM92BHC2oArCSQ6L8w4OmBU8H0QFMaPdNgq3j1-Jn1KDblluKc_OTgCsFcX90yyMOVux2v_64MuB9Jv1_VfaO27TJhKKZ-4K7daWA-cZL0D5C7XJ_wE
Aug 18 14:51:19.213634 dv-cinder-852208-7-iscsi devstack@n-api.service[132267]: X-Domain-Id: None
Aug 18 14:51:19.213634 dv-cinder-852208-7-iscsi devstack@n-api.service[132267]: X-Domain-Name: None
Aug 18 14:51:19.213634 dv-cinder-852208-7-iscsi devstack@n-api.service[132267]: X-Identity-Status: Confirmed
Aug 18 14:51:19.213634 dv-cinder-852208-7-iscsi devstack@n-api.service[132267]: X-Is-Admin-Project: True
Aug 18 14:51:19.213634 dv-cinder-852208-7-iscsi devstack@n-api.service[132267]: X-Project-Domain-Id: default
Aug 18 14:51:19.213634 dv-cinder-852208-7-iscsi devstack@n-api.service[132267]: X-Project-Domain-Name: Default
Aug 18 14:51:19.213634 dv-cinder-852208-7-iscsi devstack@n-api.service[132267]: X-Project-Id: 7e523324eb6745e0a8b6f2c147c91312
Aug 18 14:51:19.213634 dv-cinder-852208-7-iscsi devstack@n-api.service[132267]: X-Project-Name: tempest-VolumesNegativeTest-629935173
Aug 18 14:51:19.213634 dv-cinder-852208-7-iscsi devstack@n-api.service[132267]: X-Role: reader,member
Aug 18 14:51:19.213634 dv-cinder-852208-7-iscsi devstack@n-api.service[132267]: X-Roles: reader,member
Aug 18 14:51:19.215657 dv-cinder-852208-7-iscsi devstack@n-api.service[132267]: X-Service-Catalog: [{"type": "compute", "name": "nova", "endpoints": [{"region": "RegionOne", "publicURL": "http://10.222.0.36/compute/v2.1"}]}, {"type": "block-storage", "name": "cinder", "endpoints": [{"region": "RegionOne", "publicURL": "http://10.222.0.36/volume/v3/7e523324eb6745e0a8b6f2c147c91312"}]}, {"type": "volumev3", "name": "cinderv3", "endpoints": [{"region": "RegionOne", "publicURL": "http://10.222.0.36/volume/v3/7e523324eb6745e0a8b6f2c147c91312"}]}, {"type": "image", "name": "glance", "endpoints": [{"region": "RegionOne", "publicURL": "http://10.222.0.36/image"}]}, {"type": "object-store", "name": "swift", "endpoints": [{"region": "RegionOne", "publicURL": "http://10.222.0.36:8080/v1/AUTH_7e523324eb6745e0a8b6f2c147c91312", "adminURL": "http://10.222.0.36:8080"}]}, {"type": "placement", "name": "placement", "endpoints": [{"region": "RegionOne", "publicURL": "http://10.222.0.36/placement"}]}, {"type": "compute_legacy", "name": "nova_legacy", "endpoints": [{"region": "RegionOne", "publicURL": "http://10.222.0.36/compute/v2/7e523324eb6745e0a8b6f2c147c91312"}]}, {"type": "network", "name": "neutron", "endpoints": [{"region": "RegionOne", "publicURL": "http://10.222.0.36:9696/networking"}]}, {"type": "identity", "name": "keystone", "endpoints": [{"region": "RegionOne", "publicURL": "http://10.222.0.36/identity"}]}]
Aug 18 14:51:19.215657 dv-cinder-852208-7-iscsi devstack@n-api.service[132267]: X-Tenant: tempest-VolumesNegativeTest-629935173
Aug 18 14:51:19.215657 dv-cinder-852208-7-iscsi devstack@n-api.service[132267]: X-Tenant-Id: 7e523324eb6745e0a8b6f2c147c91312
Aug 18 14:51:19.215657 dv-cinder-852208-7-iscsi devstack@n-api.service[132267]: X-Tenant-Name: tempest-VolumesNegativeTest-629935173
Aug 18 14:51:19.215657 dv-cinder-852208-7-iscsi devstack@n-api.service[132267]: X-User: tempest-VolumesNegativeTest-629935173-project
Aug 18 14:51:19.215657 dv-cinder-852208-7-iscsi devstack@n-api.service[132267]: X-User-Domain-Id: default
Aug 18 14:51:19.215657 dv-cinder-852208-7-iscsi devstack@n-api.service[132267]: X-User-Domain-Name: Default
Aug 18 14:51:19.215657 dv-cinder-852208-7-iscsi devstack@n-api.service[132267]: X-User-Id: 5f0c269f8bfd426b9eb18e011168040b
Aug 18 14:51:19.215657 dv-cinder-852208-7-iscsi devstack@n-api.service[132267]: X-User-Name: tempest-VolumesNegativeTest-629935173-project
Aug 18 14:51:19.215657 dv-cinder-852208-7-iscsi devstack@n-api.service[132267]:
Aug 18 14:51:19.215657 dv-cinder-852208-7-iscsi devstack@n-api.service[132267]: {"volume": {"size": "#$%", "display_name": "tempest-VolumesNegativeTest-Volume-392286682", "metadata": {"Type": "work"}}}
Aug 18 14:51:19.215657 dv-cinder-852208-7-iscsi devstack@n-api.service[132267]: method:
Aug 18 14:51:19.215657 dv-cinder-852208-7-iscsi devstack@n-api.service[132267]: exception: Invalid input for field/attribute size. Value: #$%. '#$%' does not match '^[0-9]+$'
Aug 18 14:51:19.216573 dv-cinder-852208-7-iscsi devstack@n-api.service[132267]: action_args: {'body': {'volume': {'size': '#$%', 'display_name': 'tempest-VolumesNegativeTest-Volume-392286682', 'metadata': {'Type': 'work'}}}}
Aug 18 14:51:19.216573 dv-cinder-852208-7-iscsi devstack@n-api.service[132267]: {{(pid=132267) _process_stack /opt/stack/nova/nova/api/openstack/wsgi.py:541}}
Aug 18 14:51:19.216573 dv-cinder-852208-7-iscsi devstack@n-api.service[132267]: ERROR nova.api.openstack.wsgi
Traceback (most recent call last):
Aug 18 14:51:19.216573 dv-cinder-852208-7-iscsi devstack@n-api.service[132267]: ERROR nova.api.openstack.wsgi
File "/opt/stack/nova/nova/api/validation/validators.py", line 302, in validate
Aug 18 14:51:19.216573 dv-cinder-852208-7-iscsi devstack@n-api.service[132267]: ERROR nova.api.openstack.wsgi self.validator.validate(*args, **kwargs)
Aug 18 14:51:19.216573 dv-cinder-852208-7-iscsi devstack@n-api.service[132267]: ERROR nova.api.openstack.wsgi
File "/usr/local/lib/python3.8/dist-packages/jsonschema/validators.py", line 268, in validate
Aug 18 14:51:19.216573 dv-cinder-852208-7-iscsi devstack@n-api.service[132267]: ERROR nova.api.openstack.wsgi raise error
Aug 18 14:51:19.216573 dv-cinder-852208-7-iscsi devstack@n-api.service[132267]: ERROR nova.api.openstack.wsgi jsonschema.exceptions.ValidationError: '#$%' does not match '^[0-9]+$'
Aug 18 14:51:19.216573 dv-cinder-852208-7-iscsi devstack@n-api.service[132267]: ERROR nova.api.openstack.wsgi
Aug 18 14:51:19.216573 dv-cinder-852208-7-iscsi devstack@n-api.service[132267]: ERROR nova.api.openstack.wsgi Failed validating 'pattern' in schema['properties']['volume']['properties']['size']:
Aug 18 14:51:19.216573 dv-cinder-852208-7-iscsi devstack@n-api.service[132267]: ERROR nova.api.openstack.wsgi {'minimum': 1, 'pattern': '^[0-9]+$', 'type': ['integer', 'string']}
Aug 18 14:51:19.216573 dv-cinder-852208-7-iscsi devstack@n-api.service[132267]: ERROR nova.api.openstack.wsgi
Aug 18 14:51:19.216573 dv-cinder-852208-7-iscsi devstack@n-api.service[132267]: ERROR nova.api.openstack.wsgi On instance['volume']:
Aug 18 14:51:19.216573 dv-cinder-852208-7-iscsi devstack@n-api.service[132267]: ERROR nova.api.openstack.wsgi '#$%'
Aug 18 14:51:19.216573 dv-cinder-852208-7-iscsi devstack@n-api.service[132267]: ERROR nova.api.openstack.wsgi
Aug 18 14:51:19.216573 dv-cinder-852208-7-iscsi devstack@n-api.service[132267]: ERROR nova.api.openstack.wsgi During handling of the above exception, another exception occurred:
Aug 18 14:51:19.216573 dv-cinder-852208-7-iscsi devstack@n-api.service[132267]: ERROR nova.api.openstack.wsgi
Aug 18 14:51:19.216573 dv-cinder-852208-7-iscsi devstack@n-api.service[132267]: ERROR nova.api.openstack.wsgi
Traceback (most recent call last):
Aug 18 14:51:19.216573 dv-cinder-852208-7-iscsi devstack@n-api.service[132267]: ERROR nova.api.openstack.wsgi
File "/opt/stack/nova/nova/api/openstack/wsgi.py", line 539, in _process_stack
Aug 18 14:51:19.216573 dv-cinder-852208-7-iscsi devstack@n-api.service[132267]: ERROR nova.api.openstack.wsgi action_result = self.dispatch(meth, request, action_args)
Aug 18 14:51:19.216573 dv-cinder-852208-7-iscsi devstack@n-api.service[132267]: ERROR nova.api.openstack.wsgi
File "/opt/stack/nova/nova/api/openstack/wsgi.py", line 630, in dispatch
Aug 18 14:51:19.216573 dv-cinder-852208-7-iscsi devstack@n-api.service[132267]: ERROR nova.api.openstack.wsgi return method(req=request, **action_args)
Aug 18 14:51:19.217953 dv-cinder-852208-7-iscsi devstack@n-api.service[132267]: ERROR nova.api.openstack.wsgi
File "/opt/stack/nova/nova/api/openstack/wsgi.py", line 794, in version_select
Aug 18 14:51:19.217953 dv-cinder-852208-7-iscsi devstack@n-api.service[132267]: ERROR nova.api.openstack.wsgi return func.func(self, *args, **kwargs)
Aug 18 14:51:19.217953 dv-cinder-852208-7-iscsi devstack@n-api.service[132267]: ERROR nova.api.openstack.wsgi
File "/opt/stack/nova/nova/api/openstack/wsgi.py", line 664, in wrapped
Aug 18 14:51:19.217953 dv-cinder-852208-7-iscsi devstack@n-api.service[132267]: ERROR nova.api.openstack.wsgi return f(*args, **kwargs)
Aug 18 14:51:19.217953 dv-cinder-852208-7-iscsi devstack@n-api.service[132267]: ERROR nova.api.openstack.wsgi
File "/opt/stack/nova/nova/api/validation/__init__.py", line 107, in wrapper
Aug 18 14:51:19.217953 dv-cinder-852208-7-iscsi devstack@n-api.service[132267]: ERROR nova.api.openstack.wsgi _schema_validation_helper(request_body_schema, kwargs['body'],
Aug 18 14:51:19.217953 dv-cinder-852208-7-iscsi devstack@n-api.service[132267]: ERROR nova.api.openstack.wsgi
File "/opt/stack/nova/nova/api/validation/__init__.py", line 88, in _schema_validation_helper
Aug 18 14:51:19.217953 dv-cinder-852208-7-iscsi devstack@n-api.service[132267]: ERROR nova.api.openstack.wsgi schema_validator.validate(target)
Aug 18 14:51:19.217953 dv-cinder-852208-7-iscsi devstack@n-api.service[132267]: ERROR nova.api.openstack.wsgi
File "/opt/stack/nova/nova/api/validation/validators.py", line 331, in validate
Aug 18 14:51:19.217953 dv-cinder-852208-7-iscsi devstack@n-api.service[132267]: ERROR nova.api.openstack.wsgi raise exception.ValidationError(detail=detail)
Aug 18 14:51:19.217953 dv-cinder-852208-7-iscsi devstack@n-api.service[132267]: ERROR nova.api.openstack.wsgi nova.exception.ValidationError: Invalid input for field/attribute size. Value: #$%. '#$%' does not match '^[0-9]+$'
Aug 18 14:51:19.217953 dv-cinder-852208-7-iscsi devstack@n-api.service[132267]: ERROR nova.api.openstack.wsgi
Aug 18 14:51:19.217953 dv-cinder-852208-7-iscsi devstack@n-api.service[132267]: ERROR nova.api.openstack.wsgi During handling of the above exception, another exception occurred:
Aug 18 14:51:19.217953 dv-cinder-852208-7-iscsi devstack@n-api.service[132267]: ERROR nova.api.openstack.wsgi
Aug 18 14:51:19.217953 dv-cinder-852208-7-iscsi devstack@n-api.service[132267]: ERROR nova.api.openstack.wsgi
Traceback (most recent call last):
Aug 18 14:51:19.217953 dv-cinder-852208-7-iscsi devstack@n-api.service[132267]: ERROR nova.api.openstack.wsgi
File "/opt/stack/nova/nova/api/openstack/wsgi.py", line 539, in _process_stack
Aug 18 14:51:19.217953 dv-cinder-852208-7-iscsi devstack@n-api.service[132267]: ERROR nova.api.openstack.wsgi action_result = self.dispatch(meth, request, action_args)
Aug 18 14:51:19.217953 dv-cinder-852208-7-iscsi devstack@n-api.service[132267]: ERROR nova.api.openstack.wsgi
File "/opt/stack/nova/nova/api/openstack/wsgi.py", line 359, in __exit__
Aug 18 14:51:19.217953 dv-cinder-852208-7-iscsi devstack@n-api.service[132267]: ERROR nova.api.openstack.wsgi raise Fault(exception.ConvertedException(
Aug 18 14:51:19.219095 dv-cinder-852208-7-iscsi devstack@n-api.service[132267]: ERROR nova.api.openstack.wsgi nova.api.openstack.wsgi.Fault: Invalid input for field/attribute size. Value: #$%. '#$%' does not match '^[0-9]+$'
Aug 18 14:51:19.219095 dv-cinder-852208-7-iscsi devstack@n-api.service[132267]: ERROR nova.api.openstack.wsgi
Aug 18 14:51:19.226590 dv-cinder-852208-7-iscsi devstack@n-api.service[132267]: DEBUG nova.api.openstack.wsgi [None req-4b68d5fd-b21b-4841-9b68-303258bc7821 tempest-VolumesNegativeTest-629935173 tempest-VolumesNegativeTest-629935173-project] Returning 400 to user: Invalid input for field/attribute size. Value: #$%. '#$%' does not match '^[0-9]+$' {{(pid=132267) __call__ /opt/stack/nova/nova/api/openstack/wsgi.py:942}}
Aug 18 14:51:19.228073 dv-cinder-852208-7-iscsi devstack@n-api.service[132267]: INFO nova.api.openstack.requestlog [None req-4b68d5fd-b21b-4841-9b68-303258bc7821 tempest-VolumesNegativeTest-629935173 tempest-VolumesNegativeTest-629935173-project] 10.222.0.36 "POST /compute/v2.1/os-volumes" status: 400 len: 127 microversion: 2.1 time: 1.183134
Aug 18 14:51:19.232747 dv-cinder-852208-7-iscsi devstack@n-api.service[132267]: [pid: 132267|app: 0|req: 1/1] 10.222.0.36 () {60 vars in 1156 bytes} [Thu Aug 18 14:51:18 2022] POST /compute/v2.1/os-volumes => generated 127 bytes in 1189 msecs (HTTP/1.1 400) 9 headers in 381 bytes (1 switches on core 0)
Aug 18 14:51:19.242338 dv-cinder-852208-7-iscsi devstack@n-api.service[132267]: DEBUG nova.api.openstack.wsgi [None req-52867236-c3ef-4147-bc19-653952091602 tempest-VolumesNegativeTest-629935173 tempest-VolumesNegativeTest-629935173-project] Action: 'create', calling method: .version_select at 0x7fb2151a5550>, body: {"volume": {"size": "0", "display_name": "tempest-VolumesNegativeTest-Volume-1004097975", "metadata": {"Type": "work"}}} {{(pid=132267) _process_stack /opt/stack/nova/nova/api/openstack/wsgi.py:511}}
Aug 18 14:51:19.249825 dv-cinder-852208-7-iscsi devstack@n-api.service[132267]: DEBUG nova.api.openstack.wsgi [None req-52867236-c3ef-4147-bc19-653952091602 tempest-VolumesNegativeTest-629935173 tempest-VolumesNegativeTest-629935173-project] Request method failure captured:
Aug 18 14:51:19.249825 dv-cinder-852208-7-iscsi devstack@n-api.service[132267]: request: POST /compute/v2.1/os-volumes HTTP/1.1
Aug 18 14:51:19.249825 dv-cinder-852208-7-iscsi devstack@n-api.service[132267]: Accept: application/json
Aug 18 14:51:19.249825 dv-cinder-852208-7-iscsi devstack@n-api.service[132267]: Accept-Encoding: identity
Aug 18 14:51:19.249825 dv-cinder-852208-7-iscsi devstack@n-api.service[132267]: Connection: close
Aug 18 14:51:19.249825 dv-cinder-852208-7-iscsi devstack@n-api.service[132267]: Content-Length: 120
Aug 18 14:51:19.249825 dv-cinder-852208-7-iscsi devstack@n-api.service[132267]: Content-Type: application/json
Aug 18 14:51:19.249825 dv-cinder-852208-7-iscsi devstack@n-api.service[132267]: Host: 10.222.0.36
Aug 18 14:51:19.249825 dv-cinder-852208-7-iscsi devstack@n-api.service[132267]: Openstack-System-Scope: None
Aug 18 14:51:19.249825 dv-cinder-852208-7-iscsi devstack@n-api.service[132267]: User-Agent: python-urllib3/1.26.11
Aug 18 14:51:19.249825 dv-cinder-852208-7-iscsi devstack@n-api.service[132267]: X-Auth-Token: gAAAAABi_lHl7sxQiNT17m1-bYqvPa1VzgCY8BEe5COX1ZkGUNIECTBZtzTgmtDvxCfKfM92BHC2oArCSQ6L8w4OmBU8H0QFMaPdNgq3j1-Jn1KDblluKc_OTgCsFcX90yyMOVux2v_64MuB9Jv1_VfaO27TJhKKZ-4K7daWA-cZL0D5C7XJ_wE
Aug 18 14:51:19.249825 dv-cinder-852208-7-iscsi devstack@n-api.service[132267]: X-Domain-Id: None
Aug 18 14:51:19.249825 dv-cinder-852208-7-iscsi devstack@n-api.service[132267]: X-Domain-Name: None
Aug 18 14:51:19.249825 dv-cinder-852208-7-iscsi devstack@n-api.service[132267]: X-Identity-Status: Confirmed
Aug 18 14:51:19.249825 dv-cinder-852208-7-iscsi devstack@n-api.service[132267]: X-Is-Admin-Project: True
Aug 18 14:51:19.249825 dv-cinder-852208-7-iscsi devstack@n-api.service[132267]: X-Project-Domain-Id: default
Aug 18 14:51:19.249825 dv-cinder-852208-7-iscsi devstack@n-api.service[132267]: X-Project-Domain-Name: Default
Aug 18 14:51:19.249825 dv-cinder-852208-7-iscsi devstack@n-api.service[132267]: X-Project-Id: 7e523324eb6745e0a8b6f2c147c91312
Aug 18 14:51:19.249825 dv-cinder-852208-7-iscsi devstack@n-api.service[132267]: X-Project-Name: tempest-VolumesNegativeTest-629935173
Aug 18 14:51:19.249825 dv-cinder-852208-7-iscsi devstack@n-api.service[132267]: X-Role: reader,member
Aug 18 14:51:19.249825 dv-cinder-852208-7-iscsi devstack@n-api.service[132267]: X-Roles: reader,member
Aug 18 14:51:19.251245 dv-cinder-852208-7-iscsi devstack@n-api.service[132267]: X-Service-Catalog: [{"type": "compute", "name": "nova", "endpoints": [{"region": "RegionOne", "publicURL": "http://10.222.0.36/compute/v2.1"}]}, {"type": "block-storage", "name": "cinder", "endpoints": [{"region": "RegionOne", "publicURL": "http://10.222.0.36/volume/v3/7e523324eb6745e0a8b6f2c147c91312"}]}, {"type": "volumev3", "name": "cinderv3", "endpoints": [{"region": "RegionOne", "publicURL": "http://10.222.0.36/volume/v3/7e523324eb6745e0a8b6f2c147c91312"}]}, {"type": "image", "name": "glance", "endpoints": [{"region": "RegionOne", "publicURL": "http://10.222.0.36/image"}]}, {"type": "object-store", "name": "swift", "endpoints": [{"region": "RegionOne", "publicURL": "http://10.222.0.36:8080/v1/AUTH_7e523324eb6745e0a8b6f2c147c91312", "adminURL": "http://10.222.0.36:8080"}]}, {"type": "placement", "name": "placement", "endpoints": [{"region": "RegionOne", "publicURL": "http://10.222.0.36/placement"}]}, {"type": "compute_legacy", "name": "nova_legacy", "endpoints": [{"region": "RegionOne", "publicURL": "http://10.222.0.36/compute/v2/7e523324eb6745e0a8b6f2c147c91312"}]}, {"type": "network", "name": "neutron", "endpoints": [{"region": "RegionOne", "publicURL": "http://10.222.0.36:9696/networking"}]}, {"type": "identity", "name": "keystone", "endpoints": [{"region": "RegionOne", "publicURL": "http://10.222.0.36/identity"}]}]
Aug 18 14:51:19.251245 dv-cinder-852208-7-iscsi devstack@n-api.service[132267]: X-Tenant: tempest-VolumesNegativeTest-629935173
Aug 18 14:51:19.251245 dv-cinder-852208-7-iscsi devstack@n-api.service[132267]: X-Tenant-Id: 7e523324eb6745e0a8b6f2c147c91312
Aug 18 14:51:19.251245 dv-cinder-852208-7-iscsi devstack@n-api.service[132267]: X-Tenant-Name: tempest-VolumesNegativeTest-629935173
Aug 18 14:51:19.251245 dv-cinder-852208-7-iscsi devstack@n-api.service[132267]: X-User: tempest-VolumesNegativeTest-629935173-project
Aug 18 14:51:19.251245 dv-cinder-852208-7-iscsi devstack@n-api.service[132267]: X-User-Domain-Id: default
Aug 18 14:51:19.251245 dv-cinder-852208-7-iscsi devstack@n-api.service[132267]: X-User-Domain-Name: Default
Aug 18 14:51:19.251245 dv-cinder-852208-7-iscsi devstack@n-api.service[132267]: X-User-Id: 5f0c269f8bfd426b9eb18e011168040b
Aug 18 14:51:19.251245 dv-cinder-852208-7-iscsi devstack@n-api.service[132267]: X-User-Name: tempest-VolumesNegativeTest-629935173-project
Aug 18 14:51:19.251245 dv-cinder-852208-7-iscsi devstack@n-api.service[132267]:
Aug 18 14:51:19.251245 dv-cinder-852208-7-iscsi devstack@n-api.service[132267]: {"volume": {"size": "0", "display_name": "tempest-VolumesNegativeTest-Volume-1004097975", "metadata": {"Type": "work"}}}
Aug 18 14:51:19.251245 dv-cinder-852208-7-iscsi devstack@n-api.service[132267]: method:
Aug 18 14:51:19.251245 dv-cinder-852208-7-iscsi devstack@n-api.service[132267]: exception: Invalid input for field/attribute size. Value: 0. 0 is less than the minimum of 1
Aug 18 14:51:19.252063 dv-cinder-852208-7-iscsi devstack@n-api.service[132267]: action_args: {'body': {'volume': {'size': '0', 'display_name': 'tempest-VolumesNegativeTest-Volume-1004097975', 'metadata': {'Type': 'work'}}}}
Aug 18 14:51:19.252063 dv-cinder-852208-7-iscsi devstack@n-api.service[132267]: {{(pid=132267) _process_stack /opt/stack/nova/nova/api/openstack/wsgi.py:541}}
Aug 18 14:51:19.252063 dv-cinder-852208-7-iscsi devstack@n-api.service[132267]: ERROR nova.api.openstack.wsgi
Traceback (most recent call last):
Aug 18 14:51:19.252063 dv-cinder-852208-7-iscsi devstack@n-api.service[132267]: ERROR nova.api.openstack.wsgi
File "/opt/stack/nova/nova/api/validation/validators.py", line 302, in validate
Aug 18 14:51:19.252063 dv-cinder-852208-7-iscsi devstack@n-api.service[132267]: ERROR nova.api.openstack.wsgi self.validator.validate(*args, **kwargs)
Aug 18 14:51:19.252063 dv-cinder-852208-7-iscsi devstack@n-api.service[132267]: ERROR nova.api.openstack.wsgi
File "/usr/local/lib/python3.8/dist-packages/jsonschema/validators.py", line 268, in validate
Aug 18 14:51:19.252063 dv-cinder-852208-7-iscsi devstack@n-api.service[132267]: ERROR nova.api.openstack.wsgi raise error
Aug 18 14:51:19.252063 dv-cinder-852208-7-iscsi devstack@n-api.service[132267]: ERROR nova.api.openstack.wsgi jsonschema.exceptions.ValidationError: 0 is less than the minimum of 1
Aug 18 14:51:19.252063 dv-cinder-852208-7-iscsi devstack@n-api.service[132267]: ERROR nova.api.openstack.wsgi
Aug 18 14:51:19.252063 dv-cinder-852208-7-iscsi devstack@n-api.service[132267]: ERROR nova.api.openstack.wsgi Failed validating 'minimum' in schema['properties']['volume']['properties']['size']:
Aug 18 14:51:19.252063 dv-cinder-852208-7-iscsi devstack@n-api.service[132267]: ERROR nova.api.openstack.wsgi {'minimum': 1, 'pattern': '^[0-9]+$', 'type': ['integer', 'string']}
Aug 18 14:51:19.252063 dv-cinder-852208-7-iscsi devstack@n-api.service[132267]: ERROR nova.api.openstack.wsgi
Aug 18 14:51:19.252063 dv-cinder-852208-7-iscsi devstack@n-api.service[132267]: ERROR nova.api.openstack.wsgi On instance['volume']:
Aug 18 14:51:19.252063 dv-cinder-852208-7-iscsi devstack@n-api.service[132267]: ERROR nova.api.openstack.wsgi '0'
Aug 18 14:51:19.252063 dv-cinder-852208-7-iscsi devstack@n-api.service[132267]: ERROR nova.api.openstack.wsgi
Aug 18 14:51:19.252063 dv-cinder-852208-7-iscsi devstack@n-api.service[132267]: ERROR nova.api.openstack.wsgi During handling of the above exception, another exception occurred:
Aug 18 14:51:19.252063 dv-cinder-852208-7-iscsi devstack@n-api.service[132267]: ERROR nova.api.openstack.wsgi
Aug 18 14:51:19.252063 dv-cinder-852208-7-iscsi devstack@n-api.service[132267]: ERROR nova.api.openstack.wsgi
Traceback (most recent call last):
Aug 18 14:51:19.252063 dv-cinder-852208-7-iscsi devstack@n-api.service[132267]: ERROR nova.api.openstack.wsgi
File "/opt/stack/nova/nova/api/openstack/wsgi.py", line 539, in _process_stack
Aug 18 14:51:19.252063 dv-cinder-852208-7-iscsi devstack@n-api.service[132267]: ERROR nova.api.openstack.wsgi action_result = self.dispatch(meth, request, action_args)
Aug 18 14:51:19.252063 dv-cinder-852208-7-iscsi devstack@n-api.service[132267]: ERROR nova.api.openstack.wsgi
File "/opt/stack/nova/nova/api/openstack/wsgi.py", line 630, in dispatch
Aug 18 14:51:19.252063 dv-cinder-852208-7-iscsi devstack@n-api.service[132267]: ERROR nova.api.openstack.wsgi return method(req=request, **action_args)
Aug 18 14:51:19.253360 dv-cinder-852208-7-iscsi devstack@n-api.service[132267]: ERROR nova.api.openstack.wsgi
File "/opt/stack/nova/nova/api/openstack/wsgi.py", line 794, in version_select
Aug 18 14:51:19.253360 dv-cinder-852208-7-iscsi devstack@n-api.service[132267]: ERROR nova.api.openstack.wsgi return func.func(self, *args, **kwargs)
Aug 18 14:51:19.253360 dv-cinder-852208-7-iscsi devstack@n-api.service[132267]: ERROR nova.api.openstack.wsgi
