Aug 17 16:14:46.157828 dv-cinder-852208-6-iscsi devstack@n-api.service[120793]: DEBUG nova.api.openstack.wsgi_app [-] oslo_reports.file_event_handler = None {{(pid=120793) log_opt_values /usr/local/lib/python3.8/dist-packages/oslo_config/cfg.py:2609}}
Aug 17 16:14:46.158010 dv-cinder-852208-6-iscsi devstack@n-api.service[120794]: DEBUG nova.api.openstack.wsgi_app [-] oslo_messaging_rabbit.kombu_failover_strategy = round-robin {{(pid=120794) log_opt_values /usr/local/lib/python3.8/dist-packages/oslo_config/cfg.py:2609}}
Aug 17 16:14:46.158155 dv-cinder-852208-6-iscsi devstack@n-api.service[120793]: DEBUG nova.api.openstack.wsgi_app [-] oslo_reports.file_event_handler_interval = 1 {{(pid=120793) log_opt_values /usr/local/lib/python3.8/dist-packages/oslo_config/cfg.py:2609}}
Aug 17 16:14:46.158325 dv-cinder-852208-6-iscsi devstack@n-api.service[120794]: DEBUG nova.api.openstack.wsgi_app [-] oslo_messaging_rabbit.kombu_missing_consumer_retry_timeout = 60 {{(pid=120794) log_opt_values /usr/local/lib/python3.8/dist-packages/oslo_config/cfg.py:2609}}
Aug 17 16:14:46.158449 dv-cinder-852208-6-iscsi devstack@n-api.service[120793]: DEBUG nova.api.openstack.wsgi_app [-] oslo_reports.log_dir = None {{(pid=120793) log_opt_values /usr/local/lib/python3.8/dist-packages/oslo_config/cfg.py:2609}}
Aug 17 16:14:46.158643 dv-cinder-852208-6-iscsi devstack@n-api.service[120794]: DEBUG nova.api.openstack.wsgi_app [-] oslo_messaging_rabbit.kombu_reconnect_delay = 1.0 {{(pid=120794) log_opt_values /usr/local/lib/python3.8/dist-packages/oslo_config/cfg.py:2609}}
Aug 17 16:14:46.158766 dv-cinder-852208-6-iscsi devstack@n-api.service[120793]: DEBUG nova.api.openstack.wsgi_app [-] ******************************************************************************** {{(pid=120793) log_opt_values /usr/local/lib/python3.8/dist-packages/oslo_config/cfg.py:2613}}
Aug 17 16:14:46.159527 dv-cinder-852208-6-iscsi devstack@n-api.service[120794]: DEBUG nova.api.openstack.wsgi_app [-] oslo_messaging_rabbit.rabbit_ha_queues = False {{(pid=120794) log_opt_values /usr/local/lib/python3.8/dist-packages/oslo_config/cfg.py:2609}}
Aug 17 16:14:46.160108 dv-cinder-852208-6-iscsi devstack@n-api.service[120794]: DEBUG nova.api.openstack.wsgi_app [-] oslo_messaging_rabbit.rabbit_interval_max = 30 {{(pid=120794) log_opt_values /usr/local/lib/python3.8/dist-packages/oslo_config/cfg.py:2609}}
Aug 17 16:14:46.160575 dv-cinder-852208-6-iscsi devstack@n-api.service[120794]: DEBUG nova.api.openstack.wsgi_app [-] oslo_messaging_rabbit.rabbit_login_method = AMQPLAIN {{(pid=120794) log_opt_values /usr/local/lib/python3.8/dist-packages/oslo_config/cfg.py:2609}}
Aug 17 16:14:46.160892 dv-cinder-852208-6-iscsi devstack@n-api.service[120794]: DEBUG nova.api.openstack.wsgi_app [-] oslo_messaging_rabbit.rabbit_qos_prefetch_count = 0 {{(pid=120794) log_opt_values /usr/local/lib/python3.8/dist-packages/oslo_config/cfg.py:2609}}
Aug 17 16:14:46.161205 dv-cinder-852208-6-iscsi devstack@n-api.service[120794]: DEBUG nova.api.openstack.wsgi_app [-] oslo_messaging_rabbit.rabbit_quorum_delivery_limit = 0 {{(pid=120794) log_opt_values /usr/local/lib/python3.8/dist-packages/oslo_config/cfg.py:2609}}
Aug 17 16:14:46.161518 dv-cinder-852208-6-iscsi devstack@n-api.service[120794]: DEBUG nova.api.openstack.wsgi_app [-] oslo_messaging_rabbit.rabbit_quorum_queue = False {{(pid=120794) log_opt_values /usr/local/lib/python3.8/dist-packages/oslo_config/cfg.py:2609}}
Aug 17 16:14:46.161829 dv-cinder-852208-6-iscsi devstack@n-api.service[120794]: DEBUG nova.api.openstack.wsgi_app [-] oslo_messaging_rabbit.rabbit_quroum_max_memory_bytes = 0 {{(pid=120794) log_opt_values /usr/local/lib/python3.8/dist-packages/oslo_config/cfg.py:2609}}
Aug 17 16:14:46.162140 dv-cinder-852208-6-iscsi devstack@n-api.service[120794]: DEBUG nova.api.openstack.wsgi_app [-] oslo_messaging_rabbit.rabbit_quroum_max_memory_length = 0 {{(pid=120794) log_opt_values /usr/local/lib/python3.8/dist-packages/oslo_config/cfg.py:2609}}
Aug 17 16:14:46.162456 dv-cinder-852208-6-iscsi devstack@n-api.service[120794]: DEBUG nova.api.openstack.wsgi_app [-] oslo_messaging_rabbit.rabbit_retry_backoff = 2 {{(pid=120794) log_opt_values /usr/local/lib/python3.8/dist-packages/oslo_config/cfg.py:2609}}
Aug 17 16:14:46.162765 dv-cinder-852208-6-iscsi devstack@n-api.service[120794]: DEBUG nova.api.openstack.wsgi_app [-] oslo_messaging_rabbit.rabbit_retry_interval = 1 {{(pid=120794) log_opt_values /usr/local/lib/python3.8/dist-packages/oslo_config/cfg.py:2609}}
Aug 17 16:14:46.163074 dv-cinder-852208-6-iscsi devstack@n-api.service[120794]: DEBUG nova.api.openstack.wsgi_app [-] oslo_messaging_rabbit.rabbit_transient_queues_ttl = 1800 {{(pid=120794) log_opt_values /usr/local/lib/python3.8/dist-packages/oslo_config/cfg.py:2609}}
Aug 17 16:14:46.163390 dv-cinder-852208-6-iscsi devstack@n-api.service[120794]: DEBUG nova.api.openstack.wsgi_app [-] oslo_messaging_rabbit.rpc_conn_pool_size = 30 {{(pid=120794) log_opt_values /usr/local/lib/python3.8/dist-packages/oslo_config/cfg.py:2609}}
Aug 17 16:14:46.163706 dv-cinder-852208-6-iscsi devstack@n-api.service[120794]: DEBUG nova.api.openstack.wsgi_app [-] oslo_messaging_rabbit.ssl = False {{(pid=120794) log_opt_values /usr/local/lib/python3.8/dist-packages/oslo_config/cfg.py:2609}}
Aug 17 16:14:46.164062 dv-cinder-852208-6-iscsi devstack@n-api.service[120794]: DEBUG nova.api.openstack.wsgi_app [-] oslo_messaging_rabbit.ssl_ca_file = {{(pid=120794) log_opt_values /usr/local/lib/python3.8/dist-packages/oslo_config/cfg.py:2609}}
Aug 17 16:14:46.164389 dv-cinder-852208-6-iscsi devstack@n-api.service[120794]: DEBUG nova.api.openstack.wsgi_app [-] oslo_messaging_rabbit.ssl_cert_file = {{(pid=120794) log_opt_values /usr/local/lib/python3.8/dist-packages/oslo_config/cfg.py:2609}}
Aug 17 16:14:46.164697 dv-cinder-852208-6-iscsi devstack@n-api.service[120794]: DEBUG nova.api.openstack.wsgi_app [-] oslo_messaging_rabbit.ssl_enforce_fips_mode = False {{(pid=120794) log_opt_values /usr/local/lib/python3.8/dist-packages/oslo_config/cfg.py:2609}}
Aug 17 16:14:46.165020 dv-cinder-852208-6-iscsi devstack@n-api.service[120794]: DEBUG nova.api.openstack.wsgi_app [-] oslo_messaging_rabbit.ssl_key_file = {{(pid=120794) log_opt_values /usr/local/lib/python3.8/dist-packages/oslo_config/cfg.py:2609}}
Aug 17 16:14:46.165349 dv-cinder-852208-6-iscsi devstack@n-api.service[120794]: DEBUG nova.api.openstack.wsgi_app [-] oslo_messaging_rabbit.ssl_version = {{(pid=120794) log_opt_values /usr/local/lib/python3.8/dist-packages/oslo_config/cfg.py:2609}}
Aug 17 16:14:46.165704 dv-cinder-852208-6-iscsi devstack@n-api.service[120794]: DEBUG nova.api.openstack.wsgi_app [-] oslo_messaging_notifications.driver = ['messagingv2'] {{(pid=120794) log_opt_values /usr/local/lib/python3.8/dist-packages/oslo_config/cfg.py:2609}}
Aug 17 16:14:46.166019 dv-cinder-852208-6-iscsi devstack@n-api.service[120794]: DEBUG nova.api.openstack.wsgi_app [-] oslo_messaging_notifications.retry = -1 {{(pid=120794) log_opt_values /usr/local/lib/python3.8/dist-packages/oslo_config/cfg.py:2609}}
Aug 17 16:14:46.166365 dv-cinder-852208-6-iscsi devstack@n-api.service[120794]: DEBUG nova.api.openstack.wsgi_app [-] oslo_messaging_notifications.topics = ['notifications'] {{(pid=120794) log_opt_values /usr/local/lib/python3.8/dist-packages/oslo_config/cfg.py:2609}}
Aug 17 16:14:46.166693 dv-cinder-852208-6-iscsi devstack@n-api.service[120794]: DEBUG nova.api.openstack.wsgi_app [-] oslo_messaging_notifications.transport_url = **** {{(pid=120794) log_opt_values /usr/local/lib/python3.8/dist-packages/oslo_config/cfg.py:2609}}
Aug 17 16:14:46.167006 dv-cinder-852208-6-iscsi devstack@n-api.service[120794]: DEBUG nova.api.openstack.wsgi_app [-] oslo_reports.file_event_handler = None {{(pid=120794) log_opt_values /usr/local/lib/python3.8/dist-packages/oslo_config/cfg.py:2609}}
Aug 17 16:14:46.167316 dv-cinder-852208-6-iscsi devstack@n-api.service[120794]: DEBUG nova.api.openstack.wsgi_app [-] oslo_reports.file_event_handler_interval = 1 {{(pid=120794) log_opt_values /usr/local/lib/python3.8/dist-packages/oslo_config/cfg.py:2609}}
Aug 17 16:14:46.167620 dv-cinder-852208-6-iscsi devstack@n-api.service[120794]: DEBUG nova.api.openstack.wsgi_app [-] oslo_reports.log_dir = None {{(pid=120794) log_opt_values /usr/local/lib/python3.8/dist-packages/oslo_config/cfg.py:2609}}
Aug 17 16:14:46.168198 dv-cinder-852208-6-iscsi devstack@n-api.service[120794]: DEBUG nova.api.openstack.wsgi_app [-] ******************************************************************************** {{(pid=120794) log_opt_values /usr/local/lib/python3.8/dist-packages/oslo_config/cfg.py:2613}}
Aug 17 16:14:46.314479 dv-cinder-852208-6-iscsi devstack@n-api.service[120793]: INFO dbcounter [None req-abfeb8f2-92eb-4124-92e7-3cc62c04609a None None] Registered counter for database nova_api
Aug 17 16:14:46.323504 dv-cinder-852208-6-iscsi devstack@n-api.service[120794]: INFO dbcounter [None req-0f435148-36e3-4bf7-b09c-f85ed9b48f57 None None] Registered counter for database nova_api
Aug 17 16:14:46.334732 dv-cinder-852208-6-iscsi devstack@n-api.service[120793]: DEBUG oslo_db.sqlalchemy.engines [None req-abfeb8f2-92eb-4124-92e7-3cc62c04609a None None] MySQL server mode set to STRICT_TRANS_TABLES,STRICT_ALL_TABLES,NO_ZERO_IN_DATE,NO_ZERO_DATE,ERROR_FOR_DIVISION_BY_ZERO,TRADITIONAL,NO_ENGINE_SUBSTITUTION {{(pid=120793) _check_effective_sql_mode /usr/local/lib/python3.8/dist-packages/oslo_db/sqlalchemy/engines.py:314}}
Aug 17 16:14:46.341488 dv-cinder-852208-6-iscsi devstack@n-api.service[120793]: DEBUG dbcounter [-] [120793] Writer thread running {{(pid=120793) stat_writer /usr/local/lib/python3.8/dist-packages/dbcounter.py:99}}
Aug 17 16:14:46.343661 dv-cinder-852208-6-iscsi devstack@n-api.service[120794]: DEBUG oslo_db.sqlalchemy.engines [None req-0f435148-36e3-4bf7-b09c-f85ed9b48f57 None None] MySQL server mode set to STRICT_TRANS_TABLES,STRICT_ALL_TABLES,NO_ZERO_IN_DATE,NO_ZERO_DATE,ERROR_FOR_DIVISION_BY_ZERO,TRADITIONAL,NO_ENGINE_SUBSTITUTION {{(pid=120794) _check_effective_sql_mode /usr/local/lib/python3.8/dist-packages/oslo_db/sqlalchemy/engines.py:314}}
Aug 17 16:14:46.351230 dv-cinder-852208-6-iscsi devstack@n-api.service[120794]: DEBUG dbcounter [-] [120794] Writer thread running {{(pid=120794) stat_writer /usr/local/lib/python3.8/dist-packages/dbcounter.py:99}}
Aug 17 16:14:46.399327 dv-cinder-852208-6-iscsi devstack@n-api.service[120793]: DEBUG nova.context [None req-abfeb8f2-92eb-4124-92e7-3cc62c04609a None None] Found 2 cells: 00000000-0000-0000-0000-000000000000(cell0),37367ca3-7f41-4991-90e4-8af97b9dc4a0(cell1) {{(pid=120793) load_cells /opt/stack/nova/nova/context.py:464}}
Aug 17 16:14:46.403350 dv-cinder-852208-6-iscsi devstack@n-api.service[120793]: DEBUG oslo_concurrency.lockutils [None req-abfeb8f2-92eb-4124-92e7-3cc62c04609a None None] Acquiring lock "00000000-0000-0000-0000-000000000000" by "nova.context.set_target_cell..get_or_set_cached_cell_and_set_connections" {{(pid=120793) inner /usr/local/lib/python3.8/dist-packages/oslo_concurrency/lockutils.py:385}}
Aug 17 16:14:46.403847 dv-cinder-852208-6-iscsi devstack@n-api.service[120793]: DEBUG oslo_concurrency.lockutils [None req-abfeb8f2-92eb-4124-92e7-3cc62c04609a None None] Lock "00000000-0000-0000-0000-000000000000" acquired by "nova.context.set_target_cell..get_or_set_cached_cell_and_set_connections" :: waited 0.001s {{(pid=120793) inner /usr/local/lib/python3.8/dist-packages/oslo_concurrency/lockutils.py:390}}
Aug 17 16:14:46.405448 dv-cinder-852208-6-iscsi devstack@n-api.service[120793]: DEBUG oslo_concurrency.lockutils [None req-abfeb8f2-92eb-4124-92e7-3cc62c04609a None None] Lock "00000000-0000-0000-0000-000000000000" "released" by "nova.context.set_target_cell..get_or_set_cached_cell_and_set_connections" :: held 0.002s {{(pid=120793) inner /usr/local/lib/python3.8/dist-packages/oslo_concurrency/lockutils.py:404}}
Aug 17 16:14:46.406196 dv-cinder-852208-6-iscsi devstack@n-api.service[120793]: DEBUG oslo_concurrency.lockutils [None req-abfeb8f2-92eb-4124-92e7-3cc62c04609a None None] Acquiring lock "37367ca3-7f41-4991-90e4-8af97b9dc4a0" by "nova.context.set_target_cell..get_or_set_cached_cell_and_set_connections" {{(pid=120793) inner /usr/local/lib/python3.8/dist-packages/oslo_concurrency/lockutils.py:385}}
Aug 17 16:14:46.406647 dv-cinder-852208-6-iscsi devstack@n-api.service[120793]: DEBUG oslo_concurrency.lockutils [None req-abfeb8f2-92eb-4124-92e7-3cc62c04609a None None] Lock "37367ca3-7f41-4991-90e4-8af97b9dc4a0" acquired by "nova.context.set_target_cell..get_or_set_cached_cell_and_set_connections" :: waited 0.000s {{(pid=120793) inner /usr/local/lib/python3.8/dist-packages/oslo_concurrency/lockutils.py:390}}
Aug 17 16:14:46.407509 dv-cinder-852208-6-iscsi devstack@n-api.service[120794]: DEBUG nova.context [None req-0f435148-36e3-4bf7-b09c-f85ed9b48f57 None None] Found 2 cells: 00000000-0000-0000-0000-000000000000(cell0),37367ca3-7f41-4991-90e4-8af97b9dc4a0(cell1) {{(pid=120794) load_cells /opt/stack/nova/nova/context.py:464}}
Aug 17 16:14:46.408683 dv-cinder-852208-6-iscsi devstack@n-api.service[120793]: DEBUG oslo_concurrency.lockutils [None req-abfeb8f2-92eb-4124-92e7-3cc62c04609a None None] Lock "37367ca3-7f41-4991-90e4-8af97b9dc4a0" "released" by "nova.context.set_target_cell..get_or_set_cached_cell_and_set_connections" :: held 0.002s {{(pid=120793) inner /usr/local/lib/python3.8/dist-packages/oslo_concurrency/lockutils.py:404}}
Aug 17 16:14:46.411302 dv-cinder-852208-6-iscsi devstack@n-api.service[120793]: INFO dbcounter [None req-abfeb8f2-92eb-4124-92e7-3cc62c04609a None None] Registered counter for database nova_cell0
Aug 17 16:14:46.412444 dv-cinder-852208-6-iscsi devstack@n-api.service[120794]: DEBUG oslo_concurrency.lockutils [None req-0f435148-36e3-4bf7-b09c-f85ed9b48f57 None None] Acquiring lock "00000000-0000-0000-0000-000000000000" by "nova.context.set_target_cell..get_or_set_cached_cell_and_set_connections" {{(pid=120794) inner /usr/local/lib/python3.8/dist-packages/oslo_concurrency/lockutils.py:385}}
Aug 17 16:14:46.412914 dv-cinder-852208-6-iscsi devstack@n-api.service[120794]: DEBUG oslo_concurrency.lockutils [None req-0f435148-36e3-4bf7-b09c-f85ed9b48f57 None None] Lock "00000000-0000-0000-0000-000000000000" acquired by "nova.context.set_target_cell..get_or_set_cached_cell_and_set_connections" :: waited 0.001s {{(pid=120794) inner /usr/local/lib/python3.8/dist-packages/oslo_concurrency/lockutils.py:390}}
Aug 17 16:14:46.414490 dv-cinder-852208-6-iscsi devstack@n-api.service[120794]: DEBUG oslo_concurrency.lockutils [None req-0f435148-36e3-4bf7-b09c-f85ed9b48f57 None None] Lock "00000000-0000-0000-0000-000000000000" "released" by "nova.context.set_target_cell..get_or_set_cached_cell_and_set_connections" :: held 0.002s {{(pid=120794) inner /usr/local/lib/python3.8/dist-packages/oslo_concurrency/lockutils.py:404}}
Aug 17 16:14:46.415230 dv-cinder-852208-6-iscsi devstack@n-api.service[120794]: DEBUG oslo_concurrency.lockutils [None req-0f435148-36e3-4bf7-b09c-f85ed9b48f57 None None] Acquiring lock "37367ca3-7f41-4991-90e4-8af97b9dc4a0" by "nova.context.set_target_cell..get_or_set_cached_cell_and_set_connections" {{(pid=120794) inner /usr/local/lib/python3.8/dist-packages/oslo_concurrency/lockutils.py:385}}
Aug 17 16:14:46.415391 dv-cinder-852208-6-iscsi devstack@n-api.service[120793]: INFO dbcounter [None req-abfeb8f2-92eb-4124-92e7-3cc62c04609a None None] Registered counter for database nova_cell1
Aug 17 16:14:46.415668 dv-cinder-852208-6-iscsi devstack@n-api.service[120794]: DEBUG oslo_concurrency.lockutils [None req-0f435148-36e3-4bf7-b09c-f85ed9b48f57 None None] Lock "37367ca3-7f41-4991-90e4-8af97b9dc4a0" acquired by "nova.context.set_target_cell..get_or_set_cached_cell_and_set_connections" :: waited 0.000s {{(pid=120794) inner /usr/local/lib/python3.8/dist-packages/oslo_concurrency/lockutils.py:390}}
Aug 17 16:14:46.417673 dv-cinder-852208-6-iscsi devstack@n-api.service[120794]: DEBUG oslo_concurrency.lockutils [None req-0f435148-36e3-4bf7-b09c-f85ed9b48f57 None None] Lock "37367ca3-7f41-4991-90e4-8af97b9dc4a0" "released" by "nova.context.set_target_cell..get_or_set_cached_cell_and_set_connections" :: held 0.002s {{(pid=120794) inner /usr/local/lib/python3.8/dist-packages/oslo_concurrency/lockutils.py:404}}
Aug 17 16:14:46.422248 dv-cinder-852208-6-iscsi devstack@n-api.service[120794]: INFO dbcounter [None req-0f435148-36e3-4bf7-b09c-f85ed9b48f57 None None] Registered counter for database nova_cell0
Aug 17 16:14:46.422984 dv-cinder-852208-6-iscsi devstack@n-api.service[120793]: DEBUG oslo_db.sqlalchemy.engines [None req-abfeb8f2-92eb-4124-92e7-3cc62c04609a None None] MySQL server mode set to STRICT_TRANS_TABLES,STRICT_ALL_TABLES,NO_ZERO_IN_DATE,NO_ZERO_DATE,ERROR_FOR_DIVISION_BY_ZERO,TRADITIONAL,NO_ENGINE_SUBSTITUTION {{(pid=120793) _check_effective_sql_mode /usr/local/lib/python3.8/dist-packages/oslo_db/sqlalchemy/engines.py:314}}
Aug 17 16:14:46.423860 dv-cinder-852208-6-iscsi devstack@n-api.service[120794]: INFO dbcounter [None req-0f435148-36e3-4bf7-b09c-f85ed9b48f57 None None] Registered counter for database nova_cell1
Aug 17 16:14:46.424673 dv-cinder-852208-6-iscsi devstack@n-api.service[120793]: DEBUG oslo_db.sqlalchemy.engines [None req-abfeb8f2-92eb-4124-92e7-3cc62c04609a None None] MySQL server mode set to STRICT_TRANS_TABLES,STRICT_ALL_TABLES,NO_ZERO_IN_DATE,NO_ZERO_DATE,ERROR_FOR_DIVISION_BY_ZERO,TRADITIONAL,NO_ENGINE_SUBSTITUTION {{(pid=120793) _check_effective_sql_mode /usr/local/lib/python3.8/dist-packages/oslo_db/sqlalchemy/engines.py:314}}
Aug 17 16:14:46.430616 dv-cinder-852208-6-iscsi devstack@n-api.service[120793]: DEBUG dbcounter [-] [120793] Writer thread running {{(pid=120793) stat_writer /usr/local/lib/python3.8/dist-packages/dbcounter.py:99}}
Aug 17 16:14:46.432701 dv-cinder-852208-6-iscsi devstack@n-api.service[120794]: DEBUG oslo_db.sqlalchemy.engines [None req-0f435148-36e3-4bf7-b09c-f85ed9b48f57 None None] MySQL server mode set to STRICT_TRANS_TABLES,STRICT_ALL_TABLES,NO_ZERO_IN_DATE,NO_ZERO_DATE,ERROR_FOR_DIVISION_BY_ZERO,TRADITIONAL,NO_ENGINE_SUBSTITUTION {{(pid=120794) _check_effective_sql_mode /usr/local/lib/python3.8/dist-packages/oslo_db/sqlalchemy/engines.py:314}}
Aug 17 16:14:46.433299 dv-cinder-852208-6-iscsi devstack@n-api.service[120793]: DEBUG dbcounter [-] [120793] Writer thread running {{(pid=120793) stat_writer /usr/local/lib/python3.8/dist-packages/dbcounter.py:99}}
Aug 17 16:14:46.433651 dv-cinder-852208-6-iscsi devstack@n-api.service[120794]: DEBUG oslo_db.sqlalchemy.engines [None req-0f435148-36e3-4bf7-b09c-f85ed9b48f57 None None] MySQL server mode set to STRICT_TRANS_TABLES,STRICT_ALL_TABLES,NO_ZERO_IN_DATE,NO_ZERO_DATE,ERROR_FOR_DIVISION_BY_ZERO,TRADITIONAL,NO_ENGINE_SUBSTITUTION {{(pid=120794) _check_effective_sql_mode /usr/local/lib/python3.8/dist-packages/oslo_db/sqlalchemy/engines.py:314}}
Aug 17 16:14:46.441586 dv-cinder-852208-6-iscsi devstack@n-api.service[120794]: DEBUG dbcounter [-] [120794] Writer thread running {{(pid=120794) stat_writer /usr/local/lib/python3.8/dist-packages/dbcounter.py:99}}
Aug 17 16:14:46.442002 dv-cinder-852208-6-iscsi devstack@n-api.service[120794]: DEBUG dbcounter [-] [120794] Writer thread running {{(pid=120794) stat_writer /usr/local/lib/python3.8/dist-packages/dbcounter.py:99}}
Aug 17 16:14:46.582324 dv-cinder-852208-6-iscsi devstack@n-api.service[120793]: INFO dbcounter [None req-abfeb8f2-92eb-4124-92e7-3cc62c04609a None None] Registered counter for database nova_cell0
Aug 17 16:14:46.588747 dv-cinder-852208-6-iscsi devstack@n-api.service[120794]: INFO dbcounter [None req-0f435148-36e3-4bf7-b09c-f85ed9b48f57 None None] Registered counter for database nova_cell0
Aug 17 16:14:46.589010 dv-cinder-852208-6-iscsi devstack@n-api.service[120793]: DEBUG oslo_db.sqlalchemy.engines [None req-abfeb8f2-92eb-4124-92e7-3cc62c04609a None None] MySQL server mode set to STRICT_TRANS_TABLES,STRICT_ALL_TABLES,NO_ZERO_IN_DATE,NO_ZERO_DATE,ERROR_FOR_DIVISION_BY_ZERO,TRADITIONAL,NO_ENGINE_SUBSTITUTION {{(pid=120793) _check_effective_sql_mode /usr/local/lib/python3.8/dist-packages/oslo_db/sqlalchemy/engines.py:314}}
Aug 17 16:14:46.593641 dv-cinder-852208-6-iscsi devstack@n-api.service[120793]: DEBUG dbcounter [-] [120793] Writer thread running {{(pid=120793) stat_writer /usr/local/lib/python3.8/dist-packages/dbcounter.py:99}}
Aug 17 16:14:46.595251 dv-cinder-852208-6-iscsi devstack@n-api.service[120794]: DEBUG oslo_db.sqlalchemy.engines [None req-0f435148-36e3-4bf7-b09c-f85ed9b48f57 None None] MySQL server mode set to STRICT_TRANS_TABLES,STRICT_ALL_TABLES,NO_ZERO_IN_DATE,NO_ZERO_DATE,ERROR_FOR_DIVISION_BY_ZERO,TRADITIONAL,NO_ENGINE_SUBSTITUTION {{(pid=120794) _check_effective_sql_mode /usr/local/lib/python3.8/dist-packages/oslo_db/sqlalchemy/engines.py:314}}
Aug 17 16:14:46.600028 dv-cinder-852208-6-iscsi devstack@n-api.service[120794]: DEBUG dbcounter [-] [120794] Writer thread running {{(pid=120794) stat_writer /usr/local/lib/python3.8/dist-packages/dbcounter.py:99}}
Aug 17 16:14:46.928909 dv-cinder-852208-6-iscsi devstack@n-api.service[120794]: WARNING keystonemiddleware.auth_token [None req-0f435148-36e3-4bf7-b09c-f85ed9b48f57 None None] AuthToken middleware is set with keystone_authtoken.service_token_roles_required set to False. This is backwards compatible but deprecated behaviour. Please set this to True.
Aug 17 16:14:46.934072 dv-cinder-852208-6-iscsi devstack@n-api.service[120793]: WARNING keystonemiddleware.auth_token [None req-abfeb8f2-92eb-4124-92e7-3cc62c04609a None None] AuthToken middleware is set with keystone_authtoken.service_token_roles_required set to False. This is backwards compatible but deprecated behaviour. Please set this to True.
Aug 17 16:14:46.936246 dv-cinder-852208-6-iscsi devstack@n-api.service[120794]: WARNING keystonemiddleware.auth_token [None req-0f435148-36e3-4bf7-b09c-f85ed9b48f57 None None] Configuring www_authenticate_uri to point to the public identity endpoint is required; clients may not be able to authenticate against an admin endpoint
Aug 17 16:14:46.942482 dv-cinder-852208-6-iscsi devstack@n-api.service[120793]: WARNING keystonemiddleware.auth_token [None req-abfeb8f2-92eb-4124-92e7-3cc62c04609a None None] Configuring www_authenticate_uri to point to the public identity endpoint is required; clients may not be able to authenticate against an admin endpoint
Aug 17 16:14:47.292111 dv-cinder-852208-6-iscsi devstack@n-api.service[120794]: WARNING keystonemiddleware.auth_token [None req-0f435148-36e3-4bf7-b09c-f85ed9b48f57 None None] AuthToken middleware is set with keystone_authtoken.service_token_roles_required set to False. This is backwards compatible but deprecated behaviour. Please set this to True.
Aug 17 16:14:47.294509 dv-cinder-852208-6-iscsi devstack@n-api.service[120793]: WARNING keystonemiddleware.auth_token [None req-abfeb8f2-92eb-4124-92e7-3cc62c04609a None None] AuthToken middleware is set with keystone_authtoken.service_token_roles_required set to False. This is backwards compatible but deprecated behaviour. Please set this to True.
Aug 17 16:14:47.298155 dv-cinder-852208-6-iscsi devstack@n-api.service[120794]: WARNING keystonemiddleware.auth_token [None req-0f435148-36e3-4bf7-b09c-f85ed9b48f57 None None] Configuring www_authenticate_uri to point to the public identity endpoint is required; clients may not be able to authenticate against an admin endpoint
Aug 17 16:14:47.301661 dv-cinder-852208-6-iscsi devstack@n-api.service[120793]: WARNING keystonemiddleware.auth_token [None req-abfeb8f2-92eb-4124-92e7-3cc62c04609a None None] Configuring www_authenticate_uri to point to the public identity endpoint is required; clients may not be able to authenticate against an admin endpoint
Aug 17 16:14:47.305075 dv-cinder-852208-6-iscsi devstack@n-api.service[120794]: WSGI app 0 (mountpoint='') ready in 6 seconds on interpreter 0x55b8439079c0 pid: 120794 (default app)
Aug 17 16:14:47.308004 dv-cinder-852208-6-iscsi devstack@n-api.service[120793]: WSGI app 0 (mountpoint='') ready in 6 seconds on interpreter 0x55b8439079c0 pid: 120793 (default app)
Aug 17 16:15:23.460723 dv-cinder-852208-6-iscsi devstack@n-api.service[120794]: DEBUG dbcounter [-] [120794] Writing DB stats nova_api:SELECT=3 {{(pid=120794) stat_writer /usr/local/lib/python3.8/dist-packages/dbcounter.py:114}}
Aug 17 16:15:23.462929 dv-cinder-852208-6-iscsi devstack@n-api.service[120794]: DEBUG dbcounter [-] [120794] Writing DB stats nova_cell0:SELECT=3 {{(pid=120794) stat_writer /usr/local/lib/python3.8/dist-packages/dbcounter.py:114}}
Aug 17 16:15:23.464174 dv-cinder-852208-6-iscsi devstack@n-api.service[120794]: DEBUG dbcounter [-] [120794] Writing DB stats nova_cell1:SELECT=3 {{(pid=120794) stat_writer /usr/local/lib/python3.8/dist-packages/dbcounter.py:114}}
Aug 17 16:15:23.465930 dv-cinder-852208-6-iscsi devstack@n-api.service[120794]: DEBUG dbcounter [-] [120794] Writing DB stats nova_cell0:SELECT=3 {{(pid=120794) stat_writer /usr/local/lib/python3.8/dist-packages/dbcounter.py:114}}
Aug 17 16:15:24.913529 dv-cinder-852208-6-iscsi devstack@n-api.service[120794]: DEBUG nova.api.openstack.wsgi [None req-f1cedc18-a7e4-4329-80b2-ccccc8f62d48 tempest-VolumesGetTestJSON-1267114232 tempest-VolumesGetTestJSON-1267114232-project] Action: 'create', calling method: .version_select at 0x7f9eec344310>, body: {"volume": {"size": 1, "display_name": "tempest-VolumesGetTestJSON-Volume-1013601974", "metadata": {"Type": "work"}}} {{(pid=120794) _process_stack /opt/stack/nova/nova/api/openstack/wsgi.py:511}}
Aug 17 16:15:28.505214 dv-cinder-852208-6-iscsi devstack@n-api.service[120794]: INFO nova.api.openstack.requestlog [None req-f1cedc18-a7e4-4329-80b2-ccccc8f62d48 tempest-VolumesGetTestJSON-1267114232 tempest-VolumesGetTestJSON-1267114232-project] 10.222.0.60 "POST /compute/v2.1/os-volumes" status: 200 len: 353 microversion: 2.1 time: 5.060815
Aug 17 16:15:28.515232 dv-cinder-852208-6-iscsi devstack@n-api.service[120794]: [pid: 120794|app: 0|req: 1/1] 10.222.0.60 () {60 vars in 1156 bytes} [Wed Aug 17 16:15:23 2022] POST /compute/v2.1/os-volumes => generated 353 bytes in 5063 msecs (HTTP/1.1 200) 10 headers in 448 bytes (1 switches on core 0)
Aug 17 16:15:28.993347 dv-cinder-852208-6-iscsi devstack@n-api.service[120793]: DEBUG nova.api.openstack.wsgi [None req-e6a673b2-004c-4556-a777-d83f2ffa559e tempest-VolumesGetTestJSON-1267114232 tempest-VolumesGetTestJSON-1267114232-project] Calling method '.version_select at 0x7f9eec3f53a0>' {{(pid=120793) _process_stack /opt/stack/nova/nova/api/openstack/wsgi.py:513}}
Aug 17 16:15:29.032928 dv-cinder-852208-6-iscsi devstack@n-api.service[120793]: DEBUG dbcounter [-] [120793] Writing DB stats nova_api:SELECT=3 {{(pid=120793) stat_writer /usr/local/lib/python3.8/dist-packages/dbcounter.py:114}}
Aug 17 16:15:29.035221 dv-cinder-852208-6-iscsi devstack@n-api.service[120793]: DEBUG dbcounter [-] [120793] Writing DB stats nova_cell0:SELECT=3 {{(pid=120793) stat_writer /usr/local/lib/python3.8/dist-packages/dbcounter.py:114}}
Aug 17 16:15:29.038219 dv-cinder-852208-6-iscsi devstack@n-api.service[120793]: DEBUG dbcounter [-] [120793] Writing DB stats nova_cell1:SELECT=3 {{(pid=120793) stat_writer /usr/local/lib/python3.8/dist-packages/dbcounter.py:114}}
Aug 17 16:15:29.039446 dv-cinder-852208-6-iscsi devstack@n-api.service[120793]: DEBUG dbcounter [-] [120793] Writing DB stats nova_cell0:SELECT=3 {{(pid=120793) stat_writer /usr/local/lib/python3.8/dist-packages/dbcounter.py:114}}
Aug 17 16:15:30.300185 dv-cinder-852208-6-iscsi devstack@n-api.service[120793]: INFO nova.api.openstack.requestlog [None req-e6a673b2-004c-4556-a777-d83f2ffa559e tempest-VolumesGetTestJSON-1267114232 tempest-VolumesGetTestJSON-1267114232-project] 10.222.0.60 "GET /compute/v2.1/os-volumes/3af06b30-5973-41a2-a226-258a74d059c7" status: 200 len: 354 microversion: 2.1 time: 1.781773
Aug 17 16:15:30.302468 dv-cinder-852208-6-iscsi devstack@n-api.service[120793]: [pid: 120793|app: 0|req: 1/2] 10.222.0.60 () {58 vars in 1245 bytes} [Wed Aug 17 16:15:28 2022] GET /compute/v2.1/os-volumes/3af06b30-5973-41a2-a226-258a74d059c7 => generated 354 bytes in 1787 msecs (HTTP/1.1 200) 9 headers in 357 bytes (1 switches on core 0)
Aug 17 16:15:30.315333 dv-cinder-852208-6-iscsi devstack@n-api.service[120794]: DEBUG nova.api.openstack.wsgi [None req-bb76968c-0063-43cc-99e3-4688705b7ada tempest-VolumesGetTestJSON-1267114232 tempest-VolumesGetTestJSON-1267114232-project] Calling method '.version_select at 0x7f9eec1a31f0>' {{(pid=120794) _process_stack /opt/stack/nova/nova/api/openstack/wsgi.py:513}}
Aug 17 16:15:30.424412 dv-cinder-852208-6-iscsi devstack@n-api.service[120794]: INFO nova.api.openstack.requestlog [None req-bb76968c-0063-43cc-99e3-4688705b7ada tempest-VolumesGetTestJSON-1267114232 tempest-VolumesGetTestJSON-1267114232-project] 10.222.0.60 "GET /compute/v2.1/os-volumes/3af06b30-5973-41a2-a226-258a74d059c7" status: 200 len: 354 microversion: 2.1 time: 0.113383
Aug 17 16:15:30.425362 dv-cinder-852208-6-iscsi devstack@n-api.service[120794]: [pid: 120794|app: 0|req: 2/3] 10.222.0.60 () {58 vars in 1245 bytes} [Wed Aug 17 16:15:30 2022] GET /compute/v2.1/os-volumes/3af06b30-5973-41a2-a226-258a74d059c7 => generated 354 bytes in 115 msecs (HTTP/1.1 200) 9 headers in 357 bytes (1 switches on core 0)
Aug 17 16:15:30.456334 dv-cinder-852208-6-iscsi devstack@n-api.service[120793]: DEBUG nova.api.openstack.wsgi [None req-b2a27524-247f-45c3-aae4-245001039dad tempest-VolumesGetTestJSON-1267114232 tempest-VolumesGetTestJSON-1267114232-project] Calling method '.version_select at 0x7f9eec2061f0>' {{(pid=120793) _process_stack /opt/stack/nova/nova/api/openstack/wsgi.py:513}}
Aug 17 16:15:30.676258 dv-cinder-852208-6-iscsi devstack@n-api.service[120793]: INFO nova.api.openstack.requestlog [None req-b2a27524-247f-45c3-aae4-245001039dad tempest-VolumesGetTestJSON-1267114232 tempest-VolumesGetTestJSON-1267114232-project] 10.222.0.60 "DELETE /compute/v2.1/os-volumes/3af06b30-5973-41a2-a226-258a74d059c7" status: 202 len: 0 microversion: 2.1 time: 0.234732
Aug 17 16:15:30.680256 dv-cinder-852208-6-iscsi devstack@n-api.service[120793]: [pid: 120793|app: 0|req: 2/4] 10.222.0.60 () {58 vars in 1248 bytes} [Wed Aug 17 16:15:30 2022] DELETE /compute/v2.1/os-volumes/3af06b30-5973-41a2-a226-258a74d059c7 => generated 0 bytes in 236 msecs (HTTP/1.1 202) 9 headers in 361 bytes (1 switches on core 0)
Aug 17 16:15:30.684628 dv-cinder-852208-6-iscsi devstack@n-api.service[120794]: DEBUG nova.api.openstack.wsgi [None req-65328efe-2d0f-4d00-a0fa-b7ae85547dfa tempest-VolumesGetTestJSON-1267114232 tempest-VolumesGetTestJSON-1267114232-project] Calling method '.version_select at 0x7f9eec1a38b0>' {{(pid=120794) _process_stack /opt/stack/nova/nova/api/openstack/wsgi.py:513}}
Aug 17 16:15:31.109473 dv-cinder-852208-6-iscsi devstack@n-api.service[120794]: INFO nova.api.openstack.requestlog [None req-65328efe-2d0f-4d00-a0fa-b7ae85547dfa tempest-VolumesGetTestJSON-1267114232 tempest-VolumesGetTestJSON-1267114232-project] 10.222.0.60 "GET /compute/v2.1/os-volumes/3af06b30-5973-41a2-a226-258a74d059c7" status: 200 len: 353 microversion: 2.1 time: 0.428493
Aug 17 16:15:31.115291 dv-cinder-852208-6-iscsi devstack@n-api.service[120794]: [pid: 120794|app: 0|req: 3/5] 10.222.0.60 () {58 vars in 1245 bytes} [Wed Aug 17 16:15:30 2022] GET /compute/v2.1/os-volumes/3af06b30-5973-41a2-a226-258a74d059c7 => generated 353 bytes in 435 msecs (HTTP/1.1 200) 9 headers in 357 bytes (1 switches on core 0)
Aug 17 16:15:32.132632 dv-cinder-852208-6-iscsi devstack@n-api.service[120793]: DEBUG nova.api.openstack.wsgi [None req-335b72fb-65aa-4a5e-a80f-cc3ba41d81a1 tempest-VolumesGetTestJSON-1267114232 tempest-VolumesGetTestJSON-1267114232-project] Calling method '.version_select at 0x7f9eec206430>' {{(pid=120793) _process_stack /opt/stack/nova/nova/api/openstack/wsgi.py:513}}
Aug 17 16:15:32.210191 dv-cinder-852208-6-iscsi devstack@n-api.service[120793]: INFO nova.api.openstack.wsgi [None req-335b72fb-65aa-4a5e-a80f-cc3ba41d81a1 tempest-VolumesGetTestJSON-1267114232 tempest-VolumesGetTestJSON-1267114232-project] HTTP exception thrown: Volume 3af06b30-5973-41a2-a226-258a74d059c7 could not be found.
Aug 17 16:15:32.215512 dv-cinder-852208-6-iscsi devstack@n-api.service[120793]: DEBUG nova.api.openstack.wsgi [None req-335b72fb-65aa-4a5e-a80f-cc3ba41d81a1 tempest-VolumesGetTestJSON-1267114232 tempest-VolumesGetTestJSON-1267114232-project] Request method failure captured:
Aug 17 16:15:32.215512 dv-cinder-852208-6-iscsi devstack@n-api.service[120793]: request: GET /compute/v2.1/os-volumes/3af06b30-5973-41a2-a226-258a74d059c7 HTTP/1.1
Aug 17 16:15:32.215512 dv-cinder-852208-6-iscsi devstack@n-api.service[120793]: Accept: application/json
Aug 17 16:15:32.215512 dv-cinder-852208-6-iscsi devstack@n-api.service[120793]: Accept-Encoding: identity
Aug 17 16:15:32.215512 dv-cinder-852208-6-iscsi devstack@n-api.service[120793]: Connection: close
Aug 17 16:15:32.215512 dv-cinder-852208-6-iscsi devstack@n-api.service[120793]: Content-Length: 0
Aug 17 16:15:32.215512 dv-cinder-852208-6-iscsi devstack@n-api.service[120793]: Content-Type: application/json
Aug 17 16:15:32.215512 dv-cinder-852208-6-iscsi devstack@n-api.service[120793]: Host: 10.222.0.60
Aug 17 16:15:32.215512 dv-cinder-852208-6-iscsi devstack@n-api.service[120793]: Openstack-System-Scope: None
Aug 17 16:15:32.215512 dv-cinder-852208-6-iscsi devstack@n-api.service[120793]: User-Agent: python-urllib3/1.26.11
Aug 17 16:15:32.215512 dv-cinder-852208-6-iscsi devstack@n-api.service[120793]: X-Auth-Token: gAAAAABi_RQbYay5LCnydfXqFjy0wTIkHgKlIlew4M6cymAPCM-nEjzj51pvCS6Gaa0-yuJBYPjya0IR0zbtpeZw14mJRlA0dRQCzomQpbyzR2qgPbUk9udHdBdcL714LoaLzTWONiVg-3pLHvB5mTTxnvCx5_DXkvaltxiIFtfLAs53CjtSbJ4
Aug 17 16:15:32.215512 dv-cinder-852208-6-iscsi devstack@n-api.service[120793]: X-Domain-Id: None
Aug 17 16:15:32.215512 dv-cinder-852208-6-iscsi devstack@n-api.service[120793]: X-Domain-Name: None
Aug 17 16:15:32.215512 dv-cinder-852208-6-iscsi devstack@n-api.service[120793]: X-Identity-Status: Confirmed
Aug 17 16:15:32.215512 dv-cinder-852208-6-iscsi devstack@n-api.service[120793]: X-Is-Admin-Project: True
Aug 17 16:15:32.215512 dv-cinder-852208-6-iscsi devstack@n-api.service[120793]: X-Project-Domain-Id: default
Aug 17 16:15:32.215512 dv-cinder-852208-6-iscsi devstack@n-api.service[120793]: X-Project-Domain-Name: Default
Aug 17 16:15:32.215512 dv-cinder-852208-6-iscsi devstack@n-api.service[120793]: X-Project-Id: 694ac81eb96c46bf9c999a09e34fb496
Aug 17 16:15:32.215512 dv-cinder-852208-6-iscsi devstack@n-api.service[120793]: X-Project-Name: tempest-VolumesGetTestJSON-1267114232
Aug 17 16:15:32.215512 dv-cinder-852208-6-iscsi devstack@n-api.service[120793]: X-Role: member,reader
Aug 17 16:15:32.215512 dv-cinder-852208-6-iscsi devstack@n-api.service[120793]: X-Roles: member,reader
Aug 17 16:15:32.216929 dv-cinder-852208-6-iscsi devstack@n-api.service[120793]: X-Service-Catalog: [{"type": "network", "name": "neutron", "endpoints": [{"region": "RegionOne", "publicURL": "http://10.222.0.60:9696/networking"}]}, {"type": "block-storage", "name": "cinder", "endpoints": [{"region": "RegionOne", "publicURL": "http://10.222.0.60/volume/v3/694ac81eb96c46bf9c999a09e34fb496"}]}, {"type": "volumev3", "name": "cinderv3", "endpoints": [{"region": "RegionOne", "publicURL": "http://10.222.0.60/volume/v3/694ac81eb96c46bf9c999a09e34fb496"}]}, {"type": "compute", "name": "nova", "endpoints": [{"region": "RegionOne", "publicURL": "http://10.222.0.60/compute/v2.1"}]}, {"type": "image", "name": "glance", "endpoints": [{"region": "RegionOne", "publicURL": "http://10.222.0.60/image"}]}, {"type": "object-store", "name": "swift", "endpoints": [{"region": "RegionOne", "publicURL": "http://10.222.0.60:8080/v1/AUTH_694ac81eb96c46bf9c999a09e34fb496", "adminURL": "http://10.222.0.60:8080"}]}, {"type": "compute_legacy", "name": "nova_legacy", "endpoints": [{"region": "RegionOne", "publicURL": "http://10.222.0.60/compute/v2/694ac81eb96c46bf9c999a09e34fb496"}]}, {"type": "identity", "name": "keystone", "endpoints": [{"region": "RegionOne", "publicURL": "http://10.222.0.60/identity"}]}, {"type": "placement", "name": "placement", "endpoints": [{"region": "RegionOne", "publicURL": "http://10.222.0.60/placement"}]}]
Aug 17 16:15:32.216929 dv-cinder-852208-6-iscsi devstack@n-api.service[120793]: X-Tenant: tempest-VolumesGetTestJSON-1267114232
Aug 17 16:15:32.216929 dv-cinder-852208-6-iscsi devstack@n-api.service[120793]: X-Tenant-Id: 694ac81eb96c46bf9c999a09e34fb496
Aug 17 16:15:32.216929 dv-cinder-852208-6-iscsi devstack@n-api.service[120793]: X-Tenant-Name: tempest-VolumesGetTestJSON-1267114232
Aug 17 16:15:32.216929 dv-cinder-852208-6-iscsi devstack@n-api.service[120793]: X-User: tempest-VolumesGetTestJSON-1267114232-project
Aug 17 16:15:32.216929 dv-cinder-852208-6-iscsi devstack@n-api.service[120793]: X-User-Domain-Id: default
Aug 17 16:15:32.216929 dv-cinder-852208-6-iscsi devstack@n-api.service[120793]: X-User-Domain-Name: Default
Aug 17 16:15:32.216929 dv-cinder-852208-6-iscsi devstack@n-api.service[120793]: X-User-Id: dcb0aae565f84d60a8722c74e83b6682
Aug 17 16:15:32.216929 dv-cinder-852208-6-iscsi devstack@n-api.service[120793]: X-User-Name: tempest-VolumesGetTestJSON-1267114232-project
Aug 17 16:15:32.216929 dv-cinder-852208-6-iscsi devstack@n-api.service[120793]: method:
Aug 17 16:15:32.216929 dv-cinder-852208-6-iscsi devstack@n-api.service[120793]: exception: Volume 3af06b30-5973-41a2-a226-258a74d059c7 could not be found.
Aug 17 16:15:32.216929 dv-cinder-852208-6-iscsi devstack@n-api.service[120793]: action_args: {'id': '3af06b30-5973-41a2-a226-258a74d059c7'}
Aug 17 16:15:32.216929 dv-cinder-852208-6-iscsi devstack@n-api.service[120793]: {{(pid=120793) _process_stack /opt/stack/nova/nova/api/openstack/wsgi.py:541}}
Aug 17 16:15:32.217553 dv-cinder-852208-6-iscsi devstack@n-api.service[120793]: ERROR nova.api.openstack.wsgi
Traceback (most recent call last):
Aug 17 16:15:32.217553 dv-cinder-852208-6-iscsi devstack@n-api.service[120793]: ERROR nova.api.openstack.wsgi
File "/opt/stack/nova/nova/volume/cinder.py", line 433, in wrapper
Aug 17 16:15:32.217553 dv-cinder-852208-6-iscsi devstack@n-api.service[120793]: ERROR nova.api.openstack.wsgi res = method(self, ctx, volume_id, *args, **kwargs)
Aug 17 16:15:32.217553 dv-cinder-852208-6-iscsi devstack@n-api.service[120793]: ERROR nova.api.openstack.wsgi
File "/opt/stack/nova/nova/volume/cinder.py", line 502, in get
Aug 17 16:15:32.217553 dv-cinder-852208-6-iscsi devstack@n-api.service[120793]: ERROR nova.api.openstack.wsgi item = cinderclient(
Aug 17 16:15:32.217553 dv-cinder-852208-6-iscsi devstack@n-api.service[120793]: ERROR nova.api.openstack.wsgi
File "/usr/local/lib/python3.8/dist-packages/cinderclient/v3/volumes_base.py", line 202, in get
Aug 17 16:15:32.217553 dv-cinder-852208-6-iscsi devstack@n-api.service[120793]: ERROR nova.api.openstack.wsgi return self._get("/volumes/%s" % volume_id, "volume")
Aug 17 16:15:32.217553 dv-cinder-852208-6-iscsi devstack@n-api.service[120793]: ERROR nova.api.openstack.wsgi
File "/usr/local/lib/python3.8/dist-packages/cinderclient/base.py", line 297, in _get
Aug 17 16:15:32.217553 dv-cinder-852208-6-iscsi devstack@n-api.service[120793]: ERROR nova.api.openstack.wsgi resp, body = self.api.client.get(url)
Aug 17 16:15:32.217553 dv-cinder-852208-6-iscsi devstack@n-api.service[120793]: ERROR nova.api.openstack.wsgi
File "/usr/local/lib/python3.8/dist-packages/cinderclient/client.py", line 224, in get
Aug 17 16:15:32.217553 dv-cinder-852208-6-iscsi devstack@n-api.service[120793]: ERROR nova.api.openstack.wsgi return self._cs_request(url, 'GET', **kwargs)
Aug 17 16:15:32.217553 dv-cinder-852208-6-iscsi devstack@n-api.service[120793]: ERROR nova.api.openstack.wsgi
File "/usr/local/lib/python3.8/dist-packages/cinderclient/client.py", line 215, in _cs_request
Aug 17 16:15:32.217553 dv-cinder-852208-6-iscsi devstack@n-api.service[120793]: ERROR nova.api.openstack.wsgi return self.request(url, method, **kwargs)
Aug 17 16:15:32.217553 dv-cinder-852208-6-iscsi devstack@n-api.service[120793]: ERROR nova.api.openstack.wsgi
File "/usr/local/lib/python3.8/dist-packages/cinderclient/client.py", line 201, in request
Aug 17 16:15:32.217553 dv-cinder-852208-6-iscsi devstack@n-api.service[120793]: ERROR nova.api.openstack.wsgi raise exceptions.from_response(resp, body)
Aug 17 16:15:32.217553 dv-cinder-852208-6-iscsi devstack@n-api.service[120793]: ERROR nova.api.openstack.wsgi cinderclient.exceptions.NotFound: Volume 3af06b30-5973-41a2-a226-258a74d059c7 could not be found. (HTTP 404) (Request-ID: req-4caee563-8761-455b-a80c-fd1e0bb2b369)
Aug 17 16:15:32.217553 dv-cinder-852208-6-iscsi devstack@n-api.service[120793]: ERROR nova.api.openstack.wsgi
Aug 17 16:15:32.217553 dv-cinder-852208-6-iscsi devstack@n-api.service[120793]: ERROR nova.api.openstack.wsgi During handling of the above exception, another exception occurred:
Aug 17 16:15:32.217553 dv-cinder-852208-6-iscsi devstack@n-api.service[120793]: ERROR nova.api.openstack.wsgi
Aug 17 16:15:32.229696 dv-cinder-852208-6-iscsi devstack@n-api.service[120793]: ERROR nova.api.openstack.wsgi
Traceback (most recent call last):
Aug 17 16:15:32.229696 dv-cinder-852208-6-iscsi devstack@n-api.service[120793]: ERROR nova.api.openstack.wsgi
File "/opt/stack/nova/nova/api/openstack/compute/volumes.py", line 120, in show
Aug 17 16:15:32.229696 dv-cinder-852208-6-iscsi devstack@n-api.service[120793]: ERROR nova.api.openstack.wsgi vol = self.volume_api.get(context, id)
Aug 17 16:15:32.229696 dv-cinder-852208-6-iscsi devstack@n-api.service[120793]: ERROR nova.api.openstack.wsgi
File "/opt/stack/nova/nova/volume/cinder.py", line 395, in wrapper
Aug 17 16:15:32.229696 dv-cinder-852208-6-iscsi devstack@n-api.service[120793]: ERROR nova.api.openstack.wsgi res = method(self, ctx, *args, **kwargs)
Aug 17 16:15:32.229696 dv-cinder-852208-6-iscsi devstack@n-api.service[120793]: ERROR nova.api.openstack.wsgi
File "/opt/stack/nova/nova/volume/cinder.py", line 435, in wrapper
Aug 17 16:15:32.229696 dv-cinder-852208-6-iscsi devstack@n-api.service[120793]: ERROR nova.api.openstack.wsgi _reraise(exception.VolumeNotFound(volume_id=volume_id))
Aug 17 16:15:32.229696 dv-cinder-852208-6-iscsi devstack@n-api.service[120793]: ERROR nova.api.openstack.wsgi
File "/opt/stack/nova/nova/volume/cinder.py", line 486, in _reraise
Aug 17 16:15:32.229696 dv-cinder-852208-6-iscsi devstack@n-api.service[120793]: ERROR nova.api.openstack.wsgi raise desired_exc.with_traceback(sys.exc_info()[2])
Aug 17 16:15:32.229696 dv-cinder-852208-6-iscsi devstack@n-api.service[120793]: ERROR nova.api.openstack.wsgi
File "/opt/stack/nova/nova/volume/cinder.py", line 433, in wrapper
Aug 17 16:15:32.229696 dv-cinder-852208-6-iscsi devstack@n-api.service[120793]: ERROR nova.api.openstack.wsgi res = method(self, ctx, volume_id, *args, **kwargs)
Aug 17 16:15:32.229696 dv-cinder-852208-6-iscsi devstack@n-api.service[120793]: ERROR nova.api.openstack.wsgi
File "/opt/stack/nova/nova/volume/cinder.py", line 502, in get
Aug 17 16:15:32.229696 dv-cinder-852208-6-iscsi devstack@n-api.service[120793]: ERROR nova.api.openstack.wsgi item = cinderclient(
Aug 17 16:15:32.229696 dv-cinder-852208-6-iscsi devstack@n-api.service[120793]: ERROR nova.api.openstack.wsgi
File "/usr/local/lib/python3.8/dist-packages/cinderclient/v3/volumes_base.py", line 202, in get
Aug 17 16:15:32.229696 dv-cinder-852208-6-iscsi devstack@n-api.service[120793]: ERROR nova.api.openstack.wsgi return self._get("/volumes/%s" % volume_id, "volume")
Aug 17 16:15:32.229696 dv-cinder-852208-6-iscsi devstack@n-api.service[120793]: ERROR nova.api.openstack.wsgi
File "/usr/local/lib/python3.8/dist-packages/cinderclient/base.py", line 297, in _get
Aug 17 16:15:32.229696 dv-cinder-852208-6-iscsi devstack@n-api.service[120793]: ERROR nova.api.openstack.wsgi resp, body = self.api.client.get(url)
Aug 17 16:15:32.229696 dv-cinder-852208-6-iscsi devstack@n-api.service[120793]: ERROR nova.api.openstack.wsgi
File "/usr/local/lib/python3.8/dist-packages/cinderclient/client.py", line 224, in get
Aug 17 16:15:32.229696 dv-cinder-852208-6-iscsi devstack@n-api.service[120793]: ERROR nova.api.openstack.wsgi return self._cs_request(url, 'GET', **kwargs)
Aug 17 16:15:32.232528 dv-cinder-852208-6-iscsi devstack@n-api.service[120793]: ERROR nova.api.openstack.wsgi
File "/usr/local/lib/python3.8/dist-packages/cinderclient/client.py", line 215, in _cs_request
Aug 17 16:15:32.232528 dv-cinder-852208-6-iscsi devstack@n-api.service[120793]: ERROR nova.api.openstack.wsgi return self.request(url, method, **kwargs)
Aug 17 16:15:32.232528 dv-cinder-852208-6-iscsi devstack@n-api.service[120793]: ERROR nova.api.openstack.wsgi
File "/usr/local/lib/python3.8/dist-packages/cinderclient/client.py", line 201, in request
Aug 17 16:15:32.232528 dv-cinder-852208-6-iscsi devstack@n-api.service[120793]: ERROR nova.api.openstack.wsgi raise exceptions.from_response(resp, body)
Aug 17 16:15:32.232528 dv-cinder-852208-6-iscsi devstack@n-api.service[120793]: ERROR nova.api.openstack.wsgi nova.exception.VolumeNotFound: Volume 3af06b30-5973-41a2-a226-258a74d059c7 could not be found.
Aug 17 16:15:32.232528 dv-cinder-852208-6-iscsi devstack@n-api.service[120793]: ERROR nova.api.openstack.wsgi
Aug 17 16:15:32.232528 dv-cinder-852208-6-iscsi devstack@n-api.service[120793]: ERROR nova.api.openstack.wsgi During handling of the above exception, another exception occurred:
Aug 17 16:15:32.232528 dv-cinder-852208-6-iscsi devstack@n-api.service[120793]: ERROR nova.api.openstack.wsgi
Aug 17 16:15:32.232528 dv-cinder-852208-6-iscsi devstack@n-api.service[120793]: ERROR nova.api.openstack.wsgi
Traceback (most recent call last):
Aug 17 16:15:32.232528 dv-cinder-852208-6-iscsi devstack@n-api.service[120793]: ERROR nova.api.openstack.wsgi
File "/opt/stack/nova/nova/api/openstack/wsgi.py", line 539, in _process_stack
Aug 17 16:15:32.232528 dv-cinder-852208-6-iscsi devstack@n-api.service[120793]: ERROR nova.api.openstack.wsgi action_result = self.dispatch(meth, request, action_args)
Aug 17 16:15:32.232528 dv-cinder-852208-6-iscsi devstack@n-api.service[120793]: ERROR nova.api.openstack.wsgi
File "/opt/stack/nova/nova/api/openstack/wsgi.py", line 630, in dispatch
Aug 17 16:15:32.232528 dv-cinder-852208-6-iscsi devstack@n-api.service[120793]: ERROR nova.api.openstack.wsgi return method(req=request, **action_args)
Aug 17 16:15:32.232528 dv-cinder-852208-6-iscsi devstack@n-api.service[120793]: ERROR nova.api.openstack.wsgi
File "/opt/stack/nova/nova/api/openstack/wsgi.py", line 794, in version_select
Aug 17 16:15:32.232528 dv-cinder-852208-6-iscsi devstack@n-api.service[120793]: ERROR nova.api.openstack.wsgi return func.func(self, *args, **kwargs)
Aug 17 16:15:32.232528 dv-cinder-852208-6-iscsi devstack@n-api.service[120793]: ERROR nova.api.openstack.wsgi
File "/opt/stack/nova/nova/api/openstack/wsgi.py", line 664, in wrapped
Aug 17 16:15:32.232528 dv-cinder-852208-6-iscsi devstack@n-api.service[120793]: ERROR nova.api.openstack.wsgi return f(*args, **kwargs)
Aug 17 16:15:32.232528 dv-cinder-852208-6-iscsi devstack@n-api.service[120793]: ERROR nova.api.openstack.wsgi
File "/opt/stack/nova/nova/api/openstack/compute/volumes.py", line 122, in show
Aug 17 16:15:32.232528 dv-cinder-852208-6-iscsi devstack@n-api.service[120793]: ERROR nova.api.openstack.wsgi raise exc.HTTPNotFound(explanation=e.format_message())
Aug 17 16:15:32.234836 dv-cinder-852208-6-iscsi devstack@n-api.service[120793]: ERROR nova.api.openstack.wsgi webob.exc.HTTPNotFound: Volume 3af06b30-5973-41a2-a226-258a74d059c7 could not be found.
Aug 17 16:15:32.234836 dv-cinder-852208-6-iscsi devstack@n-api.service[120793]: ERROR nova.api.openstack.wsgi
Aug 17 16:15:32.234836 dv-cinder-852208-6-iscsi devstack@n-api.service[120793]: ERROR nova.api.openstack.wsgi During handling of the above exception, another exception occurred:
Aug 17 16:15:32.234836 dv-cinder-852208-6-iscsi devstack@n-api.service[120793]: ERROR nova.api.openstack.wsgi
Aug 17 16:15:32.234836 dv-cinder-852208-6-iscsi devstack@n-api.service[120793]: ERROR nova.api.openstack.wsgi
Traceback (most recent call last):
Aug 17 16:15:32.234836 dv-cinder-852208-6-iscsi devstack@n-api.service[120793]: ERROR nova.api.openstack.wsgi
File "/opt/stack/nova/nova/api/openstack/wsgi.py", line 539, in _process_stack
Aug 17 16:15:32.234836 dv-cinder-852208-6-iscsi devstack@n-api.service[120793]: ERROR nova.api.openstack.wsgi action_result = self.dispatch(meth, request, action_args)
Aug 17 16:15:32.234836 dv-cinder-852208-6-iscsi devstack@n-api.service[120793]: ERROR nova.api.openstack.wsgi
File "/opt/stack/nova/nova/api/openstack/wsgi.py", line 372, in __exit__
Aug 17 16:15:32.234836 dv-cinder-852208-6-iscsi devstack@n-api.service[120793]: ERROR nova.api.openstack.wsgi raise Fault(ex_value)
Aug 17 16:15:32.234836 dv-cinder-852208-6-iscsi devstack@n-api.service[120793]: ERROR nova.api.openstack.wsgi nova.api.openstack.wsgi.Fault: Volume 3af06b30-5973-41a2-a226-258a74d059c7 could not be found.
Aug 17 16:15:32.234836 dv-cinder-852208-6-iscsi devstack@n-api.service[120793]: ERROR nova.api.openstack.wsgi
Aug 17 16:15:32.234836 dv-cinder-852208-6-iscsi devstack@n-api.service[120793]: DEBUG nova.api.openstack.wsgi [None req-335b72fb-65aa-4a5e-a80f-cc3ba41d81a1 tempest-VolumesGetTestJSON-1267114232 tempest-VolumesGetTestJSON-1267114232-project] Returning 404 to user: Volume 3af06b30-5973-41a2-a226-258a74d059c7 could not be found. {{(pid=120793) __call__ /opt/stack/nova/nova/api/openstack/wsgi.py:942}}
Aug 17 16:15:32.234836 dv-cinder-852208-6-iscsi devstack@n-api.service[120793]: INFO nova.api.openstack.requestlog [None req-335b72fb-65aa-4a5e-a80f-cc3ba41d81a1 tempest-VolumesGetTestJSON-1267114232 tempest-VolumesGetTestJSON-1267114232-project] 10.222.0.60 "GET /compute/v2.1/os-volumes/3af06b30-5973-41a2-a226-258a74d059c7" status: 404 len: 109 microversion: 2.1 time: 0.090093
