Aug 17 16:16:04.163189 dv-cinder-852208-6-iscsi devstack@c-api.service[113638]: DEBUG cinder.volume.api [None req-a6b3e280-42ab-4bfd-8edb-fa3114aef68d tempest-SnapshotMetadataTestJSON-1314301743 tempest-SnapshotMetadataTestJSON-1314301743-project] Task 'cinder.volume.flows.api.create_volume.VolumeCastTask;volume:create' (199a49b2-d8c4-416b-a735-6937212618d8) transitioned into state 'SUCCESS' from state 'RUNNING' with result 'None' {{(pid=113638) _task_receiver /usr/local/lib/python3.8/dist-packages/taskflow/listeners/logging.py:178}}
Aug 17 16:16:04.165656 dv-cinder-852208-6-iscsi devstack@c-api.service[113637]: [pid: 113637|app: 0|req: 119/260] 10.222.0.60 () {60 vars in 1373 bytes} [Wed Aug 17 16:16:03 2022] POST /volume/v3/4f191bcc3e654c4e807252b566f3ecf6/snapshots/fe30e587-36ed-42f1-a574-c9fb20529cc5/action => generated 0 bytes in 273 msecs (HTTP/1.1 202) 7 headers in 289 bytes (1 switches on core 0)
Aug 17 16:16:04.167143 dv-cinder-852208-6-iscsi devstack@c-api.service[113637]: DEBUG cinder.api.middleware.request_id [None req-57f46a10-6370-4d31-b3f1-5881ee7d490f None None] RequestId filter calling following filter/app {{(pid=113637) _context_setter /opt/stack/cinder/cinder/api/middleware/request_id.py:62}}
Aug 17 16:16:04.168591 dv-cinder-852208-6-iscsi devstack@c-api.service[113638]: DEBUG cinder.volume.api [None req-a6b3e280-42ab-4bfd-8edb-fa3114aef68d tempest-SnapshotMetadataTestJSON-1314301743 tempest-SnapshotMetadataTestJSON-1314301743-project] Flow 'volume_create_api' (a80bda3f-f130-4eb9-9f6f-506cea495f7d) transitioned into state 'SUCCESS' from state 'RUNNING' {{(pid=113638) _flow_receiver /usr/local/lib/python3.8/dist-packages/taskflow/listeners/logging.py:141}}
Aug 17 16:16:04.169400 dv-cinder-852208-6-iscsi devstack@c-api.service[113638]: INFO cinder.volume.api [None req-a6b3e280-42ab-4bfd-8edb-fa3114aef68d tempest-SnapshotMetadataTestJSON-1314301743 tempest-SnapshotMetadataTestJSON-1314301743-project] Create volume request issued successfully.
Aug 17 16:16:04.170745 dv-cinder-852208-6-iscsi devstack@c-api.service[113638]: INFO cinder.api.openstack.wsgi [None req-a6b3e280-42ab-4bfd-8edb-fa3114aef68d tempest-SnapshotMetadataTestJSON-1314301743 tempest-SnapshotMetadataTestJSON-1314301743-project] http://10.222.0.60/volume/v3/51565950c876407ab54d1af7018353fc/volumes returned with HTTP 202
Aug 17 16:16:04.172666 dv-cinder-852208-6-iscsi devstack@c-api.service[113638]: [pid: 113638|app: 0|req: 142/261] 10.222.0.60 () {60 vars in 1235 bytes} [Wed Aug 17 16:16:03 2022] POST /volume/v3/51565950c876407ab54d1af7018353fc/volumes => generated 824 bytes in 420 msecs (HTTP/1.1 202) 7 headers in 291 bytes (2 switches on core 0)
Aug 17 16:16:04.174513 dv-cinder-852208-6-iscsi devstack@c-api.service[113638]: DEBUG cinder.api.middleware.request_id [None req-0ef2a700-7584-441e-a86e-4274ff3e01d9 None None] RequestId filter calling following filter/app {{(pid=113638) _context_setter /opt/stack/cinder/cinder/api/middleware/request_id.py:62}}
Aug 17 16:16:04.190187 dv-cinder-852208-6-iscsi devstack@c-api.service[113637]: INFO cinder.api.openstack.wsgi [None req-57f46a10-6370-4d31-b3f1-5881ee7d490f tempest-VolumeServicesNegativeTest-1530414673 tempest-VolumeServicesNegativeTest-1530414673-project-admin] PUT http://10.222.0.60/volume/v3/91d1c47f393d4347b79abd3c2acf6867/os-services/disable
Aug 17 16:16:04.191148 dv-cinder-852208-6-iscsi devstack@c-api.service[113637]: DEBUG cinder.api.openstack.wsgi [None req-57f46a10-6370-4d31-b3f1-5881ee7d490f tempest-VolumeServicesNegativeTest-1530414673 tempest-VolumeServicesNegativeTest-1530414673-project-admin] Action: 'update', calling method: update, body: {"host": "dv-cinder-852208-6-iscsi", "binary": "invalid_binary"} {{(pid=113637) _process_stack /opt/stack/cinder/cinder/api/openstack/wsgi.py:866}}
Aug 17 16:16:04.192108 dv-cinder-852208-6-iscsi devstack@c-api.service[113637]: /usr/local/lib/python3.8/dist-packages/oslo_context/context.py:100: DeprecationWarning: Policy enforcement is depending on the value of is_admin. This key is deprecated. Please update your policy file to use the standard policy values.
Aug 17 16:16:04.192108 dv-cinder-852208-6-iscsi devstack@c-api.service[113637]: warnings.warn('Policy enforcement is depending on the value of '
Aug 17 16:16:04.204544 dv-cinder-852208-6-iscsi devstack@c-api.service[113637]: INFO cinder.api.openstack.wsgi [None req-57f46a10-6370-4d31-b3f1-5881ee7d490f tempest-VolumeServicesNegativeTest-1530414673 tempest-VolumeServicesNegativeTest-1530414673-project-admin] http://10.222.0.60/volume/v3/91d1c47f393d4347b79abd3c2acf6867/os-services/disable returned with HTTP 404
Aug 17 16:16:04.209870 dv-cinder-852208-6-iscsi devstack@c-api.service[113637]: [pid: 113637|app: 0|req: 120/262] 10.222.0.60 () {60 vars in 1270 bytes} [Wed Aug 17 16:16:04 2022] PUT /volume/v3/91d1c47f393d4347b79abd3c2acf6867/os-services/disable => generated 121 bytes in 40 msecs (HTTP/1.1 404) 7 headers in 292 bytes (1 switches on core 0)
Aug 17 16:16:04.211301 dv-cinder-852208-6-iscsi devstack@c-api.service[113637]: DEBUG cinder.api.middleware.request_id [None req-4190f284-136f-4335-8a1a-416ff2305868 None None] RequestId filter calling following filter/app {{(pid=113637) _context_setter /opt/stack/cinder/cinder/api/middleware/request_id.py:62}}
Aug 17 16:16:04.215295 dv-cinder-852208-6-iscsi devstack@c-api.service[113637]: INFO cinder.api.openstack.wsgi [None req-4190f284-136f-4335-8a1a-416ff2305868 tempest-GroupSnapshotsTest-1529224890 tempest-GroupSnapshotsTest-1529224890-project] GET http://10.222.0.60/volume/v3/cdee27d214584dc49ec22e05d6b9af52/volumes/e2258697-9411-4ac9-b2da-1dafe737c26d
Aug 17 16:16:04.215864 dv-cinder-852208-6-iscsi devstack@c-api.service[113637]: DEBUG cinder.api.openstack.wsgi [None req-4190f284-136f-4335-8a1a-416ff2305868 tempest-GroupSnapshotsTest-1529224890 tempest-GroupSnapshotsTest-1529224890-project] Empty body provided in request {{(pid=113637) get_body /opt/stack/cinder/cinder/api/openstack/wsgi.py:715}}
Aug 17 16:16:04.216390 dv-cinder-852208-6-iscsi devstack@c-api.service[113637]: DEBUG cinder.api.openstack.wsgi [None req-4190f284-136f-4335-8a1a-416ff2305868 tempest-GroupSnapshotsTest-1529224890 tempest-GroupSnapshotsTest-1529224890-project] Calling method 'show' {{(pid=113637) _process_stack /opt/stack/cinder/cinder/api/openstack/wsgi.py:868}}
Aug 17 16:16:04.234995 dv-cinder-852208-6-iscsi devstack@c-api.service[113638]: INFO cinder.api.openstack.wsgi [None req-0ef2a700-7584-441e-a86e-4274ff3e01d9 tempest-VolumeTypesNegativeTest-2049501468 tempest-VolumeTypesNegativeTest-2049501468-project-admin] POST http://10.222.0.60/volume/v3/04d4d71fbbfe4a92bbfef139584c1db5/types/9a1bd1bc-3c90-46aa-b471-5d7cd37426a6/encryption
Aug 17 16:16:04.235956 dv-cinder-852208-6-iscsi devstack@c-api.service[113638]: DEBUG cinder.api.openstack.wsgi [None req-0ef2a700-7584-441e-a86e-4274ff3e01d9 tempest-VolumeTypesNegativeTest-2049501468 tempest-VolumeTypesNegativeTest-2049501468-project-admin] Action: 'create', calling method: create, body: {"encryption": {"provider": "LuksEncryptor", "key_size": 256, "cipher": "aes-xts-plain64", "control_location": "front-end"}} {{(pid=113638) _process_stack /opt/stack/cinder/cinder/api/openstack/wsgi.py:866}}
Aug 17 16:16:04.237079 dv-cinder-852208-6-iscsi devstack@c-api.service[113637]: /usr/local/lib/python3.8/dist-packages/oslo_context/context.py:100: DeprecationWarning: Policy enforcement is depending on the value of is_admin. This key is deprecated. Please update your policy file to use the standard policy values.
Aug 17 16:16:04.237079 dv-cinder-852208-6-iscsi devstack@c-api.service[113637]: warnings.warn('Policy enforcement is depending on the value of '
Aug 17 16:16:04.238509 dv-cinder-852208-6-iscsi devstack@c-api.service[113638]: /usr/local/lib/python3.8/dist-packages/oslo_context/context.py:100: DeprecationWarning: Policy enforcement is depending on the value of is_admin. This key is deprecated. Please update your policy file to use the standard policy values.
Aug 17 16:16:04.238509 dv-cinder-852208-6-iscsi devstack@c-api.service[113638]: warnings.warn('Policy enforcement is depending on the value of '
Aug 17 16:16:04.246101 dv-cinder-852208-6-iscsi devstack@c-api.service[113637]: INFO cinder.volume.api [None req-4190f284-136f-4335-8a1a-416ff2305868 tempest-GroupSnapshotsTest-1529224890 tempest-GroupSnapshotsTest-1529224890-project] Volume info retrieved successfully.
Aug 17 16:16:04.248034 dv-cinder-852208-6-iscsi devstack@c-api.service[113637]: WARNING stevedore.named [None req-4190f284-136f-4335-8a1a-416ff2305868 tempest-GroupSnapshotsTest-1529224890 tempest-GroupSnapshotsTest-1529224890-project] Could not load cinder.keymgr.conf_key_mgr.ConfKeyManager
Aug 17 16:16:04.248712 dv-cinder-852208-6-iscsi devstack@c-api.service[113637]: WARNING castellan.key_manager [None req-4190f284-136f-4335-8a1a-416ff2305868 tempest-GroupSnapshotsTest-1529224890 tempest-GroupSnapshotsTest-1529224890-project] Deprecation Warning : cinder.keymgr.conf_key_mgr.ConfKeyManager is not a stevedore based driver, trying to load it as a class: stevedore.exception.NoMatches: No 'castellan.drivers' driver found, looking for 'cinder.keymgr.conf_key_mgr.ConfKeyManager'
Aug 17 16:16:04.256176 dv-cinder-852208-6-iscsi devstack@c-api.service[113637]: DEBUG oslo_db.sqlalchemy.engines [None req-4190f284-136f-4335-8a1a-416ff2305868 tempest-GroupSnapshotsTest-1529224890 tempest-GroupSnapshotsTest-1529224890-project] MySQL server mode set to STRICT_TRANS_TABLES,STRICT_ALL_TABLES,NO_ZERO_IN_DATE,NO_ZERO_DATE,ERROR_FOR_DIVISION_BY_ZERO,TRADITIONAL,NO_ENGINE_SUBSTITUTION {{(pid=113637) _check_effective_sql_mode /usr/local/lib/python3.8/dist-packages/oslo_db/sqlalchemy/engines.py:314}}
Aug 17 16:16:04.267978 dv-cinder-852208-6-iscsi devstack@c-api.service[113637]: /usr/local/lib/python3.8/dist-packages/oslo_context/context.py:100: DeprecationWarning: Policy enforcement is depending on the value of is_admin. This key is deprecated. Please update your policy file to use the standard policy values.
Aug 17 16:16:04.267978 dv-cinder-852208-6-iscsi devstack@c-api.service[113637]: warnings.warn('Policy enforcement is depending on the value of '
Aug 17 16:16:04.274238 dv-cinder-852208-6-iscsi devstack@c-api.service[113638]: INFO cinder.api.openstack.wsgi [None req-0ef2a700-7584-441e-a86e-4274ff3e01d9 tempest-VolumeTypesNegativeTest-2049501468 tempest-VolumeTypesNegativeTest-2049501468-project-admin] http://10.222.0.60/volume/v3/04d4d71fbbfe4a92bbfef139584c1db5/types/9a1bd1bc-3c90-46aa-b471-5d7cd37426a6/encryption returned with HTTP 404
Aug 17 16:16:04.275342 dv-cinder-852208-6-iscsi devstack@c-api.service[113638]: [pid: 113638|app: 0|req: 143/263] 10.222.0.60 () {60 vars in 1374 bytes} [Wed Aug 17 16:16:04 2022] POST /volume/v3/04d4d71fbbfe4a92bbfef139584c1db5/types/9a1bd1bc-3c90-46aa-b471-5d7cd37426a6/encryption => generated 114 bytes in 102 msecs (HTTP/1.1 404) 7 headers in 292 bytes (1 switches on core 0)
Aug 17 16:16:04.276742 dv-cinder-852208-6-iscsi devstack@c-api.service[113638]: DEBUG cinder.api.middleware.request_id [None req-41c60a68-5d13-483b-af6f-54f87e221314 None None] RequestId filter calling following filter/app {{(pid=113638) _context_setter /opt/stack/cinder/cinder/api/middleware/request_id.py:62}}
Aug 17 16:16:04.286554 dv-cinder-852208-6-iscsi devstack@c-api.service[113638]: INFO cinder.api.openstack.wsgi [None req-41c60a68-5d13-483b-af6f-54f87e221314 tempest-SnapshotsActionsTest-47639785 tempest-SnapshotsActionsTest-47639785-project] GET http://10.222.0.60/volume/v3/8194d79e782b49fda02c031ea5a8f308/snapshots/fe30e587-36ed-42f1-a574-c9fb20529cc5
Aug 17 16:16:04.287010 dv-cinder-852208-6-iscsi devstack@c-api.service[113638]: DEBUG cinder.api.openstack.wsgi [None req-41c60a68-5d13-483b-af6f-54f87e221314 tempest-SnapshotsActionsTest-47639785 tempest-SnapshotsActionsTest-47639785-project] Empty body provided in request {{(pid=113638) get_body /opt/stack/cinder/cinder/api/openstack/wsgi.py:715}}
Aug 17 16:16:04.287493 dv-cinder-852208-6-iscsi devstack@c-api.service[113638]: DEBUG cinder.api.openstack.wsgi [None req-41c60a68-5d13-483b-af6f-54f87e221314 tempest-SnapshotsActionsTest-47639785 tempest-SnapshotsActionsTest-47639785-project] Calling method 'show' {{(pid=113638) _process_stack /opt/stack/cinder/cinder/api/openstack/wsgi.py:868}}
Aug 17 16:16:04.288758 dv-cinder-852208-6-iscsi devstack@c-api.service[113637]: INFO cinder.api.openstack.wsgi [None req-4190f284-136f-4335-8a1a-416ff2305868 tempest-GroupSnapshotsTest-1529224890 tempest-GroupSnapshotsTest-1529224890-project] http://10.222.0.60/volume/v3/cdee27d214584dc49ec22e05d6b9af52/volumes/e2258697-9411-4ac9-b2da-1dafe737c26d returned with HTTP 200
Aug 17 16:16:04.289985 dv-cinder-852208-6-iscsi devstack@c-api.service[113637]: [pid: 113637|app: 0|req: 121/264] 10.222.0.60 () {60 vars in 1366 bytes} [Wed Aug 17 16:16:04 2022] GET /volume/v3/cdee27d214584dc49ec22e05d6b9af52/volumes/e2258697-9411-4ac9-b2da-1dafe737c26d => generated 1000 bytes in 79 msecs (HTTP/1.1 200) 7 headers in 287 bytes (1 switches on core 0)
Aug 17 16:16:04.290812 dv-cinder-852208-6-iscsi devstack@c-api.service[113637]: DEBUG cinder.api.middleware.request_id [None req-baeaa5b3-70a6-4377-8606-821c0972fa2f None None] RequestId filter calling following filter/app {{(pid=113637) _context_setter /opt/stack/cinder/cinder/api/middleware/request_id.py:62}}
Aug 17 16:16:04.294617 dv-cinder-852208-6-iscsi devstack@c-api.service[113637]: INFO cinder.api.openstack.wsgi [None req-baeaa5b3-70a6-4377-8606-821c0972fa2f tempest-SnapshotMetadataTestJSON-1314301743 tempest-SnapshotMetadataTestJSON-1314301743-project] GET http://10.222.0.60/volume/v3/51565950c876407ab54d1af7018353fc/volumes/5ac1fa6b-3ebb-4064-b4d3-f237415991d4
Aug 17 16:16:04.295051 dv-cinder-852208-6-iscsi devstack@c-api.service[113637]: DEBUG cinder.api.openstack.wsgi [None req-baeaa5b3-70a6-4377-8606-821c0972fa2f tempest-SnapshotMetadataTestJSON-1314301743 tempest-SnapshotMetadataTestJSON-1314301743-project] Empty body provided in request {{(pid=113637) get_body /opt/stack/cinder/cinder/api/openstack/wsgi.py:715}}
Aug 17 16:16:04.295551 dv-cinder-852208-6-iscsi devstack@c-api.service[113637]: DEBUG cinder.api.openstack.wsgi [None req-baeaa5b3-70a6-4377-8606-821c0972fa2f tempest-SnapshotMetadataTestJSON-1314301743 tempest-SnapshotMetadataTestJSON-1314301743-project] Calling method 'show' {{(pid=113637) _process_stack /opt/stack/cinder/cinder/api/openstack/wsgi.py:868}}
Aug 17 16:16:04.321235 dv-cinder-852208-6-iscsi devstack@c-api.service[113638]: /usr/local/lib/python3.8/dist-packages/oslo_context/context.py:100: DeprecationWarning: Policy enforcement is depending on the value of is_admin. This key is deprecated. Please update your policy file to use the standard policy values.
Aug 17 16:16:04.321235 dv-cinder-852208-6-iscsi devstack@c-api.service[113638]: warnings.warn('Policy enforcement is depending on the value of '
Aug 17 16:16:04.322587 dv-cinder-852208-6-iscsi devstack@c-api.service[113638]: INFO cinder.volume.api [None req-41c60a68-5d13-483b-af6f-54f87e221314 tempest-SnapshotsActionsTest-47639785 tempest-SnapshotsActionsTest-47639785-project] Snapshot retrieved successfully.
Aug 17 16:16:04.324972 dv-cinder-852208-6-iscsi devstack@c-api.service[113638]: INFO cinder.api.openstack.wsgi [None req-41c60a68-5d13-483b-af6f-54f87e221314 tempest-SnapshotsActionsTest-47639785 tempest-SnapshotsActionsTest-47639785-project] http://10.222.0.60/volume/v3/8194d79e782b49fda02c031ea5a8f308/snapshots/fe30e587-36ed-42f1-a574-c9fb20529cc5 returned with HTTP 200
Aug 17 16:16:04.325607 dv-cinder-852208-6-iscsi devstack@c-api.service[113637]: /usr/local/lib/python3.8/dist-packages/oslo_context/context.py:100: DeprecationWarning: Policy enforcement is depending on the value of is_admin. This key is deprecated. Please update your policy file to use the standard policy values.
Aug 17 16:16:04.325607 dv-cinder-852208-6-iscsi devstack@c-api.service[113637]: warnings.warn('Policy enforcement is depending on the value of '
Aug 17 16:16:04.326275 dv-cinder-852208-6-iscsi devstack@c-api.service[113638]: [pid: 113638|app: 0|req: 144/265] 10.222.0.60 () {58 vars in 1331 bytes} [Wed Aug 17 16:16:04 2022] GET /volume/v3/8194d79e782b49fda02c031ea5a8f308/snapshots/fe30e587-36ed-42f1-a574-c9fb20529cc5 => generated 465 bytes in 50 msecs (HTTP/1.1 200) 7 headers in 285 bytes (1 switches on core 0)
Aug 17 16:16:04.333458 dv-cinder-852208-6-iscsi devstack@c-api.service[113638]: DEBUG cinder.api.middleware.request_id [None req-db284b95-550e-4a14-86af-8502db385d9a None None] RequestId filter calling following filter/app {{(pid=113638) _context_setter /opt/stack/cinder/cinder/api/middleware/request_id.py:62}}
Aug 17 16:16:04.334057 dv-cinder-852208-6-iscsi devstack@c-api.service[113637]: INFO cinder.volume.api [None req-baeaa5b3-70a6-4377-8606-821c0972fa2f tempest-SnapshotMetadataTestJSON-1314301743 tempest-SnapshotMetadataTestJSON-1314301743-project] Volume info retrieved successfully.
Aug 17 16:16:04.338444 dv-cinder-852208-6-iscsi devstack@c-api.service[113638]: INFO cinder.api.openstack.wsgi [None req-db284b95-550e-4a14-86af-8502db385d9a tempest-VolumeServicesNegativeTest-1530414673 tempest-VolumeServicesNegativeTest-1530414673-project-admin] PUT http://10.222.0.60/volume/v3/91d1c47f393d4347b79abd3c2acf6867/os-services/enable
Aug 17 16:16:04.339178 dv-cinder-852208-6-iscsi devstack@c-api.service[113638]: DEBUG cinder.api.openstack.wsgi [None req-db284b95-550e-4a14-86af-8502db385d9a tempest-VolumeServicesNegativeTest-1530414673 tempest-VolumeServicesNegativeTest-1530414673-project-admin] Action: 'update', calling method: update, body: {"host": "invalid_host", "binary": "cinder-scheduler"} {{(pid=113638) _process_stack /opt/stack/cinder/cinder/api/openstack/wsgi.py:866}}
Aug 17 16:16:04.344765 dv-cinder-852208-6-iscsi devstack@c-api.service[113637]: INFO cinder.api.openstack.wsgi [None req-baeaa5b3-70a6-4377-8606-821c0972fa2f tempest-SnapshotMetadataTestJSON-1314301743 tempest-SnapshotMetadataTestJSON-1314301743-project] http://10.222.0.60/volume/v3/51565950c876407ab54d1af7018353fc/volumes/5ac1fa6b-3ebb-4064-b4d3-f237415991d4 returned with HTTP 200
Aug 17 16:16:04.345860 dv-cinder-852208-6-iscsi devstack@c-api.service[113637]: [pid: 113637|app: 0|req: 122/266] 10.222.0.60 () {58 vars in 1325 bytes} [Wed Aug 17 16:16:04 2022] GET /volume/v3/51565950c876407ab54d1af7018353fc/volumes/5ac1fa6b-3ebb-4064-b4d3-f237415991d4 => generated 892 bytes in 56 msecs (HTTP/1.1 200) 7 headers in 285 bytes (1 switches on core 0)
Aug 17 16:16:04.353482 dv-cinder-852208-6-iscsi devstack@c-api.service[113637]: DEBUG cinder.api.middleware.request_id [None req-ab23a2f1-8f0f-4da9-b475-b80d90ef2366 None None] RequestId filter calling following filter/app {{(pid=113637) _context_setter /opt/stack/cinder/cinder/api/middleware/request_id.py:62}}
Aug 17 16:16:04.357221 dv-cinder-852208-6-iscsi devstack@c-api.service[113637]: INFO cinder.api.openstack.wsgi [None req-ab23a2f1-8f0f-4da9-b475-b80d90ef2366 tempest-VolumeTypesNegativeTest-2049501468 tempest-VolumeTypesNegativeTest-2049501468-project-admin] POST http://10.222.0.60/volume/v3/04d4d71fbbfe4a92bbfef139584c1db5/types
Aug 17 16:16:04.357949 dv-cinder-852208-6-iscsi devstack@c-api.service[113637]: DEBUG cinder.api.openstack.wsgi [None req-ab23a2f1-8f0f-4da9-b475-b80d90ef2366 tempest-VolumeTypesNegativeTest-2049501468 tempest-VolumeTypesNegativeTest-2049501468-project-admin] Action: 'create', calling method: _create, body: {"volume_type": {"name": "tempest-VolumeTypesNegativeTest-volume-type-1567234820", "os-volume-type-access:is_public": false}} {{(pid=113637) _process_stack /opt/stack/cinder/cinder/api/openstack/wsgi.py:866}}
Aug 17 16:16:04.361174 dv-cinder-852208-6-iscsi devstack@c-api.service[113638]: INFO cinder.api.openstack.wsgi [None req-db284b95-550e-4a14-86af-8502db385d9a tempest-VolumeServicesNegativeTest-1530414673 tempest-VolumeServicesNegativeTest-1530414673-project-admin] http://10.222.0.60/volume/v3/91d1c47f393d4347b79abd3c2acf6867/os-services/enable returned with HTTP 404
Aug 17 16:16:04.362698 dv-cinder-852208-6-iscsi devstack@c-api.service[113638]: [pid: 113638|app: 0|req: 145/267] 10.222.0.60 () {60 vars in 1267 bytes} [Wed Aug 17 16:16:04 2022] PUT /volume/v3/91d1c47f393d4347b79abd3c2acf6867/os-services/enable => generated 111 bytes in 36 msecs (HTTP/1.1 404) 7 headers in 292 bytes (1 switches on core 0)
Aug 17 16:16:04.364206 dv-cinder-852208-6-iscsi devstack@c-api.service[113638]: DEBUG cinder.api.middleware.request_id [None req-fa5a1fc5-94fe-45d4-9047-93dda3d2475f None None] RequestId filter calling following filter/app {{(pid=113638) _context_setter /opt/stack/cinder/cinder/api/middleware/request_id.py:62}}
Aug 17 16:16:04.367469 dv-cinder-852208-6-iscsi devstack@c-api.service[113638]: INFO cinder.api.openstack.wsgi [None req-fa5a1fc5-94fe-45d4-9047-93dda3d2475f tempest-GroupSnapshotsTest-1529224890 tempest-GroupSnapshotsTest-1529224890-project] POST http://10.222.0.60/volume/v3/cdee27d214584dc49ec22e05d6b9af52/volumes
Aug 17 16:16:04.368234 dv-cinder-852208-6-iscsi devstack@c-api.service[113638]: DEBUG cinder.api.openstack.wsgi [None req-fa5a1fc5-94fe-45d4-9047-93dda3d2475f tempest-GroupSnapshotsTest-1529224890 tempest-GroupSnapshotsTest-1529224890-project] Action: 'create', calling method: create, body: {"volume": {"volume_type": "3ee01f7e-0b16-41e3-ab3f-b43607c81819", "group_id": "33695bca-488f-4ed3-80f0-e902fd44eb98", "size": 1, "name": "tempest-GroupSnapshotsTest-Volume-228492443"}} {{(pid=113638) _process_stack /opt/stack/cinder/cinder/api/openstack/wsgi.py:866}}
Aug 17 16:16:04.370917 dv-cinder-852208-6-iscsi devstack@c-api.service[113638]: DEBUG cinder.api.v3.volumes [None req-fa5a1fc5-94fe-45d4-9047-93dda3d2475f tempest-GroupSnapshotsTest-1529224890 tempest-GroupSnapshotsTest-1529224890-project] Create volume request body: {'volume': {'volume_type': '3ee01f7e-0b16-41e3-ab3f-b43607c81819', 'group_id': '33695bca-488f-4ed3-80f0-e902fd44eb98', 'size': 1, 'name': 'tempest-GroupSnapshotsTest-Volume-228492443'}} {{(pid=113638) create /opt/stack/cinder/cinder/api/v3/volumes.py:298}}
Aug 17 16:16:04.381169 dv-cinder-852208-6-iscsi devstack@c-api.service[113637]: INFO cinder.api.openstack.wsgi [None req-ab23a2f1-8f0f-4da9-b475-b80d90ef2366 tempest-VolumeTypesNegativeTest-2049501468 tempest-VolumeTypesNegativeTest-2049501468-project-admin] http://10.222.0.60/volume/v3/04d4d71fbbfe4a92bbfef139584c1db5/types returned with HTTP 200
Aug 17 16:16:04.387706 dv-cinder-852208-6-iscsi devstack@c-api.service[113637]: [pid: 113637|app: 0|req: 123/268] 10.222.0.60 () {60 vars in 1230 bytes} [Wed Aug 17 16:16:04 2022] POST /volume/v3/04d4d71fbbfe4a92bbfef139584c1db5/types => generated 231 bytes in 30 msecs (HTTP/1.1 200) 7 headers in 285 bytes (1 switches on core 0)
Aug 17 16:16:04.387706 dv-cinder-852208-6-iscsi devstack@c-api.service[113637]: DEBUG cinder.api.middleware.request_id [None req-8336d124-4000-4c56-a170-a2a42bed690e None None] RequestId filter calling following filter/app {{(pid=113637) _context_setter /opt/stack/cinder/cinder/api/middleware/request_id.py:62}}
Aug 17 16:16:04.387957 dv-cinder-852208-6-iscsi devstack@c-api.service[113638]: /usr/local/lib/python3.8/dist-packages/oslo_context/context.py:100: DeprecationWarning: Policy enforcement is depending on the value of is_admin. This key is deprecated. Please update your policy file to use the standard policy values.
Aug 17 16:16:04.387957 dv-cinder-852208-6-iscsi devstack@c-api.service[113638]: warnings.warn('Policy enforcement is depending on the value of '
Aug 17 16:16:04.387957 dv-cinder-852208-6-iscsi devstack@c-api.service[113638]: INFO cinder.api.v3.volumes [None req-fa5a1fc5-94fe-45d4-9047-93dda3d2475f tempest-GroupSnapshotsTest-1529224890 tempest-GroupSnapshotsTest-1529224890-project] Create volume of 1 GB
Aug 17 16:16:04.388170 dv-cinder-852208-6-iscsi devstack@c-api.service[113637]: INFO cinder.api.openstack.wsgi [None req-8336d124-4000-4c56-a170-a2a42bed690e tempest-SnapshotsActionsTest-1516659681 tempest-SnapshotsActionsTest-1516659681-project-admin] POST http://10.222.0.60/volume/v3/4f191bcc3e654c4e807252b566f3ecf6/snapshots/fe30e587-36ed-42f1-a574-c9fb20529cc5/action
Aug 17 16:16:04.388170 dv-cinder-852208-6-iscsi devstack@c-api.service[113637]: DEBUG cinder.api.openstack.wsgi [None req-8336d124-4000-4c56-a170-a2a42bed690e tempest-SnapshotsActionsTest-1516659681 tempest-SnapshotsActionsTest-1516659681-project-admin] Action body: b'{"os-reset_status": {"status": "available"}}' {{(pid=113637) get_method /opt/stack/cinder/cinder/api/openstack/wsgi.py:983}}
Aug 17 16:16:04.388170 dv-cinder-852208-6-iscsi devstack@c-api.service[113637]: DEBUG cinder.api.openstack.wsgi [None req-8336d124-4000-4c56-a170-a2a42bed690e tempest-SnapshotsActionsTest-1516659681 tempest-SnapshotsActionsTest-1516659681-project-admin] Action: 'action', calling method: _reset_status, body: {"os-reset_status": {"status": "available"}} {{(pid=113637) _process_stack /opt/stack/cinder/cinder/api/openstack/wsgi.py:866}}
Aug 17 16:16:04.390833 dv-cinder-852208-6-iscsi devstack@c-api.service[113637]: DEBUG cinder.api.contrib.admin_actions [None req-8336d124-4000-4c56-a170-a2a42bed690e tempest-SnapshotsActionsTest-1516659681 tempest-SnapshotsActionsTest-1516659681-project-admin] Updating snapshot 'fe30e587-36ed-42f1-a574-c9fb20529cc5' with '{'status': 'available'}' {{(pid=113637) _reset_status /opt/stack/cinder/cinder/api/contrib/admin_actions.py:100}}
Aug 17 16:16:04.394556 dv-cinder-852208-6-iscsi devstack@c-api.service[113638]: INFO cinder.volume.api [None req-fa5a1fc5-94fe-45d4-9047-93dda3d2475f tempest-GroupSnapshotsTest-1529224890 tempest-GroupSnapshotsTest-1529224890-project] Availability Zones retrieved successfully.
Aug 17 16:16:04.409116 dv-cinder-852208-6-iscsi devstack@c-api.service[113637]: /usr/local/lib/python3.8/dist-packages/oslo_context/context.py:100: DeprecationWarning: Policy enforcement is depending on the value of is_admin. This key is deprecated. Please update your policy file to use the standard policy values.
Aug 17 16:16:04.409116 dv-cinder-852208-6-iscsi devstack@c-api.service[113637]: warnings.warn('Policy enforcement is depending on the value of '
Aug 17 16:16:04.410378 dv-cinder-852208-6-iscsi devstack@c-api.service[113638]: DEBUG cinder.volume.api [None req-fa5a1fc5-94fe-45d4-9047-93dda3d2475f tempest-GroupSnapshotsTest-1529224890 tempest-GroupSnapshotsTest-1529224890-project] Flow 'volume_create_api' (971f56ef-7d00-4b25-b545-9ff2dc51813f) transitioned into state 'RUNNING' from state 'PENDING' {{(pid=113638) _flow_receiver /usr/local/lib/python3.8/dist-packages/taskflow/listeners/logging.py:141}}
Aug 17 16:16:04.412886 dv-cinder-852208-6-iscsi devstack@c-api.service[113638]: DEBUG cinder.volume.api [None req-fa5a1fc5-94fe-45d4-9047-93dda3d2475f tempest-GroupSnapshotsTest-1529224890 tempest-GroupSnapshotsTest-1529224890-project] Task 'cinder.volume.flows.api.create_volume.ExtractVolumeRequestTask;volume:create' (4fb00eae-bb3e-42ec-9897-d2cc827f9772) transitioned into state 'RUNNING' from state 'PENDING' {{(pid=113638) _task_receiver /usr/local/lib/python3.8/dist-packages/taskflow/listeners/logging.py:190}}
Aug 17 16:16:04.414454 dv-cinder-852208-6-iscsi devstack@c-api.service[113638]: /usr/local/lib/python3.8/dist-packages/oslo_context/context.py:100: DeprecationWarning: Policy enforcement is depending on the value of is_admin. This key is deprecated. Please update your policy file to use the standard policy values.
Aug 17 16:16:04.414454 dv-cinder-852208-6-iscsi devstack@c-api.service[113638]: warnings.warn('Policy enforcement is depending on the value of '
Aug 17 16:16:04.415346 dv-cinder-852208-6-iscsi devstack@c-api.service[113638]: DEBUG cinder.volume.flows.api.create_volume [None req-fa5a1fc5-94fe-45d4-9047-93dda3d2475f tempest-GroupSnapshotsTest-1529224890 tempest-GroupSnapshotsTest-1529224890-project] Validating volume size '1' using validate_int {{(pid=113638) _extract_size /opt/stack/cinder/cinder/volume/flows/api/create_volume.py:228}}
Aug 17 16:16:04.429979 dv-cinder-852208-6-iscsi devstack@c-api.service[113637]: INFO cinder.api.openstack.wsgi [None req-8336d124-4000-4c56-a170-a2a42bed690e tempest-SnapshotsActionsTest-1516659681 tempest-SnapshotsActionsTest-1516659681-project-admin] http://10.222.0.60/volume/v3/4f191bcc3e654c4e807252b566f3ecf6/snapshots/fe30e587-36ed-42f1-a574-c9fb20529cc5/action returned with HTTP 202
Aug 17 16:16:04.430748 dv-cinder-852208-6-iscsi devstack@c-api.service[113637]: [pid: 113637|app: 0|req: 124/269] 10.222.0.60 () {60 vars in 1373 bytes} [Wed Aug 17 16:16:04 2022] POST /volume/v3/4f191bcc3e654c4e807252b566f3ecf6/snapshots/fe30e587-36ed-42f1-a574-c9fb20529cc5/action => generated 0 bytes in 48 msecs (HTTP/1.1 202) 7 headers in 289 bytes (1 switches on core 0)
Aug 17 16:16:04.432025 dv-cinder-852208-6-iscsi devstack@c-api.service[113637]: DEBUG cinder.api.middleware.request_id [None req-e2a37f03-facc-4a83-b5e8-f6f090aa6369 None None] RequestId filter calling following filter/app {{(pid=113637) _context_setter /opt/stack/cinder/cinder/api/middleware/request_id.py:62}}
Aug 17 16:16:04.436611 dv-cinder-852208-6-iscsi devstack@c-api.service[113637]: INFO cinder.api.openstack.wsgi [None req-e2a37f03-facc-4a83-b5e8-f6f090aa6369 tempest-VolumeServicesNegativeTest-1530414673 tempest-VolumeServicesNegativeTest-1530414673-project-admin] PUT http://10.222.0.60/volume/v3/91d1c47f393d4347b79abd3c2acf6867/os-services/freeze
Aug 17 16:16:04.437435 dv-cinder-852208-6-iscsi devstack@c-api.service[113637]: DEBUG cinder.api.openstack.wsgi [None req-e2a37f03-facc-4a83-b5e8-f6f090aa6369 tempest-VolumeServicesNegativeTest-1530414673 tempest-VolumeServicesNegativeTest-1530414673-project-admin] Action: 'update', calling method: update, body: {"host": "invalid_host"} {{(pid=113637) _process_stack /opt/stack/cinder/cinder/api/openstack/wsgi.py:866}}
Aug 17 16:16:04.438296 dv-cinder-852208-6-iscsi devstack@c-api.service[113637]: /usr/local/lib/python3.8/dist-packages/oslo_context/context.py:100: DeprecationWarning: Policy enforcement is depending on the value of is_admin. This key is deprecated. Please update your policy file to use the standard policy values.
Aug 17 16:16:04.438296 dv-cinder-852208-6-iscsi devstack@c-api.service[113637]: warnings.warn('Policy enforcement is depending on the value of '
Aug 17 16:16:04.439957 dv-cinder-852208-6-iscsi devstack@c-api.service[113638]: DEBUG cinder.volume.api [None req-fa5a1fc5-94fe-45d4-9047-93dda3d2475f tempest-GroupSnapshotsTest-1529224890 tempest-GroupSnapshotsTest-1529224890-project] Task 'cinder.volume.flows.api.create_volume.ExtractVolumeRequestTask;volume:create' (4fb00eae-bb3e-42ec-9897-d2cc827f9772) transitioned into state 'SUCCESS' from state 'RUNNING' with result '{'size': 1, 'snapshot_id': None, 'source_volid': None, 'volume_type': VolumeType(created_at=2022-08-17T16:16:00Z,deleted=False,deleted_at=None,description=None,extra_specs={},id=3ee01f7e-0b16-41e3-ab3f-b43607c81819,is_public=True,name='tempest-GroupSnapshotsTest-volume-type-138715601',projects=[],qos_specs=,qos_specs_id=None,updated_at=None), 'volume_type_id': '3ee01f7e-0b16-41e3-ab3f-b43607c81819', 'encryption_key_id': None, 'qos_specs': None, 'consistencygroup_id': None, 'cgsnapshot_id': None, 'group_id': '33695bca-488f-4ed3-80f0-e902fd44eb98', 'replication_status': 'disabled', 'refresh_az': False, 'backup_id': None, 'multiattach': False, 'availability_zones': ['nova']}' {{(pid=113638) _task_receiver /usr/local/lib/python3.8/dist-packages/taskflow/listeners/logging.py:178}}
Aug 17 16:16:04.441921 dv-cinder-852208-6-iscsi devstack@c-api.service[113638]: DEBUG cinder.volume.api [None req-fa5a1fc5-94fe-45d4-9047-93dda3d2475f tempest-GroupSnapshotsTest-1529224890 tempest-GroupSnapshotsTest-1529224890-project] Task 'cinder.volume.flows.api.create_volume.QuotaReserveTask;volume:create' (87fc3989-a327-4080-97ec-f3ad7ebbc7f2) transitioned into state 'RUNNING' from state 'PENDING' {{(pid=113638) _task_receiver /usr/local/lib/python3.8/dist-packages/taskflow/listeners/logging.py:190}}
Aug 17 16:16:04.449062 dv-cinder-852208-6-iscsi devstack@c-api.service[113637]: INFO cinder.api.openstack.wsgi [None req-e2a37f03-facc-4a83-b5e8-f6f090aa6369 tempest-VolumeServicesNegativeTest-1530414673 tempest-VolumeServicesNegativeTest-1530414673-project-admin] http://10.222.0.60/volume/v3/91d1c47f393d4347b79abd3c2acf6867/os-services/freeze returned with HTTP 400
Aug 17 16:16:04.449964 dv-cinder-852208-6-iscsi devstack@c-api.service[113637]: [pid: 113637|app: 0|req: 125/270] 10.222.0.60 () {60 vars in 1267 bytes} [Wed Aug 17 16:16:04 2022] PUT /volume/v3/91d1c47f393d4347b79abd3c2acf6867/os-services/freeze => generated 83 bytes in 19 msecs (HTTP/1.1 400) 7 headers in 293 bytes (1 switches on core 0)
Aug 17 16:16:04.456409 dv-cinder-852208-6-iscsi devstack@c-api.service[113637]: DEBUG cinder.api.middleware.request_id [None req-65fd7d9d-7a00-4e71-981a-4d55c106e176 None None] RequestId filter calling following filter/app {{(pid=113637) _context_setter /opt/stack/cinder/cinder/api/middleware/request_id.py:62}}
Aug 17 16:16:04.478906 dv-cinder-852208-6-iscsi devstack@c-api.service[113638]: WARNING cinder.quota [None req-fa5a1fc5-94fe-45d4-9047-93dda3d2475f tempest-GroupSnapshotsTest-1529224890 tempest-GroupSnapshotsTest-1529224890-project] Deprecated: Default quota for resource: volumes_tempest-GroupSnapshotsTest-volume-type-138715601 is set by the default quota flag: quota_volumes_tempest-GroupSnapshotsTest-volume-type-138715601, it is now deprecated. Please use the default quota class for default quota.
Aug 17 16:16:04.479666 dv-cinder-852208-6-iscsi devstack@c-api.service[113638]: WARNING cinder.quota [None req-fa5a1fc5-94fe-45d4-9047-93dda3d2475f tempest-GroupSnapshotsTest-1529224890 tempest-GroupSnapshotsTest-1529224890-project] Deprecated: Default quota for resource: gigabytes_tempest-GroupSnapshotsTest-volume-type-138715601 is set by the default quota flag: quota_gigabytes_tempest-GroupSnapshotsTest-volume-type-138715601, it is now deprecated. Please use the default quota class for default quota.
Aug 17 16:16:04.498742 dv-cinder-852208-6-iscsi devstack@c-api.service[113638]: DEBUG cinder.quota [None req-fa5a1fc5-94fe-45d4-9047-93dda3d2475f tempest-GroupSnapshotsTest-1529224890 tempest-GroupSnapshotsTest-1529224890-project] Created reservations ['758bcf9f-ff00-4213-825c-d8d13234d732', 'd6bad8ec-1443-42cd-8c24-5a0b27ede5de', '339ff238-ddae-430f-83ce-5ca8f490ff15', '902d8aca-238a-47a4-8ff1-dba028e4366c'] {{(pid=113638) reserve /opt/stack/cinder/cinder/quota.py:755}}
Aug 17 16:16:04.500944 dv-cinder-852208-6-iscsi devstack@c-api.service[113638]: DEBUG cinder.volume.api [None req-fa5a1fc5-94fe-45d4-9047-93dda3d2475f tempest-GroupSnapshotsTest-1529224890 tempest-GroupSnapshotsTest-1529224890-project] Task 'cinder.volume.flows.api.create_volume.QuotaReserveTask;volume:create' (87fc3989-a327-4080-97ec-f3ad7ebbc7f2) transitioned into state 'SUCCESS' from state 'RUNNING' with result '{'reservations': ['758bcf9f-ff00-4213-825c-d8d13234d732', 'd6bad8ec-1443-42cd-8c24-5a0b27ede5de', '339ff238-ddae-430f-83ce-5ca8f490ff15', '902d8aca-238a-47a4-8ff1-dba028e4366c']}' {{(pid=113638) _task_receiver /usr/local/lib/python3.8/dist-packages/taskflow/listeners/logging.py:178}}
Aug 17 16:16:04.502822 dv-cinder-852208-6-iscsi devstack@c-api.service[113638]: DEBUG cinder.volume.api [None req-fa5a1fc5-94fe-45d4-9047-93dda3d2475f tempest-GroupSnapshotsTest-1529224890 tempest-GroupSnapshotsTest-1529224890-project] Task 'cinder.volume.flows.api.create_volume.EntryCreateTask;volume:create' (15d86e98-2dab-41be-95f9-40f5bc61f84f) transitioned into state 'RUNNING' from state 'PENDING' {{(pid=113638) _task_receiver /usr/local/lib/python3.8/dist-packages/taskflow/listeners/logging.py:190}}
Aug 17 16:16:04.526892 dv-cinder-852208-6-iscsi devstack@c-api.service[113638]: DEBUG cinder.volume.api [None req-fa5a1fc5-94fe-45d4-9047-93dda3d2475f tempest-GroupSnapshotsTest-1529224890 tempest-GroupSnapshotsTest-1529224890-project] Task 'cinder.volume.flows.api.create_volume.EntryCreateTask;volume:create' (15d86e98-2dab-41be-95f9-40f5bc61f84f) transitioned into state 'SUCCESS' from state 'RUNNING' with result '{'volume_id': 'b4d26144-387a-4260-9707-a3f05222d97d', 'volume_properties': VolumeProperties(attach_status='detached',availability_zone='nova',cgsnapshot_id=None,consistencygroup_id=None,display_description=None,display_name='tempest-GroupSnapshotsTest-Volume-228492443',encryption_key_id=None,group_id=33695bca-488f-4ed3-80f0-e902fd44eb98,group_type_id=,metadata={},multiattach=False,project_id='cdee27d214584dc49ec22e05d6b9af52',qos_specs=None,replication_status=,reservations=['758bcf9f-ff00-4213-825c-d8d13234d732','d6bad8ec-1443-42cd-8c24-5a0b27ede5de','339ff238-ddae-430f-83ce-5ca8f490ff15','902d8aca-238a-47a4-8ff1-dba028e4366c'],size=1,snapshot_id=None,source_replicaid=,source_volid=None,status='creating',user_id='8ed50744091a490a9b01f7cfe5f60f24',volume_type_id=3ee01f7e-0b16-41e3-ab3f-b43607c81819), 'volume': Volume(_name_id=None,admin_metadata=,attach_status='detached',availability_zone='nova',bootable=False,cluster=,cluster_name=None,consistencygroup=,consistencygroup_id=None,created_at=2022-08-17T16:16:04Z,deleted=False,deleted_at=None,display_description=None,display_name='tempest-GroupSnapshotsTest-Volume-228492443',ec2_id=None,encryption_key_id=None,glance_metadata=,group=,group_id=33695bca-488f-4ed3-80f0-e902fd44eb98,host=None,id=b4d26144-387a-4260-9707-a3f05222d97d,launched_at=None,metadata={},migration_status=None,multiattach=False,previous_status=None,project_id='cdee27d214584dc49ec22e05d6b9af52',provider_auth=None,provider_geometry=None,provider_id=None,provider_location=None,replication_driver_data=None,replication_extended_status=None,replication_status=None,scheduled_at=None,service_uuid=None,shared_targets=True,size=1,snapshot_id=None,snapshots=,source_volid=None,status='creating',terminated_at=None,updated_at=None,use_quota=True,user_id='8ed50744091a490a9b01f7cfe5f60f24',volume_attachment=VolumeAttachmentList,volume_type=VolumeType(3ee01f7e-0b16-41e3-ab3f-b43607c81819),volume_type_id=3ee01f7e-0b16-41e3-ab3f-b43607c81819)}' {{(pid=113638) _task_receiver /usr/local/lib/python3.8/dist-packages/taskflow/listeners/logging.py:178}}
Aug 17 16:16:04.528684 dv-cinder-852208-6-iscsi devstack@c-api.service[113638]: DEBUG cinder.volume.api [None req-fa5a1fc5-94fe-45d4-9047-93dda3d2475f tempest-GroupSnapshotsTest-1529224890 tempest-GroupSnapshotsTest-1529224890-project] Task 'cinder.volume.flows.api.create_volume.QuotaCommitTask;volume:create' (44528fe5-3c1c-4fe5-b342-65c9dd3f21fd) transitioned into state 'RUNNING' from state 'PENDING' {{(pid=113638) _task_receiver /usr/local/lib/python3.8/dist-packages/taskflow/listeners/logging.py:190}}
Aug 17 16:16:04.553529 dv-cinder-852208-6-iscsi devstack@c-api.service[113637]: INFO cinder.api.openstack.wsgi [None req-65fd7d9d-7a00-4e71-981a-4d55c106e176 tempest-VolumeTypesNegativeTest-1627360615 tempest-VolumeTypesNegativeTest-1627360615-project] POST http://10.222.0.60/volume/v3/f8aae12250cd4dcf83eb0deecfe635e8/volumes
Aug 17 16:16:04.554606 dv-cinder-852208-6-iscsi devstack@c-api.service[113638]: DEBUG cinder.volume.api [None req-fa5a1fc5-94fe-45d4-9047-93dda3d2475f tempest-GroupSnapshotsTest-1529224890 tempest-GroupSnapshotsTest-1529224890-project] Task 'cinder.volume.flows.api.create_volume.QuotaCommitTask;volume:create' (44528fe5-3c1c-4fe5-b342-65c9dd3f21fd) transitioned into state 'SUCCESS' from state 'RUNNING' with result '{'volume_properties': VolumeProperties(attach_status='detached',availability_zone='nova',cgsnapshot_id=None,consistencygroup_id=None,display_description=None,display_name='tempest-GroupSnapshotsTest-Volume-228492443',encryption_key_id=None,group_id=33695bca-488f-4ed3-80f0-e902fd44eb98,group_type_id=,metadata={},multiattach=False,project_id='cdee27d214584dc49ec22e05d6b9af52',qos_specs=None,replication_status=,reservations=['758bcf9f-ff00-4213-825c-d8d13234d732','d6bad8ec-1443-42cd-8c24-5a0b27ede5de','339ff238-ddae-430f-83ce-5ca8f490ff15','902d8aca-238a-47a4-8ff1-dba028e4366c'],size=1,snapshot_id=None,source_replicaid=,source_volid=None,status='creating',user_id='8ed50744091a490a9b01f7cfe5f60f24',volume_type_id=3ee01f7e-0b16-41e3-ab3f-b43607c81819)}' {{(pid=113638) _task_receiver /usr/local/lib/python3.8/dist-packages/taskflow/listeners/logging.py:178}}
Aug 17 16:16:04.556018 dv-cinder-852208-6-iscsi devstack@c-api.service[113637]: DEBUG cinder.api.openstack.wsgi [None req-65fd7d9d-7a00-4e71-981a-4d55c106e176 tempest-VolumeTypesNegativeTest-1627360615 tempest-VolumeTypesNegativeTest-1627360615-project] Action: 'create', calling method: create, body: {"volume": {"volume_type": "51eba091-0655-47a8-ba59-5e34a9039396", "size": 1, "name": "tempest-VolumeTypesNegativeTest-Volume-330914739"}} {{(pid=113637) _process_stack /opt/stack/cinder/cinder/api/openstack/wsgi.py:866}}
Aug 17 16:16:04.556573 dv-cinder-852208-6-iscsi devstack@c-api.service[113638]: DEBUG cinder.volume.api [None req-fa5a1fc5-94fe-45d4-9047-93dda3d2475f tempest-GroupSnapshotsTest-1529224890 tempest-GroupSnapshotsTest-1529224890-project] Task 'cinder.volume.flows.api.create_volume.VolumeCastTask;volume:create' (9b98a2db-6c8f-4f23-9df2-3733bb829260) transitioned into state 'RUNNING' from state 'PENDING' {{(pid=113638) _task_receiver /usr/local/lib/python3.8/dist-packages/taskflow/listeners/logging.py:190}}
Aug 17 16:16:04.558189 dv-cinder-852208-6-iscsi devstack@c-api.service[113637]: DEBUG cinder.api.v3.volumes [None req-65fd7d9d-7a00-4e71-981a-4d55c106e176 tempest-VolumeTypesNegativeTest-1627360615 tempest-VolumeTypesNegativeTest-1627360615-project] Create volume request body: {'volume': {'volume_type': '51eba091-0655-47a8-ba59-5e34a9039396', 'size': 1, 'name': 'tempest-VolumeTypesNegativeTest-Volume-330914739'}} {{(pid=113637) create /opt/stack/cinder/cinder/api/v3/volumes.py:298}}
Aug 17 16:16:04.560871 dv-cinder-852208-6-iscsi devstack@c-api.service[113638]: DEBUG dbcounter [-] [113638] Writing DB stats cinder:SELECT=62,cinder:INSERT=14,cinder:UPDATE=24 {{(pid=113638) stat_writer /usr/local/lib/python3.8/dist-packages/dbcounter.py:114}}
Aug 17 16:16:04.571496 dv-cinder-852208-6-iscsi devstack@c-api.service[113637]: INFO cinder.api.openstack.wsgi [None req-65fd7d9d-7a00-4e71-981a-4d55c106e176 tempest-VolumeTypesNegativeTest-1627360615 tempest-VolumeTypesNegativeTest-1627360615-project] http://10.222.0.60/volume/v3/f8aae12250cd4dcf83eb0deecfe635e8/volumes returned with HTTP 404
Aug 17 16:16:04.577839 dv-cinder-852208-6-iscsi devstack@c-api.service[113637]: [pid: 113637|app: 0|req: 126/271] 10.222.0.60 () {60 vars in 1236 bytes} [Wed Aug 17 16:16:04 2022] POST /volume/v3/f8aae12250cd4dcf83eb0deecfe635e8/volumes => generated 114 bytes in 117 msecs (HTTP/1.1 404) 7 headers in 292 bytes (1 switches on core 0)
Aug 17 16:16:04.577839 dv-cinder-852208-6-iscsi devstack@c-api.service[113637]: DEBUG cinder.api.middleware.request_id [None req-776478f6-eb08-4748-a51e-7200a320f99e None None] RequestId filter calling following filter/app {{(pid=113637) _context_setter /opt/stack/cinder/cinder/api/middleware/request_id.py:62}}
Aug 17 16:16:04.577839 dv-cinder-852208-6-iscsi devstack@c-api.service[113637]: INFO cinder.api.openstack.wsgi [None req-776478f6-eb08-4748-a51e-7200a320f99e tempest-SnapshotsActionsTest-47639785 tempest-SnapshotsActionsTest-47639785-project] GET http://10.222.0.60/volume/v3/8194d79e782b49fda02c031ea5a8f308/snapshots/fe30e587-36ed-42f1-a574-c9fb20529cc5
Aug 17 16:16:04.578345 dv-cinder-852208-6-iscsi devstack@c-api.service[113637]: DEBUG cinder.api.openstack.wsgi [None req-776478f6-eb08-4748-a51e-7200a320f99e tempest-SnapshotsActionsTest-47639785 tempest-SnapshotsActionsTest-47639785-project] Empty body provided in request {{(pid=113637) get_body /opt/stack/cinder/cinder/api/openstack/wsgi.py:715}}
Aug 17 16:16:04.579551 dv-cinder-852208-6-iscsi devstack@c-api.service[113637]: DEBUG cinder.api.openstack.wsgi [None req-776478f6-eb08-4748-a51e-7200a320f99e tempest-SnapshotsActionsTest-47639785 tempest-SnapshotsActionsTest-47639785-project] Calling method 'show' {{(pid=113637) _process_stack /opt/stack/cinder/cinder/api/openstack/wsgi.py:868}}
Aug 17 16:16:04.582142 dv-cinder-852208-6-iscsi devstack@c-api.service[113638]: DEBUG cinder.volume.api [None req-fa5a1fc5-94fe-45d4-9047-93dda3d2475f tempest-GroupSnapshotsTest-1529224890 tempest-GroupSnapshotsTest-1529224890-project] Task 'cinder.volume.flows.api.create_volume.VolumeCastTask;volume:create' (9b98a2db-6c8f-4f23-9df2-3733bb829260) transitioned into state 'SUCCESS' from state 'RUNNING' with result 'None' {{(pid=113638) _task_receiver /usr/local/lib/python3.8/dist-packages/taskflow/listeners/logging.py:178}}
Aug 17 16:16:04.584784 dv-cinder-852208-6-iscsi devstack@c-api.service[113638]: DEBUG cinder.volume.api [None req-fa5a1fc5-94fe-45d4-9047-93dda3d2475f tempest-GroupSnapshotsTest-1529224890 tempest-GroupSnapshotsTest-1529224890-project] Flow 'volume_create_api' (971f56ef-7d00-4b25-b545-9ff2dc51813f) transitioned into state 'SUCCESS' from state 'RUNNING' {{(pid=113638) _flow_receiver /usr/local/lib/python3.8/dist-packages/taskflow/listeners/logging.py:141}}
Aug 17 16:16:04.585704 dv-cinder-852208-6-iscsi devstack@c-api.service[113638]: INFO cinder.volume.api [None req-fa5a1fc5-94fe-45d4-9047-93dda3d2475f tempest-GroupSnapshotsTest-1529224890 tempest-GroupSnapshotsTest-1529224890-project] Create volume request issued successfully.
Aug 17 16:16:04.587842 dv-cinder-852208-6-iscsi devstack@c-api.service[113638]: WARNING stevedore.named [None req-fa5a1fc5-94fe-45d4-9047-93dda3d2475f tempest-GroupSnapshotsTest-1529224890 tempest-GroupSnapshotsTest-1529224890-project] Could not load cinder.keymgr.conf_key_mgr.ConfKeyManager
Aug 17 16:16:04.588297 dv-cinder-852208-6-iscsi devstack@c-api.service[113638]: WARNING castellan.key_manager [None req-fa5a1fc5-94fe-45d4-9047-93dda3d2475f tempest-GroupSnapshotsTest-1529224890 tempest-GroupSnapshotsTest-1529224890-project] Deprecation Warning : cinder.keymgr.conf_key_mgr.ConfKeyManager is not a stevedore based driver, trying to load it as a class: stevedore.exception.NoMatches: No 'castellan.drivers' driver found, looking for 'cinder.keymgr.conf_key_mgr.ConfKeyManager'
Aug 17 16:16:04.590859 dv-cinder-852208-6-iscsi devstack@c-api.service[113637]: /usr/local/lib/python3.8/dist-packages/oslo_context/context.py:100: DeprecationWarning: Policy enforcement is depending on the value of is_admin. This key is deprecated. Please update your policy file to use the standard policy values.
Aug 17 16:16:04.590859 dv-cinder-852208-6-iscsi devstack@c-api.service[113637]: warnings.warn('Policy enforcement is depending on the value of '
Aug 17 16:16:04.591984 dv-cinder-852208-6-iscsi devstack@c-api.service[113637]: INFO cinder.volume.api [None req-776478f6-eb08-4748-a51e-7200a320f99e tempest-SnapshotsActionsTest-47639785 tempest-SnapshotsActionsTest-47639785-project] Snapshot retrieved successfully.
Aug 17 16:16:04.593931 dv-cinder-852208-6-iscsi devstack@c-api.service[113637]: INFO cinder.api.openstack.wsgi [None req-776478f6-eb08-4748-a51e-7200a320f99e tempest-SnapshotsActionsTest-47639785 tempest-SnapshotsActionsTest-47639785-project] http://10.222.0.60/volume/v3/8194d79e782b49fda02c031ea5a8f308/snapshots/fe30e587-36ed-42f1-a574-c9fb20529cc5 returned with HTTP 200
Aug 17 16:16:04.594882 dv-cinder-852208-6-iscsi devstack@c-api.service[113637]: [pid: 113637|app: 0|req: 127/272] 10.222.0.60 () {58 vars in 1331 bytes} [Wed Aug 17 16:16:04 2022] GET /volume/v3/8194d79e782b49fda02c031ea5a8f308/snapshots/fe30e587-36ed-42f1-a574-c9fb20529cc5 => generated 466 bytes in 22 msecs (HTTP/1.1 200) 7 headers in 285 bytes (1 switches on core 0)
Aug 17 16:16:04.596162 dv-cinder-852208-6-iscsi devstack@c-api.service[113637]: DEBUG cinder.api.middleware.request_id [None req-56d114cc-c17a-4497-867a-fa2fc2c4bea2 None None] RequestId filter calling following filter/app {{(pid=113637) _context_setter /opt/stack/cinder/cinder/api/middleware/request_id.py:62}}
Aug 17 16:16:04.597416 dv-cinder-852208-6-iscsi devstack@c-api.service[113638]: DEBUG oslo_db.sqlalchemy.engines [None req-fa5a1fc5-94fe-45d4-9047-93dda3d2475f tempest-GroupSnapshotsTest-1529224890 tempest-GroupSnapshotsTest-1529224890-project] MySQL server mode set to STRICT_TRANS_TABLES,STRICT_ALL_TABLES,NO_ZERO_IN_DATE,NO_ZERO_DATE,ERROR_FOR_DIVISION_BY_ZERO,TRADITIONAL,NO_ENGINE_SUBSTITUTION {{(pid=113638) _check_effective_sql_mode /usr/local/lib/python3.8/dist-packages/oslo_db/sqlalchemy/engines.py:314}}
Aug 17 16:16:04.600954 dv-cinder-852208-6-iscsi devstack@c-api.service[113637]: INFO cinder.api.openstack.wsgi [None req-56d114cc-c17a-4497-867a-fa2fc2c4bea2 tempest-VolumeServicesNegativeTest-1530414673 tempest-VolumeServicesNegativeTest-1530414673-project-admin] PUT http://10.222.0.60/volume/v3/91d1c47f393d4347b79abd3c2acf6867/os-services/thaw
Aug 17 16:16:04.601645 dv-cinder-852208-6-iscsi devstack@c-api.service[113637]: DEBUG cinder.api.openstack.wsgi [None req-56d114cc-c17a-4497-867a-fa2fc2c4bea2 tempest-VolumeServicesNegativeTest-1530414673 tempest-VolumeServicesNegativeTest-1530414673-project-admin] Action: 'update', calling method: update, body: {"host": "invalid_host"} {{(pid=113637) _process_stack /opt/stack/cinder/cinder/api/openstack/wsgi.py:866}}
Aug 17 16:16:04.605531 dv-cinder-852208-6-iscsi devstack@c-api.service[113638]: /usr/local/lib/python3.8/dist-packages/oslo_context/context.py:100: DeprecationWarning: Policy enforcement is depending on the value of is_admin. This key is deprecated. Please update your policy file to use the standard policy values.
Aug 17 16:16:04.605531 dv-cinder-852208-6-iscsi devstack@c-api.service[113638]: warnings.warn('Policy enforcement is depending on the value of '
