Aug 11 16:25:33.713536 dv-cinder-852208-4-smb devstack@placement-api.service[106729]: INFO placement.requestlog [req-8aded43a-72c0-409d-a386-a38df332098d req-5c504be9-c676-4835-b7a0-1c467d1393fb service placement] 10.222.0.40 "GET /placement/allocation_candidates?limit=1000&resources=DISK_GB%3A1%2CMEMORY_MB%3A1024%2CVCPU%3A1&root_required=%21COMPUTE_STATUS_DISABLED" status: 200 len: 767 microversion: 1.36
Aug 11 16:25:33.715715 dv-cinder-852208-4-smb devstack@placement-api.service[106729]: [pid: 106729|app: 0|req: 11/22] 10.222.0.40 () {60 vars in 1506 bytes} [Thu Aug 11 16:25:33 2022] GET /placement/allocation_candidates?limit=1000&resources=DISK_GB%3A1%2CMEMORY_MB%3A1024%2CVCPU%3A1&root_required=%21COMPUTE_STATUS_DISABLED => generated 767 bytes in 345 msecs (HTTP/1.1 200) 8 headers in 296 bytes (1 switches on core 0)
Aug 11 16:25:34.090426 dv-cinder-852208-4-smb devstack@placement-api.service[106728]: DEBUG placement.requestlog [req-8aded43a-72c0-409d-a386-a38df332098d req-5a4829ff-2b0b-490a-901e-ac96755607d0 None None] Starting request: 10.222.0.40 "GET /placement/allocations/3dca3d85-925e-4d69-8db2-a4ed8f89c8c5" {{(pid=106728) __call__ /opt/stack/placement/placement/requestlog.py:55}}
Aug 11 16:25:34.117075 dv-cinder-852208-4-smb devstack@placement-api.service[106728]: INFO placement.requestlog [req-8aded43a-72c0-409d-a386-a38df332098d req-5a4829ff-2b0b-490a-901e-ac96755607d0 service placement] 10.222.0.40 "GET /placement/allocations/3dca3d85-925e-4d69-8db2-a4ed8f89c8c5" status: 200 len: 19 microversion: 1.28
Aug 11 16:25:34.117462 dv-cinder-852208-4-smb devstack@placement-api.service[106728]: [pid: 106728|app: 0|req: 12/23] 10.222.0.40 () {60 vars in 1380 bytes} [Thu Aug 11 16:25:34 2022] GET /placement/allocations/3dca3d85-925e-4d69-8db2-a4ed8f89c8c5 => generated 19 bytes in 27 msecs (HTTP/1.1 200) 8 headers in 295 bytes (1 switches on core 0)
Aug 11 16:25:34.137286 dv-cinder-852208-4-smb devstack@placement-api.service[106729]: DEBUG placement.requestlog [req-8aded43a-72c0-409d-a386-a38df332098d req-275cf87b-37c1-4299-9aa2-233ca6775b4b None None] Starting request: 10.222.0.40 "PUT /placement/allocations/3dca3d85-925e-4d69-8db2-a4ed8f89c8c5" {{(pid=106729) __call__ /opt/stack/placement/placement/requestlog.py:55}}
Aug 11 16:25:34.325283 dv-cinder-852208-4-smb devstack@placement-api.service[106729]: DEBUG placement.handlers.allocation [req-8aded43a-72c0-409d-a386-a38df332098d req-275cf87b-37c1-4299-9aa2-233ca6775b4b service placement] Successfully wrote allocations [, , ] {{(pid=106729) _update_consumers_and_create_allocations /opt/stack/placement/placement/handlers/allocation.py:462}}
Aug 11 16:25:34.337583 dv-cinder-852208-4-smb devstack@placement-api.service[106729]: INFO placement.requestlog [req-8aded43a-72c0-409d-a386-a38df332098d req-275cf87b-37c1-4299-9aa2-233ca6775b4b service placement] 10.222.0.40 "PUT /placement/allocations/3dca3d85-925e-4d69-8db2-a4ed8f89c8c5" status: 204 len: 0 microversion: 1.36
Aug 11 16:25:34.346643 dv-cinder-852208-4-smb devstack@placement-api.service[106729]: [pid: 106729|app: 0|req: 12/24] 10.222.0.40 () {64 vars in 1433 bytes} [Thu Aug 11 16:25:34 2022] PUT /placement/allocations/3dca3d85-925e-4d69-8db2-a4ed8f89c8c5 => generated 0 bytes in 201 msecs (HTTP/1.1 204) 5 headers in 199 bytes (1 switches on core 0)
Aug 11 16:25:35.808909 dv-cinder-852208-4-smb devstack@placement-api.service[106728]: DEBUG placement.requestlog [req-8aded43a-72c0-409d-a386-a38df332098d req-020eedca-a779-4ab4-9935-44da3ee4c7e5 None None] Starting request: 10.222.0.47 "GET /placement/allocations/3dca3d85-925e-4d69-8db2-a4ed8f89c8c5" {{(pid=106728) __call__ /opt/stack/placement/placement/requestlog.py:55}}
Aug 11 16:25:35.819055 dv-cinder-852208-4-smb devstack@placement-api.service[106728]: DEBUG dbcounter [-] [106728] Writing DB stats placement:SELECT=17 {{(pid=106728) stat_writer /usr/local/lib/python3.8/dist-packages/dbcounter.py:114}}
Aug 11 16:25:35.850184 dv-cinder-852208-4-smb devstack@placement-api.service[106728]: INFO placement.requestlog [req-8aded43a-72c0-409d-a386-a38df332098d req-020eedca-a779-4ab4-9935-44da3ee4c7e5 service placement] 10.222.0.47 "GET /placement/allocations/3dca3d85-925e-4d69-8db2-a4ed8f89c8c5" status: 200 len: 258 microversion: 1.28
Aug 11 16:25:35.851117 dv-cinder-852208-4-smb devstack@placement-api.service[106728]: [pid: 106728|app: 0|req: 13/25] 10.222.0.47 () {60 vars in 1377 bytes} [Thu Aug 11 16:25:35 2022] GET /placement/allocations/3dca3d85-925e-4d69-8db2-a4ed8f89c8c5 => generated 258 bytes in 43 msecs (HTTP/1.1 200) 8 headers in 296 bytes (1 switches on core 0)
Aug 11 16:25:37.616485 dv-cinder-852208-4-smb devstack@placement-api.service[106729]: DEBUG placement.requestlog [req-e6307014-35fb-4c71-af1c-d61ace304ccd req-7dc41231-527a-4cb4-98a3-91590d5ede16 None None] Starting request: 10.222.0.40 "GET /placement/allocation_candidates?limit=1000&resources=DISK_GB%3A1%2CMEMORY_MB%3A1024%2CVCPU%3A1&root_required=%21COMPUTE_STATUS_DISABLED" {{(pid=106729) __call__ /opt/stack/placement/placement/requestlog.py:55}}
Aug 11 16:25:37.752813 dv-cinder-852208-4-smb devstack@placement-api.service[106729]: DEBUG placement.objects.research_context [req-e6307014-35fb-4c71-af1c-d61ace304ccd req-7dc41231-527a-4cb4-98a3-91590d5ede16 service placement] getting providers with 1 DISK_GB {{(pid=106729) __init__ /opt/stack/placement/placement/objects/research_context.py:136}}
Aug 11 16:25:37.777172 dv-cinder-852208-4-smb devstack@placement-api.service[106729]: DEBUG placement.objects.research_context [req-e6307014-35fb-4c71-af1c-d61ace304ccd req-7dc41231-527a-4cb4-98a3-91590d5ede16 service placement] getting providers with 1024 MEMORY_MB {{(pid=106729) __init__ /opt/stack/placement/placement/objects/research_context.py:136}}
Aug 11 16:25:37.796244 dv-cinder-852208-4-smb devstack@placement-api.service[106729]: DEBUG placement.objects.research_context [req-e6307014-35fb-4c71-af1c-d61ace304ccd req-7dc41231-527a-4cb4-98a3-91590d5ede16 service placement] getting providers with 1 VCPU {{(pid=106729) __init__ /opt/stack/placement/placement/objects/research_context.py:136}}
Aug 11 16:25:37.818386 dv-cinder-852208-4-smb devstack@placement-api.service[106729]: DEBUG placement.objects.research_context [req-e6307014-35fb-4c71-af1c-d61ace304ccd req-7dc41231-527a-4cb4-98a3-91590d5ede16 service placement] found 1 providers with available 1 DISK_GB {{(pid=106729) get_provider_ids_matching /opt/stack/placement/placement/objects/research_context.py:563}}
Aug 11 16:25:37.840177 dv-cinder-852208-4-smb devstack@placement-api.service[106729]: DEBUG placement.objects.research_context [req-e6307014-35fb-4c71-af1c-d61ace304ccd req-7dc41231-527a-4cb4-98a3-91590d5ede16 service placement] found 1 providers with available 1024 MEMORY_MB {{(pid=106729) get_provider_ids_matching /opt/stack/placement/placement/objects/research_context.py:563}}
Aug 11 16:25:37.840648 dv-cinder-852208-4-smb devstack@placement-api.service[106729]: DEBUG placement.objects.research_context [req-e6307014-35fb-4c71-af1c-d61ace304ccd req-7dc41231-527a-4cb4-98a3-91590d5ede16 service placement] found 1 providers after filtering by previous result {{(pid=106729) get_provider_ids_matching /opt/stack/placement/placement/objects/research_context.py:594}}
Aug 11 16:25:37.840907 dv-cinder-852208-4-smb devstack@placement-api.service[106729]: DEBUG placement.objects.research_context [req-e6307014-35fb-4c71-af1c-d61ace304ccd req-7dc41231-527a-4cb4-98a3-91590d5ede16 service placement] found 1 providers with available 1 VCPU {{(pid=106729) get_provider_ids_matching /opt/stack/placement/placement/objects/research_context.py:563}}
Aug 11 16:25:37.841154 dv-cinder-852208-4-smb devstack@placement-api.service[106729]: DEBUG placement.objects.research_context [req-e6307014-35fb-4c71-af1c-d61ace304ccd req-7dc41231-527a-4cb4-98a3-91590d5ede16 service placement] found 1 providers after filtering by previous result {{(pid=106729) get_provider_ids_matching /opt/stack/placement/placement/objects/research_context.py:594}}
Aug 11 16:25:37.895504 dv-cinder-852208-4-smb devstack@placement-api.service[106729]: DEBUG placement.objects.allocation_candidate [req-e6307014-35fb-4c71-af1c-d61ace304ccd req-7dc41231-527a-4cb4-98a3-91590d5ede16 service placement] RequestGroup(use_same_provider=False, resources={DISK_GB:1, MEMORY_MB:1024, VCPU:1}, traits=(), aggregates=[]) (suffix '') returned 1 matches {{(pid=106729) _get_by_requests /opt/stack/placement/placement/objects/allocation_candidate.py:156}}
Aug 11 16:25:37.896176 dv-cinder-852208-4-smb devstack@placement-api.service[106729]: DEBUG placement.objects.allocation_candidate [req-e6307014-35fb-4c71-af1c-d61ace304ccd req-7dc41231-527a-4cb4-98a3-91590d5ede16 service placement] Merging candidates yields 1 allocation requests and 1 provider summaries {{(pid=106729) _merge_candidates /opt/stack/placement/placement/objects/allocation_candidate.py:809}}
Aug 11 16:25:37.911595 dv-cinder-852208-4-smb devstack@placement-api.service[106729]: INFO placement.requestlog [req-e6307014-35fb-4c71-af1c-d61ace304ccd req-7dc41231-527a-4cb4-98a3-91590d5ede16 service placement] 10.222.0.40 "GET /placement/allocation_candidates?limit=1000&resources=DISK_GB%3A1%2CMEMORY_MB%3A1024%2CVCPU%3A1&root_required=%21COMPUTE_STATUS_DISABLED" status: 200 len: 767 microversion: 1.36
Aug 11 16:25:37.917080 dv-cinder-852208-4-smb devstack@placement-api.service[106729]: [pid: 106729|app: 0|req: 13/26] 10.222.0.40 () {60 vars in 1506 bytes} [Thu Aug 11 16:25:37 2022] GET /placement/allocation_candidates?limit=1000&resources=DISK_GB%3A1%2CMEMORY_MB%3A1024%2CVCPU%3A1&root_required=%21COMPUTE_STATUS_DISABLED => generated 767 bytes in 301 msecs (HTTP/1.1 200) 8 headers in 296 bytes (1 switches on core 0)
Aug 11 16:25:38.051077 dv-cinder-852208-4-smb devstack@placement-api.service[106728]: DEBUG placement.requestlog [req-e6307014-35fb-4c71-af1c-d61ace304ccd req-dcbc01a9-8884-4f36-a555-5a07eec4db38 None None] Starting request: 10.222.0.40 "GET /placement/allocations/d16c9a18-a34d-4d62-b59e-46b7ebae9d46" {{(pid=106728) __call__ /opt/stack/placement/placement/requestlog.py:55}}
Aug 11 16:25:38.079462 dv-cinder-852208-4-smb devstack@placement-api.service[106728]: INFO placement.requestlog [req-e6307014-35fb-4c71-af1c-d61ace304ccd req-dcbc01a9-8884-4f36-a555-5a07eec4db38 service placement] 10.222.0.40 "GET /placement/allocations/d16c9a18-a34d-4d62-b59e-46b7ebae9d46" status: 200 len: 19 microversion: 1.28
Aug 11 16:25:38.079830 dv-cinder-852208-4-smb devstack@placement-api.service[106728]: [pid: 106728|app: 0|req: 14/27] 10.222.0.40 () {60 vars in 1380 bytes} [Thu Aug 11 16:25:38 2022] GET /placement/allocations/d16c9a18-a34d-4d62-b59e-46b7ebae9d46 => generated 19 bytes in 29 msecs (HTTP/1.1 200) 8 headers in 295 bytes (1 switches on core 0)
Aug 11 16:25:38.088570 dv-cinder-852208-4-smb devstack@placement-api.service[106729]: DEBUG placement.requestlog [req-e6307014-35fb-4c71-af1c-d61ace304ccd req-db812af4-f0ad-4b9c-aa67-5a2dfb584586 None None] Starting request: 10.222.0.40 "PUT /placement/allocations/d16c9a18-a34d-4d62-b59e-46b7ebae9d46" {{(pid=106729) __call__ /opt/stack/placement/placement/requestlog.py:55}}
Aug 11 16:25:38.270586 dv-cinder-852208-4-smb devstack@placement-api.service[106729]: DEBUG dbcounter [-] [106729] Writing DB stats placement:SELECT=78,placement:INSERT=14,placement:DELETE=4,placement:UPDATE=4 {{(pid=106729) stat_writer /usr/local/lib/python3.8/dist-packages/dbcounter.py:114}}
Aug 11 16:25:38.405529 dv-cinder-852208-4-smb devstack@placement-api.service[106729]: DEBUG placement.handlers.allocation [req-e6307014-35fb-4c71-af1c-d61ace304ccd req-db812af4-f0ad-4b9c-aa67-5a2dfb584586 service placement] Successfully wrote allocations [, , ] {{(pid=106729) _update_consumers_and_create_allocations /opt/stack/placement/placement/handlers/allocation.py:462}}
Aug 11 16:25:38.421608 dv-cinder-852208-4-smb devstack@placement-api.service[106729]: INFO placement.requestlog [req-e6307014-35fb-4c71-af1c-d61ace304ccd req-db812af4-f0ad-4b9c-aa67-5a2dfb584586 service placement] 10.222.0.40 "PUT /placement/allocations/d16c9a18-a34d-4d62-b59e-46b7ebae9d46" status: 204 len: 0 microversion: 1.36
Aug 11 16:25:38.425327 dv-cinder-852208-4-smb devstack@placement-api.service[106729]: [pid: 106729|app: 0|req: 14/28] 10.222.0.40 () {64 vars in 1433 bytes} [Thu Aug 11 16:25:38 2022] PUT /placement/allocations/d16c9a18-a34d-4d62-b59e-46b7ebae9d46 => generated 0 bytes in 337 msecs (HTTP/1.1 204) 5 headers in 199 bytes (1 switches on core 0)
Aug 11 16:25:39.082584 dv-cinder-852208-4-smb devstack@placement-api.service[106728]: DEBUG placement.requestlog [req-5e43e767-4536-45ff-a180-8ddc9da7eacf req-746b4c8b-4f6b-4bdf-b30b-5b1a14439cbc None None] Starting request: 10.222.0.40 "GET /placement/allocation_candidates?limit=1000&resources=DISK_GB%3A1%2CMEMORY_MB%3A1024%2CVCPU%3A1&root_required=%21COMPUTE_STATUS_DISABLED" {{(pid=106728) __call__ /opt/stack/placement/placement/requestlog.py:55}}
Aug 11 16:25:39.297246 dv-cinder-852208-4-smb devstack@placement-api.service[106728]: DEBUG placement.objects.research_context [req-5e43e767-4536-45ff-a180-8ddc9da7eacf req-746b4c8b-4f6b-4bdf-b30b-5b1a14439cbc service placement] getting providers with 1 DISK_GB {{(pid=106728) __init__ /opt/stack/placement/placement/objects/research_context.py:136}}
Aug 11 16:25:39.326803 dv-cinder-852208-4-smb devstack@placement-api.service[106728]: DEBUG placement.objects.research_context [req-5e43e767-4536-45ff-a180-8ddc9da7eacf req-746b4c8b-4f6b-4bdf-b30b-5b1a14439cbc service placement] getting providers with 1024 MEMORY_MB {{(pid=106728) __init__ /opt/stack/placement/placement/objects/research_context.py:136}}
Aug 11 16:25:39.348195 dv-cinder-852208-4-smb devstack@placement-api.service[106728]: DEBUG placement.objects.research_context [req-5e43e767-4536-45ff-a180-8ddc9da7eacf req-746b4c8b-4f6b-4bdf-b30b-5b1a14439cbc service placement] getting providers with 1 VCPU {{(pid=106728) __init__ /opt/stack/placement/placement/objects/research_context.py:136}}
Aug 11 16:25:39.374002 dv-cinder-852208-4-smb devstack@placement-api.service[106728]: DEBUG placement.objects.research_context [req-5e43e767-4536-45ff-a180-8ddc9da7eacf req-746b4c8b-4f6b-4bdf-b30b-5b1a14439cbc service placement] found 1 providers with available 1 DISK_GB {{(pid=106728) get_provider_ids_matching /opt/stack/placement/placement/objects/research_context.py:563}}
Aug 11 16:25:39.377047 dv-cinder-852208-4-smb devstack@placement-api.service[106729]: DEBUG placement.requestlog [req-e6307014-35fb-4c71-af1c-d61ace304ccd req-49c67471-f8c3-4a7c-9279-a6c6c30261ba None None] Starting request: 10.222.0.47 "GET /placement/allocations/d16c9a18-a34d-4d62-b59e-46b7ebae9d46" {{(pid=106729) __call__ /opt/stack/placement/placement/requestlog.py:55}}
Aug 11 16:25:39.397474 dv-cinder-852208-4-smb devstack@placement-api.service[106728]: DEBUG placement.objects.research_context [req-5e43e767-4536-45ff-a180-8ddc9da7eacf req-746b4c8b-4f6b-4bdf-b30b-5b1a14439cbc service placement] found 1 providers with available 1024 MEMORY_MB {{(pid=106728) get_provider_ids_matching /opt/stack/placement/placement/objects/research_context.py:563}}
Aug 11 16:25:39.398517 dv-cinder-852208-4-smb devstack@placement-api.service[106728]: DEBUG placement.objects.research_context [req-5e43e767-4536-45ff-a180-8ddc9da7eacf req-746b4c8b-4f6b-4bdf-b30b-5b1a14439cbc service placement] found 1 providers after filtering by previous result {{(pid=106728) get_provider_ids_matching /opt/stack/placement/placement/objects/research_context.py:594}}
Aug 11 16:25:39.403952 dv-cinder-852208-4-smb devstack@placement-api.service[106728]: DEBUG placement.objects.research_context [req-5e43e767-4536-45ff-a180-8ddc9da7eacf req-746b4c8b-4f6b-4bdf-b30b-5b1a14439cbc service placement] found 1 providers with available 1 VCPU {{(pid=106728) get_provider_ids_matching /opt/stack/placement/placement/objects/research_context.py:563}}
Aug 11 16:25:39.404236 dv-cinder-852208-4-smb devstack@placement-api.service[106728]: DEBUG placement.objects.research_context [req-5e43e767-4536-45ff-a180-8ddc9da7eacf req-746b4c8b-4f6b-4bdf-b30b-5b1a14439cbc service placement] found 1 providers after filtering by previous result {{(pid=106728) get_provider_ids_matching /opt/stack/placement/placement/objects/research_context.py:594}}
Aug 11 16:25:39.454967 dv-cinder-852208-4-smb devstack@placement-api.service[106729]: INFO placement.requestlog [req-e6307014-35fb-4c71-af1c-d61ace304ccd req-49c67471-f8c3-4a7c-9279-a6c6c30261ba service placement] 10.222.0.47 "GET /placement/allocations/d16c9a18-a34d-4d62-b59e-46b7ebae9d46" status: 200 len: 258 microversion: 1.28
Aug 11 16:25:39.458190 dv-cinder-852208-4-smb devstack@placement-api.service[106729]: [pid: 106729|app: 0|req: 15/29] 10.222.0.47 () {60 vars in 1377 bytes} [Thu Aug 11 16:25:39 2022] GET /placement/allocations/d16c9a18-a34d-4d62-b59e-46b7ebae9d46 => generated 258 bytes in 82 msecs (HTTP/1.1 200) 8 headers in 296 bytes (1 switches on core 0)
Aug 11 16:25:39.507884 dv-cinder-852208-4-smb devstack@placement-api.service[106728]: DEBUG placement.objects.allocation_candidate [req-5e43e767-4536-45ff-a180-8ddc9da7eacf req-746b4c8b-4f6b-4bdf-b30b-5b1a14439cbc service placement] RequestGroup(use_same_provider=False, resources={DISK_GB:1, MEMORY_MB:1024, VCPU:1}, traits=(), aggregates=[]) (suffix '') returned 1 matches {{(pid=106728) _get_by_requests /opt/stack/placement/placement/objects/allocation_candidate.py:156}}
Aug 11 16:25:39.517331 dv-cinder-852208-4-smb devstack@placement-api.service[106728]: DEBUG placement.objects.allocation_candidate [req-5e43e767-4536-45ff-a180-8ddc9da7eacf req-746b4c8b-4f6b-4bdf-b30b-5b1a14439cbc service placement] Merging candidates yields 1 allocation requests and 1 provider summaries {{(pid=106728) _merge_candidates /opt/stack/placement/placement/objects/allocation_candidate.py:809}}
Aug 11 16:25:39.531378 dv-cinder-852208-4-smb devstack@placement-api.service[106728]: INFO placement.requestlog [req-5e43e767-4536-45ff-a180-8ddc9da7eacf req-746b4c8b-4f6b-4bdf-b30b-5b1a14439cbc service placement] 10.222.0.40 "GET /placement/allocation_candidates?limit=1000&resources=DISK_GB%3A1%2CMEMORY_MB%3A1024%2CVCPU%3A1&root_required=%21COMPUTE_STATUS_DISABLED" status: 200 len: 767 microversion: 1.36
Aug 11 16:25:39.534128 dv-cinder-852208-4-smb devstack@placement-api.service[106728]: [pid: 106728|app: 0|req: 15/30] 10.222.0.40 () {60 vars in 1506 bytes} [Thu Aug 11 16:25:39 2022] GET /placement/allocation_candidates?limit=1000&resources=DISK_GB%3A1%2CMEMORY_MB%3A1024%2CVCPU%3A1&root_required=%21COMPUTE_STATUS_DISABLED => generated 767 bytes in 452 msecs (HTTP/1.1 200) 8 headers in 296 bytes (1 switches on core 0)
Aug 11 16:25:39.728385 dv-cinder-852208-4-smb devstack@placement-api.service[106729]: DEBUG placement.requestlog [req-5e43e767-4536-45ff-a180-8ddc9da7eacf req-274b687e-cd0c-4cb4-8666-7085bf3ca52d None None] Starting request: 10.222.0.40 "GET /placement/allocations/c0b2164b-dfe4-4f6f-9fc1-235df5117ae4" {{(pid=106729) __call__ /opt/stack/placement/placement/requestlog.py:55}}
Aug 11 16:25:39.747875 dv-cinder-852208-4-smb devstack@placement-api.service[106729]: INFO placement.requestlog [req-5e43e767-4536-45ff-a180-8ddc9da7eacf req-274b687e-cd0c-4cb4-8666-7085bf3ca52d service placement] 10.222.0.40 "GET /placement/allocations/c0b2164b-dfe4-4f6f-9fc1-235df5117ae4" status: 200 len: 19 microversion: 1.28
Aug 11 16:25:39.749475 dv-cinder-852208-4-smb devstack@placement-api.service[106729]: [pid: 106729|app: 0|req: 16/31] 10.222.0.40 () {60 vars in 1380 bytes} [Thu Aug 11 16:25:39 2022] GET /placement/allocations/c0b2164b-dfe4-4f6f-9fc1-235df5117ae4 => generated 19 bytes in 21 msecs (HTTP/1.1 200) 8 headers in 295 bytes (1 switches on core 0)
Aug 11 16:25:39.757019 dv-cinder-852208-4-smb devstack@placement-api.service[106728]: DEBUG placement.requestlog [req-5e43e767-4536-45ff-a180-8ddc9da7eacf req-3d068925-6cc3-4270-acf0-844cf503d6d1 None None] Starting request: 10.222.0.40 "PUT /placement/allocations/c0b2164b-dfe4-4f6f-9fc1-235df5117ae4" {{(pid=106728) __call__ /opt/stack/placement/placement/requestlog.py:55}}
Aug 11 16:25:40.048411 dv-cinder-852208-4-smb devstack@placement-api.service[106728]: DEBUG placement.handlers.allocation [req-5e43e767-4536-45ff-a180-8ddc9da7eacf req-3d068925-6cc3-4270-acf0-844cf503d6d1 service placement] Successfully wrote allocations [, , ] {{(pid=106728) _update_consumers_and_create_allocations /opt/stack/placement/placement/handlers/allocation.py:462}}
Aug 11 16:25:40.057360 dv-cinder-852208-4-smb devstack@placement-api.service[106728]: INFO placement.requestlog [req-5e43e767-4536-45ff-a180-8ddc9da7eacf req-3d068925-6cc3-4270-acf0-844cf503d6d1 service placement] 10.222.0.40 "PUT /placement/allocations/c0b2164b-dfe4-4f6f-9fc1-235df5117ae4" status: 204 len: 0 microversion: 1.36
Aug 11 16:25:40.058144 dv-cinder-852208-4-smb devstack@placement-api.service[106728]: [pid: 106728|app: 0|req: 16/32] 10.222.0.40 () {64 vars in 1433 bytes} [Thu Aug 11 16:25:39 2022] PUT /placement/allocations/c0b2164b-dfe4-4f6f-9fc1-235df5117ae4 => generated 0 bytes in 302 msecs (HTTP/1.1 204) 5 headers in 199 bytes (2 switches on core 0)
Aug 11 16:25:41.065721 dv-cinder-852208-4-smb devstack@placement-api.service[106729]: DEBUG placement.requestlog [req-5e43e767-4536-45ff-a180-8ddc9da7eacf req-922bf43f-7f2a-421a-9836-f2882e54e737 None None] Starting request: 10.222.0.47 "GET /placement/allocations/c0b2164b-dfe4-4f6f-9fc1-235df5117ae4" {{(pid=106729) __call__ /opt/stack/placement/placement/requestlog.py:55}}
Aug 11 16:25:41.119368 dv-cinder-852208-4-smb devstack@placement-api.service[106729]: INFO placement.requestlog [req-5e43e767-4536-45ff-a180-8ddc9da7eacf req-922bf43f-7f2a-421a-9836-f2882e54e737 service placement] 10.222.0.47 "GET /placement/allocations/c0b2164b-dfe4-4f6f-9fc1-235df5117ae4" status: 200 len: 258 microversion: 1.28
Aug 11 16:25:41.119767 dv-cinder-852208-4-smb devstack@placement-api.service[106729]: [pid: 106729|app: 0|req: 17/33] 10.222.0.47 () {60 vars in 1377 bytes} [Thu Aug 11 16:25:41 2022] GET /placement/allocations/c0b2164b-dfe4-4f6f-9fc1-235df5117ae4 => generated 258 bytes in 55 msecs (HTTP/1.1 200) 8 headers in 296 bytes (1 switches on core 0)
Aug 11 16:25:42.220141 dv-cinder-852208-4-smb devstack@placement-api.service[106728]: DEBUG placement.requestlog [req-5cca920f-c5ae-4984-8c0e-54f99f2f1055 req-3b6e8b5e-4ec4-4cd0-ab01-2cdcff68e827 None None] Starting request: 10.222.0.40 "GET /placement/allocation_candidates?limit=1000&resources=DISK_GB%3A1%2CMEMORY_MB%3A1024%2CVCPU%3A1&root_required=%21COMPUTE_STATUS_DISABLED" {{(pid=106728) __call__ /opt/stack/placement/placement/requestlog.py:55}}
Aug 11 16:25:42.455479 dv-cinder-852208-4-smb devstack@placement-api.service[106728]: DEBUG placement.objects.research_context [req-5cca920f-c5ae-4984-8c0e-54f99f2f1055 req-3b6e8b5e-4ec4-4cd0-ab01-2cdcff68e827 service placement] getting providers with 1 DISK_GB {{(pid=106728) __init__ /opt/stack/placement/placement/objects/research_context.py:136}}
Aug 11 16:25:42.481108 dv-cinder-852208-4-smb devstack@placement-api.service[106728]: DEBUG placement.objects.research_context [req-5cca920f-c5ae-4984-8c0e-54f99f2f1055 req-3b6e8b5e-4ec4-4cd0-ab01-2cdcff68e827 service placement] getting providers with 1024 MEMORY_MB {{(pid=106728) __init__ /opt/stack/placement/placement/objects/research_context.py:136}}
Aug 11 16:25:42.552971 dv-cinder-852208-4-smb devstack@placement-api.service[106728]: DEBUG placement.objects.research_context [req-5cca920f-c5ae-4984-8c0e-54f99f2f1055 req-3b6e8b5e-4ec4-4cd0-ab01-2cdcff68e827 service placement] getting providers with 1 VCPU {{(pid=106728) __init__ /opt/stack/placement/placement/objects/research_context.py:136}}
Aug 11 16:25:42.576162 dv-cinder-852208-4-smb devstack@placement-api.service[106728]: DEBUG placement.objects.research_context [req-5cca920f-c5ae-4984-8c0e-54f99f2f1055 req-3b6e8b5e-4ec4-4cd0-ab01-2cdcff68e827 service placement] found 1 providers with available 1 DISK_GB {{(pid=106728) get_provider_ids_matching /opt/stack/placement/placement/objects/research_context.py:563}}
Aug 11 16:25:42.576511 dv-cinder-852208-4-smb devstack@placement-api.service[106728]: DEBUG placement.objects.research_context [req-5cca920f-c5ae-4984-8c0e-54f99f2f1055 req-3b6e8b5e-4ec4-4cd0-ab01-2cdcff68e827 service placement] found 1 providers with available 1024 MEMORY_MB {{(pid=106728) get_provider_ids_matching /opt/stack/placement/placement/objects/research_context.py:563}}
Aug 11 16:25:42.594026 dv-cinder-852208-4-smb devstack@placement-api.service[106728]: DEBUG placement.objects.research_context [req-5cca920f-c5ae-4984-8c0e-54f99f2f1055 req-3b6e8b5e-4ec4-4cd0-ab01-2cdcff68e827 service placement] found 1 providers after filtering by previous result {{(pid=106728) get_provider_ids_matching /opt/stack/placement/placement/objects/research_context.py:594}}
Aug 11 16:25:42.594561 dv-cinder-852208-4-smb devstack@placement-api.service[106728]: DEBUG placement.objects.research_context [req-5cca920f-c5ae-4984-8c0e-54f99f2f1055 req-3b6e8b5e-4ec4-4cd0-ab01-2cdcff68e827 service placement] found 1 providers with available 1 VCPU {{(pid=106728) get_provider_ids_matching /opt/stack/placement/placement/objects/research_context.py:563}}
Aug 11 16:25:42.597138 dv-cinder-852208-4-smb devstack@placement-api.service[106728]: DEBUG placement.objects.research_context [req-5cca920f-c5ae-4984-8c0e-54f99f2f1055 req-3b6e8b5e-4ec4-4cd0-ab01-2cdcff68e827 service placement] found 1 providers after filtering by previous result {{(pid=106728) get_provider_ids_matching /opt/stack/placement/placement/objects/research_context.py:594}}
Aug 11 16:25:42.651097 dv-cinder-852208-4-smb devstack@placement-api.service[106728]: DEBUG placement.objects.allocation_candidate [req-5cca920f-c5ae-4984-8c0e-54f99f2f1055 req-3b6e8b5e-4ec4-4cd0-ab01-2cdcff68e827 service placement] RequestGroup(use_same_provider=False, resources={DISK_GB:1, MEMORY_MB:1024, VCPU:1}, traits=(), aggregates=[]) (suffix '') returned 1 matches {{(pid=106728) _get_by_requests /opt/stack/placement/placement/objects/allocation_candidate.py:156}}
Aug 11 16:25:42.660343 dv-cinder-852208-4-smb devstack@placement-api.service[106728]: DEBUG placement.objects.allocation_candidate [req-5cca920f-c5ae-4984-8c0e-54f99f2f1055 req-3b6e8b5e-4ec4-4cd0-ab01-2cdcff68e827 service placement] Merging candidates yields 1 allocation requests and 1 provider summaries {{(pid=106728) _merge_candidates /opt/stack/placement/placement/objects/allocation_candidate.py:809}}
Aug 11 16:25:42.664236 dv-cinder-852208-4-smb devstack@placement-api.service[106728]: INFO placement.requestlog [req-5cca920f-c5ae-4984-8c0e-54f99f2f1055 req-3b6e8b5e-4ec4-4cd0-ab01-2cdcff68e827 service placement] 10.222.0.40 "GET /placement/allocation_candidates?limit=1000&resources=DISK_GB%3A1%2CMEMORY_MB%3A1024%2CVCPU%3A1&root_required=%21COMPUTE_STATUS_DISABLED" status: 200 len: 767 microversion: 1.36
Aug 11 16:25:42.683581 dv-cinder-852208-4-smb devstack@placement-api.service[106728]: [pid: 106728|app: 0|req: 17/34] 10.222.0.40 () {60 vars in 1506 bytes} [Thu Aug 11 16:25:42 2022] GET /placement/allocation_candidates?limit=1000&resources=DISK_GB%3A1%2CMEMORY_MB%3A1024%2CVCPU%3A1&root_required=%21COMPUTE_STATUS_DISABLED => generated 767 bytes in 463 msecs (HTTP/1.1 200) 8 headers in 296 bytes (1 switches on core 0)
Aug 11 16:25:42.786875 dv-cinder-852208-4-smb devstack@placement-api.service[106729]: DEBUG placement.requestlog [req-5cca920f-c5ae-4984-8c0e-54f99f2f1055 req-f1d5edca-69d5-4f7d-8e7d-e77c6bb0bc58 None None] Starting request: 10.222.0.40 "GET /placement/allocations/ad1153fb-f815-48b9-bcce-800cfd3d7bdc" {{(pid=106729) __call__ /opt/stack/placement/placement/requestlog.py:55}}
Aug 11 16:25:42.805894 dv-cinder-852208-4-smb devstack@placement-api.service[106729]: INFO placement.requestlog [req-5cca920f-c5ae-4984-8c0e-54f99f2f1055 req-f1d5edca-69d5-4f7d-8e7d-e77c6bb0bc58 service placement] 10.222.0.40 "GET /placement/allocations/ad1153fb-f815-48b9-bcce-800cfd3d7bdc" status: 200 len: 19 microversion: 1.28
Aug 11 16:25:42.807038 dv-cinder-852208-4-smb devstack@placement-api.service[106729]: [pid: 106729|app: 0|req: 18/35] 10.222.0.40 () {60 vars in 1380 bytes} [Thu Aug 11 16:25:42 2022] GET /placement/allocations/ad1153fb-f815-48b9-bcce-800cfd3d7bdc => generated 19 bytes in 20 msecs (HTTP/1.1 200) 8 headers in 295 bytes (1 switches on core 0)
Aug 11 16:25:42.815028 dv-cinder-852208-4-smb devstack@placement-api.service[106728]: DEBUG placement.requestlog [req-5cca920f-c5ae-4984-8c0e-54f99f2f1055 req-43c151b0-4224-4334-aaf7-0e0e0d6f010e None None] Starting request: 10.222.0.40 "PUT /placement/allocations/ad1153fb-f815-48b9-bcce-800cfd3d7bdc" {{(pid=106728) __call__ /opt/stack/placement/placement/requestlog.py:55}}
Aug 11 16:25:43.051272 dv-cinder-852208-4-smb devstack@placement-api.service[106728]: DEBUG placement.handlers.allocation [req-5cca920f-c5ae-4984-8c0e-54f99f2f1055 req-43c151b0-4224-4334-aaf7-0e0e0d6f010e service placement] Successfully wrote allocations [, , ] {{(pid=106728) _update_consumers_and_create_allocations /opt/stack/placement/placement/handlers/allocation.py:462}}
Aug 11 16:25:43.057446 dv-cinder-852208-4-smb devstack@placement-api.service[106728]: INFO placement.requestlog [req-5cca920f-c5ae-4984-8c0e-54f99f2f1055 req-43c151b0-4224-4334-aaf7-0e0e0d6f010e service placement] 10.222.0.40 "PUT /placement/allocations/ad1153fb-f815-48b9-bcce-800cfd3d7bdc" status: 204 len: 0 microversion: 1.36
Aug 11 16:25:43.071847 dv-cinder-852208-4-smb devstack@placement-api.service[106728]: [pid: 106728|app: 0|req: 18/36] 10.222.0.40 () {64 vars in 1433 bytes} [Thu Aug 11 16:25:42 2022] PUT /placement/allocations/ad1153fb-f815-48b9-bcce-800cfd3d7bdc => generated 0 bytes in 244 msecs (HTTP/1.1 204) 5 headers in 199 bytes (2 switches on core 0)
Aug 11 16:25:43.820057 dv-cinder-852208-4-smb devstack@placement-api.service[106729]: DEBUG placement.requestlog [req-5cca920f-c5ae-4984-8c0e-54f99f2f1055 req-3fa68993-48ad-4a92-acfd-38d6d908b826 None None] Starting request: 10.222.0.47 "GET /placement/allocations/ad1153fb-f815-48b9-bcce-800cfd3d7bdc" {{(pid=106729) __call__ /opt/stack/placement/placement/requestlog.py:55}}
Aug 11 16:25:43.853388 dv-cinder-852208-4-smb devstack@placement-api.service[106729]: INFO placement.requestlog [req-5cca920f-c5ae-4984-8c0e-54f99f2f1055 req-3fa68993-48ad-4a92-acfd-38d6d908b826 service placement] 10.222.0.47 "GET /placement/allocations/ad1153fb-f815-48b9-bcce-800cfd3d7bdc" status: 200 len: 258 microversion: 1.28
Aug 11 16:25:43.856846 dv-cinder-852208-4-smb devstack@placement-api.service[106729]: [pid: 106729|app: 0|req: 19/37] 10.222.0.47 () {60 vars in 1377 bytes} [Thu Aug 11 16:25:43 2022] GET /placement/allocations/ad1153fb-f815-48b9-bcce-800cfd3d7bdc => generated 258 bytes in 37 msecs (HTTP/1.1 200) 8 headers in 296 bytes (1 switches on core 0)
Aug 11 16:25:53.048765 dv-cinder-852208-4-smb devstack@placement-api.service[106728]: DEBUG dbcounter [-] [106728] Writing DB stats placement:SELECT=57,placement:INSERT=10,placement:DELETE=4,placement:UPDATE=4 {{(pid=106728) stat_writer /usr/local/lib/python3.8/dist-packages/dbcounter.py:114}}
Aug 11 16:25:53.844518 dv-cinder-852208-4-smb devstack@placement-api.service[106729]: DEBUG dbcounter [-] [106729] Writing DB stats placement:SELECT=23,placement:INSERT=4,placement:DELETE=2,placement:UPDATE=2 {{(pid=106729) stat_writer /usr/local/lib/python3.8/dist-packages/dbcounter.py:114}}
Aug 11 16:26:13.261633 dv-cinder-852208-4-smb devstack@placement-api.service[106728]: DEBUG placement.requestlog [req-f1a3e248-63a1-4dbc-979d-f3bab8efaee4 req-9df53b0f-ef62-4153-b81e-3ee758f42aba None None] Starting request: 10.222.0.47 "DELETE /placement/allocations/44c51101-5423-4e57-bf12-614ffef71fcb" {{(pid=106728) __call__ /opt/stack/placement/placement/requestlog.py:55}}
Aug 11 16:26:13.302052 dv-cinder-852208-4-smb devstack@placement-api.service[106728]: DEBUG placement.handlers.allocation [req-f1a3e248-63a1-4dbc-979d-f3bab8efaee4 req-9df53b0f-ef62-4153-b81e-3ee758f42aba service placement] Successfully deleted allocations [, , ] {{(pid=106728) delete_allocations /opt/stack/placement/placement/handlers/allocation.py:627}}
Aug 11 16:26:13.302962 dv-cinder-852208-4-smb devstack@placement-api.service[106728]: INFO placement.requestlog [req-f1a3e248-63a1-4dbc-979d-f3bab8efaee4 req-9df53b0f-ef62-4153-b81e-3ee758f42aba service placement] 10.222.0.47 "DELETE /placement/allocations/44c51101-5423-4e57-bf12-614ffef71fcb" status: 204 len: 0 microversion: 1.0
Aug 11 16:26:13.304159 dv-cinder-852208-4-smb devstack@placement-api.service[106728]: [pid: 106728|app: 0|req: 19/38] 10.222.0.47 () {60 vars in 1355 bytes} [Thu Aug 11 16:26:13 2022] DELETE /placement/allocations/44c51101-5423-4e57-bf12-614ffef71fcb => generated 0 bytes in 42 msecs (HTTP/1.1 204) 5 headers in 198 bytes (1 switches on core 0)
Aug 11 16:26:13.609354 dv-cinder-852208-4-smb devstack@placement-api.service[106729]: DEBUG placement.requestlog [req-0b77e7ec-5606-4d55-9ae9-6f3e479e3a67 req-0360c830-8948-48f2-8c06-6c86869eb822 None None] Starting request: 10.222.0.47 "GET /placement/resource_providers/c9105e26-9b9d-4ff5-9808-9c08c640625a/allocations" {{(pid=106729) __call__ /opt/stack/placement/placement/requestlog.py:55}}
Aug 11 16:26:13.654185 dv-cinder-852208-4-smb devstack@placement-api.service[106729]: INFO placement.requestlog [req-0b77e7ec-5606-4d55-9ae9-6f3e479e3a67 req-0360c830-8948-48f2-8c06-6c86869eb822 service placement] 10.222.0.47 "GET /placement/resource_providers/c9105e26-9b9d-4ff5-9808-9c08c640625a/allocations" status: 200 len: 456 microversion: 1.0
Aug 11 16:26:13.661246 dv-cinder-852208-4-smb devstack@placement-api.service[106729]: [pid: 106729|app: 0|req: 20/39] 10.222.0.47 () {58 vars in 1390 bytes} [Thu Aug 11 16:26:13 2022] GET /placement/resource_providers/c9105e26-9b9d-4ff5-9808-9c08c640625a/allocations => generated 456 bytes in 53 msecs (HTTP/1.1 200) 6 headers in 224 bytes (1 switches on core 0)
Aug 11 16:26:20.782712 dv-cinder-852208-4-smb devstack@placement-api.service[106728]: DEBUG placement.requestlog [None req-44074d3c-aff7-4bfa-8fa1-d675f3ecf661 None None] Starting request: 10.222.0.40 "GET /placement/resource_providers/08147b1f-647d-4528-b1c9-70891b531136/aggregates" {{(pid=106728) __call__ /opt/stack/placement/placement/requestlog.py:55}}
Aug 11 16:26:20.811720 dv-cinder-852208-4-smb devstack@placement-api.service[106728]: INFO placement.requestlog [None req-44074d3c-aff7-4bfa-8fa1-d675f3ecf661 service placement] 10.222.0.40 "GET /placement/resource_providers/08147b1f-647d-4528-b1c9-70891b531136/aggregates" status: 404 len: 235 microversion: 1.1
Aug 11 16:26:20.813097 dv-cinder-852208-4-smb devstack@placement-api.service[106728]: [pid: 106728|app: 0|req: 20/40] 10.222.0.40 () {58 vars in 1362 bytes} [Thu Aug 11 16:26:20 2022] GET /placement/resource_providers/08147b1f-647d-4528-b1c9-70891b531136/aggregates => generated 235 bytes in 31 msecs (HTTP/1.1 404) 5 headers in 202 bytes (1 switches on core 0)
Aug 11 16:26:20.821893 dv-cinder-852208-4-smb devstack@placement-api.service[106729]: DEBUG placement.requestlog [None req-a406f764-2f1d-4077-9652-9d75a1ef2978 None None] Starting request: 10.222.0.40 "DELETE /placement/resource_providers/08147b1f-647d-4528-b1c9-70891b531136" {{(pid=106729) __call__ /opt/stack/placement/placement/requestlog.py:55}}
Aug 11 16:26:20.840114 dv-cinder-852208-4-smb devstack@placement-api.service[106729]: DEBUG placement.wsgi_wrapper [None req-a406f764-2f1d-4077-9652-9d75a1ef2978 service placement] Placement API returning an error response: No resource provider with uuid 08147b1f-647d-4528-b1c9-70891b531136 found for delete {{(pid=106729) call_func /opt/stack/placement/placement/wsgi_wrapper.py:31}}
Aug 11 16:26:20.847722 dv-cinder-852208-4-smb devstack@placement-api.service[106729]: INFO placement.requestlog [None req-a406f764-2f1d-4077-9652-9d75a1ef2978 service placement] 10.222.0.40 "DELETE /placement/resource_providers/08147b1f-647d-4528-b1c9-70891b531136" status: 404 len: 246 microversion: 1.1
Aug 11 16:26:20.852251 dv-cinder-852208-4-smb devstack@placement-api.service[106729]: [pid: 106729|app: 0|req: 21/41] 10.222.0.40 () {60 vars in 1351 bytes} [Thu Aug 11 16:26:20 2022] DELETE /placement/resource_providers/08147b1f-647d-4528-b1c9-70891b531136 => generated 246 bytes in 31 msecs (HTTP/1.1 404) 6 headers in 231 bytes (1 switches on core 0)
Aug 11 16:26:30.797497 dv-cinder-852208-4-smb devstack@placement-api.service[106728]: DEBUG dbcounter [-] [106728] Writing DB stats placement:SELECT=9,placement:DELETE=2 {{(pid=106728) stat_writer /usr/local/lib/python3.8/dist-packages/dbcounter.py:114}}
Aug 11 16:26:30.838158 dv-cinder-852208-4-smb devstack@placement-api.service[106729]: DEBUG dbcounter [-] [106729] Writing DB stats placement:SELECT=8 {{(pid=106729) stat_writer /usr/local/lib/python3.8/dist-packages/dbcounter.py:114}}
Aug 11 16:26:52.927031 dv-cinder-852208-4-smb devstack@placement-api.service[106728]: DEBUG placement.requestlog [req-06518b2a-b0e5-4750-883e-80a5e469f3c6 req-2456290e-a121-4f88-8b81-11f35cd87bef None None] Starting request: 10.222.0.40 "GET /placement/allocation_candidates?limit=1000&resources=DISK_GB%3A1%2CMEMORY_MB%3A1024%2CVCPU%3A1&root_required=%21COMPUTE_STATUS_DISABLED" {{(pid=106728) __call__ /opt/stack/placement/placement/requestlog.py:55}}
Aug 11 16:26:52.967437 dv-cinder-852208-4-smb devstack@placement-api.service[106728]: DEBUG placement.objects.research_context [req-06518b2a-b0e5-4750-883e-80a5e469f3c6 req-2456290e-a121-4f88-8b81-11f35cd87bef service placement] getting providers with 1 DISK_GB {{(pid=106728) __init__ /opt/stack/placement/placement/objects/research_context.py:136}}
Aug 11 16:26:52.973110 dv-cinder-852208-4-smb devstack@placement-api.service[106728]: DEBUG placement.objects.research_context [req-06518b2a-b0e5-4750-883e-80a5e469f3c6 req-2456290e-a121-4f88-8b81-11f35cd87bef service placement] getting providers with 1024 MEMORY_MB {{(pid=106728) __init__ /opt/stack/placement/placement/objects/research_context.py:136}}
Aug 11 16:26:52.979327 dv-cinder-852208-4-smb devstack@placement-api.service[106728]: DEBUG placement.objects.research_context [req-06518b2a-b0e5-4750-883e-80a5e469f3c6 req-2456290e-a121-4f88-8b81-11f35cd87bef service placement] getting providers with 1 VCPU {{(pid=106728) __init__ /opt/stack/placement/placement/objects/research_context.py:136}}
Aug 11 16:26:52.984522 dv-cinder-852208-4-smb devstack@placement-api.service[106728]: DEBUG placement.objects.research_context [req-06518b2a-b0e5-4750-883e-80a5e469f3c6 req-2456290e-a121-4f88-8b81-11f35cd87bef service placement] found 1 providers with available 1 DISK_GB {{(pid=106728) get_provider_ids_matching /opt/stack/placement/placement/objects/research_context.py:563}}
Aug 11 16:26:52.984832 dv-cinder-852208-4-smb devstack@placement-api.service[106728]: DEBUG placement.objects.research_context [req-06518b2a-b0e5-4750-883e-80a5e469f3c6 req-2456290e-a121-4f88-8b81-11f35cd87bef service placement] found 1 providers with available 1024 MEMORY_MB {{(pid=106728) get_provider_ids_matching /opt/stack/placement/placement/objects/research_context.py:563}}
Aug 11 16:26:52.985110 dv-cinder-852208-4-smb devstack@placement-api.service[106728]: DEBUG placement.objects.research_context [req-06518b2a-b0e5-4750-883e-80a5e469f3c6 req-2456290e-a121-4f88-8b81-11f35cd87bef service placement] found 1 providers after filtering by previous result {{(pid=106728) get_provider_ids_matching /opt/stack/placement/placement/objects/research_context.py:594}}
Aug 11 16:26:52.985372 dv-cinder-852208-4-smb devstack@placement-api.service[106728]: DEBUG placement.objects.research_context [req-06518b2a-b0e5-4750-883e-80a5e469f3c6 req-2456290e-a121-4f88-8b81-11f35cd87bef service placement] found 1 providers with available 1 VCPU {{(pid=106728) get_provider_ids_matching /opt/stack/placement/placement/objects/research_context.py:563}}
Aug 11 16:26:52.985639 dv-cinder-852208-4-smb devstack@placement-api.service[106728]: DEBUG placement.objects.research_context [req-06518b2a-b0e5-4750-883e-80a5e469f3c6 req-2456290e-a121-4f88-8b81-11f35cd87bef service placement] found 1 providers after filtering by previous result {{(pid=106728) get_provider_ids_matching /opt/stack/placement/placement/objects/research_context.py:594}}
Aug 11 16:26:52.996390 dv-cinder-852208-4-smb devstack@placement-api.service[106728]: DEBUG placement.objects.allocation_candidate [req-06518b2a-b0e5-4750-883e-80a5e469f3c6 req-2456290e-a121-4f88-8b81-11f35cd87bef service placement] RequestGroup(use_same_provider=False, resources={DISK_GB:1, MEMORY_MB:1024, VCPU:1}, traits=(), aggregates=[]) (suffix '') returned 1 matches {{(pid=106728) _get_by_requests /opt/stack/placement/placement/objects/allocation_candidate.py:156}}
Aug 11 16:26:52.996792 dv-cinder-852208-4-smb devstack@placement-api.service[106728]: DEBUG placement.objects.allocation_candidate [req-06518b2a-b0e5-4750-883e-80a5e469f3c6 req-2456290e-a121-4f88-8b81-11f35cd87bef service placement] Merging candidates yields 1 allocation requests and 1 provider summaries {{(pid=106728) _merge_candidates /opt/stack/placement/placement/objects/allocation_candidate.py:809}}
Aug 11 16:26:52.998342 dv-cinder-852208-4-smb devstack@placement-api.service[106728]: INFO placement.requestlog [req-06518b2a-b0e5-4750-883e-80a5e469f3c6 req-2456290e-a121-4f88-8b81-11f35cd87bef service placement] 10.222.0.40 "GET /placement/allocation_candidates?limit=1000&resources=DISK_GB%3A1%2CMEMORY_MB%3A1024%2CVCPU%3A1&root_required=%21COMPUTE_STATUS_DISABLED" status: 200 len: 767 microversion: 1.36
Aug 11 16:26:52.998720 dv-cinder-852208-4-smb devstack@placement-api.service[106728]: [pid: 106728|app: 0|req: 21/42] 10.222.0.40 () {60 vars in 1506 bytes} [Thu Aug 11 16:26:52 2022] GET /placement/allocation_candidates?limit=1000&resources=DISK_GB%3A1%2CMEMORY_MB%3A1024%2CVCPU%3A1&root_required=%21COMPUTE_STATUS_DISABLED => generated 767 bytes in 72 msecs (HTTP/1.1 200) 8 headers in 296 bytes (2 switches on core 0)
Aug 11 16:26:53.038366 dv-cinder-852208-4-smb devstack@placement-api.service[106729]: DEBUG placement.requestlog [req-06518b2a-b0e5-4750-883e-80a5e469f3c6 req-19a99f6b-6f31-4a1d-b406-518fb4d4a2f5 None None] Starting request: 10.222.0.40 "GET /placement/allocations/b547ac60-aa55-4f59-a149-f5baf95630b0" {{(pid=106729) __call__ /opt/stack/placement/placement/requestlog.py:55}}
Aug 11 16:26:53.049577 dv-cinder-852208-4-smb devstack@placement-api.service[106729]: INFO placement.requestlog [req-06518b2a-b0e5-4750-883e-80a5e469f3c6 req-19a99f6b-6f31-4a1d-b406-518fb4d4a2f5 service placement] 10.222.0.40 "GET /placement/allocations/b547ac60-aa55-4f59-a149-f5baf95630b0" status: 200 len: 19 microversion: 1.28
Aug 11 16:26:53.050116 dv-cinder-852208-4-smb devstack@placement-api.service[106729]: [pid: 106729|app: 0|req: 22/43] 10.222.0.40 () {60 vars in 1380 bytes} [Thu Aug 11 16:26:53 2022] GET /placement/allocations/b547ac60-aa55-4f59-a149-f5baf95630b0 => generated 19 bytes in 12 msecs (HTTP/1.1 200) 8 headers in 295 bytes (1 switches on core 0)
Aug 11 16:26:53.055790 dv-cinder-852208-4-smb devstack@placement-api.service[106728]: DEBUG placement.requestlog [req-06518b2a-b0e5-4750-883e-80a5e469f3c6 req-10d82f0e-26a6-489a-9ea6-c5e2fba4b7f4 None None] Starting request: 10.222.0.40 "PUT /placement/allocations/b547ac60-aa55-4f59-a149-f5baf95630b0" {{(pid=106728) __call__ /opt/stack/placement/placement/requestlog.py:55}}
Aug 11 16:26:53.128368 dv-cinder-852208-4-smb devstack@placement-api.service[106728]: DEBUG placement.handlers.allocation [req-06518b2a-b0e5-4750-883e-80a5e469f3c6 req-10d82f0e-26a6-489a-9ea6-c5e2fba4b7f4 service placement] Successfully wrote allocations [, , ] {{(pid=106728) _update_consumers_and_create_allocations /opt/stack/placement/placement/handlers/allocation.py:462}}
Aug 11 16:26:53.131625 dv-cinder-852208-4-smb devstack@placement-api.service[106728]: INFO placement.requestlog [req-06518b2a-b0e5-4750-883e-80a5e469f3c6 req-10d82f0e-26a6-489a-9ea6-c5e2fba4b7f4 service placement] 10.222.0.40 "PUT /placement/allocations/b547ac60-aa55-4f59-a149-f5baf95630b0" status: 204 len: 0 microversion: 1.36
Aug 11 16:26:53.132010 dv-cinder-852208-4-smb devstack@placement-api.service[106728]: [pid: 106728|app: 0|req: 22/44] 10.222.0.40 () {64 vars in 1433 bytes} [Thu Aug 11 16:26:53 2022] PUT /placement/allocations/b547ac60-aa55-4f59-a149-f5baf95630b0 => generated 0 bytes in 76 msecs (HTTP/1.1 204) 5 headers in 199 bytes (1 switches on core 0)
Aug 11 16:26:53.494233 dv-cinder-852208-4-smb devstack@placement-api.service[106729]: DEBUG placement.requestlog [req-06518b2a-b0e5-4750-883e-80a5e469f3c6 req-d1bbcd43-b628-468b-a180-67c4b52565e9 None None] Starting request: 10.222.0.47 "GET /placement/allocations/b547ac60-aa55-4f59-a149-f5baf95630b0" {{(pid=106729) __call__ /opt/stack/placement/placement/requestlog.py:55}}
Aug 11 16:26:53.517747 dv-cinder-852208-4-smb devstack@placement-api.service[106729]: INFO placement.requestlog [req-06518b2a-b0e5-4750-883e-80a5e469f3c6 req-d1bbcd43-b628-468b-a180-67c4b52565e9 service placement] 10.222.0.47 "GET /placement/allocations/b547ac60-aa55-4f59-a149-f5baf95630b0" status: 200 len: 258 microversion: 1.28
Aug 11 16:26:53.518713 dv-cinder-852208-4-smb devstack@placement-api.service[106729]: [pid: 106729|app: 0|req: 23/45] 10.222.0.47 () {60 vars in 1377 bytes} [Thu Aug 11 16:26:53 2022] GET /placement/allocations/b547ac60-aa55-4f59-a149-f5baf95630b0 => generated 258 bytes in 25 msecs (HTTP/1.1 200) 8 headers in 296 bytes (1 switches on core 0)
Aug 11 16:27:03.128289 dv-cinder-852208-4-smb devstack@placement-api.service[106728]: DEBUG dbcounter [-] [106728] Writing DB stats placement:SELECT=27,placement:INSERT=6,placement:DELETE=2,placement:UPDATE=2 {{(pid=106728) stat_writer /usr/local/lib/python3.8/dist-packages/dbcounter.py:114}}
Aug 11 16:27:03.513789 dv-cinder-852208-4-smb devstack@placement-api.service[106729]: DEBUG dbcounter [-] [106729] Writing DB stats placement:SELECT=6 {{(pid=106729) stat_writer /usr/local/lib/python3.8/dist-packages/dbcounter.py:114}}
Aug 11 16:27:10.597603 dv-cinder-852208-4-smb devstack@placement-api.service[106728]: DEBUG placement.requestlog [req-ba2f1bc6-2af2-4fd9-9a67-dc8c3cbdb063 req-eada03fe-a83d-498d-a0fa-589dde67fd8c None None] Starting request: 10.222.0.47 "DELETE /placement/allocations/b547ac60-aa55-4f59-a149-f5baf95630b0" {{(pid=106728) __call__ /opt/stack/placement/placement/requestlog.py:55}}
Aug 11 16:27:10.670921 dv-cinder-852208-4-smb devstack@placement-api.service[106728]: DEBUG placement.handlers.allocation [req-ba2f1bc6-2af2-4fd9-9a67-dc8c3cbdb063 req-eada03fe-a83d-498d-a0fa-589dde67fd8c service placement] Successfully deleted allocations [, , ] {{(pid=106728) delete_allocations /opt/stack/placement/placement/handlers/allocation.py:627}}
Aug 11 16:27:10.671513 dv-cinder-852208-4-smb devstack@placement-api.service[106728]: INFO placement.requestlog [req-ba2f1bc6-2af2-4fd9-9a67-dc8c3cbdb063 req-eada03fe-a83d-498d-a0fa-589dde67fd8c service placement] 10.222.0.47 "DELETE /placement/allocations/b547ac60-aa55-4f59-a149-f5baf95630b0" status: 204 len: 0 microversion: 1.0
Aug 11 16:27:10.672149 dv-cinder-852208-4-smb devstack@placement-api.service[106728]: [pid: 106728|app: 0|req: 23/46] 10.222.0.47 () {60 vars in 1355 bytes} [Thu Aug 11 16:27:10 2022] DELETE /placement/allocations/b547ac60-aa55-4f59-a149-f5baf95630b0 => generated 0 bytes in 75 msecs (HTTP/1.1 204) 5 headers in 198 bytes (1 switches on core 0)
Aug 11 16:27:15.411295 dv-cinder-852208-4-smb devstack@placement-api.service[106729]: DEBUG placement.requestlog [req-1ab20f3a-9886-47de-9c57-18db4ee2fce9 req-053fa33a-5196-49eb-8cf6-c6cace2cd3e7 None None] Starting request: 10.222.0.47 "GET /placement/resource_providers/c9105e26-9b9d-4ff5-9808-9c08c640625a/allocations" {{(pid=106729) __call__ /opt/stack/placement/placement/requestlog.py:55}}
Aug 11 16:27:15.489503 dv-cinder-852208-4-smb devstack@placement-api.service[106729]: INFO placement.requestlog [req-1ab20f3a-9886-47de-9c57-18db4ee2fce9 req-053fa33a-5196-49eb-8cf6-c6cace2cd3e7 service placement] 10.222.0.47 "GET /placement/resource_providers/c9105e26-9b9d-4ff5-9808-9c08c640625a/allocations" status: 200 len: 456 microversion: 1.0
Aug 11 16:27:15.490449 dv-cinder-852208-4-smb devstack@placement-api.service[106729]: [pid: 106729|app: 0|req: 24/47] 10.222.0.47 () {58 vars in 1390 bytes} [Thu Aug 11 16:27:15 2022] GET /placement/resource_providers/c9105e26-9b9d-4ff5-9808-9c08c640625a/allocations => generated 456 bytes in 79 msecs (HTTP/1.1 200) 6 headers in 224 bytes (1 switches on core 0)
Aug 11 16:27:20.207611 dv-cinder-852208-4-smb devstack@placement-api.service[106728]: DEBUG placement.requestlog [req-d42ef6f4-bf6b-4c63-91be-a8fb7026d501 req-589777a8-9a91-407a-9889-a4f2bca2d19a None None] Starting request: 10.222.0.40 "GET /placement/allocation_candidates?limit=1000&resources=DISK_GB%3A1%2CMEMORY_MB%3A1024%2CVCPU%3A1&root_required=%21COMPUTE_STATUS_DISABLED" {{(pid=106728) __call__ /opt/stack/placement/placement/requestlog.py:55}}
Aug 11 16:27:20.270917 dv-cinder-852208-4-smb devstack@placement-api.service[106728]: DEBUG placement.objects.research_context [req-d42ef6f4-bf6b-4c63-91be-a8fb7026d501 req-589777a8-9a91-407a-9889-a4f2bca2d19a service placement] getting providers with 1 DISK_GB {{(pid=106728) __init__ /opt/stack/placement/placement/objects/research_context.py:136}}
Aug 11 16:27:20.290146 dv-cinder-852208-4-smb devstack@placement-api.service[106728]: DEBUG placement.objects.research_context [req-d42ef6f4-bf6b-4c63-91be-a8fb7026d501 req-589777a8-9a91-407a-9889-a4f2bca2d19a service placement] getting providers with 1024 MEMORY_MB {{(pid=106728) __init__ /opt/stack/placement/placement/objects/research_context.py:136}}
