Sep 06 22:37:53.012943 dv-cinder-852208-20-smb devstack@keystone.service[88077]: DEBUG keystone.server.flask.request_processing.req_logging [None req-29da5a1c-2700-40c5-9246-91b27d887062 None None] REQUEST_METHOD: `GET` {{(pid=88077) log_request_info /opt/stack/keystone/keystone/server/flask/request_processing/req_logging.py:27}}
Sep 06 22:37:53.013538 dv-cinder-852208-20-smb devstack@keystone.service[88077]: DEBUG keystone.server.flask.request_processing.req_logging [None req-29da5a1c-2700-40c5-9246-91b27d887062 None None] SCRIPT_NAME: `/identity` {{(pid=88077) log_request_info /opt/stack/keystone/keystone/server/flask/request_processing/req_logging.py:28}}
Sep 06 22:37:53.014009 dv-cinder-852208-20-smb devstack@keystone.service[88077]: DEBUG keystone.server.flask.request_processing.req_logging [None req-29da5a1c-2700-40c5-9246-91b27d887062 None None] PATH_INFO: `/` {{(pid=88077) log_request_info /opt/stack/keystone/keystone/server/flask/request_processing/req_logging.py:29}}
Sep 06 22:37:53.015652 dv-cinder-852208-20-smb devstack@keystone.service[88077]: [pid: 88077|app: 0|req: 77/154] 10.222.0.30 () {54 vars in 927 bytes} [Tue Sep 6 22:37:53 2022] GET /identity => generated 270 bytes in 4 msecs (HTTP/1.1 300) 6 headers in 234 bytes (1 switches on core 0)
Sep 06 22:37:53.016946 dv-cinder-852208-20-smb devstack@keystone.service[88077]: DEBUG keystone.server.flask.request_processing.middleware.auth_context [None req-29da5a1c-2700-40c5-9246-91b27d887062 None None] Authenticating user token {{(pid=88077) process_request /usr/local/lib/python3.8/dist-packages/keystonemiddleware/auth_token/__init__.py:407}}
Sep 06 22:37:53.090589 dv-cinder-852208-20-smb devstack@keystone.service[88078]: DEBUG keystone.server.flask.request_processing.middleware.auth_context [None req-6cba4e83-6a6f-45a5-9b7c-dcfc1eedb37a None None] Validating token access rules against request {{(pid=88078) validate_allowed_request /usr/local/lib/python3.8/dist-packages/keystonemiddleware/auth_token/__init__.py:545}}
Sep 06 22:37:53.109080 dv-cinder-852208-20-smb devstack@keystone.service[88078]: DEBUG dbcounter [-] [88078] Writing DB stats keystone:SELECT=100 {{(pid=88078) stat_writer /usr/local/lib/python3.8/dist-packages/dbcounter.py:114}}
Sep 06 22:37:53.137706 dv-cinder-852208-20-smb devstack@keystone.service[88078]: DEBUG keystone.server.flask.request_processing.middleware.auth_context [None req-fe21ad2e-6af6-4c8c-bd19-028c9b9f2474 None admin] RBAC: auth_context: {'token': , 'domain_id': None, 'trust_id': None, 'trustor_id': None, 'trustee_id': None, 'domain_name': None, 'group_ids': [], 'user_id': '8c7dd247a668409cb8ef9f1bcc9cb927', 'user_domain_id': 'default', 'system_scope': 'all', 'project_id': None, 'project_domain_id': None, 'roles': ['admin', 'member', 'reader'], 'is_admin_project': True, 'service_user_id': None, 'service_user_domain_id': None, 'service_project_id': None, 'service_project_domain_id': None, 'service_roles': []} {{(pid=88078) fill_context /opt/stack/keystone/keystone/server/flask/request_processing/middleware/auth_context.py:478}}
Sep 06 22:37:53.138665 dv-cinder-852208-20-smb devstack@keystone.service[88078]: DEBUG keystone.server.flask.request_processing.req_logging [None req-fe21ad2e-6af6-4c8c-bd19-028c9b9f2474 None admin] REQUEST_METHOD: `GET` {{(pid=88078) log_request_info /opt/stack/keystone/keystone/server/flask/request_processing/req_logging.py:27}}
Sep 06 22:37:53.139138 dv-cinder-852208-20-smb devstack@keystone.service[88078]: DEBUG keystone.server.flask.request_processing.req_logging [None req-fe21ad2e-6af6-4c8c-bd19-028c9b9f2474 None admin] SCRIPT_NAME: `/identity` {{(pid=88078) log_request_info /opt/stack/keystone/keystone/server/flask/request_processing/req_logging.py:28}}
Sep 06 22:37:53.140215 dv-cinder-852208-20-smb devstack@keystone.service[88078]: DEBUG keystone.server.flask.request_processing.req_logging [None req-fe21ad2e-6af6-4c8c-bd19-028c9b9f2474 None admin] PATH_INFO: `/v3/projects/2ad919f473ed42dba141f5a8838458b9` {{(pid=88078) log_request_info /opt/stack/keystone/keystone/server/flask/request_processing/req_logging.py:29}}
Sep 06 22:37:53.142982 dv-cinder-852208-20-smb devstack@keystone.service[88078]: DEBUG keystone.common.rbac_enforcer.enforcer [None req-fe21ad2e-6af6-4c8c-bd19-028c9b9f2474 None admin] RBAC: Authorizing `identity:get_project(project_id=2ad919f473ed42dba141f5a8838458b9)` {{(pid=88078) enforce_call /opt/stack/keystone/keystone/common/rbac_enforcer/enforcer.py:449}}
Sep 06 22:37:53.145265 dv-cinder-852208-20-smb devstack@keystone.service[88078]: DEBUG keystone.common.rbac_enforcer.enforcer [None req-fe21ad2e-6af6-4c8c-bd19-028c9b9f2474 None admin] RBAC: Authorization granted {{(pid=88078) enforce_call /opt/stack/keystone/keystone/common/rbac_enforcer/enforcer.py:457}}
Sep 06 22:37:53.147174 dv-cinder-852208-20-smb devstack@keystone.service[88078]: [pid: 88078|app: 0|req: 78/155] 10.222.0.30 () {56 vars in 1186 bytes} [Tue Sep 6 22:37:52 2022] GET /identity/v3/projects/2ad919f473ed42dba141f5a8838458b9 => generated 298 bytes in 188 msecs (HTTP/1.1 200) 5 headers in 177 bytes (1 switches on core 0)
Sep 06 22:37:53.147760 dv-cinder-852208-20-smb devstack@keystone.service[88077]: DEBUG keystone.server.flask.request_processing.middleware.auth_context [None req-29da5a1c-2700-40c5-9246-91b27d887062 None None] Validating token access rules against request {{(pid=88077) validate_allowed_request /usr/local/lib/python3.8/dist-packages/keystonemiddleware/auth_token/__init__.py:545}}
Sep 06 22:37:53.149161 dv-cinder-852208-20-smb devstack@keystone.service[88078]: DEBUG keystone.server.flask.request_processing.req_logging [None req-3db339b9-2532-4291-bbce-35da7b09f153 None None] REQUEST_METHOD: `POST` {{(pid=88078) log_request_info /opt/stack/keystone/keystone/server/flask/request_processing/req_logging.py:27}}
Sep 06 22:37:53.149789 dv-cinder-852208-20-smb devstack@keystone.service[88078]: DEBUG keystone.server.flask.request_processing.req_logging [None req-3db339b9-2532-4291-bbce-35da7b09f153 None None] SCRIPT_NAME: `/identity` {{(pid=88078) log_request_info /opt/stack/keystone/keystone/server/flask/request_processing/req_logging.py:28}}
Sep 06 22:37:53.150383 dv-cinder-852208-20-smb devstack@keystone.service[88078]: DEBUG keystone.server.flask.request_processing.req_logging [None req-3db339b9-2532-4291-bbce-35da7b09f153 None None] PATH_INFO: `/v3/auth/tokens` {{(pid=88078) log_request_info /opt/stack/keystone/keystone/server/flask/request_processing/req_logging.py:29}}
Sep 06 22:37:53.185715 dv-cinder-852208-20-smb devstack@keystone.service[88077]: DEBUG keystone.server.flask.request_processing.middleware.auth_context [None req-b133d8c2-7855-4147-9166-7fcbaca3fff1 None admin] RBAC: auth_context: {'token': , 'domain_id': None, 'trust_id': None, 'trustor_id': None, 'trustee_id': None, 'domain_name': None, 'group_ids': [], 'user_id': '8c7dd247a668409cb8ef9f1bcc9cb927', 'user_domain_id': 'default', 'system_scope': 'all', 'project_id': None, 'project_domain_id': None, 'roles': ['admin', 'member', 'reader'], 'is_admin_project': True, 'service_user_id': None, 'service_user_domain_id': None, 'service_project_id': None, 'service_project_domain_id': None, 'service_roles': []} {{(pid=88077) fill_context /opt/stack/keystone/keystone/server/flask/request_processing/middleware/auth_context.py:478}}
Sep 06 22:37:53.186388 dv-cinder-852208-20-smb devstack@keystone.service[88077]: DEBUG keystone.server.flask.request_processing.req_logging [None req-b133d8c2-7855-4147-9166-7fcbaca3fff1 None admin] REQUEST_METHOD: `GET` {{(pid=88077) log_request_info /opt/stack/keystone/keystone/server/flask/request_processing/req_logging.py:27}}
Sep 06 22:37:53.186671 dv-cinder-852208-20-smb devstack@keystone.service[88077]: DEBUG keystone.server.flask.request_processing.req_logging [None req-b133d8c2-7855-4147-9166-7fcbaca3fff1 None admin] SCRIPT_NAME: `/identity` {{(pid=88077) log_request_info /opt/stack/keystone/keystone/server/flask/request_processing/req_logging.py:28}}
Sep 06 22:37:53.186856 dv-cinder-852208-20-smb devstack@keystone.service[88078]: DEBUG keystone.auth.core [None req-3db339b9-2532-4291-bbce-35da7b09f153 None None] MFA Rules not processed for user `8c7dd247a668409cb8ef9f1bcc9cb927`. Rule list: `[]` (Enabled: `True`). {{(pid=88078) check_auth_methods_against_rules /opt/stack/keystone/keystone/auth/core.py:438}}
Sep 06 22:37:53.186949 dv-cinder-852208-20-smb devstack@keystone.service[88077]: DEBUG keystone.server.flask.request_processing.req_logging [None req-b133d8c2-7855-4147-9166-7fcbaca3fff1 None admin] PATH_INFO: `/v3/users/c7fa823d5f144a378671b1498a2e021e` {{(pid=88077) log_request_info /opt/stack/keystone/keystone/server/flask/request_processing/req_logging.py:29}}
Sep 06 22:37:53.188064 dv-cinder-852208-20-smb devstack@keystone.service[88078]: DEBUG keystone.common.fernet_utils [None req-3db339b9-2532-4291-bbce-35da7b09f153 None None] Loaded 2 Fernet keys from /etc/keystone/fernet-keys/, but `[fernet_tokens] max_active_keys = 3`; perhaps there have not been enough key rotations to reach `max_active_keys` yet? {{(pid=88078) load_keys /opt/stack/keystone/keystone/common/fernet_utils.py:286}}
Sep 06 22:37:53.188254 dv-cinder-852208-20-smb devstack@keystone.service[88077]: DEBUG keystone.common.rbac_enforcer.enforcer [None req-b133d8c2-7855-4147-9166-7fcbaca3fff1 None admin] RBAC: Authorizing `identity:get_user(user_id=c7fa823d5f144a378671b1498a2e021e)` {{(pid=88077) enforce_call /opt/stack/keystone/keystone/common/rbac_enforcer/enforcer.py:449}}
Sep 06 22:37:53.189871 dv-cinder-852208-20-smb devstack@keystone.service[88077]: DEBUG keystone.common.rbac_enforcer.enforcer [None req-b133d8c2-7855-4147-9166-7fcbaca3fff1 None admin] RBAC: Authorization granted {{(pid=88077) enforce_call /opt/stack/keystone/keystone/common/rbac_enforcer/enforcer.py:457}}
Sep 06 22:37:53.192393 dv-cinder-852208-20-smb devstack@keystone.service[88077]: [pid: 88077|app: 0|req: 78/156] 10.222.0.30 () {56 vars in 1177 bytes} [Tue Sep 6 22:37:53 2022] GET /identity/v3/users/c7fa823d5f144a378671b1498a2e021e => generated 289 bytes in 176 msecs (HTTP/1.1 200) 5 headers in 177 bytes (2 switches on core 0)
Sep 06 22:37:53.193241 dv-cinder-852208-20-smb devstack@keystone.service[88077]: DEBUG keystone.server.flask.request_processing.middleware.auth_context [None req-b133d8c2-7855-4147-9166-7fcbaca3fff1 None admin] Authenticating user token {{(pid=88077) process_request /usr/local/lib/python3.8/dist-packages/keystonemiddleware/auth_token/__init__.py:407}}
Sep 06 22:37:53.245150 dv-cinder-852208-20-smb devstack@keystone.service[88077]: DEBUG dbcounter [-] [88077] Writing DB stats keystone:SELECT=100 {{(pid=88077) stat_writer /usr/local/lib/python3.8/dist-packages/dbcounter.py:114}}
Sep 06 22:37:53.315070 dv-cinder-852208-20-smb devstack@keystone.service[88078]: [pid: 88078|app: 0|req: 79/157] 10.222.0.30 () {58 vars in 1024 bytes} [Tue Sep 6 22:37:53 2022] POST /identity/v3/auth/tokens => generated 799 bytes in 167 msecs (HTTP/1.1 201) 6 headers in 363 bytes (1 switches on core 0)
Sep 06 22:37:53.316564 dv-cinder-852208-20-smb devstack@keystone.service[88078]: DEBUG keystone.server.flask.request_processing.middleware.auth_context [None req-3db339b9-2532-4291-bbce-35da7b09f153 None None] Authenticating user token {{(pid=88078) process_request /usr/local/lib/python3.8/dist-packages/keystonemiddleware/auth_token/__init__.py:407}}
Sep 06 22:37:53.392211 dv-cinder-852208-20-smb devstack@keystone.service[88077]: DEBUG keystone.server.flask.request_processing.middleware.auth_context [None req-b133d8c2-7855-4147-9166-7fcbaca3fff1 None admin] Validating token access rules against request {{(pid=88077) validate_allowed_request /usr/local/lib/python3.8/dist-packages/keystonemiddleware/auth_token/__init__.py:545}}
Sep 06 22:37:53.441792 dv-cinder-852208-20-smb devstack@keystone.service[88078]: DEBUG keystone.server.flask.request_processing.middleware.auth_context [None req-3db339b9-2532-4291-bbce-35da7b09f153 None None] Validating token access rules against request {{(pid=88078) validate_allowed_request /usr/local/lib/python3.8/dist-packages/keystonemiddleware/auth_token/__init__.py:545}}
Sep 06 22:37:53.453040 dv-cinder-852208-20-smb devstack@keystone.service[88078]: DEBUG dbcounter [-] [88078] Writing DB stats keystone:SELECT=100 {{(pid=88078) stat_writer /usr/local/lib/python3.8/dist-packages/dbcounter.py:114}}
Sep 06 22:37:53.478212 dv-cinder-852208-20-smb devstack@keystone.service[88078]: DEBUG keystone.server.flask.request_processing.middleware.auth_context [None req-600a81b5-dcfa-4a19-ae22-690866e933c6 None admin] RBAC: auth_context: {'token': , 'domain_id': None, 'trust_id': None, 'trustor_id': None, 'trustee_id': None, 'domain_name': None, 'group_ids': [], 'user_id': '8c7dd247a668409cb8ef9f1bcc9cb927', 'user_domain_id': 'default', 'system_scope': 'all', 'project_id': None, 'project_domain_id': None, 'roles': ['admin', 'member', 'reader'], 'is_admin_project': True, 'service_user_id': None, 'service_user_domain_id': None, 'service_project_id': None, 'service_project_domain_id': None, 'service_roles': []} {{(pid=88078) fill_context /opt/stack/keystone/keystone/server/flask/request_processing/middleware/auth_context.py:478}}
Sep 06 22:37:53.478881 dv-cinder-852208-20-smb devstack@keystone.service[88078]: DEBUG keystone.server.flask.request_processing.req_logging [None req-600a81b5-dcfa-4a19-ae22-690866e933c6 None admin] REQUEST_METHOD: `GET` {{(pid=88078) log_request_info /opt/stack/keystone/keystone/server/flask/request_processing/req_logging.py:27}}
Sep 06 22:37:53.479169 dv-cinder-852208-20-smb devstack@keystone.service[88078]: DEBUG keystone.server.flask.request_processing.req_logging [None req-600a81b5-dcfa-4a19-ae22-690866e933c6 None admin] SCRIPT_NAME: `/identity` {{(pid=88078) log_request_info /opt/stack/keystone/keystone/server/flask/request_processing/req_logging.py:28}}
Sep 06 22:37:53.479440 dv-cinder-852208-20-smb devstack@keystone.service[88078]: DEBUG keystone.server.flask.request_processing.req_logging [None req-600a81b5-dcfa-4a19-ae22-690866e933c6 None admin] PATH_INFO: `/v3/projects/2ad919f473ed42dba141f5a8838458b9` {{(pid=88078) log_request_info /opt/stack/keystone/keystone/server/flask/request_processing/req_logging.py:29}}
Sep 06 22:37:53.481842 dv-cinder-852208-20-smb devstack@keystone.service[88078]: DEBUG keystone.common.rbac_enforcer.enforcer [None req-600a81b5-dcfa-4a19-ae22-690866e933c6 None admin] RBAC: Authorizing `identity:get_project(project_id=2ad919f473ed42dba141f5a8838458b9)` {{(pid=88078) enforce_call /opt/stack/keystone/keystone/common/rbac_enforcer/enforcer.py:449}}
Sep 06 22:37:53.482125 dv-cinder-852208-20-smb devstack@keystone.service[88078]: DEBUG keystone.common.rbac_enforcer.enforcer [None req-600a81b5-dcfa-4a19-ae22-690866e933c6 None admin] RBAC: Authorization granted {{(pid=88078) enforce_call /opt/stack/keystone/keystone/common/rbac_enforcer/enforcer.py:457}}
Sep 06 22:37:53.484151 dv-cinder-852208-20-smb devstack@keystone.service[88078]: [pid: 88078|app: 0|req: 80/158] 10.222.0.30 () {56 vars in 1186 bytes} [Tue Sep 6 22:37:53 2022] GET /identity/v3/projects/2ad919f473ed42dba141f5a8838458b9 => generated 298 bytes in 168 msecs (HTTP/1.1 200) 5 headers in 177 bytes (1 switches on core 0)
Sep 06 22:37:53.484961 dv-cinder-852208-20-smb devstack@keystone.service[88078]: DEBUG keystone.server.flask.request_processing.middleware.auth_context [None req-600a81b5-dcfa-4a19-ae22-690866e933c6 None admin] Authenticating user token {{(pid=88078) process_request /usr/local/lib/python3.8/dist-packages/keystonemiddleware/auth_token/__init__.py:407}}
Sep 06 22:37:53.486198 dv-cinder-852208-20-smb devstack@keystone.service[88077]: DEBUG keystone.server.flask.request_processing.middleware.auth_context [None req-fac2f54f-8b96-4341-adef-97bdd196d42c None admin] RBAC: auth_context: {'token': , 'domain_id': None, 'trust_id': None, 'trustor_id': None, 'trustee_id': None, 'domain_name': None, 'group_ids': [], 'user_id': '8c7dd247a668409cb8ef9f1bcc9cb927', 'user_domain_id': 'default', 'system_scope': 'all', 'project_id': None, 'project_domain_id': None, 'roles': ['admin', 'member', 'reader'], 'is_admin_project': True, 'service_user_id': None, 'service_user_domain_id': None, 'service_project_id': None, 'service_project_domain_id': None, 'service_roles': []} {{(pid=88077) fill_context /opt/stack/keystone/keystone/server/flask/request_processing/middleware/auth_context.py:478}}
Sep 06 22:37:53.487120 dv-cinder-852208-20-smb devstack@keystone.service[88077]: DEBUG keystone.server.flask.request_processing.req_logging [None req-fac2f54f-8b96-4341-adef-97bdd196d42c None admin] REQUEST_METHOD: `GET` {{(pid=88077) log_request_info /opt/stack/keystone/keystone/server/flask/request_processing/req_logging.py:27}}
Sep 06 22:37:53.487588 dv-cinder-852208-20-smb devstack@keystone.service[88077]: DEBUG keystone.server.flask.request_processing.req_logging [None req-fac2f54f-8b96-4341-adef-97bdd196d42c None admin] SCRIPT_NAME: `/identity` {{(pid=88077) log_request_info /opt/stack/keystone/keystone/server/flask/request_processing/req_logging.py:28}}
Sep 06 22:37:53.488047 dv-cinder-852208-20-smb devstack@keystone.service[88077]: DEBUG keystone.server.flask.request_processing.req_logging [None req-fac2f54f-8b96-4341-adef-97bdd196d42c None admin] PATH_INFO: `/v3/role_assignments` {{(pid=88077) log_request_info /opt/stack/keystone/keystone/server/flask/request_processing/req_logging.py:29}}
Sep 06 22:37:53.489008 dv-cinder-852208-20-smb devstack@keystone.service[88077]: DEBUG keystone.common.rbac_enforcer.enforcer [None req-fac2f54f-8b96-4341-adef-97bdd196d42c None admin] RBAC: Adding query filter params (role.id=093c83b316db4d0f9dc55ec6e3583ba8, scope.project.id=2ad919f473ed42dba141f5a8838458b9, user.id=5bdeea17b84e4c4e841735f505cd12e5) {{(pid=88077) _extract_filter_values /opt/stack/keystone/keystone/common/rbac_enforcer/enforcer.py:167}}
Sep 06 22:37:53.489523 dv-cinder-852208-20-smb devstack@keystone.service[88077]: DEBUG keystone.common.rbac_enforcer.enforcer [None req-fac2f54f-8b96-4341-adef-97bdd196d42c None admin] RBAC: Authorizing `identity:list_role_assignments()` {{(pid=88077) enforce_call /opt/stack/keystone/keystone/common/rbac_enforcer/enforcer.py:449}}
Sep 06 22:37:53.491190 dv-cinder-852208-20-smb devstack@keystone.service[88077]: DEBUG keystone.common.rbac_enforcer.enforcer [None req-fac2f54f-8b96-4341-adef-97bdd196d42c None admin] RBAC: Authorization granted {{(pid=88077) enforce_call /opt/stack/keystone/keystone/common/rbac_enforcer/enforcer.py:457}}
Sep 06 22:37:53.506767 dv-cinder-852208-20-smb devstack@keystone.service[88077]: [pid: 88077|app: 0|req: 79/159] 10.222.0.30 () {56 vars in 1374 bytes} [Tue Sep 6 22:37:53 2022] GET /identity/v3/role_assignments?user.id=5bdeea17b84e4c4e841735f505cd12e5&scope.project.id=2ad919f473ed42dba141f5a8838458b9&role.id=093c83b316db4d0f9dc55ec6e3583ba8 => generated 608 bytes in 314 msecs (HTTP/1.1 200) 5 headers in 177 bytes (1 switches on core 0)
Sep 06 22:37:53.507930 dv-cinder-852208-20-smb devstack@keystone.service[88077]: DEBUG keystone.server.flask.request_processing.middleware.auth_context [None req-fac2f54f-8b96-4341-adef-97bdd196d42c None admin] Authenticating user token {{(pid=88077) process_request /usr/local/lib/python3.8/dist-packages/keystonemiddleware/auth_token/__init__.py:407}}
Sep 06 22:37:53.597008 dv-cinder-852208-20-smb devstack@keystone.service[88078]: DEBUG keystone.server.flask.request_processing.middleware.auth_context [None req-600a81b5-dcfa-4a19-ae22-690866e933c6 None admin] Validating token access rules against request {{(pid=88078) validate_allowed_request /usr/local/lib/python3.8/dist-packages/keystonemiddleware/auth_token/__init__.py:545}}
Sep 06 22:37:53.633640 dv-cinder-852208-20-smb devstack@keystone.service[88078]: DEBUG keystone.server.flask.request_processing.middleware.auth_context [None req-96c8eb8a-8f3b-482e-9ea4-4d0253639391 None admin] RBAC: auth_context: {'token': , 'domain_id': None, 'trust_id': None, 'trustor_id': None, 'trustee_id': None, 'domain_name': None, 'group_ids': [], 'user_id': '8c7dd247a668409cb8ef9f1bcc9cb927', 'user_domain_id': 'default', 'system_scope': 'all', 'project_id': None, 'project_domain_id': None, 'roles': ['admin', 'member', 'reader'], 'is_admin_project': True, 'service_user_id': None, 'service_user_domain_id': None, 'service_project_id': None, 'service_project_domain_id': None, 'service_roles': []} {{(pid=88078) fill_context /opt/stack/keystone/keystone/server/flask/request_processing/middleware/auth_context.py:478}}
Sep 06 22:37:53.634287 dv-cinder-852208-20-smb devstack@keystone.service[88078]: DEBUG keystone.server.flask.request_processing.req_logging [None req-96c8eb8a-8f3b-482e-9ea4-4d0253639391 None admin] REQUEST_METHOD: `GET` {{(pid=88078) log_request_info /opt/stack/keystone/keystone/server/flask/request_processing/req_logging.py:27}}
Sep 06 22:37:53.634570 dv-cinder-852208-20-smb devstack@keystone.service[88078]: DEBUG keystone.server.flask.request_processing.req_logging [None req-96c8eb8a-8f3b-482e-9ea4-4d0253639391 None admin] SCRIPT_NAME: `/identity` {{(pid=88078) log_request_info /opt/stack/keystone/keystone/server/flask/request_processing/req_logging.py:28}}
Sep 06 22:37:53.634844 dv-cinder-852208-20-smb devstack@keystone.service[88078]: DEBUG keystone.server.flask.request_processing.req_logging [None req-96c8eb8a-8f3b-482e-9ea4-4d0253639391 None admin] PATH_INFO: `/v3/roles/member` {{(pid=88078) log_request_info /opt/stack/keystone/keystone/server/flask/request_processing/req_logging.py:29}}
Sep 06 22:37:53.646130 dv-cinder-852208-20-smb devstack@keystone.service[88078]: DEBUG keystone.common.rbac_enforcer.enforcer [None req-96c8eb8a-8f3b-482e-9ea4-4d0253639391 None admin] Extracting inferred target data resulted in "NOT FOUND (404)". {{(pid=88078) enforce_call /opt/stack/keystone/keystone/common/rbac_enforcer/enforcer.py:409}}
Sep 06 22:37:53.651740 dv-cinder-852208-20-smb devstack@keystone.service[88078]: ERROR keystone.server.flask.application [None req-96c8eb8a-8f3b-482e-9ea4-4d0253639391 None admin] Could not find role: member.: keystone.exception.RoleNotFound: Could not find role: member.
Sep 06 22:37:53.651740 dv-cinder-852208-20-smb devstack@keystone.service[88078]: ERROR keystone.server.flask.application
Traceback (most recent call last):
Sep 06 22:37:53.651740 dv-cinder-852208-20-smb devstack@keystone.service[88078]: ERROR keystone.server.flask.application
File "/usr/local/lib/python3.8/dist-packages/flask/app.py", line 1820, in full_dispatch_request
Sep 06 22:37:53.651740 dv-cinder-852208-20-smb devstack@keystone.service[88078]: ERROR keystone.server.flask.application rv = self.dispatch_request()
Sep 06 22:37:53.651740 dv-cinder-852208-20-smb devstack@keystone.service[88078]: ERROR keystone.server.flask.application
File "/usr/local/lib/python3.8/dist-packages/flask/app.py", line 1796, in dispatch_request
Sep 06 22:37:53.651740 dv-cinder-852208-20-smb devstack@keystone.service[88078]: ERROR keystone.server.flask.application return self.ensure_sync(self.view_functions[rule.endpoint])(**view_args)
Sep 06 22:37:53.651740 dv-cinder-852208-20-smb devstack@keystone.service[88078]: ERROR keystone.server.flask.application
File "/usr/local/lib/python3.8/dist-packages/flask_restful/__init__.py", line 467, in wrapper
Sep 06 22:37:53.651740 dv-cinder-852208-20-smb devstack@keystone.service[88078]: ERROR keystone.server.flask.application resp = resource(*args, **kwargs)
Sep 06 22:37:53.651740 dv-cinder-852208-20-smb devstack@keystone.service[88078]: ERROR keystone.server.flask.application
File "/usr/local/lib/python3.8/dist-packages/flask/views.py", line 107, in view
Sep 06 22:37:53.651740 dv-cinder-852208-20-smb devstack@keystone.service[88078]: ERROR keystone.server.flask.application return current_app.ensure_sync(self.dispatch_request)(**kwargs)
Sep 06 22:37:53.651740 dv-cinder-852208-20-smb devstack@keystone.service[88078]: ERROR keystone.server.flask.application
File "/usr/local/lib/python3.8/dist-packages/flask_restful/__init__.py", line 582, in dispatch_request
Sep 06 22:37:53.651740 dv-cinder-852208-20-smb devstack@keystone.service[88078]: ERROR keystone.server.flask.application resp = meth(*args, **kwargs)
Sep 06 22:37:53.651740 dv-cinder-852208-20-smb devstack@keystone.service[88078]: ERROR keystone.server.flask.application
File "/opt/stack/keystone/keystone/api/roles.py", line 50, in get
Sep 06 22:37:53.651740 dv-cinder-852208-20-smb devstack@keystone.service[88078]: ERROR keystone.server.flask.application return self._get_role(role_id)
Sep 06 22:37:53.651740 dv-cinder-852208-20-smb devstack@keystone.service[88078]: ERROR keystone.server.flask.application
File "/opt/stack/keystone/keystone/api/roles.py", line 70, in _get_role
Sep 06 22:37:53.651740 dv-cinder-852208-20-smb devstack@keystone.service[88078]: ERROR keystone.server.flask.application ENFORCER.enforce_call(action='identity:get_role')
Sep 06 22:37:53.652733 dv-cinder-852208-20-smb devstack@keystone.service[88078]: ERROR keystone.server.flask.application
File "/opt/stack/keystone/keystone/common/rbac_enforcer/enforcer.py", line 402, in enforce_call
Sep 06 22:37:53.652733 dv-cinder-852208-20-smb devstack@keystone.service[88078]: ERROR keystone.server.flask.application policy_dict.update(cls._extract_member_target_data(
Sep 06 22:37:53.652733 dv-cinder-852208-20-smb devstack@keystone.service[88078]: ERROR keystone.server.flask.application
File "/opt/stack/keystone/keystone/common/rbac_enforcer/enforcer.py", line 234, in _extract_member_target_data
Sep 06 22:37:53.652733 dv-cinder-852208-20-smb devstack@keystone.service[88078]: ERROR keystone.server.flask.application member_name: func(flask.request.view_args[key])
Sep 06 22:37:53.652733 dv-cinder-852208-20-smb devstack@keystone.service[88078]: ERROR keystone.server.flask.application
File "/opt/stack/keystone/keystone/common/manager.py", line 115, in wrapped
Sep 06 22:37:53.652733 dv-cinder-852208-20-smb devstack@keystone.service[88078]: ERROR keystone.server.flask.application __ret_val = __f(*args, **kwargs)
Sep 06 22:37:53.652733 dv-cinder-852208-20-smb devstack@keystone.service[88078]: ERROR keystone.server.flask.application
File "/usr/local/lib/python3.8/dist-packages/decorator.py", line 232, in fun
Sep 06 22:37:53.652733 dv-cinder-852208-20-smb devstack@keystone.service[88078]: ERROR keystone.server.flask.application return caller(func, *(extras + args), **kw)
Sep 06 22:37:53.652733 dv-cinder-852208-20-smb devstack@keystone.service[88078]: ERROR keystone.server.flask.application
File "/usr/local/lib/python3.8/dist-packages/dogpile/cache/region.py", line 1577, in get_or_create_for_user_func
Sep 06 22:37:53.652733 dv-cinder-852208-20-smb devstack@keystone.service[88078]: ERROR keystone.server.flask.application return self.get_or_create(
Sep 06 22:37:53.652733 dv-cinder-852208-20-smb devstack@keystone.service[88078]: ERROR keystone.server.flask.application
File "/usr/local/lib/python3.8/dist-packages/dogpile/cache/region.py", line 1042, in get_or_create
Sep 06 22:37:53.652733 dv-cinder-852208-20-smb devstack@keystone.service[88078]: ERROR keystone.server.flask.application with Lock(
Sep 06 22:37:53.652733 dv-cinder-852208-20-smb devstack@keystone.service[88078]: ERROR keystone.server.flask.application
File "/usr/local/lib/python3.8/dist-packages/dogpile/lock.py", line 185, in __enter__
Sep 06 22:37:53.652733 dv-cinder-852208-20-smb devstack@keystone.service[88078]: ERROR keystone.server.flask.application return self._enter()
Sep 06 22:37:53.652733 dv-cinder-852208-20-smb devstack@keystone.service[88078]: ERROR keystone.server.flask.application
File "/usr/local/lib/python3.8/dist-packages/dogpile/lock.py", line 94, in _enter
Sep 06 22:37:53.652733 dv-cinder-852208-20-smb devstack@keystone.service[88078]: ERROR keystone.server.flask.application generated = self._enter_create(value, createdtime)
Sep 06 22:37:53.653576 dv-cinder-852208-20-smb devstack@keystone.service[88078]: ERROR keystone.server.flask.application
File "/usr/local/lib/python3.8/dist-packages/dogpile/lock.py", line 178, in _enter_create
Sep 06 22:37:53.653576 dv-cinder-852208-20-smb devstack@keystone.service[88078]: ERROR keystone.server.flask.application return self.creator()
Sep 06 22:37:53.653576 dv-cinder-852208-20-smb devstack@keystone.service[88078]: ERROR keystone.server.flask.application
File "/usr/local/lib/python3.8/dist-packages/dogpile/cache/region.py", line 995, in gen_value
Sep 06 22:37:53.653576 dv-cinder-852208-20-smb devstack@keystone.service[88078]: ERROR keystone.server.flask.application created_value = creator(
Sep 06 22:37:53.653576 dv-cinder-852208-20-smb devstack@keystone.service[88078]: ERROR keystone.server.flask.application
File "/opt/stack/keystone/keystone/assignment/core.py", line 1276, in get_role
Sep 06 22:37:53.653576 dv-cinder-852208-20-smb devstack@keystone.service[88078]: ERROR keystone.server.flask.application return self.driver.get_role(role_id)
Sep 06 22:37:53.653576 dv-cinder-852208-20-smb devstack@keystone.service[88078]: ERROR keystone.server.flask.application
File "/opt/stack/keystone/keystone/assignment/role_backends/sql.py", line 70, in get_role
Sep 06 22:37:53.653576 dv-cinder-852208-20-smb devstack@keystone.service[88078]: ERROR keystone.server.flask.application return self._get_role(session, role_id).to_dict()
Sep 06 22:37:53.653576 dv-cinder-852208-20-smb devstack@keystone.service[88078]: ERROR keystone.server.flask.application
File "/opt/stack/keystone/keystone/assignment/role_backends/sql.py", line 65, in _get_role
Sep 06 22:37:53.653576 dv-cinder-852208-20-smb devstack@keystone.service[88078]: ERROR keystone.server.flask.application raise exception.RoleNotFound(role_id=role_id)
Sep 06 22:37:53.653576 dv-cinder-852208-20-smb devstack@keystone.service[88078]: ERROR keystone.server.flask.application keystone.exception.RoleNotFound: Could not find role: member.
Sep 06 22:37:53.653576 dv-cinder-852208-20-smb devstack@keystone.service[88078]: ERROR keystone.server.flask.application
Sep 06 22:37:53.653576 dv-cinder-852208-20-smb devstack@keystone.service[88078]: [pid: 88078|app: 0|req: 81/160] 10.222.0.30 () {56 vars in 1099 bytes} [Tue Sep 6 22:37:53 2022] GET /identity/v3/roles/member => generated 84 bytes in 168 msecs (HTTP/1.1 404) 5 headers in 183 bytes (1 switches on core 0)
Sep 06 22:37:53.658933 dv-cinder-852208-20-smb devstack@keystone.service[88078]: DEBUG keystone.server.flask.request_processing.middleware.auth_context [None req-96c8eb8a-8f3b-482e-9ea4-4d0253639391 None admin] Authenticating user token {{(pid=88078) process_request /usr/local/lib/python3.8/dist-packages/keystonemiddleware/auth_token/__init__.py:407}}
Sep 06 22:37:53.703165 dv-cinder-852208-20-smb devstack@keystone.service[88078]: DEBUG dbcounter [-] [88078] Writing DB stats keystone:SELECT=100 {{(pid=88078) stat_writer /usr/local/lib/python3.8/dist-packages/dbcounter.py:114}}
Sep 06 22:37:53.724980 dv-cinder-852208-20-smb devstack@keystone.service[88077]: DEBUG dbcounter [-] [88077] Writing DB stats keystone:SELECT=100 {{(pid=88077) stat_writer /usr/local/lib/python3.8/dist-packages/dbcounter.py:114}}
Sep 06 22:37:53.750398 dv-cinder-852208-20-smb devstack@keystone.service[88077]: DEBUG keystone.server.flask.request_processing.middleware.auth_context [None req-fac2f54f-8b96-4341-adef-97bdd196d42c None admin] Validating token access rules against request {{(pid=88077) validate_allowed_request /usr/local/lib/python3.8/dist-packages/keystonemiddleware/auth_token/__init__.py:545}}
Sep 06 22:37:53.770298 dv-cinder-852208-20-smb devstack@keystone.service[88078]: DEBUG keystone.server.flask.request_processing.middleware.auth_context [None req-96c8eb8a-8f3b-482e-9ea4-4d0253639391 None admin] Validating token access rules against request {{(pid=88078) validate_allowed_request /usr/local/lib/python3.8/dist-packages/keystonemiddleware/auth_token/__init__.py:545}}
Sep 06 22:37:53.808894 dv-cinder-852208-20-smb devstack@keystone.service[88078]: DEBUG keystone.server.flask.request_processing.middleware.auth_context [None req-14137594-517f-4fa9-9126-8218f53ed1ff None admin] RBAC: auth_context: {'token': , 'domain_id': None, 'trust_id': None, 'trustor_id': None, 'trustee_id': None, 'domain_name': None, 'group_ids': [], 'user_id': '8c7dd247a668409cb8ef9f1bcc9cb927', 'user_domain_id': 'default', 'system_scope': 'all', 'project_id': None, 'project_domain_id': None, 'roles': ['admin', 'member', 'reader'], 'is_admin_project': True, 'service_user_id': None, 'service_user_domain_id': None, 'service_project_id': None, 'service_project_domain_id': None, 'service_roles': []} {{(pid=88078) fill_context /opt/stack/keystone/keystone/server/flask/request_processing/middleware/auth_context.py:478}}
Sep 06 22:37:53.809529 dv-cinder-852208-20-smb devstack@keystone.service[88078]: DEBUG keystone.server.flask.request_processing.req_logging [None req-14137594-517f-4fa9-9126-8218f53ed1ff None admin] REQUEST_METHOD: `GET` {{(pid=88078) log_request_info /opt/stack/keystone/keystone/server/flask/request_processing/req_logging.py:27}}
Sep 06 22:37:53.809933 dv-cinder-852208-20-smb devstack@keystone.service[88078]: DEBUG keystone.server.flask.request_processing.req_logging [None req-14137594-517f-4fa9-9126-8218f53ed1ff None admin] SCRIPT_NAME: `/identity` {{(pid=88078) log_request_info /opt/stack/keystone/keystone/server/flask/request_processing/req_logging.py:28}}
Sep 06 22:37:53.810217 dv-cinder-852208-20-smb devstack@keystone.service[88078]: DEBUG keystone.server.flask.request_processing.req_logging [None req-14137594-517f-4fa9-9126-8218f53ed1ff None admin] PATH_INFO: `/v3/roles` {{(pid=88078) log_request_info /opt/stack/keystone/keystone/server/flask/request_processing/req_logging.py:29}}
Sep 06 22:37:53.810909 dv-cinder-852208-20-smb devstack@keystone.service[88078]: DEBUG keystone.common.rbac_enforcer.enforcer [None req-14137594-517f-4fa9-9126-8218f53ed1ff None admin] RBAC: Adding query filter params (name=member) {{(pid=88078) _extract_filter_values /opt/stack/keystone/keystone/common/rbac_enforcer/enforcer.py:167}}
Sep 06 22:37:53.811213 dv-cinder-852208-20-smb devstack@keystone.service[88078]: DEBUG keystone.common.rbac_enforcer.enforcer [None req-14137594-517f-4fa9-9126-8218f53ed1ff None admin] RBAC: Authorizing `identity:list_roles()` {{(pid=88078) enforce_call /opt/stack/keystone/keystone/common/rbac_enforcer/enforcer.py:449}}
Sep 06 22:37:53.812629 dv-cinder-852208-20-smb devstack@keystone.service[88078]: DEBUG keystone.common.rbac_enforcer.enforcer [None req-14137594-517f-4fa9-9126-8218f53ed1ff None admin] RBAC: Authorization granted {{(pid=88078) enforce_call /opt/stack/keystone/keystone/common/rbac_enforcer/enforcer.py:457}}
Sep 06 22:37:53.822837 dv-cinder-852208-20-smb devstack@keystone.service[88078]: [pid: 88078|app: 0|req: 82/161] 10.222.0.30 () {56 vars in 1101 bytes} [Tue Sep 6 22:37:53 2022] GET /identity/v3/roles?name=member => generated 341 bytes in 164 msecs (HTTP/1.1 200) 5 headers in 177 bytes (2 switches on core 0)
Sep 06 22:37:53.824366 dv-cinder-852208-20-smb devstack@keystone.service[88078]: DEBUG keystone.server.flask.request_processing.req_logging [None req-fab7ecc8-7a82-4a30-97d1-d55b63c19c84 None None] REQUEST_METHOD: `GET` {{(pid=88078) log_request_info /opt/stack/keystone/keystone/server/flask/request_processing/req_logging.py:27}}
Sep 06 22:37:53.824681 dv-cinder-852208-20-smb devstack@keystone.service[88078]: DEBUG keystone.server.flask.request_processing.req_logging [None req-fab7ecc8-7a82-4a30-97d1-d55b63c19c84 None None] SCRIPT_NAME: `/identity` {{(pid=88078) log_request_info /opt/stack/keystone/keystone/server/flask/request_processing/req_logging.py:28}}
Sep 06 22:37:53.824960 dv-cinder-852208-20-smb devstack@keystone.service[88078]: DEBUG keystone.server.flask.request_processing.req_logging [None req-fab7ecc8-7a82-4a30-97d1-d55b63c19c84 None None] PATH_INFO: `/` {{(pid=88078) log_request_info /opt/stack/keystone/keystone/server/flask/request_processing/req_logging.py:29}}
Sep 06 22:37:53.826270 dv-cinder-852208-20-smb devstack@keystone.service[88078]: [pid: 88078|app: 0|req: 83/162] 10.222.0.30 () {54 vars in 927 bytes} [Tue Sep 6 22:37:53 2022] GET /identity => generated 270 bytes in 3 msecs (HTTP/1.1 300) 6 headers in 234 bytes (1 switches on core 0)
Sep 06 22:37:53.831461 dv-cinder-852208-20-smb devstack@keystone.service[88077]: DEBUG keystone.server.flask.request_processing.middleware.auth_context [None req-702c21bf-06c6-4048-aa03-1f5e593c8c84 None admin] RBAC: auth_context: {'token': , 'domain_id': None, 'trust_id': None, 'trustor_id': None, 'trustee_id': None, 'domain_name': None, 'group_ids': [], 'user_id': '8c7dd247a668409cb8ef9f1bcc9cb927', 'user_domain_id': 'default', 'system_scope': 'all', 'project_id': None, 'project_domain_id': None, 'roles': ['admin', 'member', 'reader'], 'is_admin_project': True, 'service_user_id': None, 'service_user_domain_id': None, 'service_project_id': None, 'service_project_domain_id': None, 'service_roles': []} {{(pid=88077) fill_context /opt/stack/keystone/keystone/server/flask/request_processing/middleware/auth_context.py:478}}
Sep 06 22:37:53.832042 dv-cinder-852208-20-smb devstack@keystone.service[88078]: DEBUG keystone.server.flask.request_processing.req_logging [None req-2c8d305c-a2c7-4611-99c8-f9b761c3d7e3 None None] REQUEST_METHOD: `POST` {{(pid=88078) log_request_info /opt/stack/keystone/keystone/server/flask/request_processing/req_logging.py:27}}
Sep 06 22:37:53.832380 dv-cinder-852208-20-smb devstack@keystone.service[88078]: DEBUG keystone.server.flask.request_processing.req_logging [None req-2c8d305c-a2c7-4611-99c8-f9b761c3d7e3 None None] SCRIPT_NAME: `/identity` {{(pid=88078) log_request_info /opt/stack/keystone/keystone/server/flask/request_processing/req_logging.py:28}}
Sep 06 22:37:53.833024 dv-cinder-852208-20-smb devstack@keystone.service[88078]: DEBUG keystone.server.flask.request_processing.req_logging [None req-2c8d305c-a2c7-4611-99c8-f9b761c3d7e3 None None] PATH_INFO: `/v3/auth/tokens` {{(pid=88078) log_request_info /opt/stack/keystone/keystone/server/flask/request_processing/req_logging.py:29}}
Sep 06 22:37:53.833124 dv-cinder-852208-20-smb devstack@keystone.service[88077]: DEBUG keystone.server.flask.request_processing.req_logging [None req-702c21bf-06c6-4048-aa03-1f5e593c8c84 None admin] REQUEST_METHOD: `PUT` {{(pid=88077) log_request_info /opt/stack/keystone/keystone/server/flask/request_processing/req_logging.py:27}}
Sep 06 22:37:53.833554 dv-cinder-852208-20-smb devstack@keystone.service[88077]: DEBUG keystone.server.flask.request_processing.req_logging [None req-702c21bf-06c6-4048-aa03-1f5e593c8c84 None admin] SCRIPT_NAME: `/identity` {{(pid=88077) log_request_info /opt/stack/keystone/keystone/server/flask/request_processing/req_logging.py:28}}
Sep 06 22:37:53.833987 dv-cinder-852208-20-smb devstack@keystone.service[88077]: DEBUG keystone.server.flask.request_processing.req_logging [None req-702c21bf-06c6-4048-aa03-1f5e593c8c84 None admin] PATH_INFO: `/v3/projects/2ad919f473ed42dba141f5a8838458b9/users/c7fa823d5f144a378671b1498a2e021e/roles/ee530d022cde4038bd521a1bb5f5ba6f` {{(pid=88077) log_request_info /opt/stack/keystone/keystone/server/flask/request_processing/req_logging.py:29}}
Sep 06 22:37:53.837677 dv-cinder-852208-20-smb devstack@keystone.service[88077]: DEBUG keystone.common.rbac_enforcer.enforcer [None req-702c21bf-06c6-4048-aa03-1f5e593c8c84 None admin] RBAC: Authorizing `identity:create_grant(project_id=2ad919f473ed42dba141f5a8838458b9, user_id=c7fa823d5f144a378671b1498a2e021e, role_id=ee530d022cde4038bd521a1bb5f5ba6f)` {{(pid=88077) enforce_call /opt/stack/keystone/keystone/common/rbac_enforcer/enforcer.py:449}}
Sep 06 22:37:53.839344 dv-cinder-852208-20-smb devstack@keystone.service[88077]: DEBUG keystone.common.rbac_enforcer.enforcer [None req-702c21bf-06c6-4048-aa03-1f5e593c8c84 None admin] RBAC: Authorization granted {{(pid=88077) enforce_call /opt/stack/keystone/keystone/common/rbac_enforcer/enforcer.py:457}}
Sep 06 22:37:53.853462 dv-cinder-852208-20-smb devstack@keystone.service[88078]: DEBUG keystone.auth.core [None req-2c8d305c-a2c7-4611-99c8-f9b761c3d7e3 None None] MFA Rules not processed for user `8c7dd247a668409cb8ef9f1bcc9cb927`. Rule list: `[]` (Enabled: `True`). {{(pid=88078) check_auth_methods_against_rules /opt/stack/keystone/keystone/auth/core.py:438}}
Sep 06 22:37:53.854796 dv-cinder-852208-20-smb devstack@keystone.service[88078]: DEBUG keystone.common.fernet_utils [None req-2c8d305c-a2c7-4611-99c8-f9b761c3d7e3 None None] Loaded 2 Fernet keys from /etc/keystone/fernet-keys/, but `[fernet_tokens] max_active_keys = 3`; perhaps there have not been enough key rotations to reach `max_active_keys` yet? {{(pid=88078) load_keys /opt/stack/keystone/keystone/common/fernet_utils.py:286}}
Sep 06 22:37:53.931809 dv-cinder-852208-20-smb devstack@keystone.service[88078]: [pid: 88078|app: 0|req: 84/163] 10.222.0.30 () {58 vars in 1024 bytes} [Tue Sep 6 22:37:53 2022] POST /identity/v3/auth/tokens => generated 799 bytes in 100 msecs (HTTP/1.1 201) 6 headers in 363 bytes (1 switches on core 0)
Sep 06 22:37:53.932900 dv-cinder-852208-20-smb devstack@keystone.service[88078]: DEBUG keystone.server.flask.request_processing.middleware.auth_context [None req-2c8d305c-a2c7-4611-99c8-f9b761c3d7e3 None None] Authenticating user token {{(pid=88078) process_request /usr/local/lib/python3.8/dist-packages/keystonemiddleware/auth_token/__init__.py:407}}
Sep 06 22:37:53.943486 dv-cinder-852208-20-smb devstack@keystone.service[88077]: [pid: 88077|app: 0|req: 80/164] 10.222.0.30 () {58 vars in 1439 bytes} [Tue Sep 6 22:37:53 2022] PUT /identity/v3/projects/2ad919f473ed42dba141f5a8838458b9/users/c7fa823d5f144a378671b1498a2e021e/roles/ee530d022cde4038bd521a1bb5f5ba6f => generated 0 bytes in 436 msecs (HTTP/1.1 204) 3 headers in 132 bytes (0 switches on core 0)
Sep 06 22:37:53.979932 dv-cinder-852208-20-smb devstack@keystone.service[88078]: DEBUG dbcounter [-] [88078] Writing DB stats keystone:SELECT=100 {{(pid=88078) stat_writer /usr/local/lib/python3.8/dist-packages/dbcounter.py:114}}
Sep 06 22:37:54.047244 dv-cinder-852208-20-smb devstack@keystone.service[88078]: DEBUG keystone.server.flask.request_processing.middleware.auth_context [None req-2c8d305c-a2c7-4611-99c8-f9b761c3d7e3 None None] Validating token access rules against request {{(pid=88078) validate_allowed_request /usr/local/lib/python3.8/dist-packages/keystonemiddleware/auth_token/__init__.py:545}}
Sep 06 22:37:54.061507 dv-cinder-852208-20-smb devstack@keystone.service[88077]: DEBUG keystone.server.flask.request_processing.middleware.auth_context [None req-702c21bf-06c6-4048-aa03-1f5e593c8c84 None admin] Authenticating user token {{(pid=88077) process_request /usr/local/lib/python3.8/dist-packages/keystonemiddleware/auth_token/__init__.py:407}}
Sep 06 22:37:54.089811 dv-cinder-852208-20-smb devstack@keystone.service[88078]: DEBUG keystone.server.flask.request_processing.middleware.auth_context [None req-33881508-119b-4edd-b160-e36cf22f3dc1 None admin] RBAC: auth_context: {'token': , 'domain_id': None, 'trust_id': None, 'trustor_id': None, 'trustee_id': None, 'domain_name': None, 'group_ids': [], 'user_id': '8c7dd247a668409cb8ef9f1bcc9cb927', 'user_domain_id': 'default', 'system_scope': 'all', 'project_id': None, 'project_domain_id': None, 'roles': ['admin', 'member', 'reader'], 'is_admin_project': True, 'service_user_id': None, 'service_user_domain_id': None, 'service_project_id': None, 'service_project_domain_id': None, 'service_roles': []} {{(pid=88078) fill_context /opt/stack/keystone/keystone/server/flask/request_processing/middleware/auth_context.py:478}}
Sep 06 22:37:54.090483 dv-cinder-852208-20-smb devstack@keystone.service[88078]: DEBUG keystone.server.flask.request_processing.req_logging [None req-33881508-119b-4edd-b160-e36cf22f3dc1 None admin] REQUEST_METHOD: `GET` {{(pid=88078) log_request_info /opt/stack/keystone/keystone/server/flask/request_processing/req_logging.py:27}}
Sep 06 22:37:54.090767 dv-cinder-852208-20-smb devstack@keystone.service[88078]: DEBUG keystone.server.flask.request_processing.req_logging [None req-33881508-119b-4edd-b160-e36cf22f3dc1 None admin] SCRIPT_NAME: `/identity` {{(pid=88078) log_request_info /opt/stack/keystone/keystone/server/flask/request_processing/req_logging.py:28}}
Sep 06 22:37:54.091043 dv-cinder-852208-20-smb devstack@keystone.service[88078]: DEBUG keystone.server.flask.request_processing.req_logging [None req-33881508-119b-4edd-b160-e36cf22f3dc1 None admin] PATH_INFO: `/v3/users/5bdeea17b84e4c4e841735f505cd12e5` {{(pid=88078) log_request_info /opt/stack/keystone/keystone/server/flask/request_processing/req_logging.py:29}}
Sep 06 22:37:54.100471 dv-cinder-852208-20-smb devstack@keystone.service[88078]: DEBUG keystone.common.rbac_enforcer.enforcer [None req-33881508-119b-4edd-b160-e36cf22f3dc1 None admin] RBAC: Authorizing `identity:get_user(user_id=5bdeea17b84e4c4e841735f505cd12e5)` {{(pid=88078) enforce_call /opt/stack/keystone/keystone/common/rbac_enforcer/enforcer.py:449}}
Sep 06 22:37:54.100471 dv-cinder-852208-20-smb devstack@keystone.service[88078]: DEBUG keystone.common.rbac_enforcer.enforcer [None req-33881508-119b-4edd-b160-e36cf22f3dc1 None admin] RBAC: Authorization granted {{(pid=88078) enforce_call /opt/stack/keystone/keystone/common/rbac_enforcer/enforcer.py:457}}
Sep 06 22:37:54.100471 dv-cinder-852208-20-smb devstack@keystone.service[88078]: [pid: 88078|app: 0|req: 85/165] 10.222.0.30 () {56 vars in 1177 bytes} [Tue Sep 6 22:37:53 2022] GET /identity/v3/users/5bdeea17b84e4c4e841735f505cd12e5 => generated 275 bytes in 164 msecs (HTTP/1.1 200) 5 headers in 177 bytes (1 switches on core 0)
Sep 06 22:37:54.102438 dv-cinder-852208-20-smb devstack@keystone.service[88078]: DEBUG keystone.server.flask.request_processing.middleware.auth_context [None req-33881508-119b-4edd-b160-e36cf22f3dc1 None admin] Authenticating user token {{(pid=88078) process_request /usr/local/lib/python3.8/dist-packages/keystonemiddleware/auth_token/__init__.py:407}}
Sep 06 22:37:54.256816 dv-cinder-852208-20-smb devstack@keystone.service[88078]: DEBUG dbcounter [-] [88078] Writing DB stats keystone:SELECT=100 {{(pid=88078) stat_writer /usr/local/lib/python3.8/dist-packages/dbcounter.py:114}}
Sep 06 22:37:54.259373 dv-cinder-852208-20-smb devstack@keystone.service[88078]: DEBUG keystone.server.flask.request_processing.middleware.auth_context [None req-33881508-119b-4edd-b160-e36cf22f3dc1 None admin] Validating token access rules against request {{(pid=88078) validate_allowed_request /usr/local/lib/python3.8/dist-packages/keystonemiddleware/auth_token/__init__.py:545}}
Sep 06 22:37:54.325202 dv-cinder-852208-20-smb devstack@keystone.service[88078]: DEBUG keystone.server.flask.request_processing.middleware.auth_context [None req-9dc7e13f-4245-4c13-9dad-7f7ccc58df7a None admin] RBAC: auth_context: {'token': , 'domain_id': None, 'trust_id': None, 'trustor_id': None, 'trustee_id': None, 'domain_name': None, 'group_ids': [], 'user_id': '8c7dd247a668409cb8ef9f1bcc9cb927', 'user_domain_id': 'default', 'system_scope': 'all', 'project_id': None, 'project_domain_id': None, 'roles': ['admin', 'member', 'reader'], 'is_admin_project': True, 'service_user_id': None, 'service_user_domain_id': None, 'service_project_id': None, 'service_project_domain_id': None, 'service_roles': []} {{(pid=88078) fill_context /opt/stack/keystone/keystone/server/flask/request_processing/middleware/auth_context.py:478}}
Sep 06 22:37:54.326131 dv-cinder-852208-20-smb devstack@keystone.service[88078]: DEBUG keystone.server.flask.request_processing.req_logging [None req-9dc7e13f-4245-4c13-9dad-7f7ccc58df7a None admin] REQUEST_METHOD: `GET` {{(pid=88078) log_request_info /opt/stack/keystone/keystone/server/flask/request_processing/req_logging.py:27}}
Sep 06 22:37:54.326600 dv-cinder-852208-20-smb devstack@keystone.service[88078]: DEBUG keystone.server.flask.request_processing.req_logging [None req-9dc7e13f-4245-4c13-9dad-7f7ccc58df7a None admin] SCRIPT_NAME: `/identity` {{(pid=88078) log_request_info /opt/stack/keystone/keystone/server/flask/request_processing/req_logging.py:28}}
Sep 06 22:37:54.327016 dv-cinder-852208-20-smb devstack@keystone.service[88078]: DEBUG keystone.server.flask.request_processing.req_logging [None req-9dc7e13f-4245-4c13-9dad-7f7ccc58df7a None admin] PATH_INFO: `/v3/auth/tokens` {{(pid=88078) log_request_info /opt/stack/keystone/keystone/server/flask/request_processing/req_logging.py:29}}
Sep 06 22:37:54.352263 dv-cinder-852208-20-smb devstack@keystone.service[88077]: DEBUG keystone.server.flask.request_processing.middleware.auth_context [None req-702c21bf-06c6-4048-aa03-1f5e593c8c84 None admin] Validating token access rules against request {{(pid=88077) validate_allowed_request /usr/local/lib/python3.8/dist-packages/keystonemiddleware/auth_token/__init__.py:545}}
Sep 06 22:37:54.422094 dv-cinder-852208-20-smb devstack@keystone.service[88077]: DEBUG keystone.server.flask.request_processing.middleware.auth_context [None req-f0582fcc-25da-43f1-ac99-38a75917714d None admin] RBAC: auth_context: {'token': , 'domain_id': None, 'trust_id': None, 'trustor_id': None, 'trustee_id': None, 'domain_name': None, 'group_ids': [], 'user_id': '8c7dd247a668409cb8ef9f1bcc9cb927', 'user_domain_id': 'default', 'system_scope': 'all', 'project_id': None, 'project_domain_id': None, 'roles': ['admin', 'member', 'reader'], 'is_admin_project': True, 'service_user_id': None, 'service_user_domain_id': None, 'service_project_id': None, 'service_project_domain_id': None, 'service_roles': []} {{(pid=88077) fill_context /opt/stack/keystone/keystone/server/flask/request_processing/middleware/auth_context.py:478}}
