Aug 05 19:48:58.686076 dv-cinder-852208-2-iscsi devstack@keystone.service[80363]: ERROR keystone.server.flask.application
File "/usr/local/lib/python3.8/dist-packages/flask/views.py", line 84, in view
Aug 05 19:48:58.686076 dv-cinder-852208-2-iscsi devstack@keystone.service[80363]: ERROR keystone.server.flask.application return current_app.ensure_sync(self.dispatch_request)(*args, **kwargs)
Aug 05 19:48:58.686076 dv-cinder-852208-2-iscsi devstack@keystone.service[80363]: ERROR keystone.server.flask.application
File "/usr/local/lib/python3.8/dist-packages/flask_restful/__init__.py", line 582, in dispatch_request
Aug 05 19:48:58.686076 dv-cinder-852208-2-iscsi devstack@keystone.service[80363]: ERROR keystone.server.flask.application resp = meth(*args, **kwargs)
Aug 05 19:48:58.686076 dv-cinder-852208-2-iscsi devstack@keystone.service[80363]: ERROR keystone.server.flask.application
File "/opt/stack/keystone/keystone/api/roles.py", line 50, in get
Aug 05 19:48:58.686076 dv-cinder-852208-2-iscsi devstack@keystone.service[80363]: ERROR keystone.server.flask.application return self._get_role(role_id)
Aug 05 19:48:58.686076 dv-cinder-852208-2-iscsi devstack@keystone.service[80363]: ERROR keystone.server.flask.application
File "/opt/stack/keystone/keystone/api/roles.py", line 70, in _get_role
Aug 05 19:48:58.686076 dv-cinder-852208-2-iscsi devstack@keystone.service[80363]: ERROR keystone.server.flask.application ENFORCER.enforce_call(action='identity:get_role')
Aug 05 19:48:58.686986 dv-cinder-852208-2-iscsi devstack@keystone.service[80363]: ERROR keystone.server.flask.application
File "/opt/stack/keystone/keystone/common/rbac_enforcer/enforcer.py", line 402, in enforce_call
Aug 05 19:48:58.686986 dv-cinder-852208-2-iscsi devstack@keystone.service[80363]: ERROR keystone.server.flask.application policy_dict.update(cls._extract_member_target_data(
Aug 05 19:48:58.686986 dv-cinder-852208-2-iscsi devstack@keystone.service[80363]: ERROR keystone.server.flask.application
File "/opt/stack/keystone/keystone/common/rbac_enforcer/enforcer.py", line 234, in _extract_member_target_data
Aug 05 19:48:58.686986 dv-cinder-852208-2-iscsi devstack@keystone.service[80363]: ERROR keystone.server.flask.application member_name: func(flask.request.view_args[key])
Aug 05 19:48:58.686986 dv-cinder-852208-2-iscsi devstack@keystone.service[80363]: ERROR keystone.server.flask.application
File "/opt/stack/keystone/keystone/common/manager.py", line 115, in wrapped
Aug 05 19:48:58.686986 dv-cinder-852208-2-iscsi devstack@keystone.service[80363]: ERROR keystone.server.flask.application __ret_val = __f(*args, **kwargs)
Aug 05 19:48:58.686986 dv-cinder-852208-2-iscsi devstack@keystone.service[80363]: ERROR keystone.server.flask.application
File "/usr/local/lib/python3.8/dist-packages/decorator.py", line 232, in fun
Aug 05 19:48:58.686986 dv-cinder-852208-2-iscsi devstack@keystone.service[80363]: ERROR keystone.server.flask.application return caller(func, *(extras + args), **kw)
Aug 05 19:48:58.686986 dv-cinder-852208-2-iscsi devstack@keystone.service[80363]: ERROR keystone.server.flask.application
File "/usr/local/lib/python3.8/dist-packages/dogpile/cache/region.py", line 1577, in get_or_create_for_user_func
Aug 05 19:48:58.686986 dv-cinder-852208-2-iscsi devstack@keystone.service[80363]: ERROR keystone.server.flask.application return self.get_or_create(
Aug 05 19:48:58.686986 dv-cinder-852208-2-iscsi devstack@keystone.service[80363]: ERROR keystone.server.flask.application
File "/usr/local/lib/python3.8/dist-packages/dogpile/cache/region.py", line 1042, in get_or_create
Aug 05 19:48:58.686986 dv-cinder-852208-2-iscsi devstack@keystone.service[80363]: ERROR keystone.server.flask.application with Lock(
Aug 05 19:48:58.686986 dv-cinder-852208-2-iscsi devstack@keystone.service[80363]: ERROR keystone.server.flask.application
File "/usr/local/lib/python3.8/dist-packages/dogpile/lock.py", line 185, in __enter__
Aug 05 19:48:58.686986 dv-cinder-852208-2-iscsi devstack@keystone.service[80363]: ERROR keystone.server.flask.application return self._enter()
Aug 05 19:48:58.686986 dv-cinder-852208-2-iscsi devstack@keystone.service[80363]: ERROR keystone.server.flask.application
File "/usr/local/lib/python3.8/dist-packages/dogpile/lock.py", line 94, in _enter
Aug 05 19:48:58.686986 dv-cinder-852208-2-iscsi devstack@keystone.service[80363]: ERROR keystone.server.flask.application generated = self._enter_create(value, createdtime)
Aug 05 19:48:58.688326 dv-cinder-852208-2-iscsi devstack@keystone.service[80363]: ERROR keystone.server.flask.application
File "/usr/local/lib/python3.8/dist-packages/dogpile/lock.py", line 178, in _enter_create
Aug 05 19:48:58.688326 dv-cinder-852208-2-iscsi devstack@keystone.service[80363]: ERROR keystone.server.flask.application return self.creator()
Aug 05 19:48:58.688326 dv-cinder-852208-2-iscsi devstack@keystone.service[80363]: ERROR keystone.server.flask.application
File "/usr/local/lib/python3.8/dist-packages/dogpile/cache/region.py", line 995, in gen_value
Aug 05 19:48:58.688326 dv-cinder-852208-2-iscsi devstack@keystone.service[80363]: ERROR keystone.server.flask.application created_value = creator(
Aug 05 19:48:58.688326 dv-cinder-852208-2-iscsi devstack@keystone.service[80363]: ERROR keystone.server.flask.application
File "/opt/stack/keystone/keystone/assignment/core.py", line 1276, in get_role
Aug 05 19:48:58.688326 dv-cinder-852208-2-iscsi devstack@keystone.service[80363]: ERROR keystone.server.flask.application return self.driver.get_role(role_id)
Aug 05 19:48:58.688326 dv-cinder-852208-2-iscsi devstack@keystone.service[80363]: ERROR keystone.server.flask.application
File "/opt/stack/keystone/keystone/assignment/role_backends/sql.py", line 70, in get_role
Aug 05 19:48:58.688326 dv-cinder-852208-2-iscsi devstack@keystone.service[80363]: ERROR keystone.server.flask.application return self._get_role(session, role_id).to_dict()
Aug 05 19:48:58.688326 dv-cinder-852208-2-iscsi devstack@keystone.service[80363]: ERROR keystone.server.flask.application
File "/opt/stack/keystone/keystone/assignment/role_backends/sql.py", line 65, in _get_role
Aug 05 19:48:58.688326 dv-cinder-852208-2-iscsi devstack@keystone.service[80363]: ERROR keystone.server.flask.application raise exception.RoleNotFound(role_id=role_id)
Aug 05 19:48:58.688326 dv-cinder-852208-2-iscsi devstack@keystone.service[80363]: ERROR keystone.server.flask.application keystone.exception.RoleNotFound: Could not find role: member.
Aug 05 19:48:58.688326 dv-cinder-852208-2-iscsi devstack@keystone.service[80363]: ERROR keystone.server.flask.application
Aug 05 19:48:58.690654 dv-cinder-852208-2-iscsi devstack@keystone.service[80364]: DEBUG keystone.server.flask.request_processing.middleware.auth_context [None req-03be9fee-6afc-4762-ad80-368ed1e5b3be None admin] RBAC: auth_context: {'token': , 'domain_id': None, 'trust_id': None, 'trustor_id': None, 'trustee_id': None, 'domain_name': None, 'group_ids': [], 'user_id': '03d1834a64cd4a43829827cb99a72747', 'user_domain_id': 'default', 'system_scope': 'all', 'project_id': None, 'project_domain_id': None, 'roles': ['admin', 'member', 'reader'], 'is_admin_project': True, 'service_user_id': None, 'service_user_domain_id': None, 'service_project_id': None, 'service_project_domain_id': None, 'service_roles': []} {{(pid=80364) fill_context /opt/stack/keystone/keystone/server/flask/request_processing/middleware/auth_context.py:478}}
Aug 05 19:48:58.691165 dv-cinder-852208-2-iscsi devstack@keystone.service[80363]: [pid: 80363|app: 0|req: 105/213] 10.222.0.27 () {56 vars in 1099 bytes} [Fri Aug 5 19:48:58 2022] GET /identity/v3/roles/member => generated 84 bytes in 202 msecs (HTTP/1.1 404) 5 headers in 183 bytes (1 switches on core 0)
Aug 05 19:48:58.696630 dv-cinder-852208-2-iscsi devstack@keystone.service[80364]: DEBUG keystone.server.flask.request_processing.req_logging [None req-03be9fee-6afc-4762-ad80-368ed1e5b3be None admin] REQUEST_METHOD: `GET` {{(pid=80364) log_request_info /opt/stack/keystone/keystone/server/flask/request_processing/req_logging.py:27}}
Aug 05 19:48:58.696630 dv-cinder-852208-2-iscsi devstack@keystone.service[80364]: DEBUG keystone.server.flask.request_processing.req_logging [None req-03be9fee-6afc-4762-ad80-368ed1e5b3be None admin] SCRIPT_NAME: `/identity` {{(pid=80364) log_request_info /opt/stack/keystone/keystone/server/flask/request_processing/req_logging.py:28}}
Aug 05 19:48:58.696630 dv-cinder-852208-2-iscsi devstack@keystone.service[80364]: DEBUG keystone.server.flask.request_processing.req_logging [None req-03be9fee-6afc-4762-ad80-368ed1e5b3be None admin] PATH_INFO: `/v3/domains/default` {{(pid=80364) log_request_info /opt/stack/keystone/keystone/server/flask/request_processing/req_logging.py:29}}
Aug 05 19:48:58.697761 dv-cinder-852208-2-iscsi devstack@keystone.service[80364]: DEBUG keystone.common.rbac_enforcer.enforcer [None req-03be9fee-6afc-4762-ad80-368ed1e5b3be None admin] RBAC: Authorizing `identity:get_domain(domain_id=default)` {{(pid=80364) enforce_call /opt/stack/keystone/keystone/common/rbac_enforcer/enforcer.py:449}}
Aug 05 19:48:58.699759 dv-cinder-852208-2-iscsi devstack@keystone.service[80364]: DEBUG keystone.common.rbac_enforcer.enforcer [None req-03be9fee-6afc-4762-ad80-368ed1e5b3be None admin] RBAC: Authorization granted {{(pid=80364) enforce_call /opt/stack/keystone/keystone/common/rbac_enforcer/enforcer.py:457}}
Aug 05 19:48:58.699940 dv-cinder-852208-2-iscsi devstack@keystone.service[80363]: DEBUG keystone.server.flask.request_processing.middleware.auth_context [None req-c7f2c4f3-6dfb-4945-9acb-06146820aaec None admin] Authenticating user token {{(pid=80363) process_request /usr/local/lib/python3.8/dist-packages/keystonemiddleware/auth_token/__init__.py:407}}
Aug 05 19:48:58.701950 dv-cinder-852208-2-iscsi devstack@keystone.service[80364]: [pid: 80364|app: 0|req: 109/214] 10.222.0.27 () {56 vars in 1108 bytes} [Fri Aug 5 19:48:58 2022] GET /identity/v3/domains/default => generated 199 bytes in 204 msecs (HTTP/1.1 200) 5 headers in 177 bytes (2 switches on core 0)
Aug 05 19:48:58.708672 dv-cinder-852208-2-iscsi devstack@keystone.service[80364]: DEBUG keystone.server.flask.request_processing.middleware.auth_context [None req-03be9fee-6afc-4762-ad80-368ed1e5b3be None admin] Authenticating user token {{(pid=80364) process_request /usr/local/lib/python3.8/dist-packages/keystonemiddleware/auth_token/__init__.py:407}}
Aug 05 19:48:58.748648 dv-cinder-852208-2-iscsi devstack@keystone.service[80364]: DEBUG dbcounter [-] [80364] Writing DB stats keystone:SELECT=100 {{(pid=80364) stat_writer /usr/local/lib/python3.8/dist-packages/dbcounter.py:114}}
Aug 05 19:48:58.833961 dv-cinder-852208-2-iscsi devstack@keystone.service[80364]: DEBUG keystone.server.flask.request_processing.middleware.auth_context [None req-03be9fee-6afc-4762-ad80-368ed1e5b3be None admin] Validating token access rules against request {{(pid=80364) validate_allowed_request /usr/local/lib/python3.8/dist-packages/keystonemiddleware/auth_token/__init__.py:545}}
Aug 05 19:48:58.847440 dv-cinder-852208-2-iscsi devstack@keystone.service[80363]: DEBUG keystone.server.flask.request_processing.middleware.auth_context [None req-c7f2c4f3-6dfb-4945-9acb-06146820aaec None admin] Validating token access rules against request {{(pid=80363) validate_allowed_request /usr/local/lib/python3.8/dist-packages/keystonemiddleware/auth_token/__init__.py:545}}
Aug 05 19:48:58.893046 dv-cinder-852208-2-iscsi devstack@keystone.service[80363]: DEBUG keystone.server.flask.request_processing.middleware.auth_context [None req-e2c483cc-7e44-4790-a835-4de1e64d160c None admin] RBAC: auth_context: {'token': , 'domain_id': None, 'trust_id': None, 'trustor_id': None, 'trustee_id': None, 'domain_name': None, 'group_ids': [], 'user_id': '03d1834a64cd4a43829827cb99a72747', 'user_domain_id': 'default', 'system_scope': 'all', 'project_id': None, 'project_domain_id': None, 'roles': ['admin', 'member', 'reader'], 'is_admin_project': True, 'service_user_id': None, 'service_user_domain_id': None, 'service_project_id': None, 'service_project_domain_id': None, 'service_roles': []} {{(pid=80363) fill_context /opt/stack/keystone/keystone/server/flask/request_processing/middleware/auth_context.py:478}}
Aug 05 19:48:58.893553 dv-cinder-852208-2-iscsi devstack@keystone.service[80364]: DEBUG keystone.server.flask.request_processing.middleware.auth_context [None req-3fd098ba-18cb-4b48-ae69-b7772aa26faa None admin] RBAC: auth_context: {'token': , 'domain_id': None, 'trust_id': None, 'trustor_id': None, 'trustee_id': None, 'domain_name': None, 'group_ids': [], 'user_id': '03d1834a64cd4a43829827cb99a72747', 'user_domain_id': 'default', 'system_scope': 'all', 'project_id': None, 'project_domain_id': None, 'roles': ['admin', 'member', 'reader'], 'is_admin_project': True, 'service_user_id': None, 'service_user_domain_id': None, 'service_project_id': None, 'service_project_domain_id': None, 'service_roles': []} {{(pid=80364) fill_context /opt/stack/keystone/keystone/server/flask/request_processing/middleware/auth_context.py:478}}
Aug 05 19:48:58.894378 dv-cinder-852208-2-iscsi devstack@keystone.service[80363]: DEBUG keystone.server.flask.request_processing.req_logging [None req-e2c483cc-7e44-4790-a835-4de1e64d160c None admin] REQUEST_METHOD: `GET` {{(pid=80363) log_request_info /opt/stack/keystone/keystone/server/flask/request_processing/req_logging.py:27}}
Aug 05 19:48:58.894748 dv-cinder-852208-2-iscsi devstack@keystone.service[80364]: DEBUG keystone.server.flask.request_processing.req_logging [None req-3fd098ba-18cb-4b48-ae69-b7772aa26faa None admin] REQUEST_METHOD: `POST` {{(pid=80364) log_request_info /opt/stack/keystone/keystone/server/flask/request_processing/req_logging.py:27}}
Aug 05 19:48:58.895031 dv-cinder-852208-2-iscsi devstack@keystone.service[80363]: DEBUG keystone.server.flask.request_processing.req_logging [None req-e2c483cc-7e44-4790-a835-4de1e64d160c None admin] SCRIPT_NAME: `/identity` {{(pid=80363) log_request_info /opt/stack/keystone/keystone/server/flask/request_processing/req_logging.py:28}}
Aug 05 19:48:58.895346 dv-cinder-852208-2-iscsi devstack@keystone.service[80364]: DEBUG keystone.server.flask.request_processing.req_logging [None req-3fd098ba-18cb-4b48-ae69-b7772aa26faa None admin] SCRIPT_NAME: `/identity` {{(pid=80364) log_request_info /opt/stack/keystone/keystone/server/flask/request_processing/req_logging.py:28}}
Aug 05 19:48:58.895729 dv-cinder-852208-2-iscsi devstack@keystone.service[80363]: DEBUG keystone.server.flask.request_processing.req_logging [None req-e2c483cc-7e44-4790-a835-4de1e64d160c None admin] PATH_INFO: `/v3/roles` {{(pid=80363) log_request_info /opt/stack/keystone/keystone/server/flask/request_processing/req_logging.py:29}}
Aug 05 19:48:58.895856 dv-cinder-852208-2-iscsi devstack@keystone.service[80364]: DEBUG keystone.server.flask.request_processing.req_logging [None req-3fd098ba-18cb-4b48-ae69-b7772aa26faa None admin] PATH_INFO: `/v3/users` {{(pid=80364) log_request_info /opt/stack/keystone/keystone/server/flask/request_processing/req_logging.py:29}}
Aug 05 19:48:58.896822 dv-cinder-852208-2-iscsi devstack@keystone.service[80363]: DEBUG keystone.common.rbac_enforcer.enforcer [None req-e2c483cc-7e44-4790-a835-4de1e64d160c None admin] RBAC: Adding query filter params (name=member) {{(pid=80363) _extract_filter_values /opt/stack/keystone/keystone/common/rbac_enforcer/enforcer.py:167}}
Aug 05 19:48:58.897133 dv-cinder-852208-2-iscsi devstack@keystone.service[80364]: DEBUG keystone.common.rbac_enforcer.enforcer [None req-3fd098ba-18cb-4b48-ae69-b7772aa26faa None admin] RBAC: Authorizing `identity:create_user()` {{(pid=80364) enforce_call /opt/stack/keystone/keystone/common/rbac_enforcer/enforcer.py:449}}
Aug 05 19:48:58.897493 dv-cinder-852208-2-iscsi devstack@keystone.service[80363]: DEBUG keystone.common.rbac_enforcer.enforcer [None req-e2c483cc-7e44-4790-a835-4de1e64d160c None admin] RBAC: Authorizing `identity:list_roles()` {{(pid=80363) enforce_call /opt/stack/keystone/keystone/common/rbac_enforcer/enforcer.py:449}}
Aug 05 19:48:58.899090 dv-cinder-852208-2-iscsi devstack@keystone.service[80363]: DEBUG keystone.common.rbac_enforcer.enforcer [None req-e2c483cc-7e44-4790-a835-4de1e64d160c None admin] RBAC: Authorization granted {{(pid=80363) enforce_call /opt/stack/keystone/keystone/common/rbac_enforcer/enforcer.py:457}}
Aug 05 19:48:58.900183 dv-cinder-852208-2-iscsi devstack@keystone.service[80364]: DEBUG keystone.common.rbac_enforcer.enforcer [None req-3fd098ba-18cb-4b48-ae69-b7772aa26faa None admin] RBAC: Authorization granted {{(pid=80364) enforce_call /opt/stack/keystone/keystone/common/rbac_enforcer/enforcer.py:457}}
Aug 05 19:48:58.911052 dv-cinder-852208-2-iscsi devstack@keystone.service[80363]: [pid: 80363|app: 0|req: 106/215] 10.222.0.27 () {56 vars in 1101 bytes} [Fri Aug 5 19:48:58 2022] GET /identity/v3/roles?name=member => generated 341 bytes in 211 msecs (HTTP/1.1 200) 5 headers in 177 bytes (2 switches on core 0)
Aug 05 19:48:58.920129 dv-cinder-852208-2-iscsi devstack@keystone.service[80363]: DEBUG keystone.server.flask.request_processing.middleware.auth_context [None req-e2c483cc-7e44-4790-a835-4de1e64d160c None admin] Authenticating user token {{(pid=80363) process_request /usr/local/lib/python3.8/dist-packages/keystonemiddleware/auth_token/__init__.py:407}}
Aug 05 19:48:58.940532 dv-cinder-852208-2-iscsi devstack@keystone.service[80364]: [pid: 80364|app: 0|req: 110/216] 10.222.0.27 () {60 vars in 1132 bytes} [Fri Aug 5 19:48:58 2022] POST /identity/v3/users => generated 297 bytes in 227 msecs (HTTP/1.1 201) 5 headers in 182 bytes (2 switches on core 0)
Aug 05 19:48:58.988387 dv-cinder-852208-2-iscsi devstack@keystone.service[80363]: DEBUG dbcounter [-] [80363] Writing DB stats keystone:SELECT=100 {{(pid=80363) stat_writer /usr/local/lib/python3.8/dist-packages/dbcounter.py:114}}
Aug 05 19:48:59.061968 dv-cinder-852208-2-iscsi devstack@keystone.service[80363]: DEBUG keystone.server.flask.request_processing.middleware.auth_context [None req-e2c483cc-7e44-4790-a835-4de1e64d160c None admin] Validating token access rules against request {{(pid=80363) validate_allowed_request /usr/local/lib/python3.8/dist-packages/keystonemiddleware/auth_token/__init__.py:545}}
Aug 05 19:48:59.102018 dv-cinder-852208-2-iscsi devstack@keystone.service[80363]: DEBUG keystone.server.flask.request_processing.middleware.auth_context [None req-f519008f-a455-487c-80f3-d41561956526 None admin] RBAC: auth_context: {'token': , 'domain_id': None, 'trust_id': None, 'trustor_id': None, 'trustee_id': None, 'domain_name': None, 'group_ids': [], 'user_id': '03d1834a64cd4a43829827cb99a72747', 'user_domain_id': 'default', 'system_scope': 'all', 'project_id': None, 'project_domain_id': None, 'roles': ['admin', 'member', 'reader'], 'is_admin_project': True, 'service_user_id': None, 'service_user_domain_id': None, 'service_project_id': None, 'service_project_domain_id': None, 'service_roles': []} {{(pid=80363) fill_context /opt/stack/keystone/keystone/server/flask/request_processing/middleware/auth_context.py:478}}
Aug 05 19:48:59.102798 dv-cinder-852208-2-iscsi devstack@keystone.service[80363]: DEBUG keystone.server.flask.request_processing.req_logging [None req-f519008f-a455-487c-80f3-d41561956526 None admin] REQUEST_METHOD: `GET` {{(pid=80363) log_request_info /opt/stack/keystone/keystone/server/flask/request_processing/req_logging.py:27}}
Aug 05 19:48:59.103277 dv-cinder-852208-2-iscsi devstack@keystone.service[80363]: DEBUG keystone.server.flask.request_processing.req_logging [None req-f519008f-a455-487c-80f3-d41561956526 None admin] SCRIPT_NAME: `/identity` {{(pid=80363) log_request_info /opt/stack/keystone/keystone/server/flask/request_processing/req_logging.py:28}}
Aug 05 19:48:59.103740 dv-cinder-852208-2-iscsi devstack@keystone.service[80363]: DEBUG keystone.server.flask.request_processing.req_logging [None req-f519008f-a455-487c-80f3-d41561956526 None admin] PATH_INFO: `/v3/users/9f8c69917bf44d1aaa26ac61b516a598` {{(pid=80363) log_request_info /opt/stack/keystone/keystone/server/flask/request_processing/req_logging.py:29}}
Aug 05 19:48:59.122290 dv-cinder-852208-2-iscsi devstack@keystone.service[80363]: DEBUG keystone.common.rbac_enforcer.enforcer [None req-f519008f-a455-487c-80f3-d41561956526 None admin] RBAC: Authorizing `identity:get_user(user_id=9f8c69917bf44d1aaa26ac61b516a598)` {{(pid=80363) enforce_call /opt/stack/keystone/keystone/common/rbac_enforcer/enforcer.py:449}}
Aug 05 19:48:59.124247 dv-cinder-852208-2-iscsi devstack@keystone.service[80363]: DEBUG keystone.common.rbac_enforcer.enforcer [None req-f519008f-a455-487c-80f3-d41561956526 None admin] RBAC: Authorization granted {{(pid=80363) enforce_call /opt/stack/keystone/keystone/common/rbac_enforcer/enforcer.py:457}}
Aug 05 19:48:59.126927 dv-cinder-852208-2-iscsi devstack@keystone.service[80363]: [pid: 80363|app: 0|req: 107/217] 10.222.0.27 () {56 vars in 1177 bytes} [Fri Aug 5 19:48:58 2022] GET /identity/v3/users/9f8c69917bf44d1aaa26ac61b516a598 => generated 297 bytes in 208 msecs (HTTP/1.1 200) 5 headers in 177 bytes (2 switches on core 0)
Aug 05 19:48:59.132454 dv-cinder-852208-2-iscsi devstack@keystone.service[80364]: DEBUG keystone.server.flask.request_processing.middleware.auth_context [None req-3fd098ba-18cb-4b48-ae69-b7772aa26faa None admin] Authenticating user token {{(pid=80364) process_request /usr/local/lib/python3.8/dist-packages/keystonemiddleware/auth_token/__init__.py:407}}
Aug 05 19:48:59.232963 dv-cinder-852208-2-iscsi devstack@keystone.service[80364]: DEBUG dbcounter [-] [80364] Writing DB stats keystone:SELECT=97,keystone:INSERT=3 {{(pid=80364) stat_writer /usr/local/lib/python3.8/dist-packages/dbcounter.py:114}}
Aug 05 19:48:59.233149 dv-cinder-852208-2-iscsi devstack@keystone.service[80363]: DEBUG keystone.server.flask.request_processing.req_logging [None req-69994d9d-9e09-4bef-8850-178152fbe512 None None] REQUEST_METHOD: `GET` {{(pid=80363) log_request_info /opt/stack/keystone/keystone/server/flask/request_processing/req_logging.py:27}}
Aug 05 19:48:59.233369 dv-cinder-852208-2-iscsi devstack@keystone.service[80363]: DEBUG keystone.server.flask.request_processing.req_logging [None req-69994d9d-9e09-4bef-8850-178152fbe512 None None] SCRIPT_NAME: `/identity` {{(pid=80363) log_request_info /opt/stack/keystone/keystone/server/flask/request_processing/req_logging.py:28}}
Aug 05 19:48:59.233584 dv-cinder-852208-2-iscsi devstack@keystone.service[80363]: DEBUG keystone.server.flask.request_processing.req_logging [None req-69994d9d-9e09-4bef-8850-178152fbe512 None None] PATH_INFO: `/` {{(pid=80363) log_request_info /opt/stack/keystone/keystone/server/flask/request_processing/req_logging.py:29}}
Aug 05 19:48:59.235382 dv-cinder-852208-2-iscsi devstack@keystone.service[80363]: [pid: 80363|app: 0|req: 108/218] 10.222.0.27 () {54 vars in 927 bytes} [Fri Aug 5 19:48:59 2022] GET /identity => generated 270 bytes in 3 msecs (HTTP/1.1 300) 6 headers in 234 bytes (1 switches on core 0)
Aug 05 19:48:59.240766 dv-cinder-852208-2-iscsi devstack@keystone.service[80363]: DEBUG keystone.server.flask.request_processing.req_logging [None req-34f3ec47-24f3-48ca-82d7-e4fb0fc02730 None None] REQUEST_METHOD: `POST` {{(pid=80363) log_request_info /opt/stack/keystone/keystone/server/flask/request_processing/req_logging.py:27}}
Aug 05 19:48:59.241072 dv-cinder-852208-2-iscsi devstack@keystone.service[80363]: DEBUG keystone.server.flask.request_processing.req_logging [None req-34f3ec47-24f3-48ca-82d7-e4fb0fc02730 None None] SCRIPT_NAME: `/identity` {{(pid=80363) log_request_info /opt/stack/keystone/keystone/server/flask/request_processing/req_logging.py:28}}
Aug 05 19:48:59.241343 dv-cinder-852208-2-iscsi devstack@keystone.service[80363]: DEBUG keystone.server.flask.request_processing.req_logging [None req-34f3ec47-24f3-48ca-82d7-e4fb0fc02730 None None] PATH_INFO: `/v3/auth/tokens` {{(pid=80363) log_request_info /opt/stack/keystone/keystone/server/flask/request_processing/req_logging.py:29}}
Aug 05 19:48:59.253559 dv-cinder-852208-2-iscsi devstack@keystone.service[80364]: DEBUG keystone.server.flask.request_processing.middleware.auth_context [None req-3fd098ba-18cb-4b48-ae69-b7772aa26faa None admin] Validating token access rules against request {{(pid=80364) validate_allowed_request /usr/local/lib/python3.8/dist-packages/keystonemiddleware/auth_token/__init__.py:545}}
Aug 05 19:48:59.263691 dv-cinder-852208-2-iscsi devstack@keystone.service[80363]: DEBUG keystone.auth.core [None req-34f3ec47-24f3-48ca-82d7-e4fb0fc02730 None None] MFA Rules not processed for user `03d1834a64cd4a43829827cb99a72747`. Rule list: `[]` (Enabled: `True`). {{(pid=80363) check_auth_methods_against_rules /opt/stack/keystone/keystone/auth/core.py:438}}
Aug 05 19:48:59.264177 dv-cinder-852208-2-iscsi devstack@keystone.service[80363]: DEBUG keystone.common.fernet_utils [None req-34f3ec47-24f3-48ca-82d7-e4fb0fc02730 None None] Loaded 2 Fernet keys from /etc/keystone/fernet-keys/, but `[fernet_tokens] max_active_keys = 3`; perhaps there have not been enough key rotations to reach `max_active_keys` yet? {{(pid=80363) load_keys /opt/stack/keystone/keystone/common/fernet_utils.py:286}}
Aug 05 19:48:59.294971 dv-cinder-852208-2-iscsi devstack@keystone.service[80364]: DEBUG keystone.server.flask.request_processing.middleware.auth_context [None req-3345d260-a279-43ad-8ea1-28ceb75ca48b None admin] RBAC: auth_context: {'token': , 'domain_id': None, 'trust_id': None, 'trustor_id': None, 'trustee_id': None, 'domain_name': None, 'group_ids': [], 'user_id': '03d1834a64cd4a43829827cb99a72747', 'user_domain_id': 'default', 'system_scope': 'all', 'project_id': None, 'project_domain_id': None, 'roles': ['admin', 'member', 'reader'], 'is_admin_project': True, 'service_user_id': None, 'service_user_domain_id': None, 'service_project_id': None, 'service_project_domain_id': None, 'service_roles': []} {{(pid=80364) fill_context /opt/stack/keystone/keystone/server/flask/request_processing/middleware/auth_context.py:478}}
Aug 05 19:48:59.295613 dv-cinder-852208-2-iscsi devstack@keystone.service[80364]: DEBUG keystone.server.flask.request_processing.req_logging [None req-3345d260-a279-43ad-8ea1-28ceb75ca48b None admin] REQUEST_METHOD: `GET` {{(pid=80364) log_request_info /opt/stack/keystone/keystone/server/flask/request_processing/req_logging.py:27}}
Aug 05 19:48:59.295905 dv-cinder-852208-2-iscsi devstack@keystone.service[80364]: DEBUG keystone.server.flask.request_processing.req_logging [None req-3345d260-a279-43ad-8ea1-28ceb75ca48b None admin] SCRIPT_NAME: `/identity` {{(pid=80364) log_request_info /opt/stack/keystone/keystone/server/flask/request_processing/req_logging.py:28}}
Aug 05 19:48:59.296171 dv-cinder-852208-2-iscsi devstack@keystone.service[80364]: DEBUG keystone.server.flask.request_processing.req_logging [None req-3345d260-a279-43ad-8ea1-28ceb75ca48b None admin] PATH_INFO: `/v3/auth/tokens` {{(pid=80364) log_request_info /opt/stack/keystone/keystone/server/flask/request_processing/req_logging.py:29}}
Aug 05 19:48:59.361899 dv-cinder-852208-2-iscsi devstack@keystone.service[80363]: [pid: 80363|app: 0|req: 109/219] 10.222.0.27 () {58 vars in 1024 bytes} [Fri Aug 5 19:48:59 2022] POST /identity/v3/auth/tokens => generated 799 bytes in 121 msecs (HTTP/1.1 201) 6 headers in 363 bytes (2 switches on core 0)
Aug 05 19:48:59.386817 dv-cinder-852208-2-iscsi devstack@keystone.service[80364]: DEBUG keystone.common.rbac_enforcer.enforcer [None req-3345d260-a279-43ad-8ea1-28ceb75ca48b None admin] RBAC: Authorizing `identity:validate_token()` {{(pid=80364) enforce_call /opt/stack/keystone/keystone/common/rbac_enforcer/enforcer.py:449}}
Aug 05 19:48:59.389363 dv-cinder-852208-2-iscsi devstack@keystone.service[80364]: DEBUG keystone.common.rbac_enforcer.enforcer [None req-3345d260-a279-43ad-8ea1-28ceb75ca48b None admin] RBAC: Authorization granted {{(pid=80364) enforce_call /opt/stack/keystone/keystone/common/rbac_enforcer/enforcer.py:457}}
Aug 05 19:48:59.391413 dv-cinder-852208-2-iscsi devstack@keystone.service[80363]: DEBUG keystone.server.flask.request_processing.middleware.auth_context [None req-34f3ec47-24f3-48ca-82d7-e4fb0fc02730 None None] Authenticating user token {{(pid=80363) process_request /usr/local/lib/python3.8/dist-packages/keystonemiddleware/auth_token/__init__.py:407}}
Aug 05 19:48:59.432561 dv-cinder-852208-2-iscsi devstack@keystone.service[80363]: DEBUG dbcounter [-] [80363] Writing DB stats keystone:SELECT=100 {{(pid=80363) stat_writer /usr/local/lib/python3.8/dist-packages/dbcounter.py:114}}
Aug 05 19:48:59.519795 dv-cinder-852208-2-iscsi devstack@keystone.service[80363]: DEBUG keystone.server.flask.request_processing.middleware.auth_context [None req-34f3ec47-24f3-48ca-82d7-e4fb0fc02730 None None] Validating token access rules against request {{(pid=80363) validate_allowed_request /usr/local/lib/python3.8/dist-packages/keystonemiddleware/auth_token/__init__.py:545}}
Aug 05 19:48:59.529415 dv-cinder-852208-2-iscsi devstack@keystone.service[80364]: DEBUG dbcounter [-] [80364] Writing DB stats keystone:SELECT=100 {{(pid=80364) stat_writer /usr/local/lib/python3.8/dist-packages/dbcounter.py:114}}
Aug 05 19:48:59.559632 dv-cinder-852208-2-iscsi devstack@keystone.service[80363]: DEBUG keystone.server.flask.request_processing.middleware.auth_context [None req-183ccc35-5e2e-480e-b108-57b2d4f9a97a None admin] RBAC: auth_context: {'token': , 'domain_id': None, 'trust_id': None, 'trustor_id': None, 'trustee_id': None, 'domain_name': None, 'group_ids': [], 'user_id': '03d1834a64cd4a43829827cb99a72747', 'user_domain_id': 'default', 'system_scope': 'all', 'project_id': None, 'project_domain_id': None, 'roles': ['admin', 'member', 'reader'], 'is_admin_project': True, 'service_user_id': None, 'service_user_domain_id': None, 'service_project_id': None, 'service_project_domain_id': None, 'service_roles': []} {{(pid=80363) fill_context /opt/stack/keystone/keystone/server/flask/request_processing/middleware/auth_context.py:478}}
Aug 05 19:48:59.560294 dv-cinder-852208-2-iscsi devstack@keystone.service[80363]: DEBUG keystone.server.flask.request_processing.req_logging [None req-183ccc35-5e2e-480e-b108-57b2d4f9a97a None admin] REQUEST_METHOD: `GET` {{(pid=80363) log_request_info /opt/stack/keystone/keystone/server/flask/request_processing/req_logging.py:27}}
Aug 05 19:48:59.560602 dv-cinder-852208-2-iscsi devstack@keystone.service[80363]: DEBUG keystone.server.flask.request_processing.req_logging [None req-183ccc35-5e2e-480e-b108-57b2d4f9a97a None admin] SCRIPT_NAME: `/identity` {{(pid=80363) log_request_info /opt/stack/keystone/keystone/server/flask/request_processing/req_logging.py:28}}
Aug 05 19:48:59.560881 dv-cinder-852208-2-iscsi devstack@keystone.service[80363]: DEBUG keystone.server.flask.request_processing.req_logging [None req-183ccc35-5e2e-480e-b108-57b2d4f9a97a None admin] PATH_INFO: `/v3/roles/admin` {{(pid=80363) log_request_info /opt/stack/keystone/keystone/server/flask/request_processing/req_logging.py:29}}
Aug 05 19:48:59.567969 dv-cinder-852208-2-iscsi devstack@keystone.service[80364]: [pid: 80364|app: 0|req: 111/220] 10.222.0.27 () {58 vars in 1282 bytes} [Fri Aug 5 19:48:59 2022] GET /identity/v3/auth/tokens => generated 799 bytes in 436 msecs (HTTP/1.1 200) 6 headers in 358 bytes (1 switches on core 0)
Aug 05 19:48:59.572317 dv-cinder-852208-2-iscsi devstack@keystone.service[80363]: DEBUG keystone.common.rbac_enforcer.enforcer [None req-183ccc35-5e2e-480e-b108-57b2d4f9a97a None admin] Extracting inferred target data resulted in "NOT FOUND (404)". {{(pid=80363) enforce_call /opt/stack/keystone/keystone/common/rbac_enforcer/enforcer.py:409}}
Aug 05 19:48:59.573688 dv-cinder-852208-2-iscsi devstack@keystone.service[80364]: DEBUG keystone.server.flask.request_processing.middleware.auth_context [None req-3345d260-a279-43ad-8ea1-28ceb75ca48b None admin] Authenticating user token {{(pid=80364) process_request /usr/local/lib/python3.8/dist-packages/keystonemiddleware/auth_token/__init__.py:407}}
Aug 05 19:48:59.577467 dv-cinder-852208-2-iscsi devstack@keystone.service[80363]: ERROR keystone.server.flask.application [None req-183ccc35-5e2e-480e-b108-57b2d4f9a97a None admin] Could not find role: admin.: keystone.exception.RoleNotFound: Could not find role: admin.
Aug 05 19:48:59.577467 dv-cinder-852208-2-iscsi devstack@keystone.service[80363]: ERROR keystone.server.flask.application
Traceback (most recent call last):
Aug 05 19:48:59.577467 dv-cinder-852208-2-iscsi devstack@keystone.service[80363]: ERROR keystone.server.flask.application
File "/usr/local/lib/python3.8/dist-packages/flask/app.py", line 1517, in full_dispatch_request
Aug 05 19:48:59.577467 dv-cinder-852208-2-iscsi devstack@keystone.service[80363]: ERROR keystone.server.flask.application rv = self.dispatch_request()
Aug 05 19:48:59.577467 dv-cinder-852208-2-iscsi devstack@keystone.service[80363]: ERROR keystone.server.flask.application
File "/usr/local/lib/python3.8/dist-packages/flask/app.py", line 1503, in dispatch_request
Aug 05 19:48:59.577467 dv-cinder-852208-2-iscsi devstack@keystone.service[80363]: ERROR keystone.server.flask.application return self.ensure_sync(self.view_functions[rule.endpoint])(**req.view_args)
Aug 05 19:48:59.577467 dv-cinder-852208-2-iscsi devstack@keystone.service[80363]: ERROR keystone.server.flask.application
File "/usr/local/lib/python3.8/dist-packages/flask_restful/__init__.py", line 467, in wrapper
Aug 05 19:48:59.577467 dv-cinder-852208-2-iscsi devstack@keystone.service[80363]: ERROR keystone.server.flask.application resp = resource(*args, **kwargs)
Aug 05 19:48:59.577467 dv-cinder-852208-2-iscsi devstack@keystone.service[80363]: ERROR keystone.server.flask.application
File "/usr/local/lib/python3.8/dist-packages/flask/views.py", line 84, in view
Aug 05 19:48:59.577467 dv-cinder-852208-2-iscsi devstack@keystone.service[80363]: ERROR keystone.server.flask.application return current_app.ensure_sync(self.dispatch_request)(*args, **kwargs)
Aug 05 19:48:59.577467 dv-cinder-852208-2-iscsi devstack@keystone.service[80363]: ERROR keystone.server.flask.application
File "/usr/local/lib/python3.8/dist-packages/flask_restful/__init__.py", line 582, in dispatch_request
Aug 05 19:48:59.577467 dv-cinder-852208-2-iscsi devstack@keystone.service[80363]: ERROR keystone.server.flask.application resp = meth(*args, **kwargs)
Aug 05 19:48:59.577467 dv-cinder-852208-2-iscsi devstack@keystone.service[80363]: ERROR keystone.server.flask.application
File "/opt/stack/keystone/keystone/api/roles.py", line 50, in get
Aug 05 19:48:59.577467 dv-cinder-852208-2-iscsi devstack@keystone.service[80363]: ERROR keystone.server.flask.application return self._get_role(role_id)
Aug 05 19:48:59.577467 dv-cinder-852208-2-iscsi devstack@keystone.service[80363]: ERROR keystone.server.flask.application
File "/opt/stack/keystone/keystone/api/roles.py", line 70, in _get_role
Aug 05 19:48:59.577467 dv-cinder-852208-2-iscsi devstack@keystone.service[80363]: ERROR keystone.server.flask.application ENFORCER.enforce_call(action='identity:get_role')
Aug 05 19:48:59.578356 dv-cinder-852208-2-iscsi devstack@keystone.service[80363]: ERROR keystone.server.flask.application
File "/opt/stack/keystone/keystone/common/rbac_enforcer/enforcer.py", line 402, in enforce_call
Aug 05 19:48:59.578356 dv-cinder-852208-2-iscsi devstack@keystone.service[80363]: ERROR keystone.server.flask.application policy_dict.update(cls._extract_member_target_data(
Aug 05 19:48:59.578356 dv-cinder-852208-2-iscsi devstack@keystone.service[80363]: ERROR keystone.server.flask.application
File "/opt/stack/keystone/keystone/common/rbac_enforcer/enforcer.py", line 234, in _extract_member_target_data
Aug 05 19:48:59.578356 dv-cinder-852208-2-iscsi devstack@keystone.service[80363]: ERROR keystone.server.flask.application member_name: func(flask.request.view_args[key])
Aug 05 19:48:59.578356 dv-cinder-852208-2-iscsi devstack@keystone.service[80363]: ERROR keystone.server.flask.application
File "/opt/stack/keystone/keystone/common/manager.py", line 115, in wrapped
Aug 05 19:48:59.578356 dv-cinder-852208-2-iscsi devstack@keystone.service[80363]: ERROR keystone.server.flask.application __ret_val = __f(*args, **kwargs)
Aug 05 19:48:59.578356 dv-cinder-852208-2-iscsi devstack@keystone.service[80363]: ERROR keystone.server.flask.application
File "/usr/local/lib/python3.8/dist-packages/decorator.py", line 232, in fun
Aug 05 19:48:59.578356 dv-cinder-852208-2-iscsi devstack@keystone.service[80363]: ERROR keystone.server.flask.application return caller(func, *(extras + args), **kw)
Aug 05 19:48:59.578356 dv-cinder-852208-2-iscsi devstack@keystone.service[80363]: ERROR keystone.server.flask.application
File "/usr/local/lib/python3.8/dist-packages/dogpile/cache/region.py", line 1577, in get_or_create_for_user_func
Aug 05 19:48:59.578356 dv-cinder-852208-2-iscsi devstack@keystone.service[80363]: ERROR keystone.server.flask.application return self.get_or_create(
Aug 05 19:48:59.578356 dv-cinder-852208-2-iscsi devstack@keystone.service[80363]: ERROR keystone.server.flask.application
File "/usr/local/lib/python3.8/dist-packages/dogpile/cache/region.py", line 1042, in get_or_create
Aug 05 19:48:59.578356 dv-cinder-852208-2-iscsi devstack@keystone.service[80363]: ERROR keystone.server.flask.application with Lock(
Aug 05 19:48:59.578356 dv-cinder-852208-2-iscsi devstack@keystone.service[80363]: ERROR keystone.server.flask.application
File "/usr/local/lib/python3.8/dist-packages/dogpile/lock.py", line 185, in __enter__
Aug 05 19:48:59.578356 dv-cinder-852208-2-iscsi devstack@keystone.service[80363]: ERROR keystone.server.flask.application return self._enter()
Aug 05 19:48:59.578356 dv-cinder-852208-2-iscsi devstack@keystone.service[80363]: ERROR keystone.server.flask.application
File "/usr/local/lib/python3.8/dist-packages/dogpile/lock.py", line 94, in _enter
Aug 05 19:48:59.578356 dv-cinder-852208-2-iscsi devstack@keystone.service[80363]: ERROR keystone.server.flask.application generated = self._enter_create(value, createdtime)
Aug 05 19:48:59.579745 dv-cinder-852208-2-iscsi devstack@keystone.service[80363]: ERROR keystone.server.flask.application
File "/usr/local/lib/python3.8/dist-packages/dogpile/lock.py", line 178, in _enter_create
Aug 05 19:48:59.579745 dv-cinder-852208-2-iscsi devstack@keystone.service[80363]: ERROR keystone.server.flask.application return self.creator()
Aug 05 19:48:59.579745 dv-cinder-852208-2-iscsi devstack@keystone.service[80363]: ERROR keystone.server.flask.application
File "/usr/local/lib/python3.8/dist-packages/dogpile/cache/region.py", line 995, in gen_value
Aug 05 19:48:59.579745 dv-cinder-852208-2-iscsi devstack@keystone.service[80363]: ERROR keystone.server.flask.application created_value = creator(
Aug 05 19:48:59.579745 dv-cinder-852208-2-iscsi devstack@keystone.service[80363]: ERROR keystone.server.flask.application
File "/opt/stack/keystone/keystone/assignment/core.py", line 1276, in get_role
Aug 05 19:48:59.579745 dv-cinder-852208-2-iscsi devstack@keystone.service[80363]: ERROR keystone.server.flask.application return self.driver.get_role(role_id)
Aug 05 19:48:59.579745 dv-cinder-852208-2-iscsi devstack@keystone.service[80363]: ERROR keystone.server.flask.application
File "/opt/stack/keystone/keystone/assignment/role_backends/sql.py", line 70, in get_role
Aug 05 19:48:59.579745 dv-cinder-852208-2-iscsi devstack@keystone.service[80363]: ERROR keystone.server.flask.application return self._get_role(session, role_id).to_dict()
Aug 05 19:48:59.579745 dv-cinder-852208-2-iscsi devstack@keystone.service[80363]: ERROR keystone.server.flask.application
File "/opt/stack/keystone/keystone/assignment/role_backends/sql.py", line 65, in _get_role
Aug 05 19:48:59.579745 dv-cinder-852208-2-iscsi devstack@keystone.service[80363]: ERROR keystone.server.flask.application raise exception.RoleNotFound(role_id=role_id)
Aug 05 19:48:59.579745 dv-cinder-852208-2-iscsi devstack@keystone.service[80363]: ERROR keystone.server.flask.application keystone.exception.RoleNotFound: Could not find role: admin.
Aug 05 19:48:59.579745 dv-cinder-852208-2-iscsi devstack@keystone.service[80363]: ERROR keystone.server.flask.application
Aug 05 19:48:59.583519 dv-cinder-852208-2-iscsi devstack@keystone.service[80363]: [pid: 80363|app: 0|req: 110/221] 10.222.0.27 () {56 vars in 1096 bytes} [Fri Aug 5 19:48:59 2022] GET /identity/v3/roles/admin => generated 83 bytes in 189 msecs (HTTP/1.1 404) 5 headers in 183 bytes (2 switches on core 0)
Aug 05 19:48:59.585392 dv-cinder-852208-2-iscsi devstack@keystone.service[80363]: DEBUG keystone.server.flask.request_processing.middleware.auth_context [None req-183ccc35-5e2e-480e-b108-57b2d4f9a97a None admin] Authenticating user token {{(pid=80363) process_request /usr/local/lib/python3.8/dist-packages/keystonemiddleware/auth_token/__init__.py:407}}
Aug 05 19:48:59.692634 dv-cinder-852208-2-iscsi devstack@keystone.service[80363]: DEBUG dbcounter [-] [80363] Writing DB stats keystone:SELECT=100 {{(pid=80363) stat_writer /usr/local/lib/python3.8/dist-packages/dbcounter.py:114}}
Aug 05 19:48:59.705328 dv-cinder-852208-2-iscsi devstack@keystone.service[80363]: DEBUG keystone.server.flask.request_processing.middleware.auth_context [None req-183ccc35-5e2e-480e-b108-57b2d4f9a97a None admin] Validating token access rules against request {{(pid=80363) validate_allowed_request /usr/local/lib/python3.8/dist-packages/keystonemiddleware/auth_token/__init__.py:545}}
Aug 05 19:48:59.749950 dv-cinder-852208-2-iscsi devstack@keystone.service[80363]: DEBUG keystone.server.flask.request_processing.middleware.auth_context [None req-1ecad68c-f420-4849-a940-926e8b7bff66 None admin] RBAC: auth_context: {'token': , 'domain_id': None, 'trust_id': None, 'trustor_id': None, 'trustee_id': None, 'domain_name': None, 'group_ids': [], 'user_id': '03d1834a64cd4a43829827cb99a72747', 'user_domain_id': 'default', 'system_scope': 'all', 'project_id': None, 'project_domain_id': None, 'roles': ['admin', 'member', 'reader'], 'is_admin_project': True, 'service_user_id': None, 'service_user_domain_id': None, 'service_project_id': None, 'service_project_domain_id': None, 'service_roles': []} {{(pid=80363) fill_context /opt/stack/keystone/keystone/server/flask/request_processing/middleware/auth_context.py:478}}
Aug 05 19:48:59.750647 dv-cinder-852208-2-iscsi devstack@keystone.service[80363]: DEBUG keystone.server.flask.request_processing.req_logging [None req-1ecad68c-f420-4849-a940-926e8b7bff66 None admin] REQUEST_METHOD: `GET` {{(pid=80363) log_request_info /opt/stack/keystone/keystone/server/flask/request_processing/req_logging.py:27}}
Aug 05 19:48:59.750932 dv-cinder-852208-2-iscsi devstack@keystone.service[80363]: DEBUG keystone.server.flask.request_processing.req_logging [None req-1ecad68c-f420-4849-a940-926e8b7bff66 None admin] SCRIPT_NAME: `/identity` {{(pid=80363) log_request_info /opt/stack/keystone/keystone/server/flask/request_processing/req_logging.py:28}}
Aug 05 19:48:59.751209 dv-cinder-852208-2-iscsi devstack@keystone.service[80363]: DEBUG keystone.server.flask.request_processing.req_logging [None req-1ecad68c-f420-4849-a940-926e8b7bff66 None admin] PATH_INFO: `/v3/roles` {{(pid=80363) log_request_info /opt/stack/keystone/keystone/server/flask/request_processing/req_logging.py:29}}
Aug 05 19:48:59.751943 dv-cinder-852208-2-iscsi devstack@keystone.service[80363]: DEBUG keystone.common.rbac_enforcer.enforcer [None req-1ecad68c-f420-4849-a940-926e8b7bff66 None admin] RBAC: Adding query filter params (name=admin) {{(pid=80363) _extract_filter_values /opt/stack/keystone/keystone/common/rbac_enforcer/enforcer.py:167}}
Aug 05 19:48:59.752253 dv-cinder-852208-2-iscsi devstack@keystone.service[80363]: DEBUG keystone.common.rbac_enforcer.enforcer [None req-1ecad68c-f420-4849-a940-926e8b7bff66 None admin] RBAC: Authorizing `identity:list_roles()` {{(pid=80363) enforce_call /opt/stack/keystone/keystone/common/rbac_enforcer/enforcer.py:449}}
Aug 05 19:48:59.753687 dv-cinder-852208-2-iscsi devstack@keystone.service[80363]: DEBUG keystone.common.rbac_enforcer.enforcer [None req-1ecad68c-f420-4849-a940-926e8b7bff66 None admin] RBAC: Authorization granted {{(pid=80363) enforce_call /opt/stack/keystone/keystone/common/rbac_enforcer/enforcer.py:457}}
Aug 05 19:48:59.768239 dv-cinder-852208-2-iscsi devstack@keystone.service[80363]: [pid: 80363|app: 0|req: 111/222] 10.222.0.27 () {56 vars in 1099 bytes} [Fri Aug 5 19:48:59 2022] GET /identity/v3/roles?name=admin => generated 339 bytes in 178 msecs (HTTP/1.1 200) 5 headers in 177 bytes (1 switches on core 0)
Aug 05 19:48:59.769630 dv-cinder-852208-2-iscsi devstack@keystone.service[80363]: DEBUG keystone.server.flask.request_processing.middleware.auth_context [None req-1ecad68c-f420-4849-a940-926e8b7bff66 None admin] Authenticating user token {{(pid=80363) process_request /usr/local/lib/python3.8/dist-packages/keystonemiddleware/auth_token/__init__.py:407}}
Aug 05 19:48:59.805787 dv-cinder-852208-2-iscsi devstack@keystone.service[80364]: DEBUG keystone.server.flask.request_processing.middleware.auth_context [None req-3345d260-a279-43ad-8ea1-28ceb75ca48b None admin] Validating token access rules against request {{(pid=80364) validate_allowed_request /usr/local/lib/python3.8/dist-packages/keystonemiddleware/auth_token/__init__.py:545}}
Aug 05 19:48:59.868701 dv-cinder-852208-2-iscsi devstack@keystone.service[80364]: DEBUG keystone.server.flask.request_processing.middleware.auth_context [None req-f68ec1f2-98cf-4acd-97a3-9ffefd2927ec None admin] RBAC: auth_context: {'token': , 'domain_id': None, 'trust_id': None, 'trustor_id': None, 'trustee_id': None, 'domain_name': None, 'group_ids': [], 'user_id': '03d1834a64cd4a43829827cb99a72747', 'user_domain_id': 'default', 'system_scope': 'all', 'project_id': None, 'project_domain_id': None, 'roles': ['admin', 'member', 'reader'], 'is_admin_project': True, 'service_user_id': None, 'service_user_domain_id': None, 'service_project_id': None, 'service_project_domain_id': None, 'service_roles': []} {{(pid=80364) fill_context /opt/stack/keystone/keystone/server/flask/request_processing/middleware/auth_context.py:478}}
Aug 05 19:48:59.869763 dv-cinder-852208-2-iscsi devstack@keystone.service[80364]: DEBUG keystone.server.flask.request_processing.req_logging [None req-f68ec1f2-98cf-4acd-97a3-9ffefd2927ec None admin] REQUEST_METHOD: `GET` {{(pid=80364) log_request_info /opt/stack/keystone/keystone/server/flask/request_processing/req_logging.py:27}}
Aug 05 19:48:59.871875 dv-cinder-852208-2-iscsi devstack@keystone.service[80364]: DEBUG keystone.server.flask.request_processing.req_logging [None req-f68ec1f2-98cf-4acd-97a3-9ffefd2927ec None admin] SCRIPT_NAME: `/identity` {{(pid=80364) log_request_info /opt/stack/keystone/keystone/server/flask/request_processing/req_logging.py:28}}
Aug 05 19:48:59.872378 dv-cinder-852208-2-iscsi devstack@keystone.service[80364]: DEBUG keystone.server.flask.request_processing.req_logging [None req-f68ec1f2-98cf-4acd-97a3-9ffefd2927ec None admin] PATH_INFO: `/v3/projects/6440bf75a9134de7ba2c5fb9c23955e2` {{(pid=80364) log_request_info /opt/stack/keystone/keystone/server/flask/request_processing/req_logging.py:29}}
Aug 05 19:48:59.876457 dv-cinder-852208-2-iscsi devstack@keystone.service[80364]: DEBUG keystone.common.rbac_enforcer.enforcer [None req-f68ec1f2-98cf-4acd-97a3-9ffefd2927ec None admin] RBAC: Authorizing `identity:get_project(project_id=6440bf75a9134de7ba2c5fb9c23955e2)` {{(pid=80364) enforce_call /opt/stack/keystone/keystone/common/rbac_enforcer/enforcer.py:449}}
Aug 05 19:48:59.878206 dv-cinder-852208-2-iscsi devstack@keystone.service[80364]: DEBUG keystone.common.rbac_enforcer.enforcer [None req-f68ec1f2-98cf-4acd-97a3-9ffefd2927ec None admin] RBAC: Authorization granted {{(pid=80364) enforce_call /opt/stack/keystone/keystone/common/rbac_enforcer/enforcer.py:457}}
Aug 05 19:48:59.886721 dv-cinder-852208-2-iscsi devstack@keystone.service[80364]: [pid: 80364|app: 0|req: 112/223] 10.222.0.27 () {56 vars in 1186 bytes} [Fri Aug 5 19:48:59 2022] GET /identity/v3/projects/6440bf75a9134de7ba2c5fb9c23955e2 => generated 302 bytes in 314 msecs (HTTP/1.1 200) 5 headers in 177 bytes (1 switches on core 0)
Aug 05 19:48:59.892578 dv-cinder-852208-2-iscsi devstack@keystone.service[80364]: DEBUG keystone.server.flask.request_processing.middleware.auth_context [None req-f68ec1f2-98cf-4acd-97a3-9ffefd2927ec None admin] Authenticating user token {{(pid=80364) process_request /usr/local/lib/python3.8/dist-packages/keystonemiddleware/auth_token/__init__.py:407}}
Aug 05 19:48:59.930805 dv-cinder-852208-2-iscsi devstack@keystone.service[80363]: DEBUG keystone.server.flask.request_processing.middleware.auth_context [None req-1ecad68c-f420-4849-a940-926e8b7bff66 None admin] Validating token access rules against request {{(pid=80363) validate_allowed_request /usr/local/lib/python3.8/dist-packages/keystonemiddleware/auth_token/__init__.py:545}}
Aug 05 19:48:59.988580 dv-cinder-852208-2-iscsi devstack@keystone.service[80364]: DEBUG dbcounter [-] [80364] Writing DB stats keystone:SELECT=100 {{(pid=80364) stat_writer /usr/local/lib/python3.8/dist-packages/dbcounter.py:114}}
