Sep 01 16:31:00.331486 dv-cinder-852208-16-iscsi devstack@c-api.service[113343]: DEBUG cinder.api.openstack.wsgi [None req-885bf71d-cd62-4451-85b9-a96dcd329550 tempest-GroupsV314Test-161105734 tempest-GroupsV314Test-161105734-project] Action: 'action', calling method: version_select, body: {"delete": {"delete-volumes": true}} {{(pid=113343) _process_stack /opt/stack/cinder/cinder/api/openstack/wsgi.py:866}}
Sep 01 16:31:00.333526 dv-cinder-852208-16-iscsi devstack@c-api.service[113343]: DEBUG cinder.api.v3.groups [None req-885bf71d-cd62-4451-85b9-a96dcd329550 tempest-GroupsV314Test-161105734 tempest-GroupsV314Test-161105734-project] delete called for group 3cbcb7ba-781d-476c-aa5f-2ebad4506c8e {{(pid=113343) _delete /opt/stack/cinder/cinder/api/v3/groups.py:117}}
Sep 01 16:31:00.333837 dv-cinder-852208-16-iscsi devstack@c-api.service[113343]: INFO cinder.api.v3.groups [None req-885bf71d-cd62-4451-85b9-a96dcd329550 tempest-GroupsV314Test-161105734 tempest-GroupsV314Test-161105734-project] Delete group with id: 3cbcb7ba-781d-476c-aa5f-2ebad4506c8e
Sep 01 16:31:00.355970 dv-cinder-852208-16-iscsi devstack@c-api.service[113343]: /usr/local/lib/python3.8/dist-packages/oslo_context/context.py:100: DeprecationWarning: Policy enforcement is depending on the value of is_admin. This key is deprecated. Please update your policy file to use the standard policy values.
Sep 01 16:31:00.355970 dv-cinder-852208-16-iscsi devstack@c-api.service[113343]: warnings.warn('Policy enforcement is depending on the value of '
Sep 01 16:31:00.453115 dv-cinder-852208-16-iscsi devstack@c-api.service[113342]: INFO cinder.api.openstack.wsgi [None req-7680d4ad-680e-4c40-a1b1-6812f83cc9d8 tempest-VolumesServicesTestJSON-606646111 tempest-VolumesServicesTestJSON-606646111-project-admin] GET http://10.222.0.58/volume/v3/746e75634f284711b7050bc02c34afc9/os-services
Sep 01 16:31:00.453580 dv-cinder-852208-16-iscsi devstack@c-api.service[113342]: DEBUG cinder.api.openstack.wsgi [None req-7680d4ad-680e-4c40-a1b1-6812f83cc9d8 tempest-VolumesServicesTestJSON-606646111 tempest-VolumesServicesTestJSON-606646111-project-admin] Empty body provided in request {{(pid=113342) get_body /opt/stack/cinder/cinder/api/openstack/wsgi.py:715}}
Sep 01 16:31:00.454036 dv-cinder-852208-16-iscsi devstack@c-api.service[113342]: DEBUG cinder.api.openstack.wsgi [None req-7680d4ad-680e-4c40-a1b1-6812f83cc9d8 tempest-VolumesServicesTestJSON-606646111 tempest-VolumesServicesTestJSON-606646111-project-admin] Calling method 'index' {{(pid=113342) _process_stack /opt/stack/cinder/cinder/api/openstack/wsgi.py:868}}
Sep 01 16:31:00.473048 dv-cinder-852208-16-iscsi devstack@c-api.service[113342]: INFO cinder.api.openstack.wsgi [None req-7680d4ad-680e-4c40-a1b1-6812f83cc9d8 tempest-VolumesServicesTestJSON-606646111 tempest-VolumesServicesTestJSON-606646111-project-admin] http://10.222.0.58/volume/v3/746e75634f284711b7050bc02c34afc9/os-services returned with HTTP 200
Sep 01 16:31:00.474028 dv-cinder-852208-16-iscsi devstack@c-api.service[113342]: [pid: 113342|app: 0|req: 34/70] 10.222.0.58 () {58 vars in 1226 bytes} [Thu Sep 1 16:31:00 2022] GET /volume/v3/746e75634f284711b7050bc02c34afc9/os-services => generated 643 bytes in 263 msecs (HTTP/1.1 200) 7 headers in 285 bytes (2 switches on core 0)
Sep 01 16:31:00.484168 dv-cinder-852208-16-iscsi devstack@c-api.service[113342]: DEBUG cinder.api.middleware.request_id [None req-b71fa5e2-23b1-4ba7-8e60-1deb9d23af5d None None] RequestId filter calling following filter/app {{(pid=113342) _context_setter /opt/stack/cinder/cinder/api/middleware/request_id.py:62}}
Sep 01 16:31:00.503424 dv-cinder-852208-16-iscsi devstack@c-api.service[113342]: INFO cinder.api.openstack.wsgi [None req-b71fa5e2-23b1-4ba7-8e60-1deb9d23af5d tempest-VolumesTestJSON-2045567468 tempest-VolumesTestJSON-2045567468-project] POST http://10.222.0.58/volume/v3/f0d017e537c048c284664397d7ffd260/volumes
Sep 01 16:31:00.504378 dv-cinder-852208-16-iscsi devstack@c-api.service[113342]: DEBUG cinder.api.openstack.wsgi [None req-b71fa5e2-23b1-4ba7-8e60-1deb9d23af5d tempest-VolumesTestJSON-2045567468 tempest-VolumesTestJSON-2045567468-project] Action: 'create', calling method: create, body: {"volume": {"metadata": {"Type": "work"}, "size": 1, "display_name": "tempest-VolumesTestJSON-volume-1063226804"}} {{(pid=113342) _process_stack /opt/stack/cinder/cinder/api/openstack/wsgi.py:866}}
Sep 01 16:31:00.508577 dv-cinder-852208-16-iscsi devstack@c-api.service[113342]: DEBUG cinder.api.v3.volumes [None req-b71fa5e2-23b1-4ba7-8e60-1deb9d23af5d tempest-VolumesTestJSON-2045567468 tempest-VolumesTestJSON-2045567468-project] Create volume request body: {'volume': {'metadata': {'Type': 'work'}, 'size': 1, 'display_name': 'tempest-VolumesTestJSON-volume-1063226804'}} {{(pid=113342) create /opt/stack/cinder/cinder/api/v3/volumes.py:298}}
Sep 01 16:31:00.516774 dv-cinder-852208-16-iscsi devstack@c-api.service[113342]: INFO cinder.api.v3.volumes [None req-b71fa5e2-23b1-4ba7-8e60-1deb9d23af5d tempest-VolumesTestJSON-2045567468 tempest-VolumesTestJSON-2045567468-project] Create volume of 1 GB
Sep 01 16:31:00.540538 dv-cinder-852208-16-iscsi devstack@c-api.service[113342]: INFO cinder.volume.api [None req-b71fa5e2-23b1-4ba7-8e60-1deb9d23af5d tempest-VolumesTestJSON-2045567468 tempest-VolumesTestJSON-2045567468-project] Availability Zones retrieved successfully.
Sep 01 16:31:00.573502 dv-cinder-852208-16-iscsi devstack@c-api.service[113342]: DEBUG cinder.volume.api [None req-b71fa5e2-23b1-4ba7-8e60-1deb9d23af5d tempest-VolumesTestJSON-2045567468 tempest-VolumesTestJSON-2045567468-project] Flow 'volume_create_api' (7e3d068d-cfaa-417b-bf5c-f7bbe0535874) transitioned into state 'RUNNING' from state 'PENDING' {{(pid=113342) _flow_receiver /usr/local/lib/python3.8/dist-packages/taskflow/listeners/logging.py:141}}
Sep 01 16:31:00.586545 dv-cinder-852208-16-iscsi devstack@c-api.service[113342]: DEBUG cinder.volume.api [None req-b71fa5e2-23b1-4ba7-8e60-1deb9d23af5d tempest-VolumesTestJSON-2045567468 tempest-VolumesTestJSON-2045567468-project] Task 'cinder.volume.flows.api.create_volume.ExtractVolumeRequestTask;volume:create' (c97d37b0-d5b7-47f7-a1d1-4f6f6f481afb) transitioned into state 'RUNNING' from state 'PENDING' {{(pid=113342) _task_receiver /usr/local/lib/python3.8/dist-packages/taskflow/listeners/logging.py:190}}
Sep 01 16:31:00.589391 dv-cinder-852208-16-iscsi devstack@c-api.service[113342]: DEBUG cinder.volume.flows.api.create_volume [None req-b71fa5e2-23b1-4ba7-8e60-1deb9d23af5d tempest-VolumesTestJSON-2045567468 tempest-VolumesTestJSON-2045567468-project] Validating volume size '1' using validate_int {{(pid=113342) _extract_size /opt/stack/cinder/cinder/volume/flows/api/create_volume.py:228}}
Sep 01 16:31:00.633154 dv-cinder-852208-16-iscsi devstack@c-api.service[113343]: INFO cinder.api.openstack.wsgi [None req-885bf71d-cd62-4451-85b9-a96dcd329550 tempest-GroupsV314Test-161105734 tempest-GroupsV314Test-161105734-project] http://10.222.0.58/volume/v3/b62e057f688142fba6a242a424bd4522/groups/3cbcb7ba-781d-476c-aa5f-2ebad4506c8e/action returned with HTTP 202
Sep 01 16:31:00.640737 dv-cinder-852208-16-iscsi devstack@c-api.service[113343]: [pid: 113343|app: 0|req: 37/71] 10.222.0.58 () {62 vars in 1405 bytes} [Thu Sep 1 16:31:00 2022] POST /volume/v3/b62e057f688142fba6a242a424bd4522/groups/3cbcb7ba-781d-476c-aa5f-2ebad4506c8e/action => generated 0 bytes in 328 msecs (HTTP/1.1 202) 6 headers in 234 bytes (1 switches on core 0)
Sep 01 16:31:00.643087 dv-cinder-852208-16-iscsi devstack@c-api.service[113343]: DEBUG cinder.api.middleware.request_id [None req-cd08bd9e-33c9-48c4-8b43-93cf933a5b36 None None] RequestId filter calling following filter/app {{(pid=113343) _context_setter /opt/stack/cinder/cinder/api/middleware/request_id.py:62}}
Sep 01 16:31:00.650923 dv-cinder-852208-16-iscsi devstack@c-api.service[113343]: INFO cinder.api.openstack.wsgi [None req-cd08bd9e-33c9-48c4-8b43-93cf933a5b36 tempest-VolumesServicesTestJSON-606646111 tempest-VolumesServicesTestJSON-606646111-project-admin] GET http://10.222.0.58/volume/v3/746e75634f284711b7050bc02c34afc9/os-services?host=dv-cinder-852208-16-iscsi
Sep 01 16:31:00.651634 dv-cinder-852208-16-iscsi devstack@c-api.service[113343]: DEBUG cinder.api.openstack.wsgi [None req-cd08bd9e-33c9-48c4-8b43-93cf933a5b36 tempest-VolumesServicesTestJSON-606646111 tempest-VolumesServicesTestJSON-606646111-project-admin] Empty body provided in request {{(pid=113343) get_body /opt/stack/cinder/cinder/api/openstack/wsgi.py:715}}
Sep 01 16:31:00.664050 dv-cinder-852208-16-iscsi devstack@c-api.service[113343]: DEBUG cinder.api.openstack.wsgi [None req-cd08bd9e-33c9-48c4-8b43-93cf933a5b36 tempest-VolumesServicesTestJSON-606646111 tempest-VolumesServicesTestJSON-606646111-project-admin] Calling method 'index' {{(pid=113343) _process_stack /opt/stack/cinder/cinder/api/openstack/wsgi.py:868}}
Sep 01 16:31:00.688632 dv-cinder-852208-16-iscsi devstack@c-api.service[113342]: DEBUG cinder.volume.api [None req-b71fa5e2-23b1-4ba7-8e60-1deb9d23af5d tempest-VolumesTestJSON-2045567468 tempest-VolumesTestJSON-2045567468-project] Task 'cinder.volume.flows.api.create_volume.ExtractVolumeRequestTask;volume:create' (c97d37b0-d5b7-47f7-a1d1-4f6f6f481afb) transitioned into state 'SUCCESS' from state 'RUNNING' with result '{'size': 1, 'snapshot_id': None, 'source_volid': None, 'volume_type': VolumeType(created_at=2022-09-01T16:21:06Z,deleted=False,deleted_at=None,description='Default Volume Type',extra_specs={},id=15b97339-c0b6-4578-8489-a9e27fe9948d,is_public=True,name='__DEFAULT__',projects=[],qos_specs=,qos_specs_id=None,updated_at=2022-09-01T16:21:06Z), 'volume_type_id': '15b97339-c0b6-4578-8489-a9e27fe9948d', 'encryption_key_id': None, 'qos_specs': None, 'consistencygroup_id': None, 'cgsnapshot_id': None, 'group_id': None, 'replication_status': 'disabled', 'refresh_az': False, 'backup_id': None, 'multiattach': False, 'availability_zones': ['nova']}' {{(pid=113342) _task_receiver /usr/local/lib/python3.8/dist-packages/taskflow/listeners/logging.py:178}}
Sep 01 16:31:00.690611 dv-cinder-852208-16-iscsi devstack@c-api.service[113342]: DEBUG cinder.volume.api [None req-b71fa5e2-23b1-4ba7-8e60-1deb9d23af5d tempest-VolumesTestJSON-2045567468 tempest-VolumesTestJSON-2045567468-project] Task 'cinder.volume.flows.api.create_volume.QuotaReserveTask;volume:create' (15b3cfca-41b8-4482-bcf6-d7c2732240f2) transitioned into state 'RUNNING' from state 'PENDING' {{(pid=113342) _task_receiver /usr/local/lib/python3.8/dist-packages/taskflow/listeners/logging.py:190}}
Sep 01 16:31:00.693525 dv-cinder-852208-16-iscsi devstack@c-api.service[113343]: INFO cinder.api.openstack.wsgi [None req-cd08bd9e-33c9-48c4-8b43-93cf933a5b36 tempest-VolumesServicesTestJSON-606646111 tempest-VolumesServicesTestJSON-606646111-project-admin] http://10.222.0.58/volume/v3/746e75634f284711b7050bc02c34afc9/os-services?host=dv-cinder-852208-16-iscsi returned with HTTP 200
Sep 01 16:31:00.694513 dv-cinder-852208-16-iscsi devstack@c-api.service[113343]: [pid: 113343|app: 0|req: 38/72] 10.222.0.58 () {58 vars in 1287 bytes} [Thu Sep 1 16:31:00 2022] GET /volume/v3/746e75634f284711b7050bc02c34afc9/os-services?host=dv-cinder-852208-16-iscsi => generated 204 bytes in 53 msecs (HTTP/1.1 200) 7 headers in 285 bytes (1 switches on core 0)
Sep 01 16:31:00.706552 dv-cinder-852208-16-iscsi devstack@c-api.service[113343]: DEBUG cinder.api.middleware.request_id [None req-c4d30893-1418-40c8-806c-9302231de4bc None None] RequestId filter calling following filter/app {{(pid=113343) _context_setter /opt/stack/cinder/cinder/api/middleware/request_id.py:62}}
Sep 01 16:31:00.710157 dv-cinder-852208-16-iscsi devstack@c-api.service[113343]: INFO cinder.api.openstack.wsgi [None req-c4d30893-1418-40c8-806c-9302231de4bc tempest-GroupsV314Test-161105734 tempest-GroupsV314Test-161105734-project] GET http://10.222.0.58/volume/v3/b62e057f688142fba6a242a424bd4522/volumes/b42871f3-8b48-4132-8d37-8086c17602aa
Sep 01 16:31:00.711226 dv-cinder-852208-16-iscsi devstack@c-api.service[113343]: DEBUG cinder.api.openstack.wsgi [None req-c4d30893-1418-40c8-806c-9302231de4bc tempest-GroupsV314Test-161105734 tempest-GroupsV314Test-161105734-project] Empty body provided in request {{(pid=113343) get_body /opt/stack/cinder/cinder/api/openstack/wsgi.py:715}}
Sep 01 16:31:00.711226 dv-cinder-852208-16-iscsi devstack@c-api.service[113343]: DEBUG cinder.api.openstack.wsgi [None req-c4d30893-1418-40c8-806c-9302231de4bc tempest-GroupsV314Test-161105734 tempest-GroupsV314Test-161105734-project] Calling method 'show' {{(pid=113343) _process_stack /opt/stack/cinder/cinder/api/openstack/wsgi.py:868}}
Sep 01 16:31:00.728002 dv-cinder-852208-16-iscsi devstack@c-api.service[113343]: /usr/local/lib/python3.8/dist-packages/oslo_context/context.py:100: DeprecationWarning: Policy enforcement is depending on the value of is_admin. This key is deprecated. Please update your policy file to use the standard policy values.
Sep 01 16:31:00.728002 dv-cinder-852208-16-iscsi devstack@c-api.service[113343]: warnings.warn('Policy enforcement is depending on the value of '
Sep 01 16:31:00.735929 dv-cinder-852208-16-iscsi devstack@c-api.service[113343]: INFO cinder.volume.api [None req-c4d30893-1418-40c8-806c-9302231de4bc tempest-GroupsV314Test-161105734 tempest-GroupsV314Test-161105734-project] Volume info retrieved successfully.
Sep 01 16:31:00.737404 dv-cinder-852208-16-iscsi devstack@c-api.service[113343]: WARNING stevedore.named [None req-c4d30893-1418-40c8-806c-9302231de4bc tempest-GroupsV314Test-161105734 tempest-GroupsV314Test-161105734-project] Could not load cinder.keymgr.conf_key_mgr.ConfKeyManager
Sep 01 16:31:00.737794 dv-cinder-852208-16-iscsi devstack@c-api.service[113343]: WARNING castellan.key_manager [None req-c4d30893-1418-40c8-806c-9302231de4bc tempest-GroupsV314Test-161105734 tempest-GroupsV314Test-161105734-project] Deprecation Warning : cinder.keymgr.conf_key_mgr.ConfKeyManager is not a stevedore based driver, trying to load it as a class: stevedore.exception.NoMatches: No 'castellan.drivers' driver found, looking for 'cinder.keymgr.conf_key_mgr.ConfKeyManager'
Sep 01 16:31:00.757489 dv-cinder-852208-16-iscsi devstack@c-api.service[113343]: DEBUG oslo_db.sqlalchemy.engines [None req-c4d30893-1418-40c8-806c-9302231de4bc tempest-GroupsV314Test-161105734 tempest-GroupsV314Test-161105734-project] MySQL server mode set to STRICT_TRANS_TABLES,STRICT_ALL_TABLES,NO_ZERO_IN_DATE,NO_ZERO_DATE,ERROR_FOR_DIVISION_BY_ZERO,TRADITIONAL,NO_ENGINE_SUBSTITUTION {{(pid=113343) _check_effective_sql_mode /usr/local/lib/python3.8/dist-packages/oslo_db/sqlalchemy/engines.py:314}}
Sep 01 16:31:00.771448 dv-cinder-852208-16-iscsi devstack@c-api.service[113343]: /usr/local/lib/python3.8/dist-packages/oslo_context/context.py:100: DeprecationWarning: Policy enforcement is depending on the value of is_admin. This key is deprecated. Please update your policy file to use the standard policy values.
Sep 01 16:31:00.771448 dv-cinder-852208-16-iscsi devstack@c-api.service[113343]: warnings.warn('Policy enforcement is depending on the value of '
Sep 01 16:31:00.774124 dv-cinder-852208-16-iscsi devstack@c-api.service[113342]: WARNING cinder.quota [None req-b71fa5e2-23b1-4ba7-8e60-1deb9d23af5d tempest-VolumesTestJSON-2045567468 tempest-VolumesTestJSON-2045567468-project] Deprecated: Default quota for resource: volumes___DEFAULT__ is set by the default quota flag: quota_volumes___DEFAULT__, it is now deprecated. Please use the default quota class for default quota.
Sep 01 16:31:00.775739 dv-cinder-852208-16-iscsi devstack@c-api.service[113342]: WARNING cinder.quota [None req-b71fa5e2-23b1-4ba7-8e60-1deb9d23af5d tempest-VolumesTestJSON-2045567468 tempest-VolumesTestJSON-2045567468-project] Deprecated: Default quota for resource: gigabytes___DEFAULT__ is set by the default quota flag: quota_gigabytes___DEFAULT__, it is now deprecated. Please use the default quota class for default quota.
Sep 01 16:31:00.815691 dv-cinder-852208-16-iscsi devstack@c-api.service[113343]: INFO cinder.api.openstack.wsgi [None req-c4d30893-1418-40c8-806c-9302231de4bc tempest-GroupsV314Test-161105734 tempest-GroupsV314Test-161105734-project] http://10.222.0.58/volume/v3/b62e057f688142fba6a242a424bd4522/volumes/b42871f3-8b48-4132-8d37-8086c17602aa returned with HTTP 200
Sep 01 16:31:00.816590 dv-cinder-852208-16-iscsi devstack@c-api.service[113343]: [pid: 113343|app: 0|req: 39/73] 10.222.0.58 () {60 vars in 1366 bytes} [Thu Sep 1 16:31:00 2022] GET /volume/v3/b62e057f688142fba6a242a424bd4522/volumes/b42871f3-8b48-4132-8d37-8086c17602aa => generated 991 bytes in 111 msecs (HTTP/1.1 200) 7 headers in 286 bytes (1 switches on core 0)
Sep 01 16:31:00.820275 dv-cinder-852208-16-iscsi devstack@c-api.service[113343]: DEBUG cinder.api.middleware.request_id [None req-89872817-af1b-4a5b-a8f6-f7ae9681e6c5 None None] RequestId filter calling following filter/app {{(pid=113343) _context_setter /opt/stack/cinder/cinder/api/middleware/request_id.py:62}}
Sep 01 16:31:00.824498 dv-cinder-852208-16-iscsi devstack@c-api.service[113342]: DEBUG cinder.quota [None req-b71fa5e2-23b1-4ba7-8e60-1deb9d23af5d tempest-VolumesTestJSON-2045567468 tempest-VolumesTestJSON-2045567468-project] Created reservations ['ea3b1216-5d75-48b3-ba37-ff9370563584', 'b4bfe5bf-327d-4a2e-aaef-03658a9a64bc', 'e380ef35-15ee-48d9-9272-d860b31fd8a0', '676d109f-8e97-48d1-804c-03bc321b9fbe'] {{(pid=113342) reserve /opt/stack/cinder/cinder/quota.py:755}}
Sep 01 16:31:00.827611 dv-cinder-852208-16-iscsi devstack@c-api.service[113343]: INFO cinder.api.openstack.wsgi [None req-89872817-af1b-4a5b-a8f6-f7ae9681e6c5 tempest-VolumesServicesTestJSON-606646111 tempest-VolumesServicesTestJSON-606646111-project-admin] GET http://10.222.0.58/volume/v3/746e75634f284711b7050bc02c34afc9/os-services?host=dv-cinder-852208-16-iscsi&binary=cinder-scheduler
Sep 01 16:31:00.828080 dv-cinder-852208-16-iscsi devstack@c-api.service[113343]: DEBUG cinder.api.openstack.wsgi [None req-89872817-af1b-4a5b-a8f6-f7ae9681e6c5 tempest-VolumesServicesTestJSON-606646111 tempest-VolumesServicesTestJSON-606646111-project-admin] Empty body provided in request {{(pid=113343) get_body /opt/stack/cinder/cinder/api/openstack/wsgi.py:715}}
Sep 01 16:31:00.828582 dv-cinder-852208-16-iscsi devstack@c-api.service[113343]: DEBUG cinder.api.openstack.wsgi [None req-89872817-af1b-4a5b-a8f6-f7ae9681e6c5 tempest-VolumesServicesTestJSON-606646111 tempest-VolumesServicesTestJSON-606646111-project-admin] Calling method 'index' {{(pid=113343) _process_stack /opt/stack/cinder/cinder/api/openstack/wsgi.py:868}}
Sep 01 16:31:00.830665 dv-cinder-852208-16-iscsi devstack@c-api.service[113342]: DEBUG cinder.volume.api [None req-b71fa5e2-23b1-4ba7-8e60-1deb9d23af5d tempest-VolumesTestJSON-2045567468 tempest-VolumesTestJSON-2045567468-project] Task 'cinder.volume.flows.api.create_volume.QuotaReserveTask;volume:create' (15b3cfca-41b8-4482-bcf6-d7c2732240f2) transitioned into state 'SUCCESS' from state 'RUNNING' with result '{'reservations': ['ea3b1216-5d75-48b3-ba37-ff9370563584', 'b4bfe5bf-327d-4a2e-aaef-03658a9a64bc', 'e380ef35-15ee-48d9-9272-d860b31fd8a0', '676d109f-8e97-48d1-804c-03bc321b9fbe']}' {{(pid=113342) _task_receiver /usr/local/lib/python3.8/dist-packages/taskflow/listeners/logging.py:178}}
Sep 01 16:31:00.838579 dv-cinder-852208-16-iscsi devstack@c-api.service[113342]: DEBUG cinder.volume.api [None req-b71fa5e2-23b1-4ba7-8e60-1deb9d23af5d tempest-VolumesTestJSON-2045567468 tempest-VolumesTestJSON-2045567468-project] Task 'cinder.volume.flows.api.create_volume.EntryCreateTask;volume:create' (8d013e5d-525e-4fef-9b6d-dd490a7287ad) transitioned into state 'RUNNING' from state 'PENDING' {{(pid=113342) _task_receiver /usr/local/lib/python3.8/dist-packages/taskflow/listeners/logging.py:190}}
Sep 01 16:31:00.856668 dv-cinder-852208-16-iscsi devstack@c-api.service[113343]: INFO cinder.api.openstack.wsgi [None req-89872817-af1b-4a5b-a8f6-f7ae9681e6c5 tempest-VolumesServicesTestJSON-606646111 tempest-VolumesServicesTestJSON-606646111-project-admin] http://10.222.0.58/volume/v3/746e75634f284711b7050bc02c34afc9/os-services?host=dv-cinder-852208-16-iscsi&binary=cinder-scheduler returned with HTTP 200
Sep 01 16:31:00.859188 dv-cinder-852208-16-iscsi devstack@c-api.service[113343]: [pid: 113343|app: 0|req: 40/74] 10.222.0.58 () {58 vars in 1335 bytes} [Thu Sep 1 16:31:00 2022] GET /volume/v3/746e75634f284711b7050bc02c34afc9/os-services?host=dv-cinder-852208-16-iscsi&binary=cinder-scheduler => generated 204 bytes in 40 msecs (HTTP/1.1 200) 7 headers in 285 bytes (1 switches on core 0)
Sep 01 16:31:00.872239 dv-cinder-852208-16-iscsi devstack@c-api.service[113343]: DEBUG cinder.api.middleware.request_id [None req-25cf5ffb-5be1-44e3-aabc-d72477714718 None None] RequestId filter calling following filter/app {{(pid=113343) _context_setter /opt/stack/cinder/cinder/api/middleware/request_id.py:62}}
Sep 01 16:31:00.879216 dv-cinder-852208-16-iscsi devstack@c-api.service[113343]: INFO cinder.api.openstack.wsgi [None req-25cf5ffb-5be1-44e3-aabc-d72477714718 tempest-VolumesServicesTestJSON-606646111 tempest-VolumesServicesTestJSON-606646111-project-admin] GET http://10.222.0.58/volume/v3/746e75634f284711b7050bc02c34afc9/os-services?binary=cinder-scheduler
Sep 01 16:31:00.879216 dv-cinder-852208-16-iscsi devstack@c-api.service[113343]: DEBUG cinder.api.openstack.wsgi [None req-25cf5ffb-5be1-44e3-aabc-d72477714718 tempest-VolumesServicesTestJSON-606646111 tempest-VolumesServicesTestJSON-606646111-project-admin] Empty body provided in request {{(pid=113343) get_body /opt/stack/cinder/cinder/api/openstack/wsgi.py:715}}
Sep 01 16:31:00.890451 dv-cinder-852208-16-iscsi devstack@c-api.service[113343]: DEBUG cinder.api.openstack.wsgi [None req-25cf5ffb-5be1-44e3-aabc-d72477714718 tempest-VolumesServicesTestJSON-606646111 tempest-VolumesServicesTestJSON-606646111-project-admin] Calling method 'index' {{(pid=113343) _process_stack /opt/stack/cinder/cinder/api/openstack/wsgi.py:868}}
Sep 01 16:31:00.893594 dv-cinder-852208-16-iscsi devstack@c-api.service[113342]: DEBUG cinder.volume.api [None req-b71fa5e2-23b1-4ba7-8e60-1deb9d23af5d tempest-VolumesTestJSON-2045567468 tempest-VolumesTestJSON-2045567468-project] Task 'cinder.volume.flows.api.create_volume.EntryCreateTask;volume:create' (8d013e5d-525e-4fef-9b6d-dd490a7287ad) transitioned into state 'SUCCESS' from state 'RUNNING' with result '{'volume_id': '0d504ac1-896b-42f7-acef-31d3b6f6d74e', 'volume_properties': VolumeProperties(attach_status='detached',availability_zone='nova',cgsnapshot_id=None,consistencygroup_id=None,display_description=None,display_name='tempest-VolumesTestJSON-volume-1063226804',encryption_key_id=None,group_id=None,group_type_id=,metadata={Type='work'},multiattach=False,project_id='f0d017e537c048c284664397d7ffd260',qos_specs=None,replication_status=,reservations=['ea3b1216-5d75-48b3-ba37-ff9370563584','b4bfe5bf-327d-4a2e-aaef-03658a9a64bc','e380ef35-15ee-48d9-9272-d860b31fd8a0','676d109f-8e97-48d1-804c-03bc321b9fbe'],size=1,snapshot_id=None,source_replicaid=,source_volid=None,status='creating',user_id='8bf3787ee7ab4063b3edff49ab345369',volume_type_id=15b97339-c0b6-4578-8489-a9e27fe9948d), 'volume': Volume(_name_id=None,admin_metadata=,attach_status='detached',availability_zone='nova',bootable=False,cluster=,cluster_name=None,consistencygroup=,consistencygroup_id=None,created_at=2022-09-01T16:31:00Z,deleted=False,deleted_at=None,display_description=None,display_name='tempest-VolumesTestJSON-volume-1063226804',ec2_id=None,encryption_key_id=None,glance_metadata=,group=,group_id=None,host=None,id=0d504ac1-896b-42f7-acef-31d3b6f6d74e,launched_at=None,metadata={Type='work'},migration_status=None,multiattach=False,previous_status=None,project_id='f0d017e537c048c284664397d7ffd260',provider_auth=None,provider_geometry=None,provider_id=None,provider_location=None,replication_driver_data=None,replication_extended_status=None,replication_status=None,scheduled_at=None,service_uuid=None,shared_targets=True,size=1,snapshot_id=None,snapshots=,source_volid=None,status='creating',terminated_at=None,updated_at=None,use_quota=True,user_id='8bf3787ee7ab4063b3edff49ab345369',volume_attachment=VolumeAttachmentList,volume_type=VolumeType(15b97339-c0b6-4578-8489-a9e27fe9948d),volume_type_id=15b97339-c0b6-4578-8489-a9e27fe9948d)}' {{(pid=113342) _task_receiver /usr/local/lib/python3.8/dist-packages/taskflow/listeners/logging.py:178}}
Sep 01 16:31:00.897508 dv-cinder-852208-16-iscsi devstack@c-api.service[113342]: DEBUG cinder.volume.api [None req-b71fa5e2-23b1-4ba7-8e60-1deb9d23af5d tempest-VolumesTestJSON-2045567468 tempest-VolumesTestJSON-2045567468-project] Task 'cinder.volume.flows.api.create_volume.QuotaCommitTask;volume:create' (3a18f255-564b-4910-aebd-d6d3dd45844b) transitioned into state 'RUNNING' from state 'PENDING' {{(pid=113342) _task_receiver /usr/local/lib/python3.8/dist-packages/taskflow/listeners/logging.py:190}}
Sep 01 16:31:00.899315 dv-cinder-852208-16-iscsi devstack@c-api.service[113343]: INFO cinder.api.openstack.wsgi [None req-25cf5ffb-5be1-44e3-aabc-d72477714718 tempest-VolumesServicesTestJSON-606646111 tempest-VolumesServicesTestJSON-606646111-project-admin] http://10.222.0.58/volume/v3/746e75634f284711b7050bc02c34afc9/os-services?binary=cinder-scheduler returned with HTTP 200
Sep 01 16:31:00.900543 dv-cinder-852208-16-iscsi devstack@c-api.service[113343]: [pid: 113343|app: 0|req: 41/75] 10.222.0.58 () {58 vars in 1273 bytes} [Thu Sep 1 16:31:00 2022] GET /volume/v3/746e75634f284711b7050bc02c34afc9/os-services?binary=cinder-scheduler => generated 204 bytes in 30 msecs (HTTP/1.1 200) 7 headers in 285 bytes (1 switches on core 0)
Sep 01 16:31:00.911196 dv-cinder-852208-16-iscsi devstack@c-api.service[113343]: DEBUG cinder.api.middleware.request_id [None req-16f78015-2983-4a2c-a602-3f83c5de1685 None None] RequestId filter calling following filter/app {{(pid=113343) _context_setter /opt/stack/cinder/cinder/api/middleware/request_id.py:62}}
Sep 01 16:31:00.973820 dv-cinder-852208-16-iscsi devstack@c-api.service[113342]: DEBUG cinder.volume.api [None req-b71fa5e2-23b1-4ba7-8e60-1deb9d23af5d tempest-VolumesTestJSON-2045567468 tempest-VolumesTestJSON-2045567468-project] Task 'cinder.volume.flows.api.create_volume.QuotaCommitTask;volume:create' (3a18f255-564b-4910-aebd-d6d3dd45844b) transitioned into state 'SUCCESS' from state 'RUNNING' with result '{'volume_properties': VolumeProperties(attach_status='detached',availability_zone='nova',cgsnapshot_id=None,consistencygroup_id=None,display_description=None,display_name='tempest-VolumesTestJSON-volume-1063226804',encryption_key_id=None,group_id=None,group_type_id=,metadata={Type='work'},multiattach=False,project_id='f0d017e537c048c284664397d7ffd260',qos_specs=None,replication_status=,reservations=['ea3b1216-5d75-48b3-ba37-ff9370563584','b4bfe5bf-327d-4a2e-aaef-03658a9a64bc','e380ef35-15ee-48d9-9272-d860b31fd8a0','676d109f-8e97-48d1-804c-03bc321b9fbe'],size=1,snapshot_id=None,source_replicaid=,source_volid=None,status='creating',user_id='8bf3787ee7ab4063b3edff49ab345369',volume_type_id=15b97339-c0b6-4578-8489-a9e27fe9948d)}' {{(pid=113342) _task_receiver /usr/local/lib/python3.8/dist-packages/taskflow/listeners/logging.py:178}}
Sep 01 16:31:00.975630 dv-cinder-852208-16-iscsi devstack@c-api.service[113342]: DEBUG cinder.volume.api [None req-b71fa5e2-23b1-4ba7-8e60-1deb9d23af5d tempest-VolumesTestJSON-2045567468 tempest-VolumesTestJSON-2045567468-project] Task 'cinder.volume.flows.api.create_volume.VolumeCastTask;volume:create' (965fca7a-77c0-4cd3-ae7b-fc14a3362bfe) transitioned into state 'RUNNING' from state 'PENDING' {{(pid=113342) _task_receiver /usr/local/lib/python3.8/dist-packages/taskflow/listeners/logging.py:190}}
Sep 01 16:31:01.019183 dv-cinder-852208-16-iscsi devstack@c-api.service[113342]: DEBUG cinder.volume.api [None req-b71fa5e2-23b1-4ba7-8e60-1deb9d23af5d tempest-VolumesTestJSON-2045567468 tempest-VolumesTestJSON-2045567468-project] Task 'cinder.volume.flows.api.create_volume.VolumeCastTask;volume:create' (965fca7a-77c0-4cd3-ae7b-fc14a3362bfe) transitioned into state 'SUCCESS' from state 'RUNNING' with result 'None' {{(pid=113342) _task_receiver /usr/local/lib/python3.8/dist-packages/taskflow/listeners/logging.py:178}}
Sep 01 16:31:01.044112 dv-cinder-852208-16-iscsi devstack@c-api.service[113342]: DEBUG cinder.volume.api [None req-b71fa5e2-23b1-4ba7-8e60-1deb9d23af5d tempest-VolumesTestJSON-2045567468 tempest-VolumesTestJSON-2045567468-project] Flow 'volume_create_api' (7e3d068d-cfaa-417b-bf5c-f7bbe0535874) transitioned into state 'SUCCESS' from state 'RUNNING' {{(pid=113342) _flow_receiver /usr/local/lib/python3.8/dist-packages/taskflow/listeners/logging.py:141}}
Sep 01 16:31:01.044978 dv-cinder-852208-16-iscsi devstack@c-api.service[113342]: INFO cinder.volume.api [None req-b71fa5e2-23b1-4ba7-8e60-1deb9d23af5d tempest-VolumesTestJSON-2045567468 tempest-VolumesTestJSON-2045567468-project] Create volume request issued successfully.
Sep 01 16:31:01.046293 dv-cinder-852208-16-iscsi devstack@c-api.service[113342]: INFO cinder.api.openstack.wsgi [None req-b71fa5e2-23b1-4ba7-8e60-1deb9d23af5d tempest-VolumesTestJSON-2045567468 tempest-VolumesTestJSON-2045567468-project] http://10.222.0.58/volume/v3/f0d017e537c048c284664397d7ffd260/volumes returned with HTTP 202
Sep 01 16:31:01.065396 dv-cinder-852208-16-iscsi devstack@c-api.service[113342]: [pid: 113342|app: 0|req: 35/76] 10.222.0.58 () {60 vars in 1236 bytes} [Thu Sep 1 16:31:00 2022] POST /volume/v3/f0d017e537c048c284664397d7ffd260/volumes => generated 829 bytes in 583 msecs (HTTP/1.1 202) 7 headers in 291 bytes (1 switches on core 0)
Sep 01 16:31:01.071991 dv-cinder-852208-16-iscsi devstack@c-api.service[113342]: DEBUG cinder.api.middleware.request_id [None req-57ea1d80-7a0b-4961-a2ec-948f1f8787aa None None] RequestId filter calling following filter/app {{(pid=113342) _context_setter /opt/stack/cinder/cinder/api/middleware/request_id.py:62}}
Sep 01 16:31:01.078557 dv-cinder-852208-16-iscsi devstack@c-api.service[113343]: INFO cinder.api.openstack.wsgi [None req-16f78015-2983-4a2c-a602-3f83c5de1685 tempest-VolumesServicesTestJSON-396794238 tempest-VolumesServicesTestJSON-396794238-project] POST http://10.222.0.58/volume/v3/4aa90d955484485eb69a58c14dcfb18c/volumes
Sep 01 16:31:01.078923 dv-cinder-852208-16-iscsi devstack@c-api.service[113342]: INFO cinder.api.openstack.wsgi [None req-57ea1d80-7a0b-4961-a2ec-948f1f8787aa tempest-VolumesTestJSON-2045567468 tempest-VolumesTestJSON-2045567468-project] GET http://10.222.0.58/volume/v3/f0d017e537c048c284664397d7ffd260/volumes/0d504ac1-896b-42f7-acef-31d3b6f6d74e
Sep 01 16:31:01.079411 dv-cinder-852208-16-iscsi devstack@c-api.service[113343]: DEBUG cinder.api.openstack.wsgi [None req-16f78015-2983-4a2c-a602-3f83c5de1685 tempest-VolumesServicesTestJSON-396794238 tempest-VolumesServicesTestJSON-396794238-project] Action: 'create', calling method: create, body: {"volume": {"size": 1, "name": "tempest-VolumesServicesTestJSON-Volume-1656075477"}} {{(pid=113343) _process_stack /opt/stack/cinder/cinder/api/openstack/wsgi.py:866}}
Sep 01 16:31:01.079587 dv-cinder-852208-16-iscsi devstack@c-api.service[113342]: DEBUG cinder.api.openstack.wsgi [None req-57ea1d80-7a0b-4961-a2ec-948f1f8787aa tempest-VolumesTestJSON-2045567468 tempest-VolumesTestJSON-2045567468-project] Empty body provided in request {{(pid=113342) get_body /opt/stack/cinder/cinder/api/openstack/wsgi.py:715}}
Sep 01 16:31:01.081969 dv-cinder-852208-16-iscsi devstack@c-api.service[113343]: DEBUG cinder.api.v3.volumes [None req-16f78015-2983-4a2c-a602-3f83c5de1685 tempest-VolumesServicesTestJSON-396794238 tempest-VolumesServicesTestJSON-396794238-project] Create volume request body: {'volume': {'size': 1, 'name': 'tempest-VolumesServicesTestJSON-Volume-1656075477'}} {{(pid=113343) create /opt/stack/cinder/cinder/api/v3/volumes.py:298}}
Sep 01 16:31:01.082317 dv-cinder-852208-16-iscsi devstack@c-api.service[113343]: INFO cinder.api.v3.volumes [None req-16f78015-2983-4a2c-a602-3f83c5de1685 tempest-VolumesServicesTestJSON-396794238 tempest-VolumesServicesTestJSON-396794238-project] Create volume of 1 GB
Sep 01 16:31:01.091062 dv-cinder-852208-16-iscsi devstack@c-api.service[113342]: DEBUG cinder.api.openstack.wsgi [None req-57ea1d80-7a0b-4961-a2ec-948f1f8787aa tempest-VolumesTestJSON-2045567468 tempest-VolumesTestJSON-2045567468-project] Calling method 'show' {{(pid=113342) _process_stack /opt/stack/cinder/cinder/api/openstack/wsgi.py:868}}
Sep 01 16:31:01.094387 dv-cinder-852208-16-iscsi devstack@c-api.service[113343]: INFO cinder.volume.api [None req-16f78015-2983-4a2c-a602-3f83c5de1685 tempest-VolumesServicesTestJSON-396794238 tempest-VolumesServicesTestJSON-396794238-project] Availability Zones retrieved successfully.
Sep 01 16:31:01.117399 dv-cinder-852208-16-iscsi devstack@c-api.service[113342]: /usr/local/lib/python3.8/dist-packages/oslo_context/context.py:100: DeprecationWarning: Policy enforcement is depending on the value of is_admin. This key is deprecated. Please update your policy file to use the standard policy values.
Sep 01 16:31:01.117399 dv-cinder-852208-16-iscsi devstack@c-api.service[113342]: warnings.warn('Policy enforcement is depending on the value of '
Sep 01 16:31:01.135307 dv-cinder-852208-16-iscsi devstack@c-api.service[113342]: INFO cinder.volume.api [None req-57ea1d80-7a0b-4961-a2ec-948f1f8787aa tempest-VolumesTestJSON-2045567468 tempest-VolumesTestJSON-2045567468-project] Volume info retrieved successfully.
Sep 01 16:31:01.141633 dv-cinder-852208-16-iscsi devstack@c-api.service[113343]: DEBUG cinder.volume.api [None req-16f78015-2983-4a2c-a602-3f83c5de1685 tempest-VolumesServicesTestJSON-396794238 tempest-VolumesServicesTestJSON-396794238-project] Flow 'volume_create_api' (4ea6ee31-12d9-4438-b3a5-1a6cd9a20c1d) transitioned into state 'RUNNING' from state 'PENDING' {{(pid=113343) _flow_receiver /usr/local/lib/python3.8/dist-packages/taskflow/listeners/logging.py:141}}
Sep 01 16:31:01.147228 dv-cinder-852208-16-iscsi devstack@c-api.service[113343]: DEBUG cinder.volume.api [None req-16f78015-2983-4a2c-a602-3f83c5de1685 tempest-VolumesServicesTestJSON-396794238 tempest-VolumesServicesTestJSON-396794238-project] Task 'cinder.volume.flows.api.create_volume.ExtractVolumeRequestTask;volume:create' (31860101-86c1-461b-ba4b-bb5281b86c73) transitioned into state 'RUNNING' from state 'PENDING' {{(pid=113343) _task_receiver /usr/local/lib/python3.8/dist-packages/taskflow/listeners/logging.py:190}}
Sep 01 16:31:01.150968 dv-cinder-852208-16-iscsi devstack@c-api.service[113343]: DEBUG cinder.volume.flows.api.create_volume [None req-16f78015-2983-4a2c-a602-3f83c5de1685 tempest-VolumesServicesTestJSON-396794238 tempest-VolumesServicesTestJSON-396794238-project] Validating volume size '1' using validate_int {{(pid=113343) _extract_size /opt/stack/cinder/cinder/volume/flows/api/create_volume.py:228}}
Sep 01 16:31:01.165772 dv-cinder-852208-16-iscsi devstack@c-api.service[113342]: INFO cinder.api.openstack.wsgi [None req-57ea1d80-7a0b-4961-a2ec-948f1f8787aa tempest-VolumesTestJSON-2045567468 tempest-VolumesTestJSON-2045567468-project] http://10.222.0.58/volume/v3/f0d017e537c048c284664397d7ffd260/volumes/0d504ac1-896b-42f7-acef-31d3b6f6d74e returned with HTTP 200
Sep 01 16:31:01.188162 dv-cinder-852208-16-iscsi devstack@c-api.service[113342]: [pid: 113342|app: 0|req: 36/77] 10.222.0.58 () {58 vars in 1325 bytes} [Thu Sep 1 16:31:01 2022] GET /volume/v3/f0d017e537c048c284664397d7ffd260/volumes/0d504ac1-896b-42f7-acef-31d3b6f6d74e => generated 897 bytes in 122 msecs (HTTP/1.1 200) 7 headers in 285 bytes (1 switches on core 0)
Sep 01 16:31:01.219960 dv-cinder-852208-16-iscsi devstack@c-api.service[113343]: DEBUG cinder.volume.api [None req-16f78015-2983-4a2c-a602-3f83c5de1685 tempest-VolumesServicesTestJSON-396794238 tempest-VolumesServicesTestJSON-396794238-project] Task 'cinder.volume.flows.api.create_volume.ExtractVolumeRequestTask;volume:create' (31860101-86c1-461b-ba4b-bb5281b86c73) transitioned into state 'SUCCESS' from state 'RUNNING' with result '{'size': 1, 'snapshot_id': None, 'source_volid': None, 'volume_type': VolumeType(created_at=2022-09-01T16:21:06Z,deleted=False,deleted_at=None,description='Default Volume Type',extra_specs={},id=15b97339-c0b6-4578-8489-a9e27fe9948d,is_public=True,name='__DEFAULT__',projects=[],qos_specs=,qos_specs_id=None,updated_at=2022-09-01T16:21:06Z), 'volume_type_id': '15b97339-c0b6-4578-8489-a9e27fe9948d', 'encryption_key_id': None, 'qos_specs': None, 'consistencygroup_id': None, 'cgsnapshot_id': None, 'group_id': None, 'replication_status': 'disabled', 'refresh_az': False, 'backup_id': None, 'multiattach': False, 'availability_zones': ['nova']}' {{(pid=113343) _task_receiver /usr/local/lib/python3.8/dist-packages/taskflow/listeners/logging.py:178}}
Sep 01 16:31:01.223781 dv-cinder-852208-16-iscsi devstack@c-api.service[113343]: DEBUG cinder.volume.api [None req-16f78015-2983-4a2c-a602-3f83c5de1685 tempest-VolumesServicesTestJSON-396794238 tempest-VolumesServicesTestJSON-396794238-project] Task 'cinder.volume.flows.api.create_volume.QuotaReserveTask;volume:create' (9d44b838-0a68-4cf2-a6b4-a6d78678e7b0) transitioned into state 'RUNNING' from state 'PENDING' {{(pid=113343) _task_receiver /usr/local/lib/python3.8/dist-packages/taskflow/listeners/logging.py:190}}
Sep 01 16:31:01.340384 dv-cinder-852208-16-iscsi devstack@c-api.service[113343]: DEBUG dbcounter [-] [113343] Writing DB stats cinder:SELECT=93,cinder:UPDATE=2,cinder:INSERT=5 {{(pid=113343) stat_writer /usr/local/lib/python3.8/dist-packages/dbcounter.py:114}}
Sep 01 16:31:01.357648 dv-cinder-852208-16-iscsi devstack@c-api.service[113343]: DEBUG cinder.quota [None req-16f78015-2983-4a2c-a602-3f83c5de1685 tempest-VolumesServicesTestJSON-396794238 tempest-VolumesServicesTestJSON-396794238-project] Created reservations ['0a3f405b-78ef-423b-b15a-5844f2ff76df', '142010f1-b1ca-46e6-9e0c-f4d43c4d39e7', '5c353f66-d6c8-4ef4-8a1b-168ac3558977', '00c8b72a-9384-4568-aad3-285e2a9e0500'] {{(pid=113343) reserve /opt/stack/cinder/cinder/quota.py:755}}
Sep 01 16:31:01.368740 dv-cinder-852208-16-iscsi devstack@c-api.service[113343]: DEBUG cinder.volume.api [None req-16f78015-2983-4a2c-a602-3f83c5de1685 tempest-VolumesServicesTestJSON-396794238 tempest-VolumesServicesTestJSON-396794238-project] Task 'cinder.volume.flows.api.create_volume.QuotaReserveTask;volume:create' (9d44b838-0a68-4cf2-a6b4-a6d78678e7b0) transitioned into state 'SUCCESS' from state 'RUNNING' with result '{'reservations': ['0a3f405b-78ef-423b-b15a-5844f2ff76df', '142010f1-b1ca-46e6-9e0c-f4d43c4d39e7', '5c353f66-d6c8-4ef4-8a1b-168ac3558977', '00c8b72a-9384-4568-aad3-285e2a9e0500']}' {{(pid=113343) _task_receiver /usr/local/lib/python3.8/dist-packages/taskflow/listeners/logging.py:178}}
Sep 01 16:31:01.371254 dv-cinder-852208-16-iscsi devstack@c-api.service[113343]: DEBUG cinder.volume.api [None req-16f78015-2983-4a2c-a602-3f83c5de1685 tempest-VolumesServicesTestJSON-396794238 tempest-VolumesServicesTestJSON-396794238-project] Task 'cinder.volume.flows.api.create_volume.EntryCreateTask;volume:create' (a4853b0f-c698-4f25-8aee-85c063b5d820) transitioned into state 'RUNNING' from state 'PENDING' {{(pid=113343) _task_receiver /usr/local/lib/python3.8/dist-packages/taskflow/listeners/logging.py:190}}
Sep 01 16:31:01.417833 dv-cinder-852208-16-iscsi devstack@c-api.service[113343]: DEBUG cinder.volume.api [None req-16f78015-2983-4a2c-a602-3f83c5de1685 tempest-VolumesServicesTestJSON-396794238 tempest-VolumesServicesTestJSON-396794238-project] Task 'cinder.volume.flows.api.create_volume.EntryCreateTask;volume:create' (a4853b0f-c698-4f25-8aee-85c063b5d820) transitioned into state 'SUCCESS' from state 'RUNNING' with result '{'volume_id': '7ee71822-5569-42fe-aacb-b899f65ce149', 'volume_properties': VolumeProperties(attach_status='detached',availability_zone='nova',cgsnapshot_id=None,consistencygroup_id=None,display_description=None,display_name='tempest-VolumesServicesTestJSON-Volume-1656075477',encryption_key_id=None,group_id=None,group_type_id=,metadata={},multiattach=False,project_id='4aa90d955484485eb69a58c14dcfb18c',qos_specs=None,replication_status=,reservations=['0a3f405b-78ef-423b-b15a-5844f2ff76df','142010f1-b1ca-46e6-9e0c-f4d43c4d39e7','5c353f66-d6c8-4ef4-8a1b-168ac3558977','00c8b72a-9384-4568-aad3-285e2a9e0500'],size=1,snapshot_id=None,source_replicaid=,source_volid=None,status='creating',user_id='a13a334b8e874c739a91cc470f650d39',volume_type_id=15b97339-c0b6-4578-8489-a9e27fe9948d), 'volume': Volume(_name_id=None,admin_metadata=,attach_status='detached',availability_zone='nova',bootable=False,cluster=,cluster_name=None,consistencygroup=,consistencygroup_id=None,created_at=2022-09-01T16:31:01Z,deleted=False,deleted_at=None,display_description=None,display_name='tempest-VolumesServicesTestJSON-Volume-1656075477',ec2_id=None,encryption_key_id=None,glance_metadata=,group=,group_id=None,host=None,id=7ee71822-5569-42fe-aacb-b899f65ce149,launched_at=None,metadata={},migration_status=None,multiattach=False,previous_status=None,project_id='4aa90d955484485eb69a58c14dcfb18c',provider_auth=None,provider_geometry=None,provider_id=None,provider_location=None,replication_driver_data=None,replication_extended_status=None,replication_status=None,scheduled_at=None,service_uuid=None,shared_targets=True,size=1,snapshot_id=None,snapshots=,source_volid=None,status='creating',terminated_at=None,updated_at=None,use_quota=True,user_id='a13a334b8e874c739a91cc470f650d39',volume_attachment=VolumeAttachmentList,volume_type=VolumeType(15b97339-c0b6-4578-8489-a9e27fe9948d),volume_type_id=15b97339-c0b6-4578-8489-a9e27fe9948d)}' {{(pid=113343) _task_receiver /usr/local/lib/python3.8/dist-packages/taskflow/listeners/logging.py:178}}
Sep 01 16:31:01.421603 dv-cinder-852208-16-iscsi devstack@c-api.service[113343]: DEBUG cinder.volume.api [None req-16f78015-2983-4a2c-a602-3f83c5de1685 tempest-VolumesServicesTestJSON-396794238 tempest-VolumesServicesTestJSON-396794238-project] Task 'cinder.volume.flows.api.create_volume.QuotaCommitTask;volume:create' (1fc228fd-31a5-4687-924d-4c41378a6acb) transitioned into state 'RUNNING' from state 'PENDING' {{(pid=113343) _task_receiver /usr/local/lib/python3.8/dist-packages/taskflow/listeners/logging.py:190}}
Sep 01 16:31:01.477724 dv-cinder-852208-16-iscsi devstack@c-api.service[113343]: DEBUG cinder.volume.api [None req-16f78015-2983-4a2c-a602-3f83c5de1685 tempest-VolumesServicesTestJSON-396794238 tempest-VolumesServicesTestJSON-396794238-project] Task 'cinder.volume.flows.api.create_volume.QuotaCommitTask;volume:create' (1fc228fd-31a5-4687-924d-4c41378a6acb) transitioned into state 'SUCCESS' from state 'RUNNING' with result '{'volume_properties': VolumeProperties(attach_status='detached',availability_zone='nova',cgsnapshot_id=None,consistencygroup_id=None,display_description=None,display_name='tempest-VolumesServicesTestJSON-Volume-1656075477',encryption_key_id=None,group_id=None,group_type_id=,metadata={},multiattach=False,project_id='4aa90d955484485eb69a58c14dcfb18c',qos_specs=None,replication_status=,reservations=['0a3f405b-78ef-423b-b15a-5844f2ff76df','142010f1-b1ca-46e6-9e0c-f4d43c4d39e7','5c353f66-d6c8-4ef4-8a1b-168ac3558977','00c8b72a-9384-4568-aad3-285e2a9e0500'],size=1,snapshot_id=None,source_replicaid=,source_volid=None,status='creating',user_id='a13a334b8e874c739a91cc470f650d39',volume_type_id=15b97339-c0b6-4578-8489-a9e27fe9948d)}' {{(pid=113343) _task_receiver /usr/local/lib/python3.8/dist-packages/taskflow/listeners/logging.py:178}}
Sep 01 16:31:01.479645 dv-cinder-852208-16-iscsi devstack@c-api.service[113343]: DEBUG cinder.volume.api [None req-16f78015-2983-4a2c-a602-3f83c5de1685 tempest-VolumesServicesTestJSON-396794238 tempest-VolumesServicesTestJSON-396794238-project] Task 'cinder.volume.flows.api.create_volume.VolumeCastTask;volume:create' (25846117-f2ea-411c-ada5-b17625b2a814) transitioned into state 'RUNNING' from state 'PENDING' {{(pid=113343) _task_receiver /usr/local/lib/python3.8/dist-packages/taskflow/listeners/logging.py:190}}
Sep 01 16:31:01.516641 dv-cinder-852208-16-iscsi devstack@c-api.service[113343]: DEBUG cinder.volume.api [None req-16f78015-2983-4a2c-a602-3f83c5de1685 tempest-VolumesServicesTestJSON-396794238 tempest-VolumesServicesTestJSON-396794238-project] Task 'cinder.volume.flows.api.create_volume.VolumeCastTask;volume:create' (25846117-f2ea-411c-ada5-b17625b2a814) transitioned into state 'SUCCESS' from state 'RUNNING' with result 'None' {{(pid=113343) _task_receiver /usr/local/lib/python3.8/dist-packages/taskflow/listeners/logging.py:178}}
Sep 01 16:31:01.519137 dv-cinder-852208-16-iscsi devstack@c-api.service[113343]: DEBUG cinder.volume.api [None req-16f78015-2983-4a2c-a602-3f83c5de1685 tempest-VolumesServicesTestJSON-396794238 tempest-VolumesServicesTestJSON-396794238-project] Flow 'volume_create_api' (4ea6ee31-12d9-4438-b3a5-1a6cd9a20c1d) transitioned into state 'SUCCESS' from state 'RUNNING' {{(pid=113343) _flow_receiver /usr/local/lib/python3.8/dist-packages/taskflow/listeners/logging.py:141}}
Sep 01 16:31:01.519842 dv-cinder-852208-16-iscsi devstack@c-api.service[113343]: INFO cinder.volume.api [None req-16f78015-2983-4a2c-a602-3f83c5de1685 tempest-VolumesServicesTestJSON-396794238 tempest-VolumesServicesTestJSON-396794238-project] Create volume request issued successfully.
Sep 01 16:31:01.532303 dv-cinder-852208-16-iscsi devstack@c-api.service[113343]: INFO cinder.api.openstack.wsgi [None req-16f78015-2983-4a2c-a602-3f83c5de1685 tempest-VolumesServicesTestJSON-396794238 tempest-VolumesServicesTestJSON-396794238-project] http://10.222.0.58/volume/v3/4aa90d955484485eb69a58c14dcfb18c/volumes returned with HTTP 202
Sep 01 16:31:01.546135 dv-cinder-852208-16-iscsi devstack@c-api.service[113343]: [pid: 113343|app: 0|req: 42/78] 10.222.0.58 () {60 vars in 1235 bytes} [Thu Sep 1 16:31:00 2022] POST /volume/v3/4aa90d955484485eb69a58c14dcfb18c/volumes => generated 823 bytes in 626 msecs (HTTP/1.1 202) 7 headers in 291 bytes (1 switches on core 0)
Sep 01 16:31:01.552097 dv-cinder-852208-16-iscsi devstack@c-api.service[113342]: DEBUG cinder.api.middleware.request_id [None req-7848f99f-0569-4578-8cc4-97af33e83ac3 None None] RequestId filter calling following filter/app {{(pid=113342) _context_setter /opt/stack/cinder/cinder/api/middleware/request_id.py:62}}
Sep 01 16:31:01.556119 dv-cinder-852208-16-iscsi devstack@c-api.service[113342]: INFO cinder.api.openstack.wsgi [None req-7848f99f-0569-4578-8cc4-97af33e83ac3 tempest-VolumesServicesTestJSON-396794238 tempest-VolumesServicesTestJSON-396794238-project] GET http://10.222.0.58/volume/v3/4aa90d955484485eb69a58c14dcfb18c/volumes/7ee71822-5569-42fe-aacb-b899f65ce149
Sep 01 16:31:01.556572 dv-cinder-852208-16-iscsi devstack@c-api.service[113342]: DEBUG cinder.api.openstack.wsgi [None req-7848f99f-0569-4578-8cc4-97af33e83ac3 tempest-VolumesServicesTestJSON-396794238 tempest-VolumesServicesTestJSON-396794238-project] Empty body provided in request {{(pid=113342) get_body /opt/stack/cinder/cinder/api/openstack/wsgi.py:715}}
Sep 01 16:31:01.557033 dv-cinder-852208-16-iscsi devstack@c-api.service[113342]: DEBUG cinder.api.openstack.wsgi [None req-7848f99f-0569-4578-8cc4-97af33e83ac3 tempest-VolumesServicesTestJSON-396794238 tempest-VolumesServicesTestJSON-396794238-project] Calling method 'show' {{(pid=113342) _process_stack /opt/stack/cinder/cinder/api/openstack/wsgi.py:868}}
Sep 01 16:31:01.601831 dv-cinder-852208-16-iscsi devstack@c-api.service[113342]: /usr/local/lib/python3.8/dist-packages/oslo_context/context.py:100: DeprecationWarning: Policy enforcement is depending on the value of is_admin. This key is deprecated. Please update your policy file to use the standard policy values.
Sep 01 16:31:01.601831 dv-cinder-852208-16-iscsi devstack@c-api.service[113342]: warnings.warn('Policy enforcement is depending on the value of '
Sep 01 16:31:01.625925 dv-cinder-852208-16-iscsi devstack@c-api.service[113342]: INFO cinder.volume.api [None req-7848f99f-0569-4578-8cc4-97af33e83ac3 tempest-VolumesServicesTestJSON-396794238 tempest-VolumesServicesTestJSON-396794238-project] Volume info retrieved successfully.
Sep 01 16:31:01.660449 dv-cinder-852208-16-iscsi devstack@c-api.service[113342]: INFO cinder.api.openstack.wsgi [None req-7848f99f-0569-4578-8cc4-97af33e83ac3 tempest-VolumesServicesTestJSON-396794238 tempest-VolumesServicesTestJSON-396794238-project] http://10.222.0.58/volume/v3/4aa90d955484485eb69a58c14dcfb18c/volumes/7ee71822-5569-42fe-aacb-b899f65ce149 returned with HTTP 200
Sep 01 16:31:01.673778 dv-cinder-852208-16-iscsi devstack@c-api.service[113342]: [pid: 113342|app: 0|req: 37/79] 10.222.0.58 () {58 vars in 1325 bytes} [Thu Sep 1 16:31:01 2022] GET /volume/v3/4aa90d955484485eb69a58c14dcfb18c/volumes/7ee71822-5569-42fe-aacb-b899f65ce149 => generated 891 bytes in 123 msecs (HTTP/1.1 200) 7 headers in 285 bytes (1 switches on core 0)
Sep 01 16:31:01.834159 dv-cinder-852208-16-iscsi devstack@c-api.service[113343]: DEBUG cinder.api.middleware.request_id [None req-9e28771e-9160-42fd-8276-b44a1c026af4 None None] RequestId filter calling following filter/app {{(pid=113343) _context_setter /opt/stack/cinder/cinder/api/middleware/request_id.py:62}}
Sep 01 16:31:01.840838 dv-cinder-852208-16-iscsi devstack@c-api.service[113343]: INFO cinder.api.openstack.wsgi [None req-9e28771e-9160-42fd-8276-b44a1c026af4 tempest-GroupsV314Test-161105734 tempest-GroupsV314Test-161105734-project] GET http://10.222.0.58/volume/v3/b62e057f688142fba6a242a424bd4522/volumes/b42871f3-8b48-4132-8d37-8086c17602aa
