Aug 31 05:18:53.220013 dv-cinder-852208-14-smb devstack@c-api.service[113409]: DEBUG cinder.api.openstack.wsgi [None req-58d8c50c-499f-4c23-bceb-8a0c9660de25 tempest-GroupSnapshotsV319Test-1078344138 tempest-GroupSnapshotsV319Test-1078344138-project] Empty body provided in request {{(pid=113409) get_body /opt/stack/cinder/cinder/api/openstack/wsgi.py:715}}
Aug 31 05:18:53.220667 dv-cinder-852208-14-smb devstack@c-api.service[113409]: DEBUG cinder.api.openstack.wsgi [None req-58d8c50c-499f-4c23-bceb-8a0c9660de25 tempest-GroupSnapshotsV319Test-1078344138 tempest-GroupSnapshotsV319Test-1078344138-project] Calling method 'detail' {{(pid=113409) _process_stack /opt/stack/cinder/cinder/api/openstack/wsgi.py:868}}
Aug 31 05:18:53.221386 dv-cinder-852208-14-smb devstack@c-api.service[113409]: DEBUG cinder.api.api_utils [None req-58d8c50c-499f-4c23-bceb-8a0c9660de25 tempest-GroupSnapshotsV319Test-1078344138 tempest-GroupSnapshotsV319Test-1078344138-project] Removing options '' from query. {{(pid=113409) remove_invalid_filter_options /opt/stack/cinder/cinder/api/api_utils.py:83}}
Aug 31 05:18:53.224426 dv-cinder-852208-14-smb devstack@c-api.service[113409]: DEBUG cinder.db.sqlalchemy.api [None req-58d8c50c-499f-4c23-bceb-8a0c9660de25 tempest-GroupSnapshotsV319Test-1078344138 tempest-GroupSnapshotsV319Test-1078344138-project] Building query based on filter {{(pid=113409) _process_snaps_filters /opt/stack/cinder/cinder/db/sqlalchemy/api.py:3885}}
Aug 31 05:18:53.242562 dv-cinder-852208-14-smb devstack@c-api.service[113409]: INFO cinder.volume.api [None req-58d8c50c-499f-4c23-bceb-8a0c9660de25 tempest-GroupSnapshotsV319Test-1078344138 tempest-GroupSnapshotsV319Test-1078344138-project] Get all snapshots completed successfully.
Aug 31 05:18:53.243788 dv-cinder-852208-14-smb devstack@c-api.service[113409]: /usr/local/lib/python3.8/dist-packages/oslo_context/context.py:100: DeprecationWarning: Policy enforcement is depending on the value of is_admin. This key is deprecated. Please update your policy file to use the standard policy values.
Aug 31 05:18:53.243788 dv-cinder-852208-14-smb devstack@c-api.service[113409]: warnings.warn('Policy enforcement is depending on the value of '
Aug 31 05:18:53.245335 dv-cinder-852208-14-smb devstack@c-api.service[113409]: INFO cinder.api.openstack.wsgi [None req-58d8c50c-499f-4c23-bceb-8a0c9660de25 tempest-GroupSnapshotsV319Test-1078344138 tempest-GroupSnapshotsV319Test-1078344138-project] http://10.222.0.17/volume/v3/ad9a6ee52ad742e0a0273f24af7eb05b/snapshots/detail returned with HTTP 200
Aug 31 05:18:53.246252 dv-cinder-852208-14-smb devstack@c-api.service[113409]: [pid: 113409|app: 0|req: 28/47] 10.222.0.17 () {58 vars in 1241 bytes} [Wed Aug 31 05:18:53 2022] GET /volume/v3/ad9a6ee52ad742e0a0273f24af7eb05b/snapshots/detail => generated 542 bytes in 33 msecs (HTTP/1.1 200) 7 headers in 285 bytes (2 switches on core 0)
Aug 31 05:18:53.257936 dv-cinder-852208-14-smb devstack@c-api.service[113409]: DEBUG cinder.api.middleware.request_id [None req-3bdec151-c18f-4369-a9f2-8b0f3762c42c None None] RequestId filter calling following filter/app {{(pid=113409) _context_setter /opt/stack/cinder/cinder/api/middleware/request_id.py:62}}
Aug 31 05:18:53.266165 dv-cinder-852208-14-smb devstack@c-api.service[113409]: INFO cinder.api.openstack.wsgi [None req-3bdec151-c18f-4369-a9f2-8b0f3762c42c tempest-GroupSnapshotsV319Test-1078344138 tempest-GroupSnapshotsV319Test-1078344138-project] GET http://10.222.0.17/volume/v3/ad9a6ee52ad742e0a0273f24af7eb05b/snapshots/dc4fc7ee-f365-4a82-ad0c-3367fb4c9e30
Aug 31 05:18:53.271749 dv-cinder-852208-14-smb devstack@c-api.service[113409]: DEBUG cinder.api.openstack.wsgi [None req-3bdec151-c18f-4369-a9f2-8b0f3762c42c tempest-GroupSnapshotsV319Test-1078344138 tempest-GroupSnapshotsV319Test-1078344138-project] Empty body provided in request {{(pid=113409) get_body /opt/stack/cinder/cinder/api/openstack/wsgi.py:715}}
Aug 31 05:18:53.276352 dv-cinder-852208-14-smb devstack@c-api.service[113409]: DEBUG cinder.api.openstack.wsgi [None req-3bdec151-c18f-4369-a9f2-8b0f3762c42c tempest-GroupSnapshotsV319Test-1078344138 tempest-GroupSnapshotsV319Test-1078344138-project] Calling method 'show' {{(pid=113409) _process_stack /opt/stack/cinder/cinder/api/openstack/wsgi.py:868}}
Aug 31 05:18:53.299225 dv-cinder-852208-14-smb devstack@c-api.service[113409]: /usr/local/lib/python3.8/dist-packages/oslo_context/context.py:100: DeprecationWarning: Policy enforcement is depending on the value of is_admin. This key is deprecated. Please update your policy file to use the standard policy values.
Aug 31 05:18:53.299225 dv-cinder-852208-14-smb devstack@c-api.service[113409]: warnings.warn('Policy enforcement is depending on the value of '
Aug 31 05:18:53.300830 dv-cinder-852208-14-smb devstack@c-api.service[113409]: INFO cinder.volume.api [None req-3bdec151-c18f-4369-a9f2-8b0f3762c42c tempest-GroupSnapshotsV319Test-1078344138 tempest-GroupSnapshotsV319Test-1078344138-project] Snapshot retrieved successfully.
Aug 31 05:18:53.303083 dv-cinder-852208-14-smb devstack@c-api.service[113409]: INFO cinder.api.openstack.wsgi [None req-3bdec151-c18f-4369-a9f2-8b0f3762c42c tempest-GroupSnapshotsV319Test-1078344138 tempest-GroupSnapshotsV319Test-1078344138-project] http://10.222.0.17/volume/v3/ad9a6ee52ad742e0a0273f24af7eb05b/snapshots/dc4fc7ee-f365-4a82-ad0c-3367fb4c9e30 returned with HTTP 200
Aug 31 05:18:53.307043 dv-cinder-852208-14-smb devstack@c-api.service[113409]: [pid: 113409|app: 0|req: 29/48] 10.222.0.17 () {58 vars in 1331 bytes} [Wed Aug 31 05:18:53 2022] GET /volume/v3/ad9a6ee52ad742e0a0273f24af7eb05b/snapshots/dc4fc7ee-f365-4a82-ad0c-3367fb4c9e30 => generated 539 bytes in 51 msecs (HTTP/1.1 200) 7 headers in 285 bytes (1 switches on core 0)
Aug 31 05:18:53.307414 dv-cinder-852208-14-smb devstack@c-api.service[113410]: INFO cinder.volume.api [None req-450340aa-1c07-493e-9029-2d11e2989c91 tempest-GroupsV314Test-962158429 tempest-GroupsV314Test-962158429-project] Get all volumes completed successfully.
Aug 31 05:18:53.308946 dv-cinder-852208-14-smb devstack@c-api.service[113410]: WARNING stevedore.named [None req-450340aa-1c07-493e-9029-2d11e2989c91 tempest-GroupsV314Test-962158429 tempest-GroupsV314Test-962158429-project] Could not load cinder.keymgr.conf_key_mgr.ConfKeyManager
Aug 31 05:18:53.309368 dv-cinder-852208-14-smb devstack@c-api.service[113410]: WARNING castellan.key_manager [None req-450340aa-1c07-493e-9029-2d11e2989c91 tempest-GroupsV314Test-962158429 tempest-GroupsV314Test-962158429-project] Deprecation Warning : cinder.keymgr.conf_key_mgr.ConfKeyManager is not a stevedore based driver, trying to load it as a class: stevedore.exception.NoMatches: No 'castellan.drivers' driver found, looking for 'cinder.keymgr.conf_key_mgr.ConfKeyManager'
Aug 31 05:18:53.314794 dv-cinder-852208-14-smb devstack@c-api.service[113409]: DEBUG cinder.api.middleware.request_id [None req-c31f6d72-c5b0-48c9-913f-4a9c17cfc103 None None] RequestId filter calling following filter/app {{(pid=113409) _context_setter /opt/stack/cinder/cinder/api/middleware/request_id.py:62}}
Aug 31 05:18:53.320813 dv-cinder-852208-14-smb devstack@c-api.service[113409]: INFO cinder.api.openstack.wsgi [None req-c31f6d72-c5b0-48c9-913f-4a9c17cfc103 tempest-GroupSnapshotsV319Test-1862831514 tempest-GroupSnapshotsV319Test-1862831514-project-admin] POST http://10.222.0.17/volume/v3/577c2658460f4404b7281581975e7543/group_snapshots/f672471f-aadf-4426-a5f7-22d54ec22ce5/action
Aug 31 05:18:53.322315 dv-cinder-852208-14-smb devstack@c-api.service[113409]: DEBUG cinder.api.openstack.wsgi [None req-c31f6d72-c5b0-48c9-913f-4a9c17cfc103 tempest-GroupSnapshotsV319Test-1862831514 tempest-GroupSnapshotsV319Test-1862831514-project-admin] Action body: b'{"reset_status": {"status": "creating"}}' {{(pid=113409) get_method /opt/stack/cinder/cinder/api/openstack/wsgi.py:983}}
Aug 31 05:18:53.322839 dv-cinder-852208-14-smb devstack@c-api.service[113409]: DEBUG cinder.api.openstack.wsgi [None req-c31f6d72-c5b0-48c9-913f-4a9c17cfc103 tempest-GroupSnapshotsV319Test-1862831514 tempest-GroupSnapshotsV319Test-1862831514-project-admin] Action: 'action', calling method: version_select, body: {"reset_status": {"status": "creating"}} {{(pid=113409) _process_stack /opt/stack/cinder/cinder/api/openstack/wsgi.py:866}}
Aug 31 05:18:53.325158 dv-cinder-852208-14-smb devstack@c-api.service[113409]: DEBUG cinder.api.v3.group_snapshots [None req-c31f6d72-c5b0-48c9-913f-4a9c17cfc103 tempest-GroupSnapshotsV319Test-1862831514 tempest-GroupSnapshotsV319Test-1862831514-project-admin] Updating group 'f672471f-aadf-4426-a5f7-22d54ec22ce5' with 'creating' {{(pid=113409) _reset_status /opt/stack/cinder/cinder/api/v3/group_snapshots.py:194}}
Aug 31 05:18:53.329718 dv-cinder-852208-14-smb devstack@c-api.service[113410]: DEBUG oslo_db.sqlalchemy.engines [None req-450340aa-1c07-493e-9029-2d11e2989c91 tempest-GroupsV314Test-962158429 tempest-GroupsV314Test-962158429-project] MySQL server mode set to STRICT_TRANS_TABLES,STRICT_ALL_TABLES,NO_ZERO_IN_DATE,NO_ZERO_DATE,ERROR_FOR_DIVISION_BY_ZERO,TRADITIONAL,NO_ENGINE_SUBSTITUTION {{(pid=113410) _check_effective_sql_mode /usr/local/lib/python3.8/dist-packages/oslo_db/sqlalchemy/engines.py:314}}
Aug 31 05:18:53.334811 dv-cinder-852208-14-smb devstack@c-api.service[113409]: /usr/local/lib/python3.8/dist-packages/oslo_context/context.py:100: DeprecationWarning: Policy enforcement is depending on the value of is_admin. This key is deprecated. Please update your policy file to use the standard policy values.
Aug 31 05:18:53.334811 dv-cinder-852208-14-smb devstack@c-api.service[113409]: warnings.warn('Policy enforcement is depending on the value of '
Aug 31 05:18:53.336335 dv-cinder-852208-14-smb devstack@c-api.service[113410]: /usr/local/lib/python3.8/dist-packages/oslo_context/context.py:100: DeprecationWarning: Policy enforcement is depending on the value of is_admin. This key is deprecated. Please update your policy file to use the standard policy values.
Aug 31 05:18:53.336335 dv-cinder-852208-14-smb devstack@c-api.service[113410]: warnings.warn('Policy enforcement is depending on the value of '
Aug 31 05:18:53.352041 dv-cinder-852208-14-smb devstack@c-api.service[113410]: WARNING stevedore.named [None req-450340aa-1c07-493e-9029-2d11e2989c91 tempest-GroupsV314Test-962158429 tempest-GroupsV314Test-962158429-project] Could not load cinder.keymgr.conf_key_mgr.ConfKeyManager
Aug 31 05:18:53.352603 dv-cinder-852208-14-smb devstack@c-api.service[113410]: WARNING castellan.key_manager [None req-450340aa-1c07-493e-9029-2d11e2989c91 tempest-GroupsV314Test-962158429 tempest-GroupsV314Test-962158429-project] Deprecation Warning : cinder.keymgr.conf_key_mgr.ConfKeyManager is not a stevedore based driver, trying to load it as a class: stevedore.exception.NoMatches: No 'castellan.drivers' driver found, looking for 'cinder.keymgr.conf_key_mgr.ConfKeyManager'
Aug 31 05:18:53.354505 dv-cinder-852208-14-smb devstack@c-api.service[113409]: INFO cinder.api.openstack.wsgi [None req-c31f6d72-c5b0-48c9-913f-4a9c17cfc103 tempest-GroupSnapshotsV319Test-1862831514 tempest-GroupSnapshotsV319Test-1862831514-project-admin] http://10.222.0.17/volume/v3/577c2658460f4404b7281581975e7543/group_snapshots/f672471f-aadf-4426-a5f7-22d54ec22ce5/action returned with HTTP 202
Aug 31 05:18:53.355619 dv-cinder-852208-14-smb devstack@c-api.service[113409]: [pid: 113409|app: 0|req: 30/49] 10.222.0.17 () {62 vars in 1432 bytes} [Wed Aug 31 05:18:53 2022] POST /volume/v3/577c2658460f4404b7281581975e7543/group_snapshots/f672471f-aadf-4426-a5f7-22d54ec22ce5/action => generated 0 bytes in 42 msecs (HTTP/1.1 202) 6 headers in 234 bytes (1 switches on core 0)
Aug 31 05:18:53.360502 dv-cinder-852208-14-smb devstack@c-api.service[113409]: DEBUG cinder.api.middleware.request_id [None req-75fae93d-43e8-4b77-b1ce-632889d57f13 None None] RequestId filter calling following filter/app {{(pid=113409) _context_setter /opt/stack/cinder/cinder/api/middleware/request_id.py:62}}
Aug 31 05:18:53.364769 dv-cinder-852208-14-smb devstack@c-api.service[113410]: DEBUG oslo_db.sqlalchemy.engines [None req-450340aa-1c07-493e-9029-2d11e2989c91 tempest-GroupsV314Test-962158429 tempest-GroupsV314Test-962158429-project] MySQL server mode set to STRICT_TRANS_TABLES,STRICT_ALL_TABLES,NO_ZERO_IN_DATE,NO_ZERO_DATE,ERROR_FOR_DIVISION_BY_ZERO,TRADITIONAL,NO_ENGINE_SUBSTITUTION {{(pid=113410) _check_effective_sql_mode /usr/local/lib/python3.8/dist-packages/oslo_db/sqlalchemy/engines.py:314}}
Aug 31 05:18:53.366223 dv-cinder-852208-14-smb devstack@c-api.service[113409]: INFO cinder.api.openstack.wsgi [None req-75fae93d-43e8-4b77-b1ce-632889d57f13 tempest-GroupSnapshotsV319Test-1078344138 tempest-GroupSnapshotsV319Test-1078344138-project] GET http://10.222.0.17/volume/v3/ad9a6ee52ad742e0a0273f24af7eb05b/group_snapshots/f672471f-aadf-4426-a5f7-22d54ec22ce5
Aug 31 05:18:53.368209 dv-cinder-852208-14-smb devstack@c-api.service[113409]: DEBUG cinder.api.openstack.wsgi [None req-75fae93d-43e8-4b77-b1ce-632889d57f13 tempest-GroupSnapshotsV319Test-1078344138 tempest-GroupSnapshotsV319Test-1078344138-project] Empty body provided in request {{(pid=113409) get_body /opt/stack/cinder/cinder/api/openstack/wsgi.py:715}}
Aug 31 05:18:53.370051 dv-cinder-852208-14-smb devstack@c-api.service[113409]: DEBUG cinder.api.openstack.wsgi [None req-75fae93d-43e8-4b77-b1ce-632889d57f13 tempest-GroupSnapshotsV319Test-1078344138 tempest-GroupSnapshotsV319Test-1078344138-project] Calling method 'version_select' {{(pid=113409) _process_stack /opt/stack/cinder/cinder/api/openstack/wsgi.py:868}}
Aug 31 05:18:53.372981 dv-cinder-852208-14-smb devstack@c-api.service[113409]: DEBUG cinder.api.v3.group_snapshots [None req-75fae93d-43e8-4b77-b1ce-632889d57f13 tempest-GroupSnapshotsV319Test-1078344138 tempest-GroupSnapshotsV319Test-1078344138-project] show called for member f672471f-aadf-4426-a5f7-22d54ec22ce5 {{(pid=113409) show /opt/stack/cinder/cinder/api/v3/group_snapshots.py:58}}
Aug 31 05:18:53.378765 dv-cinder-852208-14-smb devstack@c-api.service[113410]: /usr/local/lib/python3.8/dist-packages/oslo_context/context.py:100: DeprecationWarning: Policy enforcement is depending on the value of is_admin. This key is deprecated. Please update your policy file to use the standard policy values.
Aug 31 05:18:53.378765 dv-cinder-852208-14-smb devstack@c-api.service[113410]: warnings.warn('Policy enforcement is depending on the value of '
Aug 31 05:18:53.383225 dv-cinder-852208-14-smb devstack@c-api.service[113410]: DEBUG dbcounter [-] [113410] Writing DB stats cinder:SELECT=76,cinder:INSERT=8,cinder:UPDATE=16 {{(pid=113410) stat_writer /usr/local/lib/python3.8/dist-packages/dbcounter.py:114}}
Aug 31 05:18:53.388322 dv-cinder-852208-14-smb devstack@c-api.service[113409]: /usr/local/lib/python3.8/dist-packages/oslo_context/context.py:100: DeprecationWarning: Policy enforcement is depending on the value of is_admin. This key is deprecated. Please update your policy file to use the standard policy values.
Aug 31 05:18:53.388322 dv-cinder-852208-14-smb devstack@c-api.service[113409]: warnings.warn('Policy enforcement is depending on the value of '
Aug 31 05:18:53.406943 dv-cinder-852208-14-smb devstack@c-api.service[113409]: INFO cinder.api.openstack.wsgi [None req-75fae93d-43e8-4b77-b1ce-632889d57f13 tempest-GroupSnapshotsV319Test-1078344138 tempest-GroupSnapshotsV319Test-1078344138-project] http://10.222.0.17/volume/v3/ad9a6ee52ad742e0a0273f24af7eb05b/group_snapshots/f672471f-aadf-4426-a5f7-22d54ec22ce5 returned with HTTP 200
Aug 31 05:18:53.409811 dv-cinder-852208-14-smb devstack@c-api.service[113409]: [pid: 113409|app: 0|req: 31/50] 10.222.0.17 () {60 vars in 1390 bytes} [Wed Aug 31 05:18:53 2022] GET /volume/v3/ad9a6ee52ad742e0a0273f24af7eb05b/group_snapshots/f672471f-aadf-4426-a5f7-22d54ec22ce5 => generated 329 bytes in 50 msecs (HTTP/1.1 200) 7 headers in 286 bytes (2 switches on core 0)
Aug 31 05:18:53.413474 dv-cinder-852208-14-smb devstack@c-api.service[113410]: INFO cinder.api.openstack.wsgi [None req-450340aa-1c07-493e-9029-2d11e2989c91 tempest-GroupsV314Test-962158429 tempest-GroupsV314Test-962158429-project] http://10.222.0.17/volume/v3/a973fd9df19c4761bce300e16bf64ac6/volumes/detail returned with HTTP 200
Aug 31 05:18:53.418508 dv-cinder-852208-14-smb devstack@c-api.service[113410]: [pid: 113410|app: 0|req: 20/51] 10.222.0.17 () {60 vars in 1276 bytes} [Wed Aug 31 05:18:53 2022] GET /volume/v3/a973fd9df19c4761bce300e16bf64ac6/volumes/detail => generated 1973 bytes in 260 msecs (HTTP/1.1 200) 7 headers in 287 bytes (1 switches on core 0)
Aug 31 05:18:53.420861 dv-cinder-852208-14-smb devstack@c-api.service[113409]: DEBUG cinder.api.middleware.request_id [None req-4d943cb5-d441-4611-b8fc-ddbe6289efe7 None None] RequestId filter calling following filter/app {{(pid=113409) _context_setter /opt/stack/cinder/cinder/api/middleware/request_id.py:62}}
Aug 31 05:18:53.434378 dv-cinder-852208-14-smb devstack@c-api.service[113409]: INFO cinder.api.openstack.wsgi [None req-4d943cb5-d441-4611-b8fc-ddbe6289efe7 tempest-GroupSnapshotsV319Test-1862831514 tempest-GroupSnapshotsV319Test-1862831514-project-admin] POST http://10.222.0.17/volume/v3/577c2658460f4404b7281581975e7543/group_snapshots/f672471f-aadf-4426-a5f7-22d54ec22ce5/action
Aug 31 05:18:53.435685 dv-cinder-852208-14-smb devstack@c-api.service[113409]: DEBUG cinder.api.openstack.wsgi [None req-4d943cb5-d441-4611-b8fc-ddbe6289efe7 tempest-GroupSnapshotsV319Test-1862831514 tempest-GroupSnapshotsV319Test-1862831514-project-admin] Action body: b'{"reset_status": {"status": "available"}}' {{(pid=113409) get_method /opt/stack/cinder/cinder/api/openstack/wsgi.py:983}}
Aug 31 05:18:53.436129 dv-cinder-852208-14-smb devstack@c-api.service[113409]: DEBUG cinder.api.openstack.wsgi [None req-4d943cb5-d441-4611-b8fc-ddbe6289efe7 tempest-GroupSnapshotsV319Test-1862831514 tempest-GroupSnapshotsV319Test-1862831514-project-admin] Action: 'action', calling method: reset_status, body: {"reset_status": {"status": "available"}} {{(pid=113409) _process_stack /opt/stack/cinder/cinder/api/openstack/wsgi.py:866}}
Aug 31 05:18:53.437216 dv-cinder-852208-14-smb devstack@c-api.service[113410]: DEBUG cinder.api.middleware.request_id [None req-cafdcd72-d959-4510-bc1f-e52d7cfe2181 None None] RequestId filter calling following filter/app {{(pid=113410) _context_setter /opt/stack/cinder/cinder/api/middleware/request_id.py:62}}
Aug 31 05:18:53.438452 dv-cinder-852208-14-smb devstack@c-api.service[113409]: DEBUG cinder.api.v3.group_snapshots [None req-4d943cb5-d441-4611-b8fc-ddbe6289efe7 tempest-GroupSnapshotsV319Test-1862831514 tempest-GroupSnapshotsV319Test-1862831514-project-admin] Updating group 'f672471f-aadf-4426-a5f7-22d54ec22ce5' with 'available' {{(pid=113409) _reset_status /opt/stack/cinder/cinder/api/v3/group_snapshots.py:194}}
Aug 31 05:18:53.443183 dv-cinder-852208-14-smb devstack@c-api.service[113410]: INFO cinder.api.openstack.wsgi [None req-cafdcd72-d959-4510-bc1f-e52d7cfe2181 tempest-GroupsV314Test-962158429 tempest-GroupsV314Test-962158429-project] POST http://10.222.0.17/volume/v3/a973fd9df19c4761bce300e16bf64ac6/groups/5b259c71-4f09-4ac4-8581-d20f8ba80358/action
Aug 31 05:18:53.444304 dv-cinder-852208-14-smb devstack@c-api.service[113410]: DEBUG cinder.api.openstack.wsgi [None req-cafdcd72-d959-4510-bc1f-e52d7cfe2181 tempest-GroupsV314Test-962158429 tempest-GroupsV314Test-962158429-project] Action body: b'{"delete": {"delete-volumes": true}}' {{(pid=113410) get_method /opt/stack/cinder/cinder/api/openstack/wsgi.py:983}}
Aug 31 05:18:53.444976 dv-cinder-852208-14-smb devstack@c-api.service[113410]: DEBUG cinder.api.openstack.wsgi [None req-cafdcd72-d959-4510-bc1f-e52d7cfe2181 tempest-GroupsV314Test-962158429 tempest-GroupsV314Test-962158429-project] Action: 'action', calling method: version_select, body: {"delete": {"delete-volumes": true}} {{(pid=113410) _process_stack /opt/stack/cinder/cinder/api/openstack/wsgi.py:866}}
Aug 31 05:18:53.445489 dv-cinder-852208-14-smb devstack@c-api.service[113409]: /usr/local/lib/python3.8/dist-packages/oslo_context/context.py:100: DeprecationWarning: Policy enforcement is depending on the value of is_admin. This key is deprecated. Please update your policy file to use the standard policy values.
Aug 31 05:18:53.445489 dv-cinder-852208-14-smb devstack@c-api.service[113409]: warnings.warn('Policy enforcement is depending on the value of '
Aug 31 05:18:53.451805 dv-cinder-852208-14-smb devstack@c-api.service[113410]: DEBUG cinder.api.v3.groups [None req-cafdcd72-d959-4510-bc1f-e52d7cfe2181 tempest-GroupsV314Test-962158429 tempest-GroupsV314Test-962158429-project] delete called for group 5b259c71-4f09-4ac4-8581-d20f8ba80358 {{(pid=113410) _delete /opt/stack/cinder/cinder/api/v3/groups.py:117}}
Aug 31 05:18:53.452364 dv-cinder-852208-14-smb devstack@c-api.service[113410]: INFO cinder.api.v3.groups [None req-cafdcd72-d959-4510-bc1f-e52d7cfe2181 tempest-GroupsV314Test-962158429 tempest-GroupsV314Test-962158429-project] Delete group with id: 5b259c71-4f09-4ac4-8581-d20f8ba80358
Aug 31 05:18:53.465375 dv-cinder-852208-14-smb devstack@c-api.service[113409]: INFO cinder.api.openstack.wsgi [None req-4d943cb5-d441-4611-b8fc-ddbe6289efe7 tempest-GroupSnapshotsV319Test-1862831514 tempest-GroupSnapshotsV319Test-1862831514-project-admin] http://10.222.0.17/volume/v3/577c2658460f4404b7281581975e7543/group_snapshots/f672471f-aadf-4426-a5f7-22d54ec22ce5/action returned with HTTP 202
Aug 31 05:18:53.467047 dv-cinder-852208-14-smb devstack@c-api.service[113409]: [pid: 113409|app: 0|req: 32/52] 10.222.0.17 () {62 vars in 1432 bytes} [Wed Aug 31 05:18:53 2022] POST /volume/v3/577c2658460f4404b7281581975e7543/group_snapshots/f672471f-aadf-4426-a5f7-22d54ec22ce5/action => generated 0 bytes in 48 msecs (HTTP/1.1 202) 6 headers in 234 bytes (2 switches on core 0)
Aug 31 05:18:53.468526 dv-cinder-852208-14-smb devstack@c-api.service[113410]: /usr/local/lib/python3.8/dist-packages/oslo_context/context.py:100: DeprecationWarning: Policy enforcement is depending on the value of is_admin. This key is deprecated. Please update your policy file to use the standard policy values.
Aug 31 05:18:53.468526 dv-cinder-852208-14-smb devstack@c-api.service[113410]: warnings.warn('Policy enforcement is depending on the value of '
Aug 31 05:18:53.475371 dv-cinder-852208-14-smb devstack@c-api.service[113409]: DEBUG cinder.api.middleware.request_id [req-3a89bcaa-af62-4b3d-84bf-c7552f1cb41f req-b2226cd0-b4f6-4086-8025-c134f0ca281c None None] RequestId filter calling following filter/app {{(pid=113409) _context_setter /opt/stack/cinder/cinder/api/middleware/request_id.py:62}}
Aug 31 05:18:53.488302 dv-cinder-852208-14-smb devstack@c-api.service[113409]: INFO cinder.api.openstack.wsgi [req-3a89bcaa-af62-4b3d-84bf-c7552f1cb41f req-b2226cd0-b4f6-4086-8025-c134f0ca281c tempest-VolumesSnapshotsTestJSON-452649105 tempest-VolumesSnapshotsTestJSON-452649105-project] GET http://10.222.0.17/volume/v3/93b12b25252542f4bbd58d6b048fade8/volumes/740514e2-a3db-4356-ada7-0159d1050e35
Aug 31 05:18:53.489064 dv-cinder-852208-14-smb devstack@c-api.service[113409]: DEBUG cinder.api.openstack.wsgi [req-3a89bcaa-af62-4b3d-84bf-c7552f1cb41f req-b2226cd0-b4f6-4086-8025-c134f0ca281c tempest-VolumesSnapshotsTestJSON-452649105 tempest-VolumesSnapshotsTestJSON-452649105-project] Empty body provided in request {{(pid=113409) get_body /opt/stack/cinder/cinder/api/openstack/wsgi.py:715}}
Aug 31 05:18:53.491469 dv-cinder-852208-14-smb devstack@c-api.service[113409]: DEBUG cinder.api.openstack.wsgi [req-3a89bcaa-af62-4b3d-84bf-c7552f1cb41f req-b2226cd0-b4f6-4086-8025-c134f0ca281c tempest-VolumesSnapshotsTestJSON-452649105 tempest-VolumesSnapshotsTestJSON-452649105-project] Calling method 'show' {{(pid=113409) _process_stack /opt/stack/cinder/cinder/api/openstack/wsgi.py:868}}
Aug 31 05:18:53.521809 dv-cinder-852208-14-smb devstack@c-api.service[113409]: INFO cinder.api.openstack.wsgi [req-3a89bcaa-af62-4b3d-84bf-c7552f1cb41f req-b2226cd0-b4f6-4086-8025-c134f0ca281c tempest-VolumesSnapshotsTestJSON-452649105 tempest-VolumesSnapshotsTestJSON-452649105-project] http://10.222.0.17/volume/v3/93b12b25252542f4bbd58d6b048fade8/volumes/740514e2-a3db-4356-ada7-0159d1050e35 returned with HTTP 404
Aug 31 05:18:53.525841 dv-cinder-852208-14-smb devstack@c-api.service[113409]: [pid: 113409|app: 0|req: 33/53] 10.222.0.17 () {60 vars in 1578 bytes} [Wed Aug 31 05:18:53 2022] GET /volume/v3/93b12b25252542f4bbd58d6b048fade8/volumes/740514e2-a3db-4356-ada7-0159d1050e35 => generated 109 bytes in 58 msecs (HTTP/1.1 404) 7 headers in 292 bytes (1 switches on core 0)
Aug 31 05:18:53.539549 dv-cinder-852208-14-smb devstack@c-api.service[113409]: DEBUG cinder.api.middleware.request_id [None req-944792b0-1de3-4308-8a9c-fa9ec411baef None None] RequestId filter calling following filter/app {{(pid=113409) _context_setter /opt/stack/cinder/cinder/api/middleware/request_id.py:62}}
Aug 31 05:18:53.546706 dv-cinder-852208-14-smb devstack@c-api.service[113409]: INFO cinder.api.openstack.wsgi [None req-944792b0-1de3-4308-8a9c-fa9ec411baef tempest-GroupSnapshotsV319Test-1078344138 tempest-GroupSnapshotsV319Test-1078344138-project] GET http://10.222.0.17/volume/v3/ad9a6ee52ad742e0a0273f24af7eb05b/group_snapshots/f672471f-aadf-4426-a5f7-22d54ec22ce5
Aug 31 05:18:53.553461 dv-cinder-852208-14-smb devstack@c-api.service[113409]: DEBUG cinder.api.openstack.wsgi [None req-944792b0-1de3-4308-8a9c-fa9ec411baef tempest-GroupSnapshotsV319Test-1078344138 tempest-GroupSnapshotsV319Test-1078344138-project] Empty body provided in request {{(pid=113409) get_body /opt/stack/cinder/cinder/api/openstack/wsgi.py:715}}
Aug 31 05:18:53.554748 dv-cinder-852208-14-smb devstack@c-api.service[113409]: DEBUG cinder.api.openstack.wsgi [None req-944792b0-1de3-4308-8a9c-fa9ec411baef tempest-GroupSnapshotsV319Test-1078344138 tempest-GroupSnapshotsV319Test-1078344138-project] Calling method 'version_select' {{(pid=113409) _process_stack /opt/stack/cinder/cinder/api/openstack/wsgi.py:868}}
Aug 31 05:18:53.555494 dv-cinder-852208-14-smb devstack@c-api.service[113409]: DEBUG cinder.api.v3.group_snapshots [None req-944792b0-1de3-4308-8a9c-fa9ec411baef tempest-GroupSnapshotsV319Test-1078344138 tempest-GroupSnapshotsV319Test-1078344138-project] show called for member f672471f-aadf-4426-a5f7-22d54ec22ce5 {{(pid=113409) show /opt/stack/cinder/cinder/api/v3/group_snapshots.py:58}}
Aug 31 05:18:53.562438 dv-cinder-852208-14-smb devstack@c-api.service[113409]: /usr/local/lib/python3.8/dist-packages/oslo_context/context.py:100: DeprecationWarning: Policy enforcement is depending on the value of is_admin. This key is deprecated. Please update your policy file to use the standard policy values.
Aug 31 05:18:53.562438 dv-cinder-852208-14-smb devstack@c-api.service[113409]: warnings.warn('Policy enforcement is depending on the value of '
Aug 31 05:18:53.567928 dv-cinder-852208-14-smb devstack@c-api.service[113409]: DEBUG dbcounter [-] [113409] Writing DB stats cinder:INSERT=8,cinder:SELECT=77,cinder:UPDATE=15 {{(pid=113409) stat_writer /usr/local/lib/python3.8/dist-packages/dbcounter.py:114}}
Aug 31 05:18:53.572248 dv-cinder-852208-14-smb devstack@c-api.service[113409]: INFO cinder.api.openstack.wsgi [None req-944792b0-1de3-4308-8a9c-fa9ec411baef tempest-GroupSnapshotsV319Test-1078344138 tempest-GroupSnapshotsV319Test-1078344138-project] http://10.222.0.17/volume/v3/ad9a6ee52ad742e0a0273f24af7eb05b/group_snapshots/f672471f-aadf-4426-a5f7-22d54ec22ce5 returned with HTTP 200
Aug 31 05:18:53.579181 dv-cinder-852208-14-smb devstack@c-api.service[113409]: [pid: 113409|app: 0|req: 34/54] 10.222.0.17 () {60 vars in 1390 bytes} [Wed Aug 31 05:18:53 2022] GET /volume/v3/ad9a6ee52ad742e0a0273f24af7eb05b/group_snapshots/f672471f-aadf-4426-a5f7-22d54ec22ce5 => generated 330 bytes in 52 msecs (HTTP/1.1 200) 7 headers in 286 bytes (1 switches on core 0)
Aug 31 05:18:53.583207 dv-cinder-852208-14-smb devstack@c-api.service[113409]: DEBUG cinder.api.middleware.request_id [req-28548de7-373f-4295-9181-0afb1e7253f0 req-52699448-5d22-4529-903c-dfd0cdf3d3aa None None] RequestId filter calling following filter/app {{(pid=113409) _context_setter /opt/stack/cinder/cinder/api/middleware/request_id.py:62}}
Aug 31 05:18:53.588398 dv-cinder-852208-14-smb devstack@c-api.service[113409]: INFO cinder.api.openstack.wsgi [req-28548de7-373f-4295-9181-0afb1e7253f0 req-52699448-5d22-4529-903c-dfd0cdf3d3aa tempest-VolumesSnapshotsTestJSON-452649105 tempest-VolumesSnapshotsTestJSON-452649105-project] DELETE http://10.222.0.17/volume/v3/93b12b25252542f4bbd58d6b048fade8/volumes/740514e2-a3db-4356-ada7-0159d1050e35
Aug 31 05:18:53.589039 dv-cinder-852208-14-smb devstack@c-api.service[113409]: DEBUG cinder.api.openstack.wsgi [req-28548de7-373f-4295-9181-0afb1e7253f0 req-52699448-5d22-4529-903c-dfd0cdf3d3aa tempest-VolumesSnapshotsTestJSON-452649105 tempest-VolumesSnapshotsTestJSON-452649105-project] Empty body provided in request {{(pid=113409) get_body /opt/stack/cinder/cinder/api/openstack/wsgi.py:715}}
Aug 31 05:18:53.589677 dv-cinder-852208-14-smb devstack@c-api.service[113409]: DEBUG cinder.api.openstack.wsgi [req-28548de7-373f-4295-9181-0afb1e7253f0 req-52699448-5d22-4529-903c-dfd0cdf3d3aa tempest-VolumesSnapshotsTestJSON-452649105 tempest-VolumesSnapshotsTestJSON-452649105-project] Calling method 'delete' {{(pid=113409) _process_stack /opt/stack/cinder/cinder/api/openstack/wsgi.py:868}}
Aug 31 05:18:53.590260 dv-cinder-852208-14-smb devstack@c-api.service[113409]: INFO cinder.api.v3.volumes [req-28548de7-373f-4295-9181-0afb1e7253f0 req-52699448-5d22-4529-903c-dfd0cdf3d3aa tempest-VolumesSnapshotsTestJSON-452649105 tempest-VolumesSnapshotsTestJSON-452649105-project] Delete volume with id: 740514e2-a3db-4356-ada7-0159d1050e35
Aug 31 05:18:53.605448 dv-cinder-852208-14-smb devstack@c-api.service[113409]: INFO cinder.api.openstack.wsgi [req-28548de7-373f-4295-9181-0afb1e7253f0 req-52699448-5d22-4529-903c-dfd0cdf3d3aa tempest-VolumesSnapshotsTestJSON-452649105 tempest-VolumesSnapshotsTestJSON-452649105-project] http://10.222.0.17/volume/v3/93b12b25252542f4bbd58d6b048fade8/volumes/740514e2-a3db-4356-ada7-0159d1050e35 returned with HTTP 404
Aug 31 05:18:53.606733 dv-cinder-852208-14-smb devstack@c-api.service[113409]: [pid: 113409|app: 0|req: 35/55] 10.222.0.17 () {62 vars in 1600 bytes} [Wed Aug 31 05:18:53 2022] DELETE /volume/v3/93b12b25252542f4bbd58d6b048fade8/volumes/740514e2-a3db-4356-ada7-0159d1050e35 => generated 109 bytes in 25 msecs (HTTP/1.1 404) 7 headers in 292 bytes (1 switches on core 0)
Aug 31 05:18:53.608405 dv-cinder-852208-14-smb devstack@c-api.service[113409]: DEBUG cinder.api.middleware.request_id [None req-eda6e50e-aed3-4551-ba53-48148caaf406 None None] RequestId filter calling following filter/app {{(pid=113409) _context_setter /opt/stack/cinder/cinder/api/middleware/request_id.py:62}}
Aug 31 05:18:53.622632 dv-cinder-852208-14-smb devstack@c-api.service[113409]: INFO cinder.api.openstack.wsgi [None req-eda6e50e-aed3-4551-ba53-48148caaf406 tempest-GroupSnapshotsV319Test-1862831514 tempest-GroupSnapshotsV319Test-1862831514-project-admin] POST http://10.222.0.17/volume/v3/577c2658460f4404b7281581975e7543/group_snapshots/f672471f-aadf-4426-a5f7-22d54ec22ce5/action
Aug 31 05:18:53.623812 dv-cinder-852208-14-smb devstack@c-api.service[113409]: DEBUG cinder.api.openstack.wsgi [None req-eda6e50e-aed3-4551-ba53-48148caaf406 tempest-GroupSnapshotsV319Test-1862831514 tempest-GroupSnapshotsV319Test-1862831514-project-admin] Action body: b'{"reset_status": {"status": "error"}}' {{(pid=113409) get_method /opt/stack/cinder/cinder/api/openstack/wsgi.py:983}}
Aug 31 05:18:53.624342 dv-cinder-852208-14-smb devstack@c-api.service[113409]: DEBUG cinder.api.openstack.wsgi [None req-eda6e50e-aed3-4551-ba53-48148caaf406 tempest-GroupSnapshotsV319Test-1862831514 tempest-GroupSnapshotsV319Test-1862831514-project-admin] Action: 'action', calling method: reset_status, body: {"reset_status": {"status": "error"}} {{(pid=113409) _process_stack /opt/stack/cinder/cinder/api/openstack/wsgi.py:866}}
Aug 31 05:18:53.626657 dv-cinder-852208-14-smb devstack@c-api.service[113409]: DEBUG cinder.api.v3.group_snapshots [None req-eda6e50e-aed3-4551-ba53-48148caaf406 tempest-GroupSnapshotsV319Test-1862831514 tempest-GroupSnapshotsV319Test-1862831514-project-admin] Updating group 'f672471f-aadf-4426-a5f7-22d54ec22ce5' with 'error' {{(pid=113409) _reset_status /opt/stack/cinder/cinder/api/v3/group_snapshots.py:194}}
Aug 31 05:18:53.633615 dv-cinder-852208-14-smb devstack@c-api.service[113409]: /usr/local/lib/python3.8/dist-packages/oslo_context/context.py:100: DeprecationWarning: Policy enforcement is depending on the value of is_admin. This key is deprecated. Please update your policy file to use the standard policy values.
Aug 31 05:18:53.633615 dv-cinder-852208-14-smb devstack@c-api.service[113409]: warnings.warn('Policy enforcement is depending on the value of '
Aug 31 05:18:53.650731 dv-cinder-852208-14-smb devstack@c-api.service[113409]: INFO cinder.api.openstack.wsgi [None req-eda6e50e-aed3-4551-ba53-48148caaf406 tempest-GroupSnapshotsV319Test-1862831514 tempest-GroupSnapshotsV319Test-1862831514-project-admin] http://10.222.0.17/volume/v3/577c2658460f4404b7281581975e7543/group_snapshots/f672471f-aadf-4426-a5f7-22d54ec22ce5/action returned with HTTP 202
Aug 31 05:18:53.654843 dv-cinder-852208-14-smb devstack@c-api.service[113409]: [pid: 113409|app: 0|req: 36/56] 10.222.0.17 () {62 vars in 1432 bytes} [Wed Aug 31 05:18:53 2022] POST /volume/v3/577c2658460f4404b7281581975e7543/group_snapshots/f672471f-aadf-4426-a5f7-22d54ec22ce5/action => generated 0 bytes in 44 msecs (HTTP/1.1 202) 6 headers in 234 bytes (1 switches on core 0)
Aug 31 05:18:53.657418 dv-cinder-852208-14-smb devstack@c-api.service[113409]: DEBUG cinder.api.middleware.request_id [req-819af3ab-0314-4767-a559-3ece5671fda6 req-71051d73-a269-491c-abd5-a29d06fad24a None None] RequestId filter calling following filter/app {{(pid=113409) _context_setter /opt/stack/cinder/cinder/api/middleware/request_id.py:62}}
Aug 31 05:18:53.670569 dv-cinder-852208-14-smb devstack@c-api.service[113409]: INFO cinder.api.openstack.wsgi [req-819af3ab-0314-4767-a559-3ece5671fda6 req-71051d73-a269-491c-abd5-a29d06fad24a tempest-VolumesSnapshotsTestJSON-452649105 tempest-VolumesSnapshotsTestJSON-452649105-project] GET http://10.222.0.17/volume/v3/93b12b25252542f4bbd58d6b048fade8/volumes/740514e2-a3db-4356-ada7-0159d1050e35
Aug 31 05:18:53.671278 dv-cinder-852208-14-smb devstack@c-api.service[113409]: DEBUG cinder.api.openstack.wsgi [req-819af3ab-0314-4767-a559-3ece5671fda6 req-71051d73-a269-491c-abd5-a29d06fad24a tempest-VolumesSnapshotsTestJSON-452649105 tempest-VolumesSnapshotsTestJSON-452649105-project] Empty body provided in request {{(pid=113409) get_body /opt/stack/cinder/cinder/api/openstack/wsgi.py:715}}
Aug 31 05:18:53.671759 dv-cinder-852208-14-smb devstack@c-api.service[113410]: INFO cinder.api.openstack.wsgi [None req-cafdcd72-d959-4510-bc1f-e52d7cfe2181 tempest-GroupsV314Test-962158429 tempest-GroupsV314Test-962158429-project] http://10.222.0.17/volume/v3/a973fd9df19c4761bce300e16bf64ac6/groups/5b259c71-4f09-4ac4-8581-d20f8ba80358/action returned with HTTP 202
Aug 31 05:18:53.672580 dv-cinder-852208-14-smb devstack@c-api.service[113409]: DEBUG cinder.api.openstack.wsgi [req-819af3ab-0314-4767-a559-3ece5671fda6 req-71051d73-a269-491c-abd5-a29d06fad24a tempest-VolumesSnapshotsTestJSON-452649105 tempest-VolumesSnapshotsTestJSON-452649105-project] Calling method 'show' {{(pid=113409) _process_stack /opt/stack/cinder/cinder/api/openstack/wsgi.py:868}}
Aug 31 05:18:53.675034 dv-cinder-852208-14-smb devstack@c-api.service[113410]: [pid: 113410|app: 0|req: 21/57] 10.222.0.17 () {62 vars in 1405 bytes} [Wed Aug 31 05:18:53 2022] POST /volume/v3/a973fd9df19c4761bce300e16bf64ac6/groups/5b259c71-4f09-4ac4-8581-d20f8ba80358/action => generated 0 bytes in 239 msecs (HTTP/1.1 202) 6 headers in 234 bytes (1 switches on core 0)
Aug 31 05:18:53.676445 dv-cinder-852208-14-smb devstack@c-api.service[113410]: DEBUG cinder.api.middleware.request_id [None req-b868fe34-dad4-4df5-9c4a-aa3844a9c086 None None] RequestId filter calling following filter/app {{(pid=113410) _context_setter /opt/stack/cinder/cinder/api/middleware/request_id.py:62}}
Aug 31 05:18:53.686926 dv-cinder-852208-14-smb devstack@c-api.service[113410]: INFO cinder.api.openstack.wsgi [None req-b868fe34-dad4-4df5-9c4a-aa3844a9c086 tempest-GroupSnapshotsV319Test-1078344138 tempest-GroupSnapshotsV319Test-1078344138-project] GET http://10.222.0.17/volume/v3/ad9a6ee52ad742e0a0273f24af7eb05b/group_snapshots/f672471f-aadf-4426-a5f7-22d54ec22ce5
Aug 31 05:18:53.687549 dv-cinder-852208-14-smb devstack@c-api.service[113409]: INFO cinder.api.openstack.wsgi [req-819af3ab-0314-4767-a559-3ece5671fda6 req-71051d73-a269-491c-abd5-a29d06fad24a tempest-VolumesSnapshotsTestJSON-452649105 tempest-VolumesSnapshotsTestJSON-452649105-project] http://10.222.0.17/volume/v3/93b12b25252542f4bbd58d6b048fade8/volumes/740514e2-a3db-4356-ada7-0159d1050e35 returned with HTTP 404
Aug 31 05:18:53.688979 dv-cinder-852208-14-smb devstack@c-api.service[113409]: [pid: 113409|app: 0|req: 37/58] 10.222.0.17 () {60 vars in 1578 bytes} [Wed Aug 31 05:18:53 2022] GET /volume/v3/93b12b25252542f4bbd58d6b048fade8/volumes/740514e2-a3db-4356-ada7-0159d1050e35 => generated 109 bytes in 32 msecs (HTTP/1.1 404) 7 headers in 292 bytes (1 switches on core 0)
Aug 31 05:18:53.689645 dv-cinder-852208-14-smb devstack@c-api.service[113410]: DEBUG cinder.api.openstack.wsgi [None req-b868fe34-dad4-4df5-9c4a-aa3844a9c086 tempest-GroupSnapshotsV319Test-1078344138 tempest-GroupSnapshotsV319Test-1078344138-project] Empty body provided in request {{(pid=113410) get_body /opt/stack/cinder/cinder/api/openstack/wsgi.py:715}}
Aug 31 05:18:53.690136 dv-cinder-852208-14-smb devstack@c-api.service[113410]: DEBUG cinder.api.openstack.wsgi [None req-b868fe34-dad4-4df5-9c4a-aa3844a9c086 tempest-GroupSnapshotsV319Test-1078344138 tempest-GroupSnapshotsV319Test-1078344138-project] Calling method 'version_select' {{(pid=113410) _process_stack /opt/stack/cinder/cinder/api/openstack/wsgi.py:868}}
Aug 31 05:18:53.690641 dv-cinder-852208-14-smb devstack@c-api.service[113409]: DEBUG cinder.api.middleware.request_id [None req-326e963b-bb31-443b-8390-30cebdf323eb None None] RequestId filter calling following filter/app {{(pid=113409) _context_setter /opt/stack/cinder/cinder/api/middleware/request_id.py:62}}
Aug 31 05:18:53.691816 dv-cinder-852208-14-smb devstack@c-api.service[113410]: DEBUG cinder.api.v3.group_snapshots [None req-b868fe34-dad4-4df5-9c4a-aa3844a9c086 tempest-GroupSnapshotsV319Test-1078344138 tempest-GroupSnapshotsV319Test-1078344138-project] show called for member f672471f-aadf-4426-a5f7-22d54ec22ce5 {{(pid=113410) show /opt/stack/cinder/cinder/api/v3/group_snapshots.py:58}}
Aug 31 05:18:53.697536 dv-cinder-852208-14-smb devstack@c-api.service[113409]: INFO cinder.api.openstack.wsgi [None req-326e963b-bb31-443b-8390-30cebdf323eb tempest-GroupsV314Test-962158429 tempest-GroupsV314Test-962158429-project] GET http://10.222.0.17/volume/v3/a973fd9df19c4761bce300e16bf64ac6/volumes/efbc5d9d-140d-4725-b13d-c144e449fd8c
Aug 31 05:18:53.697536 dv-cinder-852208-14-smb devstack@c-api.service[113409]: DEBUG cinder.api.openstack.wsgi [None req-326e963b-bb31-443b-8390-30cebdf323eb tempest-GroupsV314Test-962158429 tempest-GroupsV314Test-962158429-project] Empty body provided in request {{(pid=113409) get_body /opt/stack/cinder/cinder/api/openstack/wsgi.py:715}}
Aug 31 05:18:53.699104 dv-cinder-852208-14-smb devstack@c-api.service[113409]: DEBUG cinder.api.openstack.wsgi [None req-326e963b-bb31-443b-8390-30cebdf323eb tempest-GroupsV314Test-962158429 tempest-GroupsV314Test-962158429-project] Calling method 'show' {{(pid=113409) _process_stack /opt/stack/cinder/cinder/api/openstack/wsgi.py:868}}
Aug 31 05:18:53.712315 dv-cinder-852208-14-smb devstack@c-api.service[113410]: /usr/local/lib/python3.8/dist-packages/oslo_context/context.py:100: DeprecationWarning: Policy enforcement is depending on the value of is_admin. This key is deprecated. Please update your policy file to use the standard policy values.
Aug 31 05:18:53.712315 dv-cinder-852208-14-smb devstack@c-api.service[113410]: warnings.warn('Policy enforcement is depending on the value of '
Aug 31 05:18:53.721661 dv-cinder-852208-14-smb devstack@c-api.service[113410]: INFO cinder.api.openstack.wsgi [None req-b868fe34-dad4-4df5-9c4a-aa3844a9c086 tempest-GroupSnapshotsV319Test-1078344138 tempest-GroupSnapshotsV319Test-1078344138-project] http://10.222.0.17/volume/v3/ad9a6ee52ad742e0a0273f24af7eb05b/group_snapshots/f672471f-aadf-4426-a5f7-22d54ec22ce5 returned with HTTP 200
Aug 31 05:18:53.723796 dv-cinder-852208-14-smb devstack@c-api.service[113410]: [pid: 113410|app: 0|req: 22/59] 10.222.0.17 () {60 vars in 1390 bytes} [Wed Aug 31 05:18:53 2022] GET /volume/v3/ad9a6ee52ad742e0a0273f24af7eb05b/group_snapshots/f672471f-aadf-4426-a5f7-22d54ec22ce5 => generated 326 bytes in 48 msecs (HTTP/1.1 200) 7 headers in 286 bytes (1 switches on core 0)
Aug 31 05:18:53.732127 dv-cinder-852208-14-smb devstack@c-api.service[113410]: DEBUG cinder.api.middleware.request_id [None req-67cf2485-e99d-4d7f-957d-3bd731973579 None None] RequestId filter calling following filter/app {{(pid=113410) _context_setter /opt/stack/cinder/cinder/api/middleware/request_id.py:62}}
Aug 31 05:18:53.739191 dv-cinder-852208-14-smb devstack@c-api.service[113410]: INFO cinder.api.openstack.wsgi [None req-67cf2485-e99d-4d7f-957d-3bd731973579 tempest-GroupSnapshotsV319Test-1862831514 tempest-GroupSnapshotsV319Test-1862831514-project-admin] POST http://10.222.0.17/volume/v3/577c2658460f4404b7281581975e7543/group_snapshots/f672471f-aadf-4426-a5f7-22d54ec22ce5/action
Aug 31 05:18:53.740593 dv-cinder-852208-14-smb devstack@c-api.service[113409]: /usr/local/lib/python3.8/dist-packages/oslo_context/context.py:100: DeprecationWarning: Policy enforcement is depending on the value of is_admin. This key is deprecated. Please update your policy file to use the standard policy values.
Aug 31 05:18:53.740593 dv-cinder-852208-14-smb devstack@c-api.service[113409]: warnings.warn('Policy enforcement is depending on the value of '
Aug 31 05:18:53.741056 dv-cinder-852208-14-smb devstack@c-api.service[113410]: DEBUG cinder.api.openstack.wsgi [None req-67cf2485-e99d-4d7f-957d-3bd731973579 tempest-GroupSnapshotsV319Test-1862831514 tempest-GroupSnapshotsV319Test-1862831514-project-admin] Action body: b'{"reset_status": {"status": "available"}}' {{(pid=113410) get_method /opt/stack/cinder/cinder/api/openstack/wsgi.py:983}}
Aug 31 05:18:53.741532 dv-cinder-852208-14-smb devstack@c-api.service[113410]: DEBUG cinder.api.openstack.wsgi [None req-67cf2485-e99d-4d7f-957d-3bd731973579 tempest-GroupSnapshotsV319Test-1862831514 tempest-GroupSnapshotsV319Test-1862831514-project-admin] Action: 'action', calling method: version_select, body: {"reset_status": {"status": "available"}} {{(pid=113410) _process_stack /opt/stack/cinder/cinder/api/openstack/wsgi.py:866}}
Aug 31 05:18:53.745427 dv-cinder-852208-14-smb devstack@c-api.service[113410]: DEBUG cinder.api.v3.group_snapshots [None req-67cf2485-e99d-4d7f-957d-3bd731973579 tempest-GroupSnapshotsV319Test-1862831514 tempest-GroupSnapshotsV319Test-1862831514-project-admin] Updating group 'f672471f-aadf-4426-a5f7-22d54ec22ce5' with 'available' {{(pid=113410) _reset_status /opt/stack/cinder/cinder/api/v3/group_snapshots.py:194}}
Aug 31 05:18:53.749200 dv-cinder-852208-14-smb devstack@c-api.service[113409]: INFO cinder.volume.api [None req-326e963b-bb31-443b-8390-30cebdf323eb tempest-GroupsV314Test-962158429 tempest-GroupsV314Test-962158429-project] Volume info retrieved successfully.
Aug 31 05:18:53.750839 dv-cinder-852208-14-smb devstack@c-api.service[113409]: WARNING stevedore.named [None req-326e963b-bb31-443b-8390-30cebdf323eb tempest-GroupsV314Test-962158429 tempest-GroupsV314Test-962158429-project] Could not load cinder.keymgr.conf_key_mgr.ConfKeyManager
Aug 31 05:18:53.751487 dv-cinder-852208-14-smb devstack@c-api.service[113409]: WARNING castellan.key_manager [None req-326e963b-bb31-443b-8390-30cebdf323eb tempest-GroupsV314Test-962158429 tempest-GroupsV314Test-962158429-project] Deprecation Warning : cinder.keymgr.conf_key_mgr.ConfKeyManager is not a stevedore based driver, trying to load it as a class: stevedore.exception.NoMatches: No 'castellan.drivers' driver found, looking for 'cinder.keymgr.conf_key_mgr.ConfKeyManager'
Aug 31 05:18:53.760319 dv-cinder-852208-14-smb devstack@c-api.service[113409]: DEBUG oslo_db.sqlalchemy.engines [None req-326e963b-bb31-443b-8390-30cebdf323eb tempest-GroupsV314Test-962158429 tempest-GroupsV314Test-962158429-project] MySQL server mode set to STRICT_TRANS_TABLES,STRICT_ALL_TABLES,NO_ZERO_IN_DATE,NO_ZERO_DATE,ERROR_FOR_DIVISION_BY_ZERO,TRADITIONAL,NO_ENGINE_SUBSTITUTION {{(pid=113409) _check_effective_sql_mode /usr/local/lib/python3.8/dist-packages/oslo_db/sqlalchemy/engines.py:314}}
Aug 31 05:18:53.766032 dv-cinder-852208-14-smb devstack@c-api.service[113410]: /usr/local/lib/python3.8/dist-packages/oslo_context/context.py:100: DeprecationWarning: Policy enforcement is depending on the value of is_admin. This key is deprecated. Please update your policy file to use the standard policy values.
Aug 31 05:18:53.766032 dv-cinder-852208-14-smb devstack@c-api.service[113410]: warnings.warn('Policy enforcement is depending on the value of '
Aug 31 05:18:53.779118 dv-cinder-852208-14-smb devstack@c-api.service[113409]: /usr/local/lib/python3.8/dist-packages/oslo_context/context.py:100: DeprecationWarning: Policy enforcement is depending on the value of is_admin. This key is deprecated. Please update your policy file to use the standard policy values.
Aug 31 05:18:53.779118 dv-cinder-852208-14-smb devstack@c-api.service[113409]: warnings.warn('Policy enforcement is depending on the value of '
Aug 31 05:18:53.812130 dv-cinder-852208-14-smb devstack@c-api.service[113410]: INFO cinder.api.openstack.wsgi [None req-67cf2485-e99d-4d7f-957d-3bd731973579 tempest-GroupSnapshotsV319Test-1862831514 tempest-GroupSnapshotsV319Test-1862831514-project-admin] http://10.222.0.17/volume/v3/577c2658460f4404b7281581975e7543/group_snapshots/f672471f-aadf-4426-a5f7-22d54ec22ce5/action returned with HTTP 202
Aug 31 05:18:53.814495 dv-cinder-852208-14-smb devstack@c-api.service[113410]: [pid: 113410|app: 0|req: 23/60] 10.222.0.17 () {62 vars in 1432 bytes} [Wed Aug 31 05:18:53 2022] POST /volume/v3/577c2658460f4404b7281581975e7543/group_snapshots/f672471f-aadf-4426-a5f7-22d54ec22ce5/action => generated 0 bytes in 83 msecs (HTTP/1.1 202) 6 headers in 234 bytes (2 switches on core 0)
Aug 31 05:18:53.818090 dv-cinder-852208-14-smb devstack@c-api.service[113409]: INFO cinder.api.openstack.wsgi [None req-326e963b-bb31-443b-8390-30cebdf323eb tempest-GroupsV314Test-962158429 tempest-GroupsV314Test-962158429-project] http://10.222.0.17/volume/v3/a973fd9df19c4761bce300e16bf64ac6/volumes/efbc5d9d-140d-4725-b13d-c144e449fd8c returned with HTTP 200
Aug 31 05:18:53.830940 dv-cinder-852208-14-smb devstack@c-api.service[113409]: [pid: 113409|app: 0|req: 38/61] 10.222.0.17 () {60 vars in 1366 bytes} [Wed Aug 31 05:18:53 2022] GET /volume/v3/a973fd9df19c4761bce300e16bf64ac6/volumes/efbc5d9d-140d-4725-b13d-c144e449fd8c => generated 987 bytes in 130 msecs (HTTP/1.1 200) 7 headers in 286 bytes (1 switches on core 0)
Aug 31 05:18:53.830940 dv-cinder-852208-14-smb devstack@c-api.service[113409]: DEBUG cinder.api.middleware.request_id [None req-5f17f71f-e8d9-491a-928e-e4d0de64d016 None None] RequestId filter calling following filter/app {{(pid=113409) _context_setter /opt/stack/cinder/cinder/api/middleware/request_id.py:62}}
Aug 31 05:18:53.843540 dv-cinder-852208-14-smb devstack@c-api.service[113409]: INFO cinder.api.openstack.wsgi [None req-5f17f71f-e8d9-491a-928e-e4d0de64d016 tempest-GroupSnapshotsV319Test-1078344138 tempest-GroupSnapshotsV319Test-1078344138-project] GET http://10.222.0.17/volume/v3/ad9a6ee52ad742e0a0273f24af7eb05b/group_snapshots/f672471f-aadf-4426-a5f7-22d54ec22ce5
Aug 31 05:18:53.845477 dv-cinder-852208-14-smb devstack@c-api.service[113409]: DEBUG cinder.api.openstack.wsgi [None req-5f17f71f-e8d9-491a-928e-e4d0de64d016 tempest-GroupSnapshotsV319Test-1078344138 tempest-GroupSnapshotsV319Test-1078344138-project] Empty body provided in request {{(pid=113409) get_body /opt/stack/cinder/cinder/api/openstack/wsgi.py:715}}
Aug 31 05:18:53.846287 dv-cinder-852208-14-smb devstack@c-api.service[113409]: DEBUG cinder.api.openstack.wsgi [None req-5f17f71f-e8d9-491a-928e-e4d0de64d016 tempest-GroupSnapshotsV319Test-1078344138 tempest-GroupSnapshotsV319Test-1078344138-project] Calling method 'version_select' {{(pid=113409) _process_stack /opt/stack/cinder/cinder/api/openstack/wsgi.py:868}}
Aug 31 05:18:53.847396 dv-cinder-852208-14-smb devstack@c-api.service[113409]: DEBUG cinder.api.v3.group_snapshots [None req-5f17f71f-e8d9-491a-928e-e4d0de64d016 tempest-GroupSnapshotsV319Test-1078344138 tempest-GroupSnapshotsV319Test-1078344138-project] show called for member f672471f-aadf-4426-a5f7-22d54ec22ce5 {{(pid=113409) show /opt/stack/cinder/cinder/api/v3/group_snapshots.py:58}}
Aug 31 05:18:53.863404 dv-cinder-852208-14-smb devstack@c-api.service[113409]: /usr/local/lib/python3.8/dist-packages/oslo_context/context.py:100: DeprecationWarning: Policy enforcement is depending on the value of is_admin. This key is deprecated. Please update your policy file to use the standard policy values.
Aug 31 05:18:53.863404 dv-cinder-852208-14-smb devstack@c-api.service[113409]: warnings.warn('Policy enforcement is depending on the value of '
