Aug 30 11:50:06.613397 dv-cinder-852208-12-smb devstack@c-api.service[125068]: DEBUG cinder.api.openstack.wsgi [None req-54de506d-a499-4778-b5d5-83418dd9ee83 tempest-VolumeQuotasNegativeTestJSON-1329000884 tempest-VolumeQuotasNegativeTestJSON-1329000884-project] Empty body provided in request {{(pid=125068) get_body /opt/stack/cinder/cinder/api/openstack/wsgi.py:715}}
Aug 30 11:50:06.613538 dv-cinder-852208-12-smb devstack@c-api.service[125067]: INFO cinder.api.openstack.wsgi [None req-351dfe56-7567-4850-befb-f43110de1910 tempest-VolumesMetadataTest-1663978970 tempest-VolumesMetadataTest-1663978970-project] PUT http://10.222.0.13/volume/v3/2b9574f292a7422dbd78c74356a8a552/volumes/a73c3dd2-f9a8-434b-8b70-8b23f18ce1e7/metadata/key3
Aug 30 11:50:06.614297 dv-cinder-852208-12-smb devstack@c-api.service[125068]: DEBUG cinder.api.openstack.wsgi [None req-54de506d-a499-4778-b5d5-83418dd9ee83 tempest-VolumeQuotasNegativeTestJSON-1329000884 tempest-VolumeQuotasNegativeTestJSON-1329000884-project] Calling method 'show' {{(pid=125068) _process_stack /opt/stack/cinder/cinder/api/openstack/wsgi.py:868}}
Aug 30 11:50:06.614436 dv-cinder-852208-12-smb devstack@c-api.service[125067]: DEBUG cinder.api.openstack.wsgi [None req-351dfe56-7567-4850-befb-f43110de1910 tempest-VolumesMetadataTest-1663978970 tempest-VolumesMetadataTest-1663978970-project] Action: 'update', calling method: update, body: {"meta": {"key3": "value3_update"}} {{(pid=125067) _process_stack /opt/stack/cinder/cinder/api/openstack/wsgi.py:866}}
Aug 30 11:50:06.635056 dv-cinder-852208-12-smb devstack@c-api.service[125068]: /usr/local/lib/python3.8/dist-packages/oslo_context/context.py:100: DeprecationWarning: Policy enforcement is depending on the value of is_admin. This key is deprecated. Please update your policy file to use the standard policy values.
Aug 30 11:50:06.635056 dv-cinder-852208-12-smb devstack@c-api.service[125068]: warnings.warn('Policy enforcement is depending on the value of '
Aug 30 11:50:06.635348 dv-cinder-852208-12-smb devstack@c-api.service[125067]: /usr/local/lib/python3.8/dist-packages/oslo_context/context.py:100: DeprecationWarning: Policy enforcement is depending on the value of is_admin. This key is deprecated. Please update your policy file to use the standard policy values.
Aug 30 11:50:06.635348 dv-cinder-852208-12-smb devstack@c-api.service[125067]: warnings.warn('Policy enforcement is depending on the value of '
Aug 30 11:50:06.636484 dv-cinder-852208-12-smb devstack@c-api.service[125067]: INFO cinder.volume.api [None req-351dfe56-7567-4850-befb-f43110de1910 tempest-VolumesMetadataTest-1663978970 tempest-VolumesMetadataTest-1663978970-project] Volume info retrieved successfully.
Aug 30 11:50:06.659991 dv-cinder-852208-12-smb devstack@c-api.service[125068]: INFO cinder.volume.api [None req-54de506d-a499-4778-b5d5-83418dd9ee83 tempest-VolumeQuotasNegativeTestJSON-1329000884 tempest-VolumeQuotasNegativeTestJSON-1329000884-project] Volume info retrieved successfully.
Aug 30 11:50:06.670599 dv-cinder-852208-12-smb devstack@c-api.service[125067]: INFO cinder.volume.api [None req-351dfe56-7567-4850-befb-f43110de1910 tempest-VolumesMetadataTest-1663978970 tempest-VolumesMetadataTest-1663978970-project] Update volume metadata completed successfully.
Aug 30 11:50:06.671335 dv-cinder-852208-12-smb devstack@c-api.service[125067]: INFO cinder.api.openstack.wsgi [None req-351dfe56-7567-4850-befb-f43110de1910 tempest-VolumesMetadataTest-1663978970 tempest-VolumesMetadataTest-1663978970-project] http://10.222.0.13/volume/v3/2b9574f292a7422dbd78c74356a8a552/volumes/a73c3dd2-f9a8-434b-8b70-8b23f18ce1e7/metadata/key3 returned with HTTP 200
Aug 30 11:50:06.672958 dv-cinder-852208-12-smb devstack@c-api.service[125067]: [pid: 125067|app: 0|req: 201/412] 10.222.0.13 () {60 vars in 1387 bytes} [Tue Aug 30 11:50:06 2022] PUT /volume/v3/2b9574f292a7422dbd78c74356a8a552/volumes/a73c3dd2-f9a8-434b-8b70-8b23f18ce1e7/metadata/key3 => generated 35 bytes in 69 msecs (HTTP/1.1 200) 7 headers in 284 bytes (1 switches on core 0)
Aug 30 11:50:06.673874 dv-cinder-852208-12-smb devstack@c-api.service[125068]: INFO cinder.api.openstack.wsgi [None req-54de506d-a499-4778-b5d5-83418dd9ee83 tempest-VolumeQuotasNegativeTestJSON-1329000884 tempest-VolumeQuotasNegativeTestJSON-1329000884-project] http://10.222.0.13/volume/v3/ef5b91303be84ebfa823ae1cf9f805bf/volumes/359fbd63-cd9e-4277-9dd9-3a38592d6ca8 returned with HTTP 200
Aug 30 11:50:06.674743 dv-cinder-852208-12-smb devstack@c-api.service[125068]: [pid: 125068|app: 0|req: 212/413] 10.222.0.13 () {58 vars in 1325 bytes} [Tue Aug 30 11:50:06 2022] GET /volume/v3/ef5b91303be84ebfa823ae1cf9f805bf/volumes/359fbd63-cd9e-4277-9dd9-3a38592d6ca8 => generated 919 bytes in 73 msecs (HTTP/1.1 200) 7 headers in 285 bytes (1 switches on core 0)
Aug 30 11:50:06.691473 dv-cinder-852208-12-smb devstack@c-api.service[125067]: DEBUG cinder.api.middleware.request_id [None req-cda4800b-ba38-4ef6-9eca-59061e602448 None None] RequestId filter calling following filter/app {{(pid=125067) _context_setter /opt/stack/cinder/cinder/api/middleware/request_id.py:62}}
Aug 30 11:50:06.697437 dv-cinder-852208-12-smb devstack@c-api.service[125067]: INFO cinder.api.openstack.wsgi [None req-cda4800b-ba38-4ef6-9eca-59061e602448 tempest-VolumesMetadataTest-1663978970 tempest-VolumesMetadataTest-1663978970-project] GET http://10.222.0.13/volume/v3/2b9574f292a7422dbd78c74356a8a552/volumes/a73c3dd2-f9a8-434b-8b70-8b23f18ce1e7/metadata/key3
Aug 30 11:50:06.697892 dv-cinder-852208-12-smb devstack@c-api.service[125067]: DEBUG cinder.api.openstack.wsgi [None req-cda4800b-ba38-4ef6-9eca-59061e602448 tempest-VolumesMetadataTest-1663978970 tempest-VolumesMetadataTest-1663978970-project] Empty body provided in request {{(pid=125067) get_body /opt/stack/cinder/cinder/api/openstack/wsgi.py:715}}
Aug 30 11:50:06.698735 dv-cinder-852208-12-smb devstack@c-api.service[125067]: DEBUG cinder.api.openstack.wsgi [None req-cda4800b-ba38-4ef6-9eca-59061e602448 tempest-VolumesMetadataTest-1663978970 tempest-VolumesMetadataTest-1663978970-project] Calling method 'show' {{(pid=125067) _process_stack /opt/stack/cinder/cinder/api/openstack/wsgi.py:868}}
Aug 30 11:50:06.728115 dv-cinder-852208-12-smb devstack@c-api.service[125067]: /usr/local/lib/python3.8/dist-packages/oslo_context/context.py:100: DeprecationWarning: Policy enforcement is depending on the value of is_admin. This key is deprecated. Please update your policy file to use the standard policy values.
Aug 30 11:50:06.728115 dv-cinder-852208-12-smb devstack@c-api.service[125067]: warnings.warn('Policy enforcement is depending on the value of '
Aug 30 11:50:06.729702 dv-cinder-852208-12-smb devstack@c-api.service[125067]: INFO cinder.volume.api [None req-cda4800b-ba38-4ef6-9eca-59061e602448 tempest-VolumesMetadataTest-1663978970 tempest-VolumesMetadataTest-1663978970-project] Volume info retrieved successfully.
Aug 30 11:50:06.758087 dv-cinder-852208-12-smb devstack@c-api.service[125067]: INFO cinder.volume.api [None req-cda4800b-ba38-4ef6-9eca-59061e602448 tempest-VolumesMetadataTest-1663978970 tempest-VolumesMetadataTest-1663978970-project] Get volume metadata completed successfully.
Aug 30 11:50:06.758965 dv-cinder-852208-12-smb devstack@c-api.service[125067]: INFO cinder.api.openstack.wsgi [None req-cda4800b-ba38-4ef6-9eca-59061e602448 tempest-VolumesMetadataTest-1663978970 tempest-VolumesMetadataTest-1663978970-project] http://10.222.0.13/volume/v3/2b9574f292a7422dbd78c74356a8a552/volumes/a73c3dd2-f9a8-434b-8b70-8b23f18ce1e7/metadata/key3 returned with HTTP 200
Aug 30 11:50:06.760263 dv-cinder-852208-12-smb devstack@c-api.service[125067]: [pid: 125067|app: 0|req: 202/414] 10.222.0.13 () {58 vars in 1367 bytes} [Tue Aug 30 11:50:06 2022] GET /volume/v3/2b9574f292a7422dbd78c74356a8a552/volumes/a73c3dd2-f9a8-434b-8b70-8b23f18ce1e7/metadata/key3 => generated 35 bytes in 70 msecs (HTTP/1.1 200) 7 headers in 284 bytes (1 switches on core 0)
Aug 30 11:50:06.766835 dv-cinder-852208-12-smb devstack@c-api.service[125068]: DEBUG cinder.api.middleware.request_id [None req-ca00a073-73b8-4f7a-9baa-64e956e2e9bb None None] RequestId filter calling following filter/app {{(pid=125068) _context_setter /opt/stack/cinder/cinder/api/middleware/request_id.py:62}}
Aug 30 11:50:06.771630 dv-cinder-852208-12-smb devstack@c-api.service[125068]: INFO cinder.api.openstack.wsgi [None req-ca00a073-73b8-4f7a-9baa-64e956e2e9bb tempest-VolumesMetadataTest-1663978970 tempest-VolumesMetadataTest-1663978970-project] GET http://10.222.0.13/volume/v3/2b9574f292a7422dbd78c74356a8a552/volumes/a73c3dd2-f9a8-434b-8b70-8b23f18ce1e7/metadata
Aug 30 11:50:06.771630 dv-cinder-852208-12-smb devstack@c-api.service[125068]: DEBUG cinder.api.openstack.wsgi [None req-ca00a073-73b8-4f7a-9baa-64e956e2e9bb tempest-VolumesMetadataTest-1663978970 tempest-VolumesMetadataTest-1663978970-project] Empty body provided in request {{(pid=125068) get_body /opt/stack/cinder/cinder/api/openstack/wsgi.py:715}}
Aug 30 11:50:06.771942 dv-cinder-852208-12-smb devstack@c-api.service[125068]: DEBUG cinder.api.openstack.wsgi [None req-ca00a073-73b8-4f7a-9baa-64e956e2e9bb tempest-VolumesMetadataTest-1663978970 tempest-VolumesMetadataTest-1663978970-project] Calling method 'index' {{(pid=125068) _process_stack /opt/stack/cinder/cinder/api/openstack/wsgi.py:868}}
Aug 30 11:50:06.802005 dv-cinder-852208-12-smb devstack@c-api.service[125068]: /usr/local/lib/python3.8/dist-packages/oslo_context/context.py:100: DeprecationWarning: Policy enforcement is depending on the value of is_admin. This key is deprecated. Please update your policy file to use the standard policy values.
Aug 30 11:50:06.802005 dv-cinder-852208-12-smb devstack@c-api.service[125068]: warnings.warn('Policy enforcement is depending on the value of '
Aug 30 11:50:06.803354 dv-cinder-852208-12-smb devstack@c-api.service[125068]: INFO cinder.volume.api [None req-ca00a073-73b8-4f7a-9baa-64e956e2e9bb tempest-VolumesMetadataTest-1663978970 tempest-VolumesMetadataTest-1663978970-project] Volume info retrieved successfully.
Aug 30 11:50:06.819568 dv-cinder-852208-12-smb devstack@c-api.service[125068]: INFO cinder.volume.api [None req-ca00a073-73b8-4f7a-9baa-64e956e2e9bb tempest-VolumesMetadataTest-1663978970 tempest-VolumesMetadataTest-1663978970-project] Get volume metadata completed successfully.
Aug 30 11:50:06.820081 dv-cinder-852208-12-smb devstack@c-api.service[125068]: INFO cinder.api.openstack.wsgi [None req-ca00a073-73b8-4f7a-9baa-64e956e2e9bb tempest-VolumesMetadataTest-1663978970 tempest-VolumesMetadataTest-1663978970-project] http://10.222.0.13/volume/v3/2b9574f292a7422dbd78c74356a8a552/volumes/a73c3dd2-f9a8-434b-8b70-8b23f18ce1e7/metadata returned with HTTP 200
Aug 30 11:50:06.821693 dv-cinder-852208-12-smb devstack@c-api.service[125068]: [pid: 125068|app: 0|req: 213/415] 10.222.0.13 () {58 vars in 1352 bytes} [Tue Aug 30 11:50:06 2022] GET /volume/v3/2b9574f292a7422dbd78c74356a8a552/volumes/a73c3dd2-f9a8-434b-8b70-8b23f18ce1e7/metadata => generated 75 bytes in 56 msecs (HTTP/1.1 200) 7 headers in 284 bytes (1 switches on core 0)
Aug 30 11:50:06.827211 dv-cinder-852208-12-smb devstack@c-api.service[125067]: DEBUG cinder.api.middleware.request_id [None req-6fd9a366-aca8-491c-8b45-f39c3108ae93 None None] RequestId filter calling following filter/app {{(pid=125067) _context_setter /opt/stack/cinder/cinder/api/middleware/request_id.py:62}}
Aug 30 11:50:06.833337 dv-cinder-852208-12-smb devstack@c-api.service[125067]: INFO cinder.api.openstack.wsgi [None req-6fd9a366-aca8-491c-8b45-f39c3108ae93 tempest-VolumesMetadataTest-1663978970 tempest-VolumesMetadataTest-1663978970-project] PUT http://10.222.0.13/volume/v3/2b9574f292a7422dbd78c74356a8a552/volumes/a73c3dd2-f9a8-434b-8b70-8b23f18ce1e7/metadata
Aug 30 11:50:06.834327 dv-cinder-852208-12-smb devstack@c-api.service[125067]: DEBUG cinder.api.openstack.wsgi [None req-6fd9a366-aca8-491c-8b45-f39c3108ae93 tempest-VolumesMetadataTest-1663978970 tempest-VolumesMetadataTest-1663978970-project] Action: 'update_all', calling method: update_all, body: {"metadata": {}} {{(pid=125067) _process_stack /opt/stack/cinder/cinder/api/openstack/wsgi.py:866}}
Aug 30 11:50:06.860881 dv-cinder-852208-12-smb devstack@c-api.service[125067]: /usr/local/lib/python3.8/dist-packages/oslo_context/context.py:100: DeprecationWarning: Policy enforcement is depending on the value of is_admin. This key is deprecated. Please update your policy file to use the standard policy values.
Aug 30 11:50:06.860881 dv-cinder-852208-12-smb devstack@c-api.service[125067]: warnings.warn('Policy enforcement is depending on the value of '
Aug 30 11:50:06.862809 dv-cinder-852208-12-smb devstack@c-api.service[125067]: INFO cinder.volume.api [None req-6fd9a366-aca8-491c-8b45-f39c3108ae93 tempest-VolumesMetadataTest-1663978970 tempest-VolumesMetadataTest-1663978970-project] Volume info retrieved successfully.
Aug 30 11:50:06.884230 dv-cinder-852208-12-smb devstack@c-api.service[125067]: INFO cinder.volume.api [None req-6fd9a366-aca8-491c-8b45-f39c3108ae93 tempest-VolumesMetadataTest-1663978970 tempest-VolumesMetadataTest-1663978970-project] Update volume metadata completed successfully.
Aug 30 11:50:06.885435 dv-cinder-852208-12-smb devstack@c-api.service[125067]: INFO cinder.api.openstack.wsgi [None req-6fd9a366-aca8-491c-8b45-f39c3108ae93 tempest-VolumesMetadataTest-1663978970 tempest-VolumesMetadataTest-1663978970-project] http://10.222.0.13/volume/v3/2b9574f292a7422dbd78c74356a8a552/volumes/a73c3dd2-f9a8-434b-8b70-8b23f18ce1e7/metadata returned with HTTP 200
Aug 30 11:50:06.887070 dv-cinder-852208-12-smb devstack@c-api.service[125067]: [pid: 125067|app: 0|req: 203/416] 10.222.0.13 () {60 vars in 1372 bytes} [Tue Aug 30 11:50:06 2022] PUT /volume/v3/2b9574f292a7422dbd78c74356a8a552/volumes/a73c3dd2-f9a8-434b-8b70-8b23f18ce1e7/metadata => generated 16 bytes in 61 msecs (HTTP/1.1 200) 7 headers in 284 bytes (2 switches on core 0)
Aug 30 11:50:06.894063 dv-cinder-852208-12-smb devstack@c-api.service[125068]: DEBUG cinder.api.middleware.request_id [None req-84b7bee9-8434-444c-86de-3db25b0e4392 None None] RequestId filter calling following filter/app {{(pid=125068) _context_setter /opt/stack/cinder/cinder/api/middleware/request_id.py:62}}
Aug 30 11:50:06.899129 dv-cinder-852208-12-smb devstack@c-api.service[125068]: INFO cinder.api.openstack.wsgi [None req-84b7bee9-8434-444c-86de-3db25b0e4392 tempest-VolumesMetadataTest-1663978970 tempest-VolumesMetadataTest-1663978970-project] DELETE http://10.222.0.13/volume/v3/2b9574f292a7422dbd78c74356a8a552/volumes/a73c3dd2-f9a8-434b-8b70-8b23f18ce1e7
Aug 30 11:50:06.899793 dv-cinder-852208-12-smb devstack@c-api.service[125068]: DEBUG cinder.api.openstack.wsgi [None req-84b7bee9-8434-444c-86de-3db25b0e4392 tempest-VolumesMetadataTest-1663978970 tempest-VolumesMetadataTest-1663978970-project] Empty body provided in request {{(pid=125068) get_body /opt/stack/cinder/cinder/api/openstack/wsgi.py:715}}
Aug 30 11:50:06.900438 dv-cinder-852208-12-smb devstack@c-api.service[125068]: DEBUG cinder.api.openstack.wsgi [None req-84b7bee9-8434-444c-86de-3db25b0e4392 tempest-VolumesMetadataTest-1663978970 tempest-VolumesMetadataTest-1663978970-project] Calling method 'delete' {{(pid=125068) _process_stack /opt/stack/cinder/cinder/api/openstack/wsgi.py:868}}
Aug 30 11:50:06.900837 dv-cinder-852208-12-smb devstack@c-api.service[125068]: INFO cinder.api.v3.volumes [None req-84b7bee9-8434-444c-86de-3db25b0e4392 tempest-VolumesMetadataTest-1663978970 tempest-VolumesMetadataTest-1663978970-project] Delete volume with id: a73c3dd2-f9a8-434b-8b70-8b23f18ce1e7
Aug 30 11:50:06.918559 dv-cinder-852208-12-smb devstack@c-api.service[125068]: /usr/local/lib/python3.8/dist-packages/oslo_context/context.py:100: DeprecationWarning: Policy enforcement is depending on the value of is_admin. This key is deprecated. Please update your policy file to use the standard policy values.
Aug 30 11:50:06.918559 dv-cinder-852208-12-smb devstack@c-api.service[125068]: warnings.warn('Policy enforcement is depending on the value of '
Aug 30 11:50:06.920708 dv-cinder-852208-12-smb devstack@c-api.service[125068]: INFO cinder.volume.api [None req-84b7bee9-8434-444c-86de-3db25b0e4392 tempest-VolumesMetadataTest-1663978970 tempest-VolumesMetadataTest-1663978970-project] Volume info retrieved successfully.
Aug 30 11:50:06.962117 dv-cinder-852208-12-smb devstack@c-api.service[125068]: INFO cinder.volume.api [None req-84b7bee9-8434-444c-86de-3db25b0e4392 tempest-VolumesMetadataTest-1663978970 tempest-VolumesMetadataTest-1663978970-project] Delete volume request issued successfully.
Aug 30 11:50:06.962908 dv-cinder-852208-12-smb devstack@c-api.service[125068]: INFO cinder.api.openstack.wsgi [None req-84b7bee9-8434-444c-86de-3db25b0e4392 tempest-VolumesMetadataTest-1663978970 tempest-VolumesMetadataTest-1663978970-project] http://10.222.0.13/volume/v3/2b9574f292a7422dbd78c74356a8a552/volumes/a73c3dd2-f9a8-434b-8b70-8b23f18ce1e7 returned with HTTP 202
Aug 30 11:50:06.963890 dv-cinder-852208-12-smb devstack@c-api.service[125068]: [pid: 125068|app: 0|req: 214/417] 10.222.0.13 () {58 vars in 1328 bytes} [Tue Aug 30 11:50:06 2022] DELETE /volume/v3/2b9574f292a7422dbd78c74356a8a552/volumes/a73c3dd2-f9a8-434b-8b70-8b23f18ce1e7 => generated 0 bytes in 71 msecs (HTTP/1.1 202) 6 headers in 233 bytes (1 switches on core 0)
Aug 30 11:50:06.969067 dv-cinder-852208-12-smb devstack@c-api.service[125067]: DEBUG cinder.api.middleware.request_id [None req-d49a43e1-ab40-43b0-9a90-1ef09e9c45f6 None None] RequestId filter calling following filter/app {{(pid=125067) _context_setter /opt/stack/cinder/cinder/api/middleware/request_id.py:62}}
Aug 30 11:50:06.974042 dv-cinder-852208-12-smb devstack@c-api.service[125067]: INFO cinder.api.openstack.wsgi [None req-d49a43e1-ab40-43b0-9a90-1ef09e9c45f6 tempest-VolumesMetadataTest-1663978970 tempest-VolumesMetadataTest-1663978970-project] GET http://10.222.0.13/volume/v3/2b9574f292a7422dbd78c74356a8a552/volumes/a73c3dd2-f9a8-434b-8b70-8b23f18ce1e7
Aug 30 11:50:06.975271 dv-cinder-852208-12-smb devstack@c-api.service[125067]: DEBUG cinder.api.openstack.wsgi [None req-d49a43e1-ab40-43b0-9a90-1ef09e9c45f6 tempest-VolumesMetadataTest-1663978970 tempest-VolumesMetadataTest-1663978970-project] Empty body provided in request {{(pid=125067) get_body /opt/stack/cinder/cinder/api/openstack/wsgi.py:715}}
Aug 30 11:50:06.976383 dv-cinder-852208-12-smb devstack@c-api.service[125067]: DEBUG cinder.api.openstack.wsgi [None req-d49a43e1-ab40-43b0-9a90-1ef09e9c45f6 tempest-VolumesMetadataTest-1663978970 tempest-VolumesMetadataTest-1663978970-project] Calling method 'show' {{(pid=125067) _process_stack /opt/stack/cinder/cinder/api/openstack/wsgi.py:868}}
Aug 30 11:50:06.992857 dv-cinder-852208-12-smb devstack@c-api.service[125067]: /usr/local/lib/python3.8/dist-packages/oslo_context/context.py:100: DeprecationWarning: Policy enforcement is depending on the value of is_admin. This key is deprecated. Please update your policy file to use the standard policy values.
Aug 30 11:50:06.992857 dv-cinder-852208-12-smb devstack@c-api.service[125067]: warnings.warn('Policy enforcement is depending on the value of '
Aug 30 11:50:07.001776 dv-cinder-852208-12-smb devstack@c-api.service[125067]: INFO cinder.volume.api [None req-d49a43e1-ab40-43b0-9a90-1ef09e9c45f6 tempest-VolumesMetadataTest-1663978970 tempest-VolumesMetadataTest-1663978970-project] Volume info retrieved successfully.
Aug 30 11:50:07.011322 dv-cinder-852208-12-smb devstack@c-api.service[125067]: INFO cinder.api.openstack.wsgi [None req-d49a43e1-ab40-43b0-9a90-1ef09e9c45f6 tempest-VolumesMetadataTest-1663978970 tempest-VolumesMetadataTest-1663978970-project] http://10.222.0.13/volume/v3/2b9574f292a7422dbd78c74356a8a552/volumes/a73c3dd2-f9a8-434b-8b70-8b23f18ce1e7 returned with HTTP 200
Aug 30 11:50:07.012061 dv-cinder-852208-12-smb devstack@c-api.service[125067]: [pid: 125067|app: 0|req: 204/418] 10.222.0.13 () {58 vars in 1325 bytes} [Tue Aug 30 11:50:06 2022] GET /volume/v3/2b9574f292a7422dbd78c74356a8a552/volumes/a73c3dd2-f9a8-434b-8b70-8b23f18ce1e7 => generated 911 bytes in 44 msecs (HTTP/1.1 200) 7 headers in 285 bytes (1 switches on core 0)
Aug 30 11:50:07.182650 dv-cinder-852208-12-smb devstack@c-api.service[125068]: DEBUG cinder.api.middleware.request_id [None req-7eebbd81-96e5-472c-8473-6f1a8dbcfc66 None None] RequestId filter calling following filter/app {{(pid=125068) _context_setter /opt/stack/cinder/cinder/api/middleware/request_id.py:62}}
Aug 30 11:50:07.186956 dv-cinder-852208-12-smb devstack@c-api.service[125068]: INFO cinder.api.openstack.wsgi [None req-7eebbd81-96e5-472c-8473-6f1a8dbcfc66 tempest-GroupsTest-1286929230 tempest-GroupsTest-1286929230-project] GET http://10.222.0.13/volume/v3/0d6c4d9fba3e4faa817d67f31e707ab8/groups/0977042f-c6a2-4c8c-b74e-ba9bdcf572ca
Aug 30 11:50:07.187497 dv-cinder-852208-12-smb devstack@c-api.service[125068]: DEBUG cinder.api.openstack.wsgi [None req-7eebbd81-96e5-472c-8473-6f1a8dbcfc66 tempest-GroupsTest-1286929230 tempest-GroupsTest-1286929230-project] Empty body provided in request {{(pid=125068) get_body /opt/stack/cinder/cinder/api/openstack/wsgi.py:715}}
Aug 30 11:50:07.188009 dv-cinder-852208-12-smb devstack@c-api.service[125068]: DEBUG cinder.api.openstack.wsgi [None req-7eebbd81-96e5-472c-8473-6f1a8dbcfc66 tempest-GroupsTest-1286929230 tempest-GroupsTest-1286929230-project] Calling method 'version_select' {{(pid=125068) _process_stack /opt/stack/cinder/cinder/api/openstack/wsgi.py:868}}
Aug 30 11:50:07.188490 dv-cinder-852208-12-smb devstack@c-api.service[125068]: DEBUG cinder.api.v3.groups [None req-7eebbd81-96e5-472c-8473-6f1a8dbcfc66 tempest-GroupsTest-1286929230 tempest-GroupsTest-1286929230-project] show called for member 0977042f-c6a2-4c8c-b74e-ba9bdcf572ca {{(pid=125068) show /opt/stack/cinder/cinder/api/v3/groups.py:58}}
Aug 30 11:50:07.195853 dv-cinder-852208-12-smb devstack@c-api.service[125068]: /usr/local/lib/python3.8/dist-packages/oslo_context/context.py:100: DeprecationWarning: Policy enforcement is depending on the value of is_admin. This key is deprecated. Please update your policy file to use the standard policy values.
Aug 30 11:50:07.195853 dv-cinder-852208-12-smb devstack@c-api.service[125068]: warnings.warn('Policy enforcement is depending on the value of '
Aug 30 11:50:07.217044 dv-cinder-852208-12-smb devstack@c-api.service[125068]: INFO cinder.api.openstack.wsgi [None req-7eebbd81-96e5-472c-8473-6f1a8dbcfc66 tempest-GroupsTest-1286929230 tempest-GroupsTest-1286929230-project] http://10.222.0.13/volume/v3/0d6c4d9fba3e4faa817d67f31e707ab8/groups/0977042f-c6a2-4c8c-b74e-ba9bdcf572ca returned with HTTP 200
Aug 30 11:50:07.218288 dv-cinder-852208-12-smb devstack@c-api.service[125068]: [pid: 125068|app: 0|req: 215/419] 10.222.0.13 () {60 vars in 1363 bytes} [Tue Aug 30 11:50:07 2022] GET /volume/v3/0d6c4d9fba3e4faa817d67f31e707ab8/groups/0977042f-c6a2-4c8c-b74e-ba9bdcf572ca => generated 322 bytes in 37 msecs (HTTP/1.1 200) 7 headers in 286 bytes (1 switches on core 0)
Aug 30 11:50:07.226699 dv-cinder-852208-12-smb devstack@c-api.service[125067]: DEBUG cinder.api.middleware.request_id [None req-2451d6e0-f058-4423-a0ad-48cea0f28a3b None None] RequestId filter calling following filter/app {{(pid=125067) _context_setter /opt/stack/cinder/cinder/api/middleware/request_id.py:62}}
Aug 30 11:50:07.236138 dv-cinder-852208-12-smb devstack@c-api.service[125067]: INFO cinder.api.openstack.wsgi [None req-2451d6e0-f058-4423-a0ad-48cea0f28a3b tempest-GroupsTest-1286929230 tempest-GroupsTest-1286929230-project] POST http://10.222.0.13/volume/v3/0d6c4d9fba3e4faa817d67f31e707ab8/volumes
Aug 30 11:50:07.238068 dv-cinder-852208-12-smb devstack@c-api.service[125067]: DEBUG cinder.api.openstack.wsgi [None req-2451d6e0-f058-4423-a0ad-48cea0f28a3b tempest-GroupsTest-1286929230 tempest-GroupsTest-1286929230-project] Action: 'create', calling method: create, body: {"volume": {"name": "tempest-volume-1376707973", "volume_type": "83679ef4-c81b-4d6c-bff9-f3b11824acf1", "group_id": "2c469b97-a365-43cc-a633-ef6ec55a9125", "size": 1}} {{(pid=125067) _process_stack /opt/stack/cinder/cinder/api/openstack/wsgi.py:866}}
Aug 30 11:50:07.241743 dv-cinder-852208-12-smb devstack@c-api.service[125067]: DEBUG cinder.api.v3.volumes [None req-2451d6e0-f058-4423-a0ad-48cea0f28a3b tempest-GroupsTest-1286929230 tempest-GroupsTest-1286929230-project] Create volume request body: {'volume': {'name': 'tempest-volume-1376707973', 'volume_type': '83679ef4-c81b-4d6c-bff9-f3b11824acf1', 'group_id': '2c469b97-a365-43cc-a633-ef6ec55a9125', 'size': 1}} {{(pid=125067) create /opt/stack/cinder/cinder/api/v3/volumes.py:298}}
Aug 30 11:50:07.262025 dv-cinder-852208-12-smb devstack@c-api.service[125067]: /usr/local/lib/python3.8/dist-packages/oslo_context/context.py:100: DeprecationWarning: Policy enforcement is depending on the value of is_admin. This key is deprecated. Please update your policy file to use the standard policy values.
Aug 30 11:50:07.262025 dv-cinder-852208-12-smb devstack@c-api.service[125067]: warnings.warn('Policy enforcement is depending on the value of '
Aug 30 11:50:07.263501 dv-cinder-852208-12-smb devstack@c-api.service[125067]: INFO cinder.api.v3.volumes [None req-2451d6e0-f058-4423-a0ad-48cea0f28a3b tempest-GroupsTest-1286929230 tempest-GroupsTest-1286929230-project] Create volume of 1 GB
Aug 30 11:50:07.275000 dv-cinder-852208-12-smb devstack@c-api.service[125067]: INFO cinder.volume.api [None req-2451d6e0-f058-4423-a0ad-48cea0f28a3b tempest-GroupsTest-1286929230 tempest-GroupsTest-1286929230-project] Availability Zones retrieved successfully.
Aug 30 11:50:07.290562 dv-cinder-852208-12-smb devstack@c-api.service[125067]: DEBUG cinder.volume.api [None req-2451d6e0-f058-4423-a0ad-48cea0f28a3b tempest-GroupsTest-1286929230 tempest-GroupsTest-1286929230-project] Flow 'volume_create_api' (652fd0b2-dcb6-4b3b-a934-7666e7190e04) transitioned into state 'RUNNING' from state 'PENDING' {{(pid=125067) _flow_receiver /usr/local/lib/python3.8/dist-packages/taskflow/listeners/logging.py:141}}
Aug 30 11:50:07.293783 dv-cinder-852208-12-smb devstack@c-api.service[125067]: DEBUG cinder.volume.api [None req-2451d6e0-f058-4423-a0ad-48cea0f28a3b tempest-GroupsTest-1286929230 tempest-GroupsTest-1286929230-project] Task 'cinder.volume.flows.api.create_volume.ExtractVolumeRequestTask;volume:create' (b0c467e7-eae0-4653-ae97-f82ff452e216) transitioned into state 'RUNNING' from state 'PENDING' {{(pid=125067) _task_receiver /usr/local/lib/python3.8/dist-packages/taskflow/listeners/logging.py:190}}
Aug 30 11:50:07.295538 dv-cinder-852208-12-smb devstack@c-api.service[125067]: /usr/local/lib/python3.8/dist-packages/oslo_context/context.py:100: DeprecationWarning: Policy enforcement is depending on the value of is_admin. This key is deprecated. Please update your policy file to use the standard policy values.
Aug 30 11:50:07.295538 dv-cinder-852208-12-smb devstack@c-api.service[125067]: warnings.warn('Policy enforcement is depending on the value of '
Aug 30 11:50:07.296588 dv-cinder-852208-12-smb devstack@c-api.service[125067]: DEBUG cinder.volume.flows.api.create_volume [None req-2451d6e0-f058-4423-a0ad-48cea0f28a3b tempest-GroupsTest-1286929230 tempest-GroupsTest-1286929230-project] Validating volume size '1' using validate_int {{(pid=125067) _extract_size /opt/stack/cinder/cinder/volume/flows/api/create_volume.py:228}}
Aug 30 11:50:07.338332 dv-cinder-852208-12-smb devstack@c-api.service[125067]: DEBUG cinder.volume.api [None req-2451d6e0-f058-4423-a0ad-48cea0f28a3b tempest-GroupsTest-1286929230 tempest-GroupsTest-1286929230-project] Task 'cinder.volume.flows.api.create_volume.ExtractVolumeRequestTask;volume:create' (b0c467e7-eae0-4653-ae97-f82ff452e216) transitioned into state 'SUCCESS' from state 'RUNNING' with result '{'size': 1, 'snapshot_id': None, 'source_volid': None, 'volume_type': VolumeType(created_at=2022-08-30T11:50:05Z,deleted=False,deleted_at=None,description=None,extra_specs={},id=83679ef4-c81b-4d6c-bff9-f3b11824acf1,is_public=True,name='tempest-GroupsTest-volume-type-351148749',projects=[],qos_specs=,qos_specs_id=None,updated_at=None), 'volume_type_id': '83679ef4-c81b-4d6c-bff9-f3b11824acf1', 'encryption_key_id': None, 'qos_specs': None, 'consistencygroup_id': None, 'cgsnapshot_id': None, 'group_id': '2c469b97-a365-43cc-a633-ef6ec55a9125', 'replication_status': 'disabled', 'refresh_az': False, 'backup_id': None, 'multiattach': False, 'availability_zones': ['nova']}' {{(pid=125067) _task_receiver /usr/local/lib/python3.8/dist-packages/taskflow/listeners/logging.py:178}}
Aug 30 11:50:07.341065 dv-cinder-852208-12-smb devstack@c-api.service[125067]: DEBUG cinder.volume.api [None req-2451d6e0-f058-4423-a0ad-48cea0f28a3b tempest-GroupsTest-1286929230 tempest-GroupsTest-1286929230-project] Task 'cinder.volume.flows.api.create_volume.QuotaReserveTask;volume:create' (ee16326c-cfaf-443a-beb9-97a7d12eed26) transitioned into state 'RUNNING' from state 'PENDING' {{(pid=125067) _task_receiver /usr/local/lib/python3.8/dist-packages/taskflow/listeners/logging.py:190}}
Aug 30 11:50:07.452961 dv-cinder-852208-12-smb devstack@c-api.service[125067]: DEBUG cinder.quota [None req-2451d6e0-f058-4423-a0ad-48cea0f28a3b tempest-GroupsTest-1286929230 tempest-GroupsTest-1286929230-project] Created reservations ['07eb3920-a736-4343-9b66-1f3ffc769c94', 'db5bafc2-c038-4685-83db-c1ba633da045', 'f5ac80b0-96ce-4d44-a447-ecd97eedd746', '6a5004e0-3d5c-47d7-8c3e-bd494752a5fd'] {{(pid=125067) reserve /opt/stack/cinder/cinder/quota.py:755}}
Aug 30 11:50:07.456093 dv-cinder-852208-12-smb devstack@c-api.service[125067]: DEBUG cinder.volume.api [None req-2451d6e0-f058-4423-a0ad-48cea0f28a3b tempest-GroupsTest-1286929230 tempest-GroupsTest-1286929230-project] Task 'cinder.volume.flows.api.create_volume.QuotaReserveTask;volume:create' (ee16326c-cfaf-443a-beb9-97a7d12eed26) transitioned into state 'SUCCESS' from state 'RUNNING' with result '{'reservations': ['07eb3920-a736-4343-9b66-1f3ffc769c94', 'db5bafc2-c038-4685-83db-c1ba633da045', 'f5ac80b0-96ce-4d44-a447-ecd97eedd746', '6a5004e0-3d5c-47d7-8c3e-bd494752a5fd']}' {{(pid=125067) _task_receiver /usr/local/lib/python3.8/dist-packages/taskflow/listeners/logging.py:178}}
Aug 30 11:50:07.460256 dv-cinder-852208-12-smb devstack@c-api.service[125067]: DEBUG cinder.volume.api [None req-2451d6e0-f058-4423-a0ad-48cea0f28a3b tempest-GroupsTest-1286929230 tempest-GroupsTest-1286929230-project] Task 'cinder.volume.flows.api.create_volume.EntryCreateTask;volume:create' (202d4086-085a-4b7d-b0a7-eabcab6982a7) transitioned into state 'RUNNING' from state 'PENDING' {{(pid=125067) _task_receiver /usr/local/lib/python3.8/dist-packages/taskflow/listeners/logging.py:190}}
Aug 30 11:50:07.486684 dv-cinder-852208-12-smb devstack@c-api.service[125067]: DEBUG cinder.volume.api [None req-2451d6e0-f058-4423-a0ad-48cea0f28a3b tempest-GroupsTest-1286929230 tempest-GroupsTest-1286929230-project] Task 'cinder.volume.flows.api.create_volume.EntryCreateTask;volume:create' (202d4086-085a-4b7d-b0a7-eabcab6982a7) transitioned into state 'SUCCESS' from state 'RUNNING' with result '{'volume_id': '98436c0b-de78-4ae6-afce-732ca0459c80', 'volume_properties': VolumeProperties(attach_status='detached',availability_zone='nova',cgsnapshot_id=None,consistencygroup_id=None,display_description=None,display_name='tempest-volume-1376707973',encryption_key_id=None,group_id=2c469b97-a365-43cc-a633-ef6ec55a9125,group_type_id=,metadata={},multiattach=False,project_id='0d6c4d9fba3e4faa817d67f31e707ab8',qos_specs=None,replication_status=,reservations=['07eb3920-a736-4343-9b66-1f3ffc769c94','db5bafc2-c038-4685-83db-c1ba633da045','f5ac80b0-96ce-4d44-a447-ecd97eedd746','6a5004e0-3d5c-47d7-8c3e-bd494752a5fd'],size=1,snapshot_id=None,source_replicaid=,source_volid=None,status='creating',user_id='3c024c6d248d47b88c0fa00d581621c8',volume_type_id=83679ef4-c81b-4d6c-bff9-f3b11824acf1), 'volume': Volume(_name_id=None,admin_metadata=,attach_status='detached',availability_zone='nova',bootable=False,cluster=,cluster_name=None,consistencygroup=,consistencygroup_id=None,created_at=2022-08-30T11:50:07Z,deleted=False,deleted_at=None,display_description=None,display_name='tempest-volume-1376707973',ec2_id=None,encryption_key_id=None,glance_metadata=,group=,group_id=2c469b97-a365-43cc-a633-ef6ec55a9125,host=None,id=98436c0b-de78-4ae6-afce-732ca0459c80,launched_at=None,metadata={},migration_status=None,multiattach=False,previous_status=None,project_id='0d6c4d9fba3e4faa817d67f31e707ab8',provider_auth=None,provider_geometry=None,provider_id=None,provider_location=None,replication_driver_data=None,replication_extended_status=None,replication_status=None,scheduled_at=None,service_uuid=None,shared_targets=True,size=1,snapshot_id=None,snapshots=,source_volid=None,status='creating',terminated_at=None,updated_at=None,use_quota=True,user_id='3c024c6d248d47b88c0fa00d581621c8',volume_attachment=VolumeAttachmentList,volume_type=VolumeType(83679ef4-c81b-4d6c-bff9-f3b11824acf1),volume_type_id=83679ef4-c81b-4d6c-bff9-f3b11824acf1)}' {{(pid=125067) _task_receiver /usr/local/lib/python3.8/dist-packages/taskflow/listeners/logging.py:178}}
Aug 30 11:50:07.489658 dv-cinder-852208-12-smb devstack@c-api.service[125067]: DEBUG cinder.volume.api [None req-2451d6e0-f058-4423-a0ad-48cea0f28a3b tempest-GroupsTest-1286929230 tempest-GroupsTest-1286929230-project] Task 'cinder.volume.flows.api.create_volume.QuotaCommitTask;volume:create' (c75ad5f4-c705-45c1-9b77-9948beafc44b) transitioned into state 'RUNNING' from state 'PENDING' {{(pid=125067) _task_receiver /usr/local/lib/python3.8/dist-packages/taskflow/listeners/logging.py:190}}
Aug 30 11:50:07.492021 dv-cinder-852208-12-smb devstack@c-api.service[125067]: DEBUG dbcounter [-] [125067] Writing DB stats cinder:SELECT=81,cinder:UPDATE=9,cinder:INSERT=10 {{(pid=125067) stat_writer /usr/local/lib/python3.8/dist-packages/dbcounter.py:114}}
Aug 30 11:50:07.531123 dv-cinder-852208-12-smb devstack@c-api.service[125067]: DEBUG cinder.volume.api [None req-2451d6e0-f058-4423-a0ad-48cea0f28a3b tempest-GroupsTest-1286929230 tempest-GroupsTest-1286929230-project] Task 'cinder.volume.flows.api.create_volume.QuotaCommitTask;volume:create' (c75ad5f4-c705-45c1-9b77-9948beafc44b) transitioned into state 'SUCCESS' from state 'RUNNING' with result '{'volume_properties': VolumeProperties(attach_status='detached',availability_zone='nova',cgsnapshot_id=None,consistencygroup_id=None,display_description=None,display_name='tempest-volume-1376707973',encryption_key_id=None,group_id=2c469b97-a365-43cc-a633-ef6ec55a9125,group_type_id=,metadata={},multiattach=False,project_id='0d6c4d9fba3e4faa817d67f31e707ab8',qos_specs=None,replication_status=,reservations=['07eb3920-a736-4343-9b66-1f3ffc769c94','db5bafc2-c038-4685-83db-c1ba633da045','f5ac80b0-96ce-4d44-a447-ecd97eedd746','6a5004e0-3d5c-47d7-8c3e-bd494752a5fd'],size=1,snapshot_id=None,source_replicaid=,source_volid=None,status='creating',user_id='3c024c6d248d47b88c0fa00d581621c8',volume_type_id=83679ef4-c81b-4d6c-bff9-f3b11824acf1)}' {{(pid=125067) _task_receiver /usr/local/lib/python3.8/dist-packages/taskflow/listeners/logging.py:178}}
Aug 30 11:50:07.533113 dv-cinder-852208-12-smb devstack@c-api.service[125067]: DEBUG cinder.volume.api [None req-2451d6e0-f058-4423-a0ad-48cea0f28a3b tempest-GroupsTest-1286929230 tempest-GroupsTest-1286929230-project] Task 'cinder.volume.flows.api.create_volume.VolumeCastTask;volume:create' (3ba8ef7c-a795-4953-aafc-cfe05d7a971a) transitioned into state 'RUNNING' from state 'PENDING' {{(pid=125067) _task_receiver /usr/local/lib/python3.8/dist-packages/taskflow/listeners/logging.py:190}}
Aug 30 11:50:07.550526 dv-cinder-852208-12-smb devstack@c-api.service[125068]: DEBUG cinder.api.middleware.request_id [None req-c751e5eb-0065-42de-b5f4-54104922321b None None] RequestId filter calling following filter/app {{(pid=125068) _context_setter /opt/stack/cinder/cinder/api/middleware/request_id.py:62}}
Aug 30 11:50:07.555822 dv-cinder-852208-12-smb devstack@c-api.service[125068]: INFO cinder.api.openstack.wsgi [None req-c751e5eb-0065-42de-b5f4-54104922321b tempest-SnapshotsActionsTest-752576753 tempest-SnapshotsActionsTest-752576753-project] GET http://10.222.0.13/volume/v3/39735de851e7453795888aa56abf63e1/snapshots/4362940d-b5d2-409b-bcbc-fa012b943dc4
Aug 30 11:50:07.556454 dv-cinder-852208-12-smb devstack@c-api.service[125068]: DEBUG cinder.api.openstack.wsgi [None req-c751e5eb-0065-42de-b5f4-54104922321b tempest-SnapshotsActionsTest-752576753 tempest-SnapshotsActionsTest-752576753-project] Empty body provided in request {{(pid=125068) get_body /opt/stack/cinder/cinder/api/openstack/wsgi.py:715}}
Aug 30 11:50:07.557093 dv-cinder-852208-12-smb devstack@c-api.service[125068]: DEBUG cinder.api.openstack.wsgi [None req-c751e5eb-0065-42de-b5f4-54104922321b tempest-SnapshotsActionsTest-752576753 tempest-SnapshotsActionsTest-752576753-project] Calling method 'show' {{(pid=125068) _process_stack /opt/stack/cinder/cinder/api/openstack/wsgi.py:868}}
Aug 30 11:50:07.566975 dv-cinder-852208-12-smb devstack@c-api.service[125068]: INFO cinder.api.openstack.wsgi [None req-c751e5eb-0065-42de-b5f4-54104922321b tempest-SnapshotsActionsTest-752576753 tempest-SnapshotsActionsTest-752576753-project] http://10.222.0.13/volume/v3/39735de851e7453795888aa56abf63e1/snapshots/4362940d-b5d2-409b-bcbc-fa012b943dc4 returned with HTTP 404
Aug 30 11:50:07.568259 dv-cinder-852208-12-smb devstack@c-api.service[125068]: [pid: 125068|app: 0|req: 216/420] 10.222.0.13 () {58 vars in 1331 bytes} [Tue Aug 30 11:50:07 2022] GET /volume/v3/39735de851e7453795888aa56abf63e1/snapshots/4362940d-b5d2-409b-bcbc-fa012b943dc4 => generated 111 bytes in 19 msecs (HTTP/1.1 404) 7 headers in 292 bytes (2 switches on core 0)
Aug 30 11:50:07.569383 dv-cinder-852208-12-smb devstack@c-api.service[125067]: DEBUG cinder.volume.api [None req-2451d6e0-f058-4423-a0ad-48cea0f28a3b tempest-GroupsTest-1286929230 tempest-GroupsTest-1286929230-project] Task 'cinder.volume.flows.api.create_volume.VolumeCastTask;volume:create' (3ba8ef7c-a795-4953-aafc-cfe05d7a971a) transitioned into state 'SUCCESS' from state 'RUNNING' with result 'None' {{(pid=125067) _task_receiver /usr/local/lib/python3.8/dist-packages/taskflow/listeners/logging.py:178}}
Aug 30 11:50:07.574595 dv-cinder-852208-12-smb devstack@c-api.service[125068]: DEBUG cinder.api.middleware.request_id [None req-8466c2df-c545-4eb0-92bc-381d476b3d50 None None] RequestId filter calling following filter/app {{(pid=125068) _context_setter /opt/stack/cinder/cinder/api/middleware/request_id.py:62}}
Aug 30 11:50:07.577052 dv-cinder-852208-12-smb devstack@c-api.service[125067]: DEBUG cinder.volume.api [None req-2451d6e0-f058-4423-a0ad-48cea0f28a3b tempest-GroupsTest-1286929230 tempest-GroupsTest-1286929230-project] Flow 'volume_create_api' (652fd0b2-dcb6-4b3b-a934-7666e7190e04) transitioned into state 'SUCCESS' from state 'RUNNING' {{(pid=125067) _flow_receiver /usr/local/lib/python3.8/dist-packages/taskflow/listeners/logging.py:141}}
Aug 30 11:50:07.577871 dv-cinder-852208-12-smb devstack@c-api.service[125067]: INFO cinder.volume.api [None req-2451d6e0-f058-4423-a0ad-48cea0f28a3b tempest-GroupsTest-1286929230 tempest-GroupsTest-1286929230-project] Create volume request issued successfully.
Aug 30 11:50:07.579103 dv-cinder-852208-12-smb devstack@c-api.service[125068]: INFO cinder.api.openstack.wsgi [None req-8466c2df-c545-4eb0-92bc-381d476b3d50 tempest-SnapshotsActionsTest-1731776563 tempest-SnapshotsActionsTest-1731776563-project-admin] POST http://10.222.0.13/volume/v3/aed542183e634ef9bdc8c9492b4bc2da/snapshots/ac8b4000-c6b7-42e9-99ff-108ed93d99d6/action
Aug 30 11:50:07.579304 dv-cinder-852208-12-smb devstack@c-api.service[125067]: WARNING stevedore.named [None req-2451d6e0-f058-4423-a0ad-48cea0f28a3b tempest-GroupsTest-1286929230 tempest-GroupsTest-1286929230-project] Could not load cinder.keymgr.conf_key_mgr.ConfKeyManager
Aug 30 11:50:07.579583 dv-cinder-852208-12-smb devstack@c-api.service[125067]: WARNING castellan.key_manager [None req-2451d6e0-f058-4423-a0ad-48cea0f28a3b tempest-GroupsTest-1286929230 tempest-GroupsTest-1286929230-project] Deprecation Warning : cinder.keymgr.conf_key_mgr.ConfKeyManager is not a stevedore based driver, trying to load it as a class: stevedore.exception.NoMatches: No 'castellan.drivers' driver found, looking for 'cinder.keymgr.conf_key_mgr.ConfKeyManager'
Aug 30 11:50:07.580222 dv-cinder-852208-12-smb devstack@c-api.service[125068]: DEBUG cinder.api.openstack.wsgi [None req-8466c2df-c545-4eb0-92bc-381d476b3d50 tempest-SnapshotsActionsTest-1731776563 tempest-SnapshotsActionsTest-1731776563-project-admin] Action body: b'{"os-reset_status": {"status": "available"}}' {{(pid=125068) get_method /opt/stack/cinder/cinder/api/openstack/wsgi.py:983}}
Aug 30 11:50:07.582497 dv-cinder-852208-12-smb devstack@c-api.service[125068]: DEBUG cinder.api.openstack.wsgi [None req-8466c2df-c545-4eb0-92bc-381d476b3d50 tempest-SnapshotsActionsTest-1731776563 tempest-SnapshotsActionsTest-1731776563-project-admin] Action: 'action', calling method: _reset_status, body: {"os-reset_status": {"status": "available"}} {{(pid=125068) _process_stack /opt/stack/cinder/cinder/api/openstack/wsgi.py:866}}
Aug 30 11:50:07.584616 dv-cinder-852208-12-smb devstack@c-api.service[125068]: DEBUG cinder.api.contrib.admin_actions [None req-8466c2df-c545-4eb0-92bc-381d476b3d50 tempest-SnapshotsActionsTest-1731776563 tempest-SnapshotsActionsTest-1731776563-project-admin] Updating snapshot 'ac8b4000-c6b7-42e9-99ff-108ed93d99d6' with '{'status': 'available'}' {{(pid=125068) _reset_status /opt/stack/cinder/cinder/api/contrib/admin_actions.py:100}}
Aug 30 11:50:07.590048 dv-cinder-852208-12-smb devstack@c-api.service[125067]: DEBUG oslo_db.sqlalchemy.engines [None req-2451d6e0-f058-4423-a0ad-48cea0f28a3b tempest-GroupsTest-1286929230 tempest-GroupsTest-1286929230-project] MySQL server mode set to STRICT_TRANS_TABLES,STRICT_ALL_TABLES,NO_ZERO_IN_DATE,NO_ZERO_DATE,ERROR_FOR_DIVISION_BY_ZERO,TRADITIONAL,NO_ENGINE_SUBSTITUTION {{(pid=125067) _check_effective_sql_mode /usr/local/lib/python3.8/dist-packages/oslo_db/sqlalchemy/engines.py:314}}
Aug 30 11:50:07.597774 dv-cinder-852208-12-smb devstack@c-api.service[125067]: /usr/local/lib/python3.8/dist-packages/oslo_context/context.py:100: DeprecationWarning: Policy enforcement is depending on the value of is_admin. This key is deprecated. Please update your policy file to use the standard policy values.
Aug 30 11:50:07.597774 dv-cinder-852208-12-smb devstack@c-api.service[125067]: warnings.warn('Policy enforcement is depending on the value of '
Aug 30 11:50:07.605523 dv-cinder-852208-12-smb devstack@c-api.service[125067]: INFO cinder.api.openstack.wsgi [None req-2451d6e0-f058-4423-a0ad-48cea0f28a3b tempest-GroupsTest-1286929230 tempest-GroupsTest-1286929230-project] http://10.222.0.13/volume/v3/0d6c4d9fba3e4faa817d67f31e707ab8/volumes returned with HTTP 202
Aug 30 11:50:07.607101 dv-cinder-852208-12-smb devstack@c-api.service[125067]: [pid: 125067|app: 0|req: 205/421] 10.222.0.13 () {62 vars in 1277 bytes} [Tue Aug 30 11:50:07 2022] POST /volume/v3/0d6c4d9fba3e4faa817d67f31e707ab8/volumes => generated 880 bytes in 381 msecs (HTTP/1.1 202) 7 headers in 292 bytes (1 switches on core 0)
Aug 30 11:50:07.620573 dv-cinder-852208-12-smb devstack@c-api.service[125067]: DEBUG cinder.api.middleware.request_id [None req-2dfc31fa-3e39-46e4-a4cd-28f2bbaea5f7 None None] RequestId filter calling following filter/app {{(pid=125067) _context_setter /opt/stack/cinder/cinder/api/middleware/request_id.py:62}}
Aug 30 11:50:07.626497 dv-cinder-852208-12-smb devstack@c-api.service[125067]: INFO cinder.api.openstack.wsgi [None req-2dfc31fa-3e39-46e4-a4cd-28f2bbaea5f7 tempest-GroupsTest-1286929230 tempest-GroupsTest-1286929230-project] GET http://10.222.0.13/volume/v3/0d6c4d9fba3e4faa817d67f31e707ab8/volumes/98436c0b-de78-4ae6-afce-732ca0459c80
Aug 30 11:50:07.627364 dv-cinder-852208-12-smb devstack@c-api.service[125067]: DEBUG cinder.api.openstack.wsgi [None req-2dfc31fa-3e39-46e4-a4cd-28f2bbaea5f7 tempest-GroupsTest-1286929230 tempest-GroupsTest-1286929230-project] Empty body provided in request {{(pid=125067) get_body /opt/stack/cinder/cinder/api/openstack/wsgi.py:715}}
Aug 30 11:50:07.630379 dv-cinder-852208-12-smb devstack@c-api.service[125067]: DEBUG cinder.api.openstack.wsgi [None req-2dfc31fa-3e39-46e4-a4cd-28f2bbaea5f7 tempest-GroupsTest-1286929230 tempest-GroupsTest-1286929230-project] Calling method 'show' {{(pid=125067) _process_stack /opt/stack/cinder/cinder/api/openstack/wsgi.py:868}}
Aug 30 11:50:07.639165 dv-cinder-852208-12-smb devstack@c-api.service[125068]: /usr/local/lib/python3.8/dist-packages/oslo_context/context.py:100: DeprecationWarning: Policy enforcement is depending on the value of is_admin. This key is deprecated. Please update your policy file to use the standard policy values.
Aug 30 11:50:07.639165 dv-cinder-852208-12-smb devstack@c-api.service[125068]: warnings.warn('Policy enforcement is depending on the value of '
Aug 30 11:50:07.651036 dv-cinder-852208-12-smb devstack@c-api.service[125067]: /usr/local/lib/python3.8/dist-packages/oslo_context/context.py:100: DeprecationWarning: Policy enforcement is depending on the value of is_admin. This key is deprecated. Please update your policy file to use the standard policy values.
Aug 30 11:50:07.651036 dv-cinder-852208-12-smb devstack@c-api.service[125067]: warnings.warn('Policy enforcement is depending on the value of '
Aug 30 11:50:07.666642 dv-cinder-852208-12-smb devstack@c-api.service[125067]: INFO cinder.volume.api [None req-2dfc31fa-3e39-46e4-a4cd-28f2bbaea5f7 tempest-GroupsTest-1286929230 tempest-GroupsTest-1286929230-project] Volume info retrieved successfully.
Aug 30 11:50:07.668726 dv-cinder-852208-12-smb devstack@c-api.service[125067]: WARNING stevedore.named [None req-2dfc31fa-3e39-46e4-a4cd-28f2bbaea5f7 tempest-GroupsTest-1286929230 tempest-GroupsTest-1286929230-project] Could not load cinder.keymgr.conf_key_mgr.ConfKeyManager
Aug 30 11:50:07.671071 dv-cinder-852208-12-smb devstack@c-api.service[125067]: WARNING castellan.key_manager [None req-2dfc31fa-3e39-46e4-a4cd-28f2bbaea5f7 tempest-GroupsTest-1286929230 tempest-GroupsTest-1286929230-project] Deprecation Warning : cinder.keymgr.conf_key_mgr.ConfKeyManager is not a stevedore based driver, trying to load it as a class: stevedore.exception.NoMatches: No 'castellan.drivers' driver found, looking for 'cinder.keymgr.conf_key_mgr.ConfKeyManager'
Aug 30 11:50:07.681468 dv-cinder-852208-12-smb devstack@c-api.service[125067]: DEBUG oslo_db.sqlalchemy.engines [None req-2dfc31fa-3e39-46e4-a4cd-28f2bbaea5f7 tempest-GroupsTest-1286929230 tempest-GroupsTest-1286929230-project] MySQL server mode set to STRICT_TRANS_TABLES,STRICT_ALL_TABLES,NO_ZERO_IN_DATE,NO_ZERO_DATE,ERROR_FOR_DIVISION_BY_ZERO,TRADITIONAL,NO_ENGINE_SUBSTITUTION {{(pid=125067) _check_effective_sql_mode /usr/local/lib/python3.8/dist-packages/oslo_db/sqlalchemy/engines.py:314}}
Aug 30 11:50:07.688510 dv-cinder-852208-12-smb devstack@c-api.service[125067]: /usr/local/lib/python3.8/dist-packages/oslo_context/context.py:100: DeprecationWarning: Policy enforcement is depending on the value of is_admin. This key is deprecated. Please update your policy file to use the standard policy values.
Aug 30 11:50:07.688510 dv-cinder-852208-12-smb devstack@c-api.service[125067]: warnings.warn('Policy enforcement is depending on the value of '
Aug 30 11:50:07.696353 dv-cinder-852208-12-smb devstack@c-api.service[125068]: INFO cinder.api.openstack.wsgi [None req-8466c2df-c545-4eb0-92bc-381d476b3d50 tempest-SnapshotsActionsTest-1731776563 tempest-SnapshotsActionsTest-1731776563-project-admin] http://10.222.0.13/volume/v3/aed542183e634ef9bdc8c9492b4bc2da/snapshots/ac8b4000-c6b7-42e9-99ff-108ed93d99d6/action returned with HTTP 202
Aug 30 11:50:07.698166 dv-cinder-852208-12-smb devstack@c-api.service[125068]: [pid: 125068|app: 0|req: 217/422] 10.222.0.13 () {60 vars in 1373 bytes} [Tue Aug 30 11:50:07 2022] POST /volume/v3/aed542183e634ef9bdc8c9492b4bc2da/snapshots/ac8b4000-c6b7-42e9-99ff-108ed93d99d6/action => generated 0 bytes in 126 msecs (HTTP/1.1 202) 7 headers in 289 bytes (1 switches on core 0)
Aug 30 11:50:07.699452 dv-cinder-852208-12-smb devstack@c-api.service[125068]: DEBUG cinder.api.middleware.request_id [None req-9a99fd52-2259-4f07-9308-1ec4ab339f80 None None] RequestId filter calling following filter/app {{(pid=125068) _context_setter /opt/stack/cinder/cinder/api/middleware/request_id.py:62}}
Aug 30 11:50:07.708890 dv-cinder-852208-12-smb devstack@c-api.service[125068]: INFO cinder.api.openstack.wsgi [None req-9a99fd52-2259-4f07-9308-1ec4ab339f80 tempest-VolumeQuotasNegativeTestJSON-1329000884 tempest-VolumeQuotasNegativeTestJSON-1329000884-project] GET http://10.222.0.13/volume/v3/ef5b91303be84ebfa823ae1cf9f805bf/volumes/359fbd63-cd9e-4277-9dd9-3a38592d6ca8
Aug 30 11:50:07.711166 dv-cinder-852208-12-smb devstack@c-api.service[125068]: DEBUG cinder.api.openstack.wsgi [None req-9a99fd52-2259-4f07-9308-1ec4ab339f80 tempest-VolumeQuotasNegativeTestJSON-1329000884 tempest-VolumeQuotasNegativeTestJSON-1329000884-project] Empty body provided in request {{(pid=125068) get_body /opt/stack/cinder/cinder/api/openstack/wsgi.py:715}}
Aug 30 11:50:07.711787 dv-cinder-852208-12-smb devstack@c-api.service[125068]: DEBUG cinder.api.openstack.wsgi [None req-9a99fd52-2259-4f07-9308-1ec4ab339f80 tempest-VolumeQuotasNegativeTestJSON-1329000884 tempest-VolumeQuotasNegativeTestJSON-1329000884-project] Calling method 'show' {{(pid=125068) _process_stack /opt/stack/cinder/cinder/api/openstack/wsgi.py:868}}
