Aug 30 04:02:59.847499 dv-cinder-852208-11-smb devstack@keystone.service[81656]: ERROR keystone.server.flask.application return self.get_or_create(
Aug 30 04:02:59.847499 dv-cinder-852208-11-smb devstack@keystone.service[81656]: ERROR keystone.server.flask.application
File "/usr/local/lib/python3.8/dist-packages/dogpile/cache/region.py", line 1042, in get_or_create
Aug 30 04:02:59.847499 dv-cinder-852208-11-smb devstack@keystone.service[81656]: ERROR keystone.server.flask.application with Lock(
Aug 30 04:02:59.847499 dv-cinder-852208-11-smb devstack@keystone.service[81656]: ERROR keystone.server.flask.application
File "/usr/local/lib/python3.8/dist-packages/dogpile/lock.py", line 185, in __enter__
Aug 30 04:02:59.847499 dv-cinder-852208-11-smb devstack@keystone.service[81656]: ERROR keystone.server.flask.application return self._enter()
Aug 30 04:02:59.847499 dv-cinder-852208-11-smb devstack@keystone.service[81656]: ERROR keystone.server.flask.application
File "/usr/local/lib/python3.8/dist-packages/dogpile/lock.py", line 94, in _enter
Aug 30 04:02:59.847499 dv-cinder-852208-11-smb devstack@keystone.service[81656]: ERROR keystone.server.flask.application generated = self._enter_create(value, createdtime)
Aug 30 04:02:59.848555 dv-cinder-852208-11-smb devstack@keystone.service[81656]: ERROR keystone.server.flask.application
File "/usr/local/lib/python3.8/dist-packages/dogpile/lock.py", line 178, in _enter_create
Aug 30 04:02:59.848555 dv-cinder-852208-11-smb devstack@keystone.service[81656]: ERROR keystone.server.flask.application return self.creator()
Aug 30 04:02:59.848555 dv-cinder-852208-11-smb devstack@keystone.service[81656]: ERROR keystone.server.flask.application
File "/usr/local/lib/python3.8/dist-packages/dogpile/cache/region.py", line 995, in gen_value
Aug 30 04:02:59.848555 dv-cinder-852208-11-smb devstack@keystone.service[81656]: ERROR keystone.server.flask.application created_value = creator(
Aug 30 04:02:59.848555 dv-cinder-852208-11-smb devstack@keystone.service[81656]: ERROR keystone.server.flask.application
File "/opt/stack/keystone/keystone/assignment/core.py", line 1276, in get_role
Aug 30 04:02:59.848555 dv-cinder-852208-11-smb devstack@keystone.service[81656]: ERROR keystone.server.flask.application return self.driver.get_role(role_id)
Aug 30 04:02:59.848555 dv-cinder-852208-11-smb devstack@keystone.service[81656]: ERROR keystone.server.flask.application
File "/opt/stack/keystone/keystone/assignment/role_backends/sql.py", line 70, in get_role
Aug 30 04:02:59.848555 dv-cinder-852208-11-smb devstack@keystone.service[81656]: ERROR keystone.server.flask.application return self._get_role(session, role_id).to_dict()
Aug 30 04:02:59.848555 dv-cinder-852208-11-smb devstack@keystone.service[81656]: ERROR keystone.server.flask.application
File "/opt/stack/keystone/keystone/assignment/role_backends/sql.py", line 65, in _get_role
Aug 30 04:02:59.848555 dv-cinder-852208-11-smb devstack@keystone.service[81656]: ERROR keystone.server.flask.application raise exception.RoleNotFound(role_id=role_id)
Aug 30 04:02:59.848555 dv-cinder-852208-11-smb devstack@keystone.service[81656]: ERROR keystone.server.flask.application keystone.exception.RoleNotFound: Could not find role: admin.
Aug 30 04:02:59.848555 dv-cinder-852208-11-smb devstack@keystone.service[81656]: ERROR keystone.server.flask.application
Aug 30 04:02:59.850117 dv-cinder-852208-11-smb devstack@keystone.service[81656]: [pid: 81656|app: 0|req: 57/117] 10.222.0.69 () {56 vars in 1096 bytes} [Tue Aug 30 04:02:59 2022] GET /identity/v3/roles/admin => generated 83 bytes in 210 msecs (HTTP/1.1 404) 5 headers in 183 bytes (1 switches on core 0)
Aug 30 04:02:59.850831 dv-cinder-852208-11-smb devstack@keystone.service[81656]: DEBUG keystone.server.flask.request_processing.middleware.auth_context [None req-c824a016-bda4-4749-959b-f9f3262b18eb None admin] Authenticating user token {{(pid=81656) process_request /usr/local/lib/python3.8/dist-packages/keystonemiddleware/auth_token/__init__.py:407}}
Aug 30 04:02:59.966935 dv-cinder-852208-11-smb devstack@keystone.service[81656]: DEBUG keystone.server.flask.request_processing.middleware.auth_context [None req-c824a016-bda4-4749-959b-f9f3262b18eb None admin] Validating token access rules against request {{(pid=81656) validate_allowed_request /usr/local/lib/python3.8/dist-packages/keystonemiddleware/auth_token/__init__.py:545}}
Aug 30 04:02:59.970395 dv-cinder-852208-11-smb devstack@keystone.service[81657]: DEBUG keystone.server.flask.request_processing.middleware.auth_context [None req-d440d95a-ffe3-4c7f-bfc3-ce6b5861c7a3 None admin] Validating token access rules against request {{(pid=81657) validate_allowed_request /usr/local/lib/python3.8/dist-packages/keystonemiddleware/auth_token/__init__.py:545}}
Aug 30 04:03:00.003243 dv-cinder-852208-11-smb devstack@keystone.service[81656]: DEBUG keystone.server.flask.request_processing.middleware.auth_context [None req-034df535-a5f1-4aaf-91e7-31a2f33ec1e5 None admin] RBAC: auth_context: {'token': , 'domain_id': None, 'trust_id': None, 'trustor_id': None, 'trustee_id': None, 'domain_name': None, 'group_ids': [], 'user_id': '6cce99ec4d5640fbb0998973ffaa1781', 'user_domain_id': 'default', 'system_scope': 'all', 'project_id': None, 'project_domain_id': None, 'roles': ['admin', 'member', 'reader'], 'is_admin_project': True, 'service_user_id': None, 'service_user_domain_id': None, 'service_project_id': None, 'service_project_domain_id': None, 'service_roles': []} {{(pid=81656) fill_context /opt/stack/keystone/keystone/server/flask/request_processing/middleware/auth_context.py:478}}
Aug 30 04:03:00.003794 dv-cinder-852208-11-smb devstack@keystone.service[81656]: DEBUG keystone.server.flask.request_processing.req_logging [None req-034df535-a5f1-4aaf-91e7-31a2f33ec1e5 None admin] REQUEST_METHOD: `GET` {{(pid=81656) log_request_info /opt/stack/keystone/keystone/server/flask/request_processing/req_logging.py:27}}
Aug 30 04:03:00.004073 dv-cinder-852208-11-smb devstack@keystone.service[81656]: DEBUG keystone.server.flask.request_processing.req_logging [None req-034df535-a5f1-4aaf-91e7-31a2f33ec1e5 None admin] SCRIPT_NAME: `/identity` {{(pid=81656) log_request_info /opt/stack/keystone/keystone/server/flask/request_processing/req_logging.py:28}}
Aug 30 04:03:00.004345 dv-cinder-852208-11-smb devstack@keystone.service[81656]: DEBUG keystone.server.flask.request_processing.req_logging [None req-034df535-a5f1-4aaf-91e7-31a2f33ec1e5 None admin] PATH_INFO: `/v3/users/a68b15b13af94675b3fa8fc734f85006` {{(pid=81656) log_request_info /opt/stack/keystone/keystone/server/flask/request_processing/req_logging.py:29}}
Aug 30 04:03:00.004791 dv-cinder-852208-11-smb devstack@keystone.service[81657]: DEBUG keystone.server.flask.request_processing.middleware.auth_context [None req-f06c9b54-ceef-42e6-9cc4-21f049de9c73 None admin] RBAC: auth_context: {'token': , 'domain_id': None, 'trust_id': None, 'trustor_id': None, 'trustee_id': None, 'domain_name': None, 'group_ids': [], 'user_id': '6cce99ec4d5640fbb0998973ffaa1781', 'user_domain_id': 'default', 'system_scope': 'all', 'project_id': None, 'project_domain_id': None, 'roles': ['admin', 'member', 'reader'], 'is_admin_project': True, 'service_user_id': None, 'service_user_domain_id': None, 'service_project_id': None, 'service_project_domain_id': None, 'service_roles': []} {{(pid=81657) fill_context /opt/stack/keystone/keystone/server/flask/request_processing/middleware/auth_context.py:478}}
Aug 30 04:03:00.005478 dv-cinder-852208-11-smb devstack@keystone.service[81656]: DEBUG keystone.common.rbac_enforcer.enforcer [None req-034df535-a5f1-4aaf-91e7-31a2f33ec1e5 None admin] RBAC: Authorizing `identity:get_user(user_id=a68b15b13af94675b3fa8fc734f85006)` {{(pid=81656) enforce_call /opt/stack/keystone/keystone/common/rbac_enforcer/enforcer.py:449}}
Aug 30 04:03:00.005598 dv-cinder-852208-11-smb devstack@keystone.service[81657]: DEBUG keystone.server.flask.request_processing.req_logging [None req-f06c9b54-ceef-42e6-9cc4-21f049de9c73 None admin] REQUEST_METHOD: `GET` {{(pid=81657) log_request_info /opt/stack/keystone/keystone/server/flask/request_processing/req_logging.py:27}}
Aug 30 04:03:00.005781 dv-cinder-852208-11-smb devstack@keystone.service[81657]: DEBUG keystone.server.flask.request_processing.req_logging [None req-f06c9b54-ceef-42e6-9cc4-21f049de9c73 None admin] SCRIPT_NAME: `/identity` {{(pid=81657) log_request_info /opt/stack/keystone/keystone/server/flask/request_processing/req_logging.py:28}}
Aug 30 04:03:00.006054 dv-cinder-852208-11-smb devstack@keystone.service[81657]: DEBUG keystone.server.flask.request_processing.req_logging [None req-f06c9b54-ceef-42e6-9cc4-21f049de9c73 None admin] PATH_INFO: `/v3/roles` {{(pid=81657) log_request_info /opt/stack/keystone/keystone/server/flask/request_processing/req_logging.py:29}}
Aug 30 04:03:00.006714 dv-cinder-852208-11-smb devstack@keystone.service[81657]: DEBUG keystone.common.rbac_enforcer.enforcer [None req-f06c9b54-ceef-42e6-9cc4-21f049de9c73 None admin] RBAC: Adding query filter params (name=member) {{(pid=81657) _extract_filter_values /opt/stack/keystone/keystone/common/rbac_enforcer/enforcer.py:167}}
Aug 30 04:03:00.006997 dv-cinder-852208-11-smb devstack@keystone.service[81656]: DEBUG keystone.common.rbac_enforcer.enforcer [None req-034df535-a5f1-4aaf-91e7-31a2f33ec1e5 None admin] RBAC: Authorization granted {{(pid=81656) enforce_call /opt/stack/keystone/keystone/common/rbac_enforcer/enforcer.py:457}}
Aug 30 04:03:00.007088 dv-cinder-852208-11-smb devstack@keystone.service[81657]: DEBUG keystone.common.rbac_enforcer.enforcer [None req-f06c9b54-ceef-42e6-9cc4-21f049de9c73 None admin] RBAC: Authorizing `identity:list_roles()` {{(pid=81657) enforce_call /opt/stack/keystone/keystone/common/rbac_enforcer/enforcer.py:449}}
Aug 30 04:03:00.008359 dv-cinder-852208-11-smb devstack@keystone.service[81657]: DEBUG keystone.common.rbac_enforcer.enforcer [None req-f06c9b54-ceef-42e6-9cc4-21f049de9c73 None admin] RBAC: Authorization granted {{(pid=81657) enforce_call /opt/stack/keystone/keystone/common/rbac_enforcer/enforcer.py:457}}
Aug 30 04:03:00.008590 dv-cinder-852208-11-smb devstack@keystone.service[81656]: [pid: 81656|app: 0|req: 58/118] 10.222.0.69 () {56 vars in 1177 bytes} [Tue Aug 30 04:02:59 2022] GET /identity/v3/users/a68b15b13af94675b3fa8fc734f85006 => generated 275 bytes in 158 msecs (HTTP/1.1 200) 5 headers in 177 bytes (1 switches on core 0)
Aug 30 04:03:00.013458 dv-cinder-852208-11-smb devstack@keystone.service[81656]: DEBUG keystone.server.flask.request_processing.middleware.auth_context [None req-034df535-a5f1-4aaf-91e7-31a2f33ec1e5 None admin] Authenticating user token {{(pid=81656) process_request /usr/local/lib/python3.8/dist-packages/keystonemiddleware/auth_token/__init__.py:407}}
Aug 30 04:03:00.020806 dv-cinder-852208-11-smb devstack@keystone.service[81656]: DEBUG dbcounter [-] [81656] Writing DB stats keystone:SELECT=100 {{(pid=81656) stat_writer /usr/local/lib/python3.8/dist-packages/dbcounter.py:114}}
Aug 30 04:03:00.022081 dv-cinder-852208-11-smb devstack@keystone.service[81657]: [pid: 81657|app: 0|req: 61/119] 10.222.0.69 () {56 vars in 1101 bytes} [Tue Aug 30 04:02:59 2022] GET /identity/v3/roles?name=member => generated 341 bytes in 186 msecs (HTTP/1.1 200) 5 headers in 177 bytes (1 switches on core 0)
Aug 30 04:03:00.027347 dv-cinder-852208-11-smb devstack@keystone.service[81657]: DEBUG keystone.server.flask.request_processing.middleware.auth_context [None req-f06c9b54-ceef-42e6-9cc4-21f049de9c73 None admin] Authenticating user token {{(pid=81657) process_request /usr/local/lib/python3.8/dist-packages/keystonemiddleware/auth_token/__init__.py:407}}
Aug 30 04:03:00.039548 dv-cinder-852208-11-smb devstack@keystone.service[81657]: DEBUG dbcounter [-] [81657] Writing DB stats keystone:SELECT=100 {{(pid=81657) stat_writer /usr/local/lib/python3.8/dist-packages/dbcounter.py:114}}
Aug 30 04:03:00.124254 dv-cinder-852208-11-smb devstack@keystone.service[81656]: DEBUG keystone.server.flask.request_processing.middleware.auth_context [None req-034df535-a5f1-4aaf-91e7-31a2f33ec1e5 None admin] Validating token access rules against request {{(pid=81656) validate_allowed_request /usr/local/lib/python3.8/dist-packages/keystonemiddleware/auth_token/__init__.py:545}}
Aug 30 04:03:00.135958 dv-cinder-852208-11-smb devstack@keystone.service[81657]: DEBUG keystone.server.flask.request_processing.middleware.auth_context [None req-f06c9b54-ceef-42e6-9cc4-21f049de9c73 None admin] Validating token access rules against request {{(pid=81657) validate_allowed_request /usr/local/lib/python3.8/dist-packages/keystonemiddleware/auth_token/__init__.py:545}}
Aug 30 04:03:00.162298 dv-cinder-852208-11-smb devstack@keystone.service[81656]: DEBUG keystone.server.flask.request_processing.middleware.auth_context [None req-6d7ba487-5888-4ef0-b925-ca4d879cc0e5 None admin] RBAC: auth_context: {'token': , 'domain_id': None, 'trust_id': None, 'trustor_id': None, 'trustee_id': None, 'domain_name': None, 'group_ids': [], 'user_id': '6cce99ec4d5640fbb0998973ffaa1781', 'user_domain_id': 'default', 'system_scope': 'all', 'project_id': None, 'project_domain_id': None, 'roles': ['admin', 'member', 'reader'], 'is_admin_project': True, 'service_user_id': None, 'service_user_domain_id': None, 'service_project_id': None, 'service_project_domain_id': None, 'service_roles': []} {{(pid=81656) fill_context /opt/stack/keystone/keystone/server/flask/request_processing/middleware/auth_context.py:478}}
Aug 30 04:03:00.162850 dv-cinder-852208-11-smb devstack@keystone.service[81656]: DEBUG keystone.server.flask.request_processing.req_logging [None req-6d7ba487-5888-4ef0-b925-ca4d879cc0e5 None admin] REQUEST_METHOD: `GET` {{(pid=81656) log_request_info /opt/stack/keystone/keystone/server/flask/request_processing/req_logging.py:27}}
Aug 30 04:03:00.163133 dv-cinder-852208-11-smb devstack@keystone.service[81656]: DEBUG keystone.server.flask.request_processing.req_logging [None req-6d7ba487-5888-4ef0-b925-ca4d879cc0e5 None admin] SCRIPT_NAME: `/identity` {{(pid=81656) log_request_info /opt/stack/keystone/keystone/server/flask/request_processing/req_logging.py:28}}
Aug 30 04:03:00.163406 dv-cinder-852208-11-smb devstack@keystone.service[81656]: DEBUG keystone.server.flask.request_processing.req_logging [None req-6d7ba487-5888-4ef0-b925-ca4d879cc0e5 None admin] PATH_INFO: `/v3/users/cb2b9d36998e40f0a3cf8c6b1dacb946` {{(pid=81656) log_request_info /opt/stack/keystone/keystone/server/flask/request_processing/req_logging.py:29}}
Aug 30 04:03:00.174049 dv-cinder-852208-11-smb devstack@keystone.service[81657]: DEBUG keystone.server.flask.request_processing.middleware.auth_context [None req-2b588f8c-baf6-4d96-97be-7b587f057600 None admin] RBAC: auth_context: {'token': , 'domain_id': None, 'trust_id': None, 'trustor_id': None, 'trustee_id': None, 'domain_name': None, 'group_ids': [], 'user_id': '6cce99ec4d5640fbb0998973ffaa1781', 'user_domain_id': 'default', 'system_scope': 'all', 'project_id': None, 'project_domain_id': None, 'roles': ['admin', 'member', 'reader'], 'is_admin_project': True, 'service_user_id': None, 'service_user_domain_id': None, 'service_project_id': None, 'service_project_domain_id': None, 'service_roles': []} {{(pid=81657) fill_context /opt/stack/keystone/keystone/server/flask/request_processing/middleware/auth_context.py:478}}
Aug 30 04:03:00.174660 dv-cinder-852208-11-smb devstack@keystone.service[81657]: DEBUG keystone.server.flask.request_processing.req_logging [None req-2b588f8c-baf6-4d96-97be-7b587f057600 None admin] REQUEST_METHOD: `GET` {{(pid=81657) log_request_info /opt/stack/keystone/keystone/server/flask/request_processing/req_logging.py:27}}
Aug 30 04:03:00.174943 dv-cinder-852208-11-smb devstack@keystone.service[81657]: DEBUG keystone.server.flask.request_processing.req_logging [None req-2b588f8c-baf6-4d96-97be-7b587f057600 None admin] SCRIPT_NAME: `/identity` {{(pid=81657) log_request_info /opt/stack/keystone/keystone/server/flask/request_processing/req_logging.py:28}}
Aug 30 04:03:00.175227 dv-cinder-852208-11-smb devstack@keystone.service[81657]: DEBUG keystone.server.flask.request_processing.req_logging [None req-2b588f8c-baf6-4d96-97be-7b587f057600 None admin] PATH_INFO: `/v3/roles` {{(pid=81657) log_request_info /opt/stack/keystone/keystone/server/flask/request_processing/req_logging.py:29}}
Aug 30 04:03:00.175888 dv-cinder-852208-11-smb devstack@keystone.service[81657]: DEBUG keystone.common.rbac_enforcer.enforcer [None req-2b588f8c-baf6-4d96-97be-7b587f057600 None admin] RBAC: Adding query filter params (name=admin) {{(pid=81657) _extract_filter_values /opt/stack/keystone/keystone/common/rbac_enforcer/enforcer.py:167}}
Aug 30 04:03:00.176316 dv-cinder-852208-11-smb devstack@keystone.service[81657]: DEBUG keystone.common.rbac_enforcer.enforcer [None req-2b588f8c-baf6-4d96-97be-7b587f057600 None admin] RBAC: Authorizing `identity:list_roles()` {{(pid=81657) enforce_call /opt/stack/keystone/keystone/common/rbac_enforcer/enforcer.py:449}}
Aug 30 04:03:00.177688 dv-cinder-852208-11-smb devstack@keystone.service[81656]: DEBUG keystone.common.rbac_enforcer.enforcer [None req-6d7ba487-5888-4ef0-b925-ca4d879cc0e5 None admin] RBAC: Authorizing `identity:get_user(user_id=cb2b9d36998e40f0a3cf8c6b1dacb946)` {{(pid=81656) enforce_call /opt/stack/keystone/keystone/common/rbac_enforcer/enforcer.py:449}}
Aug 30 04:03:00.177793 dv-cinder-852208-11-smb devstack@keystone.service[81657]: DEBUG keystone.common.rbac_enforcer.enforcer [None req-2b588f8c-baf6-4d96-97be-7b587f057600 None admin] RBAC: Authorization granted {{(pid=81657) enforce_call /opt/stack/keystone/keystone/common/rbac_enforcer/enforcer.py:457}}
Aug 30 04:03:00.179117 dv-cinder-852208-11-smb devstack@keystone.service[81656]: DEBUG keystone.common.rbac_enforcer.enforcer [None req-6d7ba487-5888-4ef0-b925-ca4d879cc0e5 None admin] RBAC: Authorization granted {{(pid=81656) enforce_call /opt/stack/keystone/keystone/common/rbac_enforcer/enforcer.py:457}}
Aug 30 04:03:00.180730 dv-cinder-852208-11-smb devstack@keystone.service[81656]: [pid: 81656|app: 0|req: 59/120] 10.222.0.69 () {56 vars in 1177 bytes} [Tue Aug 30 04:03:00 2022] GET /identity/v3/users/cb2b9d36998e40f0a3cf8c6b1dacb946 => generated 289 bytes in 172 msecs (HTTP/1.1 200) 5 headers in 177 bytes (1 switches on core 0)
Aug 30 04:03:00.186195 dv-cinder-852208-11-smb devstack@keystone.service[81657]: [pid: 81657|app: 0|req: 62/121] 10.222.0.69 () {56 vars in 1099 bytes} [Tue Aug 30 04:03:00 2022] GET /identity/v3/roles?name=admin => generated 339 bytes in 159 msecs (HTTP/1.1 200) 5 headers in 177 bytes (1 switches on core 0)
Aug 30 04:03:00.186342 dv-cinder-852208-11-smb devstack@keystone.service[81656]: DEBUG keystone.server.flask.request_processing.middleware.auth_context [None req-6d7ba487-5888-4ef0-b925-ca4d879cc0e5 None admin] Authenticating user token {{(pid=81656) process_request /usr/local/lib/python3.8/dist-packages/keystonemiddleware/auth_token/__init__.py:407}}
Aug 30 04:03:00.186892 dv-cinder-852208-11-smb devstack@keystone.service[81657]: DEBUG keystone.server.flask.request_processing.middleware.auth_context [None req-2b588f8c-baf6-4d96-97be-7b587f057600 None admin] Authenticating user token {{(pid=81657) process_request /usr/local/lib/python3.8/dist-packages/keystonemiddleware/auth_token/__init__.py:407}}
Aug 30 04:03:00.257214 dv-cinder-852208-11-smb devstack@keystone.service[81656]: DEBUG dbcounter [-] [81656] Writing DB stats keystone:SELECT=100 {{(pid=81656) stat_writer /usr/local/lib/python3.8/dist-packages/dbcounter.py:114}}
Aug 30 04:03:00.271065 dv-cinder-852208-11-smb devstack@keystone.service[81657]: DEBUG dbcounter [-] [81657] Writing DB stats keystone:SELECT=100 {{(pid=81657) stat_writer /usr/local/lib/python3.8/dist-packages/dbcounter.py:114}}
Aug 30 04:03:00.300644 dv-cinder-852208-11-smb devstack@keystone.service[81656]: DEBUG keystone.server.flask.request_processing.middleware.auth_context [None req-6d7ba487-5888-4ef0-b925-ca4d879cc0e5 None admin] Validating token access rules against request {{(pid=81656) validate_allowed_request /usr/local/lib/python3.8/dist-packages/keystonemiddleware/auth_token/__init__.py:545}}
Aug 30 04:03:00.306276 dv-cinder-852208-11-smb devstack@keystone.service[81657]: DEBUG keystone.server.flask.request_processing.middleware.auth_context [None req-2b588f8c-baf6-4d96-97be-7b587f057600 None admin] Validating token access rules against request {{(pid=81657) validate_allowed_request /usr/local/lib/python3.8/dist-packages/keystonemiddleware/auth_token/__init__.py:545}}
Aug 30 04:03:00.336358 dv-cinder-852208-11-smb devstack@keystone.service[81656]: DEBUG keystone.server.flask.request_processing.middleware.auth_context [None req-e100aec5-1f36-46fa-9e3b-816af4f6c2dc None admin] RBAC: auth_context: {'token': , 'domain_id': None, 'trust_id': None, 'trustor_id': None, 'trustee_id': None, 'domain_name': None, 'group_ids': [], 'user_id': '6cce99ec4d5640fbb0998973ffaa1781', 'user_domain_id': 'default', 'system_scope': 'all', 'project_id': None, 'project_domain_id': None, 'roles': ['admin', 'member', 'reader'], 'is_admin_project': True, 'service_user_id': None, 'service_user_domain_id': None, 'service_project_id': None, 'service_project_domain_id': None, 'service_roles': []} {{(pid=81656) fill_context /opt/stack/keystone/keystone/server/flask/request_processing/middleware/auth_context.py:478}}
Aug 30 04:03:00.336986 dv-cinder-852208-11-smb devstack@keystone.service[81656]: DEBUG keystone.server.flask.request_processing.req_logging [None req-e100aec5-1f36-46fa-9e3b-816af4f6c2dc None admin] REQUEST_METHOD: `GET` {{(pid=81656) log_request_info /opt/stack/keystone/keystone/server/flask/request_processing/req_logging.py:27}}
Aug 30 04:03:00.337538 dv-cinder-852208-11-smb devstack@keystone.service[81656]: DEBUG keystone.server.flask.request_processing.req_logging [None req-e100aec5-1f36-46fa-9e3b-816af4f6c2dc None admin] SCRIPT_NAME: `/identity` {{(pid=81656) log_request_info /opt/stack/keystone/keystone/server/flask/request_processing/req_logging.py:28}}
Aug 30 04:03:00.337874 dv-cinder-852208-11-smb devstack@keystone.service[81656]: DEBUG keystone.server.flask.request_processing.req_logging [None req-e100aec5-1f36-46fa-9e3b-816af4f6c2dc None admin] PATH_INFO: `/v3/roles/member` {{(pid=81656) log_request_info /opt/stack/keystone/keystone/server/flask/request_processing/req_logging.py:29}}
Aug 30 04:03:00.340696 dv-cinder-852208-11-smb devstack@keystone.service[81657]: DEBUG keystone.server.flask.request_processing.middleware.auth_context [None req-284bce0f-77ca-4670-88ba-235a39a05e13 None admin] RBAC: auth_context: {'token': , 'domain_id': None, 'trust_id': None, 'trustor_id': None, 'trustee_id': None, 'domain_name': None, 'group_ids': [], 'user_id': '6cce99ec4d5640fbb0998973ffaa1781', 'user_domain_id': 'default', 'system_scope': 'all', 'project_id': None, 'project_domain_id': None, 'roles': ['admin', 'member', 'reader'], 'is_admin_project': True, 'service_user_id': None, 'service_user_domain_id': None, 'service_project_id': None, 'service_project_domain_id': None, 'service_roles': []} {{(pid=81657) fill_context /opt/stack/keystone/keystone/server/flask/request_processing/middleware/auth_context.py:478}}
Aug 30 04:03:00.341330 dv-cinder-852208-11-smb devstack@keystone.service[81657]: DEBUG keystone.server.flask.request_processing.req_logging [None req-284bce0f-77ca-4670-88ba-235a39a05e13 None admin] REQUEST_METHOD: `GET` {{(pid=81657) log_request_info /opt/stack/keystone/keystone/server/flask/request_processing/req_logging.py:27}}
Aug 30 04:03:00.341642 dv-cinder-852208-11-smb devstack@keystone.service[81657]: DEBUG keystone.server.flask.request_processing.req_logging [None req-284bce0f-77ca-4670-88ba-235a39a05e13 None admin] SCRIPT_NAME: `/identity` {{(pid=81657) log_request_info /opt/stack/keystone/keystone/server/flask/request_processing/req_logging.py:28}}
Aug 30 04:03:00.341922 dv-cinder-852208-11-smb devstack@keystone.service[81657]: DEBUG keystone.server.flask.request_processing.req_logging [None req-284bce0f-77ca-4670-88ba-235a39a05e13 None admin] PATH_INFO: `/v3/projects/8fc8f6bd4a6f47f6b48d82008c85b91a` {{(pid=81657) log_request_info /opt/stack/keystone/keystone/server/flask/request_processing/req_logging.py:29}}
Aug 30 04:03:00.343055 dv-cinder-852208-11-smb devstack@keystone.service[81657]: DEBUG keystone.common.rbac_enforcer.enforcer [None req-284bce0f-77ca-4670-88ba-235a39a05e13 None admin] RBAC: Authorizing `identity:get_project(project_id=8fc8f6bd4a6f47f6b48d82008c85b91a)` {{(pid=81657) enforce_call /opt/stack/keystone/keystone/common/rbac_enforcer/enforcer.py:449}}
Aug 30 04:03:00.345253 dv-cinder-852208-11-smb devstack@keystone.service[81657]: DEBUG keystone.common.rbac_enforcer.enforcer [None req-284bce0f-77ca-4670-88ba-235a39a05e13 None admin] RBAC: Authorization granted {{(pid=81657) enforce_call /opt/stack/keystone/keystone/common/rbac_enforcer/enforcer.py:457}}
Aug 30 04:03:00.347124 dv-cinder-852208-11-smb devstack@keystone.service[81657]: [pid: 81657|app: 0|req: 63/122] 10.222.0.69 () {56 vars in 1186 bytes} [Tue Aug 30 04:03:00 2022] GET /identity/v3/projects/8fc8f6bd4a6f47f6b48d82008c85b91a => generated 298 bytes in 160 msecs (HTTP/1.1 200) 5 headers in 177 bytes (1 switches on core 0)
Aug 30 04:03:00.348716 dv-cinder-852208-11-smb devstack@keystone.service[81656]: DEBUG keystone.common.rbac_enforcer.enforcer [None req-e100aec5-1f36-46fa-9e3b-816af4f6c2dc None admin] Extracting inferred target data resulted in "NOT FOUND (404)". {{(pid=81656) enforce_call /opt/stack/keystone/keystone/common/rbac_enforcer/enforcer.py:409}}
Aug 30 04:03:00.352264 dv-cinder-852208-11-smb devstack@keystone.service[81657]: DEBUG keystone.server.flask.request_processing.middleware.auth_context [None req-284bce0f-77ca-4670-88ba-235a39a05e13 None admin] Authenticating user token {{(pid=81657) process_request /usr/local/lib/python3.8/dist-packages/keystonemiddleware/auth_token/__init__.py:407}}
Aug 30 04:03:00.353531 dv-cinder-852208-11-smb devstack@keystone.service[81656]: ERROR keystone.server.flask.application [None req-e100aec5-1f36-46fa-9e3b-816af4f6c2dc None admin] Could not find role: member.: keystone.exception.RoleNotFound: Could not find role: member.
Aug 30 04:03:00.353531 dv-cinder-852208-11-smb devstack@keystone.service[81656]: ERROR keystone.server.flask.application
Traceback (most recent call last):
Aug 30 04:03:00.353531 dv-cinder-852208-11-smb devstack@keystone.service[81656]: ERROR keystone.server.flask.application
File "/usr/local/lib/python3.8/dist-packages/flask/app.py", line 1820, in full_dispatch_request
Aug 30 04:03:00.353531 dv-cinder-852208-11-smb devstack@keystone.service[81656]: ERROR keystone.server.flask.application rv = self.dispatch_request()
Aug 30 04:03:00.353531 dv-cinder-852208-11-smb devstack@keystone.service[81656]: ERROR keystone.server.flask.application
File "/usr/local/lib/python3.8/dist-packages/flask/app.py", line 1796, in dispatch_request
Aug 30 04:03:00.353531 dv-cinder-852208-11-smb devstack@keystone.service[81656]: ERROR keystone.server.flask.application return self.ensure_sync(self.view_functions[rule.endpoint])(**view_args)
Aug 30 04:03:00.353531 dv-cinder-852208-11-smb devstack@keystone.service[81656]: ERROR keystone.server.flask.application
File "/usr/local/lib/python3.8/dist-packages/flask_restful/__init__.py", line 467, in wrapper
Aug 30 04:03:00.353531 dv-cinder-852208-11-smb devstack@keystone.service[81656]: ERROR keystone.server.flask.application resp = resource(*args, **kwargs)
Aug 30 04:03:00.353531 dv-cinder-852208-11-smb devstack@keystone.service[81656]: ERROR keystone.server.flask.application
File "/usr/local/lib/python3.8/dist-packages/flask/views.py", line 107, in view
Aug 30 04:03:00.353531 dv-cinder-852208-11-smb devstack@keystone.service[81656]: ERROR keystone.server.flask.application return current_app.ensure_sync(self.dispatch_request)(**kwargs)
Aug 30 04:03:00.353531 dv-cinder-852208-11-smb devstack@keystone.service[81656]: ERROR keystone.server.flask.application
File "/usr/local/lib/python3.8/dist-packages/flask_restful/__init__.py", line 582, in dispatch_request
Aug 30 04:03:00.353531 dv-cinder-852208-11-smb devstack@keystone.service[81656]: ERROR keystone.server.flask.application resp = meth(*args, **kwargs)
Aug 30 04:03:00.353531 dv-cinder-852208-11-smb devstack@keystone.service[81656]: ERROR keystone.server.flask.application
File "/opt/stack/keystone/keystone/api/roles.py", line 50, in get
Aug 30 04:03:00.353531 dv-cinder-852208-11-smb devstack@keystone.service[81656]: ERROR keystone.server.flask.application return self._get_role(role_id)
Aug 30 04:03:00.353531 dv-cinder-852208-11-smb devstack@keystone.service[81656]: ERROR keystone.server.flask.application
File "/opt/stack/keystone/keystone/api/roles.py", line 70, in _get_role
Aug 30 04:03:00.353531 dv-cinder-852208-11-smb devstack@keystone.service[81656]: ERROR keystone.server.flask.application ENFORCER.enforce_call(action='identity:get_role')
Aug 30 04:03:00.354364 dv-cinder-852208-11-smb devstack@keystone.service[81656]: ERROR keystone.server.flask.application
File "/opt/stack/keystone/keystone/common/rbac_enforcer/enforcer.py", line 402, in enforce_call
Aug 30 04:03:00.354364 dv-cinder-852208-11-smb devstack@keystone.service[81656]: ERROR keystone.server.flask.application policy_dict.update(cls._extract_member_target_data(
Aug 30 04:03:00.354364 dv-cinder-852208-11-smb devstack@keystone.service[81656]: ERROR keystone.server.flask.application
File "/opt/stack/keystone/keystone/common/rbac_enforcer/enforcer.py", line 234, in _extract_member_target_data
Aug 30 04:03:00.354364 dv-cinder-852208-11-smb devstack@keystone.service[81656]: ERROR keystone.server.flask.application member_name: func(flask.request.view_args[key])
Aug 30 04:03:00.354364 dv-cinder-852208-11-smb devstack@keystone.service[81656]: ERROR keystone.server.flask.application
File "/opt/stack/keystone/keystone/common/manager.py", line 115, in wrapped
Aug 30 04:03:00.354364 dv-cinder-852208-11-smb devstack@keystone.service[81656]: ERROR keystone.server.flask.application __ret_val = __f(*args, **kwargs)
Aug 30 04:03:00.354364 dv-cinder-852208-11-smb devstack@keystone.service[81656]: ERROR keystone.server.flask.application
File "/usr/local/lib/python3.8/dist-packages/decorator.py", line 232, in fun
Aug 30 04:03:00.354364 dv-cinder-852208-11-smb devstack@keystone.service[81656]: ERROR keystone.server.flask.application return caller(func, *(extras + args), **kw)
Aug 30 04:03:00.354364 dv-cinder-852208-11-smb devstack@keystone.service[81656]: ERROR keystone.server.flask.application
File "/usr/local/lib/python3.8/dist-packages/dogpile/cache/region.py", line 1577, in get_or_create_for_user_func
Aug 30 04:03:00.354364 dv-cinder-852208-11-smb devstack@keystone.service[81656]: ERROR keystone.server.flask.application return self.get_or_create(
Aug 30 04:03:00.354364 dv-cinder-852208-11-smb devstack@keystone.service[81656]: ERROR keystone.server.flask.application
File "/usr/local/lib/python3.8/dist-packages/dogpile/cache/region.py", line 1042, in get_or_create
Aug 30 04:03:00.354364 dv-cinder-852208-11-smb devstack@keystone.service[81656]: ERROR keystone.server.flask.application with Lock(
Aug 30 04:03:00.354364 dv-cinder-852208-11-smb devstack@keystone.service[81656]: ERROR keystone.server.flask.application
File "/usr/local/lib/python3.8/dist-packages/dogpile/lock.py", line 185, in __enter__
Aug 30 04:03:00.354364 dv-cinder-852208-11-smb devstack@keystone.service[81656]: ERROR keystone.server.flask.application return self._enter()
Aug 30 04:03:00.354364 dv-cinder-852208-11-smb devstack@keystone.service[81656]: ERROR keystone.server.flask.application
File "/usr/local/lib/python3.8/dist-packages/dogpile/lock.py", line 94, in _enter
Aug 30 04:03:00.354364 dv-cinder-852208-11-smb devstack@keystone.service[81656]: ERROR keystone.server.flask.application generated = self._enter_create(value, createdtime)
Aug 30 04:03:00.355791 dv-cinder-852208-11-smb devstack@keystone.service[81656]: ERROR keystone.server.flask.application
File "/usr/local/lib/python3.8/dist-packages/dogpile/lock.py", line 178, in _enter_create
Aug 30 04:03:00.355791 dv-cinder-852208-11-smb devstack@keystone.service[81656]: ERROR keystone.server.flask.application return self.creator()
Aug 30 04:03:00.355791 dv-cinder-852208-11-smb devstack@keystone.service[81656]: ERROR keystone.server.flask.application
File "/usr/local/lib/python3.8/dist-packages/dogpile/cache/region.py", line 995, in gen_value
Aug 30 04:03:00.355791 dv-cinder-852208-11-smb devstack@keystone.service[81656]: ERROR keystone.server.flask.application created_value = creator(
Aug 30 04:03:00.355791 dv-cinder-852208-11-smb devstack@keystone.service[81656]: ERROR keystone.server.flask.application
File "/opt/stack/keystone/keystone/assignment/core.py", line 1276, in get_role
Aug 30 04:03:00.355791 dv-cinder-852208-11-smb devstack@keystone.service[81656]: ERROR keystone.server.flask.application return self.driver.get_role(role_id)
Aug 30 04:03:00.355791 dv-cinder-852208-11-smb devstack@keystone.service[81656]: ERROR keystone.server.flask.application
File "/opt/stack/keystone/keystone/assignment/role_backends/sql.py", line 70, in get_role
Aug 30 04:03:00.355791 dv-cinder-852208-11-smb devstack@keystone.service[81656]: ERROR keystone.server.flask.application return self._get_role(session, role_id).to_dict()
Aug 30 04:03:00.355791 dv-cinder-852208-11-smb devstack@keystone.service[81656]: ERROR keystone.server.flask.application
File "/opt/stack/keystone/keystone/assignment/role_backends/sql.py", line 65, in _get_role
Aug 30 04:03:00.355791 dv-cinder-852208-11-smb devstack@keystone.service[81656]: ERROR keystone.server.flask.application raise exception.RoleNotFound(role_id=role_id)
Aug 30 04:03:00.355791 dv-cinder-852208-11-smb devstack@keystone.service[81656]: ERROR keystone.server.flask.application keystone.exception.RoleNotFound: Could not find role: member.
Aug 30 04:03:00.355791 dv-cinder-852208-11-smb devstack@keystone.service[81656]: ERROR keystone.server.flask.application
Aug 30 04:03:00.355791 dv-cinder-852208-11-smb devstack@keystone.service[81656]: [pid: 81656|app: 0|req: 60/123] 10.222.0.69 () {56 vars in 1099 bytes} [Tue Aug 30 04:03:00 2022] GET /identity/v3/roles/member => generated 84 bytes in 173 msecs (HTTP/1.1 404) 5 headers in 183 bytes (1 switches on core 0)
Aug 30 04:03:00.355791 dv-cinder-852208-11-smb devstack@keystone.service[81656]: DEBUG keystone.server.flask.request_processing.middleware.auth_context [None req-e100aec5-1f36-46fa-9e3b-816af4f6c2dc None admin] Authenticating user token {{(pid=81656) process_request /usr/local/lib/python3.8/dist-packages/keystonemiddleware/auth_token/__init__.py:407}}
Aug 30 04:03:00.459796 dv-cinder-852208-11-smb devstack@keystone.service[81657]: DEBUG keystone.server.flask.request_processing.middleware.auth_context [None req-284bce0f-77ca-4670-88ba-235a39a05e13 None admin] Validating token access rules against request {{(pid=81657) validate_allowed_request /usr/local/lib/python3.8/dist-packages/keystonemiddleware/auth_token/__init__.py:545}}
Aug 30 04:03:00.463960 dv-cinder-852208-11-smb devstack@keystone.service[81656]: DEBUG keystone.server.flask.request_processing.middleware.auth_context [None req-e100aec5-1f36-46fa-9e3b-816af4f6c2dc None admin] Validating token access rules against request {{(pid=81656) validate_allowed_request /usr/local/lib/python3.8/dist-packages/keystonemiddleware/auth_token/__init__.py:545}}
Aug 30 04:03:00.490807 dv-cinder-852208-11-smb devstack@keystone.service[81656]: DEBUG dbcounter [-] [81656] Writing DB stats keystone:SELECT=100 {{(pid=81656) stat_writer /usr/local/lib/python3.8/dist-packages/dbcounter.py:114}}
Aug 30 04:03:00.500334 dv-cinder-852208-11-smb devstack@keystone.service[81657]: DEBUG keystone.server.flask.request_processing.middleware.auth_context [None req-40bd2bc9-e357-4a9d-8856-f9c8a9ca136e None admin] RBAC: auth_context: {'token': , 'domain_id': None, 'trust_id': None, 'trustor_id': None, 'trustee_id': None, 'domain_name': None, 'group_ids': [], 'user_id': '6cce99ec4d5640fbb0998973ffaa1781', 'user_domain_id': 'default', 'system_scope': 'all', 'project_id': None, 'project_domain_id': None, 'roles': ['admin', 'member', 'reader'], 'is_admin_project': True, 'service_user_id': None, 'service_user_domain_id': None, 'service_project_id': None, 'service_project_domain_id': None, 'service_roles': []} {{(pid=81657) fill_context /opt/stack/keystone/keystone/server/flask/request_processing/middleware/auth_context.py:478}}
Aug 30 04:03:00.501056 dv-cinder-852208-11-smb devstack@keystone.service[81657]: DEBUG keystone.server.flask.request_processing.req_logging [None req-40bd2bc9-e357-4a9d-8856-f9c8a9ca136e None admin] REQUEST_METHOD: `GET` {{(pid=81657) log_request_info /opt/stack/keystone/keystone/server/flask/request_processing/req_logging.py:27}}
Aug 30 04:03:00.501399 dv-cinder-852208-11-smb devstack@keystone.service[81657]: DEBUG keystone.server.flask.request_processing.req_logging [None req-40bd2bc9-e357-4a9d-8856-f9c8a9ca136e None admin] SCRIPT_NAME: `/identity` {{(pid=81657) log_request_info /opt/stack/keystone/keystone/server/flask/request_processing/req_logging.py:28}}
Aug 30 04:03:00.501781 dv-cinder-852208-11-smb devstack@keystone.service[81657]: DEBUG keystone.server.flask.request_processing.req_logging [None req-40bd2bc9-e357-4a9d-8856-f9c8a9ca136e None admin] PATH_INFO: `/v3/users/a68b15b13af94675b3fa8fc734f85006` {{(pid=81657) log_request_info /opt/stack/keystone/keystone/server/flask/request_processing/req_logging.py:29}}
Aug 30 04:03:00.502819 dv-cinder-852208-11-smb devstack@keystone.service[81656]: DEBUG keystone.server.flask.request_processing.middleware.auth_context [None req-351611b9-12f1-4198-9b9c-394775ccfd6f None admin] RBAC: auth_context: {'token': , 'domain_id': None, 'trust_id': None, 'trustor_id': None, 'trustee_id': None, 'domain_name': None, 'group_ids': [], 'user_id': '6cce99ec4d5640fbb0998973ffaa1781', 'user_domain_id': 'default', 'system_scope': 'all', 'project_id': None, 'project_domain_id': None, 'roles': ['admin', 'member', 'reader'], 'is_admin_project': True, 'service_user_id': None, 'service_user_domain_id': None, 'service_project_id': None, 'service_project_domain_id': None, 'service_roles': []} {{(pid=81656) fill_context /opt/stack/keystone/keystone/server/flask/request_processing/middleware/auth_context.py:478}}
Aug 30 04:03:00.502974 dv-cinder-852208-11-smb devstack@keystone.service[81657]: DEBUG keystone.common.rbac_enforcer.enforcer [None req-40bd2bc9-e357-4a9d-8856-f9c8a9ca136e None admin] RBAC: Authorizing `identity:get_user(user_id=a68b15b13af94675b3fa8fc734f85006)` {{(pid=81657) enforce_call /opt/stack/keystone/keystone/common/rbac_enforcer/enforcer.py:449}}
Aug 30 04:03:00.503470 dv-cinder-852208-11-smb devstack@keystone.service[81656]: DEBUG keystone.server.flask.request_processing.req_logging [None req-351611b9-12f1-4198-9b9c-394775ccfd6f None admin] REQUEST_METHOD: `GET` {{(pid=81656) log_request_info /opt/stack/keystone/keystone/server/flask/request_processing/req_logging.py:27}}
Aug 30 04:03:00.503753 dv-cinder-852208-11-smb devstack@keystone.service[81656]: DEBUG keystone.server.flask.request_processing.req_logging [None req-351611b9-12f1-4198-9b9c-394775ccfd6f None admin] SCRIPT_NAME: `/identity` {{(pid=81656) log_request_info /opt/stack/keystone/keystone/server/flask/request_processing/req_logging.py:28}}
Aug 30 04:03:00.504026 dv-cinder-852208-11-smb devstack@keystone.service[81656]: DEBUG keystone.server.flask.request_processing.req_logging [None req-351611b9-12f1-4198-9b9c-394775ccfd6f None admin] PATH_INFO: `/v3/auth/tokens` {{(pid=81656) log_request_info /opt/stack/keystone/keystone/server/flask/request_processing/req_logging.py:29}}
Aug 30 04:03:00.504705 dv-cinder-852208-11-smb devstack@keystone.service[81657]: DEBUG keystone.common.rbac_enforcer.enforcer [None req-40bd2bc9-e357-4a9d-8856-f9c8a9ca136e None admin] RBAC: Authorization granted {{(pid=81657) enforce_call /opt/stack/keystone/keystone/common/rbac_enforcer/enforcer.py:457}}
Aug 30 04:03:00.506361 dv-cinder-852208-11-smb devstack@keystone.service[81657]: [pid: 81657|app: 0|req: 64/124] 10.222.0.69 () {56 vars in 1177 bytes} [Tue Aug 30 04:03:00 2022] GET /identity/v3/users/a68b15b13af94675b3fa8fc734f85006 => generated 275 bytes in 159 msecs (HTTP/1.1 200) 5 headers in 177 bytes (1 switches on core 0)
Aug 30 04:03:00.511100 dv-cinder-852208-11-smb devstack@keystone.service[81657]: DEBUG keystone.server.flask.request_processing.middleware.auth_context [None req-40bd2bc9-e357-4a9d-8856-f9c8a9ca136e None admin] Authenticating user token {{(pid=81657) process_request /usr/local/lib/python3.8/dist-packages/keystonemiddleware/auth_token/__init__.py:407}}
Aug 30 04:03:00.520072 dv-cinder-852208-11-smb devstack@keystone.service[81657]: DEBUG dbcounter [-] [81657] Writing DB stats keystone:SELECT=100 {{(pid=81657) stat_writer /usr/local/lib/python3.8/dist-packages/dbcounter.py:114}}
Aug 30 04:03:00.599674 dv-cinder-852208-11-smb devstack@keystone.service[81656]: DEBUG keystone.common.rbac_enforcer.enforcer [None req-351611b9-12f1-4198-9b9c-394775ccfd6f None admin] RBAC: Authorizing `identity:validate_token()` {{(pid=81656) enforce_call /opt/stack/keystone/keystone/common/rbac_enforcer/enforcer.py:449}}
Aug 30 04:03:00.601358 dv-cinder-852208-11-smb devstack@keystone.service[81656]: DEBUG keystone.common.rbac_enforcer.enforcer [None req-351611b9-12f1-4198-9b9c-394775ccfd6f None admin] RBAC: Authorization granted {{(pid=81656) enforce_call /opt/stack/keystone/keystone/common/rbac_enforcer/enforcer.py:457}}
Aug 30 04:03:00.626489 dv-cinder-852208-11-smb devstack@keystone.service[81657]: DEBUG keystone.server.flask.request_processing.middleware.auth_context [None req-40bd2bc9-e357-4a9d-8856-f9c8a9ca136e None admin] Validating token access rules against request {{(pid=81657) validate_allowed_request /usr/local/lib/python3.8/dist-packages/keystonemiddleware/auth_token/__init__.py:545}}
Aug 30 04:03:00.666077 dv-cinder-852208-11-smb devstack@keystone.service[81657]: DEBUG keystone.server.flask.request_processing.middleware.auth_context [None req-0fb00bf9-de6b-4406-8ab8-ad38c3f5c52f None admin] RBAC: auth_context: {'token': , 'domain_id': None, 'trust_id': None, 'trustor_id': None, 'trustee_id': None, 'domain_name': None, 'group_ids': [], 'user_id': '6cce99ec4d5640fbb0998973ffaa1781', 'user_domain_id': 'default', 'system_scope': 'all', 'project_id': None, 'project_domain_id': None, 'roles': ['admin', 'member', 'reader'], 'is_admin_project': True, 'service_user_id': None, 'service_user_domain_id': None, 'service_project_id': None, 'service_project_domain_id': None, 'service_roles': []} {{(pid=81657) fill_context /opt/stack/keystone/keystone/server/flask/request_processing/middleware/auth_context.py:478}}
Aug 30 04:03:00.666710 dv-cinder-852208-11-smb devstack@keystone.service[81657]: DEBUG keystone.server.flask.request_processing.req_logging [None req-0fb00bf9-de6b-4406-8ab8-ad38c3f5c52f None admin] REQUEST_METHOD: `GET` {{(pid=81657) log_request_info /opt/stack/keystone/keystone/server/flask/request_processing/req_logging.py:27}}
Aug 30 04:03:00.666991 dv-cinder-852208-11-smb devstack@keystone.service[81657]: DEBUG keystone.server.flask.request_processing.req_logging [None req-0fb00bf9-de6b-4406-8ab8-ad38c3f5c52f None admin] SCRIPT_NAME: `/identity` {{(pid=81657) log_request_info /opt/stack/keystone/keystone/server/flask/request_processing/req_logging.py:28}}
Aug 30 04:03:00.667271 dv-cinder-852208-11-smb devstack@keystone.service[81657]: DEBUG keystone.server.flask.request_processing.req_logging [None req-0fb00bf9-de6b-4406-8ab8-ad38c3f5c52f None admin] PATH_INFO: `/v3/users/6cce99ec4d5640fbb0998973ffaa1781` {{(pid=81657) log_request_info /opt/stack/keystone/keystone/server/flask/request_processing/req_logging.py:29}}
Aug 30 04:03:00.668394 dv-cinder-852208-11-smb devstack@keystone.service[81657]: DEBUG keystone.common.rbac_enforcer.enforcer [None req-0fb00bf9-de6b-4406-8ab8-ad38c3f5c52f None admin] RBAC: Authorizing `identity:get_user(user_id=6cce99ec4d5640fbb0998973ffaa1781)` {{(pid=81657) enforce_call /opt/stack/keystone/keystone/common/rbac_enforcer/enforcer.py:449}}
Aug 30 04:03:00.669877 dv-cinder-852208-11-smb devstack@keystone.service[81657]: DEBUG keystone.common.rbac_enforcer.enforcer [None req-0fb00bf9-de6b-4406-8ab8-ad38c3f5c52f None admin] RBAC: Authorization granted {{(pid=81657) enforce_call /opt/stack/keystone/keystone/common/rbac_enforcer/enforcer.py:457}}
Aug 30 04:03:00.671637 dv-cinder-852208-11-smb devstack@keystone.service[81657]: [pid: 81657|app: 0|req: 65/125] 10.222.0.69 () {56 vars in 1177 bytes} [Tue Aug 30 04:03:00 2022] GET /identity/v3/users/6cce99ec4d5640fbb0998973ffaa1781 => generated 247 bytes in 165 msecs (HTTP/1.1 200) 5 headers in 177 bytes (1 switches on core 0)
Aug 30 04:03:00.672201 dv-cinder-852208-11-smb devstack@keystone.service[81657]: DEBUG keystone.server.flask.request_processing.middleware.auth_context [None req-0fb00bf9-de6b-4406-8ab8-ad38c3f5c52f None admin] Authenticating user token {{(pid=81657) process_request /usr/local/lib/python3.8/dist-packages/keystonemiddleware/auth_token/__init__.py:407}}
Aug 30 04:03:00.707415 dv-cinder-852208-11-smb devstack@keystone.service[81656]: [pid: 81656|app: 0|req: 61/126] 10.222.0.69 () {58 vars in 1282 bytes} [Tue Aug 30 04:03:00 2022] GET /identity/v3/auth/tokens => generated 799 bytes in 352 msecs (HTTP/1.1 200) 6 headers in 358 bytes (1 switches on core 0)
Aug 30 04:03:00.708258 dv-cinder-852208-11-smb devstack@keystone.service[81656]: DEBUG keystone.server.flask.request_processing.middleware.auth_context [None req-351611b9-12f1-4198-9b9c-394775ccfd6f None admin] Authenticating user token {{(pid=81656) process_request /usr/local/lib/python3.8/dist-packages/keystonemiddleware/auth_token/__init__.py:407}}
Aug 30 04:03:00.732559 dv-cinder-852208-11-smb devstack@keystone.service[81656]: DEBUG dbcounter [-] [81656] Writing DB stats keystone:SELECT=100 {{(pid=81656) stat_writer /usr/local/lib/python3.8/dist-packages/dbcounter.py:114}}
Aug 30 04:03:00.752186 dv-cinder-852208-11-smb devstack@keystone.service[81657]: DEBUG dbcounter [-] [81657] Writing DB stats keystone:SELECT=100 {{(pid=81657) stat_writer /usr/local/lib/python3.8/dist-packages/dbcounter.py:114}}
Aug 30 04:03:00.782703 dv-cinder-852208-11-smb devstack@keystone.service[81657]: DEBUG keystone.server.flask.request_processing.middleware.auth_context [None req-0fb00bf9-de6b-4406-8ab8-ad38c3f5c52f None admin] Validating token access rules against request {{(pid=81657) validate_allowed_request /usr/local/lib/python3.8/dist-packages/keystonemiddleware/auth_token/__init__.py:545}}
Aug 30 04:03:00.815755 dv-cinder-852208-11-smb devstack@keystone.service[81656]: DEBUG keystone.server.flask.request_processing.middleware.auth_context [None req-351611b9-12f1-4198-9b9c-394775ccfd6f None admin] Validating token access rules against request {{(pid=81656) validate_allowed_request /usr/local/lib/python3.8/dist-packages/keystonemiddleware/auth_token/__init__.py:545}}
Aug 30 04:03:00.818746 dv-cinder-852208-11-smb devstack@keystone.service[81657]: DEBUG keystone.server.flask.request_processing.middleware.auth_context [None req-130a2462-1e10-48d7-a484-fd563d4c8ab7 None admin] RBAC: auth_context: {'token': , 'domain_id': None, 'trust_id': None, 'trustor_id': None, 'trustee_id': None, 'domain_name': None, 'group_ids': [], 'user_id': '6cce99ec4d5640fbb0998973ffaa1781', 'user_domain_id': 'default', 'system_scope': 'all', 'project_id': None, 'project_domain_id': None, 'roles': ['admin', 'member', 'reader'], 'is_admin_project': True, 'service_user_id': None, 'service_user_domain_id': None, 'service_project_id': None, 'service_project_domain_id': None, 'service_roles': []} {{(pid=81657) fill_context /opt/stack/keystone/keystone/server/flask/request_processing/middleware/auth_context.py:478}}
Aug 30 04:03:00.819064 dv-cinder-852208-11-smb devstack@keystone.service[81657]: DEBUG keystone.server.flask.request_processing.req_logging [None req-130a2462-1e10-48d7-a484-fd563d4c8ab7 None admin] REQUEST_METHOD: `PUT` {{(pid=81657) log_request_info /opt/stack/keystone/keystone/server/flask/request_processing/req_logging.py:27}}
Aug 30 04:03:00.819338 dv-cinder-852208-11-smb devstack@keystone.service[81657]: DEBUG keystone.server.flask.request_processing.req_logging [None req-130a2462-1e10-48d7-a484-fd563d4c8ab7 None admin] SCRIPT_NAME: `/identity` {{(pid=81657) log_request_info /opt/stack/keystone/keystone/server/flask/request_processing/req_logging.py:28}}
Aug 30 04:03:00.819607 dv-cinder-852208-11-smb devstack@keystone.service[81657]: DEBUG keystone.server.flask.request_processing.req_logging [None req-130a2462-1e10-48d7-a484-fd563d4c8ab7 None admin] PATH_INFO: `/v3/projects/8fc8f6bd4a6f47f6b48d82008c85b91a/users/a68b15b13af94675b3fa8fc734f85006/roles/71a6ce23ac0e4c87803f8093d2cfb3c6` {{(pid=81657) log_request_info /opt/stack/keystone/keystone/server/flask/request_processing/req_logging.py:29}}
Aug 30 04:03:00.821797 dv-cinder-852208-11-smb devstack@keystone.service[81657]: DEBUG keystone.common.rbac_enforcer.enforcer [None req-130a2462-1e10-48d7-a484-fd563d4c8ab7 None admin] RBAC: Authorizing `identity:create_grant(project_id=8fc8f6bd4a6f47f6b48d82008c85b91a, user_id=a68b15b13af94675b3fa8fc734f85006, role_id=71a6ce23ac0e4c87803f8093d2cfb3c6)` {{(pid=81657) enforce_call /opt/stack/keystone/keystone/common/rbac_enforcer/enforcer.py:449}}
Aug 30 04:03:00.823249 dv-cinder-852208-11-smb devstack@keystone.service[81657]: DEBUG keystone.common.rbac_enforcer.enforcer [None req-130a2462-1e10-48d7-a484-fd563d4c8ab7 None admin] RBAC: Authorization granted {{(pid=81657) enforce_call /opt/stack/keystone/keystone/common/rbac_enforcer/enforcer.py:457}}
