Aug 04 20:59:57.526701 dv-cinder-852208-1-smb devstack@c-api.service[110857]: [pid: 110857|app: 0|req: 47/93] 10.222.0.40 () {60 vars in 1236 bytes} [Thu Aug 4 20:59:57 2022] POST /volume/v3/51f91cca8a7f426ba6cc7a80517e24d3/volumes => generated 114 bytes in 519 msecs (HTTP/1.1 404) 7 headers in 292 bytes (1 switches on core 0)
Aug 04 20:59:57.528264 dv-cinder-852208-1-smb devstack@c-api.service[110857]: DEBUG cinder.api.middleware.request_id [None req-bea140d5-f013-4439-836a-366482c27017 None None] RequestId filter calling following filter/app {{(pid=110857) _context_setter /opt/stack/cinder/cinder/api/middleware/request_id.py:62}}
Aug 04 20:59:57.537758 dv-cinder-852208-1-smb devstack@c-api.service[110857]: INFO cinder.api.openstack.wsgi [None req-bea140d5-f013-4439-836a-366482c27017 tempest-VolumeTypesNegativeTest-1839424941 tempest-VolumeTypesNegativeTest-1839424941-project-admin] POST http://10.222.0.40/volume/v3/c15bdb15c80741caa8ffb5ff1a0e7809/types
Aug 04 20:59:57.538485 dv-cinder-852208-1-smb devstack@c-api.service[110857]: DEBUG cinder.api.openstack.wsgi [None req-bea140d5-f013-4439-836a-366482c27017 tempest-VolumeTypesNegativeTest-1839424941 tempest-VolumeTypesNegativeTest-1839424941-project-admin] Action: 'create', calling method: _create, body: {"volume_type": {"name": ""}} {{(pid=110857) _process_stack /opt/stack/cinder/cinder/api/openstack/wsgi.py:866}}
Aug 04 20:59:57.540776 dv-cinder-852208-1-smb devstack@c-api.service[110857]: INFO cinder.api.openstack.wsgi [None req-bea140d5-f013-4439-836a-366482c27017 tempest-VolumeTypesNegativeTest-1839424941 tempest-VolumeTypesNegativeTest-1839424941-project-admin] http://10.222.0.40/volume/v3/c15bdb15c80741caa8ffb5ff1a0e7809/types returned with HTTP 400
Aug 04 20:59:57.549467 dv-cinder-852208-1-smb devstack@c-api.service[110857]: [pid: 110857|app: 0|req: 48/94] 10.222.0.40 () {60 vars in 1229 bytes} [Thu Aug 4 20:59:57 2022] POST /volume/v3/c15bdb15c80741caa8ffb5ff1a0e7809/types => generated 108 bytes in 22 msecs (HTTP/1.1 400) 7 headers in 294 bytes (1 switches on core 0)
Aug 04 20:59:57.560007 dv-cinder-852208-1-smb devstack@c-api.service[110857]: DEBUG cinder.api.middleware.request_id [None req-3f425872-02b0-4c58-8cb3-8c8129920722 None None] RequestId filter calling following filter/app {{(pid=110857) _context_setter /opt/stack/cinder/cinder/api/middleware/request_id.py:62}}
Aug 04 20:59:57.562832 dv-cinder-852208-1-smb devstack@c-api.service[110858]: INFO cinder.api.openstack.wsgi [None req-5a4d329f-0b11-4587-b585-a57f10e41e56 tempest-QosSpecsTestJSON-228966799 tempest-QosSpecsTestJSON-228966799-project-admin] http://10.222.0.40/volume/v3/91967ac2e4e74f69b07782b2c57a154d/qos-specs/bfce8867-67f9-4f94-8233-1d094208ddff/associations returned with HTTP 200
Aug 04 20:59:57.571944 dv-cinder-852208-1-smb devstack@c-api.service[110858]: [pid: 110858|app: 0|req: 47/95] 10.222.0.40 () {58 vars in 1370 bytes} [Thu Aug 4 20:59:57 2022] GET /volume/v3/91967ac2e4e74f69b07782b2c57a154d/qos-specs/bfce8867-67f9-4f94-8233-1d094208ddff/associations => generated 446 bytes in 135 msecs (HTTP/1.1 200) 7 headers in 285 bytes (2 switches on core 0)
Aug 04 20:59:57.573663 dv-cinder-852208-1-smb devstack@c-api.service[110858]: DEBUG cinder.api.middleware.request_id [None req-18543e38-ad05-4c34-9777-ec6d669e14e9 None None] RequestId filter calling following filter/app {{(pid=110858) _context_setter /opt/stack/cinder/cinder/api/middleware/request_id.py:62}}
Aug 04 20:59:57.575920 dv-cinder-852208-1-smb devstack@c-api.service[110857]: INFO cinder.api.openstack.wsgi [None req-3f425872-02b0-4c58-8cb3-8c8129920722 tempest-VolumeTypesNegativeTest-1839424941 tempest-VolumeTypesNegativeTest-1839424941-project-admin] POST http://10.222.0.40/volume/v3/c15bdb15c80741caa8ffb5ff1a0e7809/types
Aug 04 20:59:57.581378 dv-cinder-852208-1-smb devstack@c-api.service[110857]: DEBUG cinder.api.openstack.wsgi [None req-3f425872-02b0-4c58-8cb3-8c8129920722 tempest-VolumeTypesNegativeTest-1839424941 tempest-VolumeTypesNegativeTest-1839424941-project-admin] Action: 'create', calling method: _create, body: {"volume_type": {"name": "tempest-VolumeTypesNegativeTest-volume-type-910380913"}} {{(pid=110857) _process_stack /opt/stack/cinder/cinder/api/openstack/wsgi.py:866}}
Aug 04 20:59:57.587174 dv-cinder-852208-1-smb devstack@c-api.service[110858]: INFO cinder.api.openstack.wsgi [None req-18543e38-ad05-4c34-9777-ec6d669e14e9 tempest-QosSpecsTestJSON-228966799 tempest-QosSpecsTestJSON-228966799-project-admin] GET http://10.222.0.40/volume/v3/91967ac2e4e74f69b07782b2c57a154d/qos-specs/bfce8867-67f9-4f94-8233-1d094208ddff/disassociate?vol_type_id=c52b4290-d7ba-40f2-b912-a58445d681e0
Aug 04 20:59:57.587925 dv-cinder-852208-1-smb devstack@c-api.service[110858]: DEBUG cinder.api.openstack.wsgi [None req-18543e38-ad05-4c34-9777-ec6d669e14e9 tempest-QosSpecsTestJSON-228966799 tempest-QosSpecsTestJSON-228966799-project-admin] Empty body provided in request {{(pid=110858) get_body /opt/stack/cinder/cinder/api/openstack/wsgi.py:715}}
Aug 04 20:59:57.588529 dv-cinder-852208-1-smb devstack@c-api.service[110858]: DEBUG cinder.api.openstack.wsgi [None req-18543e38-ad05-4c34-9777-ec6d669e14e9 tempest-QosSpecsTestJSON-228966799 tempest-QosSpecsTestJSON-228966799-project-admin] Calling method 'disassociate' {{(pid=110858) _process_stack /opt/stack/cinder/cinder/api/openstack/wsgi.py:868}}
Aug 04 20:59:57.589406 dv-cinder-852208-1-smb devstack@c-api.service[110858]: /usr/local/lib/python3.8/dist-packages/oslo_context/context.py:100: DeprecationWarning: Policy enforcement is depending on the value of is_admin. This key is deprecated. Please update your policy file to use the standard policy values.
Aug 04 20:59:57.589406 dv-cinder-852208-1-smb devstack@c-api.service[110858]: warnings.warn('Policy enforcement is depending on the value of '
Aug 04 20:59:57.591708 dv-cinder-852208-1-smb devstack@c-api.service[110858]: DEBUG cinder.api.contrib.qos_specs_manage [None req-18543e38-ad05-4c34-9777-ec6d669e14e9 tempest-QosSpecsTestJSON-228966799 tempest-QosSpecsTestJSON-228966799-project-admin] Disassociate qos_spec: bfce8867-67f9-4f94-8233-1d094208ddff from type: c52b4290-d7ba-40f2-b912-a58445d681e0 {{(pid=110858) disassociate /opt/stack/cinder/cinder/api/contrib/qos_specs_manage.py:327}}
Aug 04 20:59:57.633407 dv-cinder-852208-1-smb devstack@c-api.service[110857]: INFO cinder.api.openstack.wsgi [None req-3f425872-02b0-4c58-8cb3-8c8129920722 tempest-VolumeTypesNegativeTest-1839424941 tempest-VolumeTypesNegativeTest-1839424941-project-admin] http://10.222.0.40/volume/v3/c15bdb15c80741caa8ffb5ff1a0e7809/types returned with HTTP 200
Aug 04 20:59:57.641903 dv-cinder-852208-1-smb devstack@c-api.service[110857]: [pid: 110857|app: 0|req: 49/96] 10.222.0.40 () {60 vars in 1229 bytes} [Thu Aug 4 20:59:57 2022] POST /volume/v3/c15bdb15c80741caa8ffb5ff1a0e7809/types => generated 228 bytes in 86 msecs (HTTP/1.1 200) 7 headers in 285 bytes (1 switches on core 0)
Aug 04 20:59:57.645404 dv-cinder-852208-1-smb devstack@c-api.service[110857]: DEBUG cinder.api.middleware.request_id [None req-c0204b8f-2d48-41f6-ba86-cb579d485e82 None None] RequestId filter calling following filter/app {{(pid=110857) _context_setter /opt/stack/cinder/cinder/api/middleware/request_id.py:62}}
Aug 04 20:59:57.654764 dv-cinder-852208-1-smb devstack@c-api.service[110858]: INFO cinder.api.openstack.wsgi [None req-18543e38-ad05-4c34-9777-ec6d669e14e9 tempest-QosSpecsTestJSON-228966799 tempest-QosSpecsTestJSON-228966799-project-admin] http://10.222.0.40/volume/v3/91967ac2e4e74f69b07782b2c57a154d/qos-specs/bfce8867-67f9-4f94-8233-1d094208ddff/disassociate?vol_type_id=c52b4290-d7ba-40f2-b912-a58445d681e0 returned with HTTP 202
Aug 04 20:59:57.656364 dv-cinder-852208-1-smb devstack@c-api.service[110858]: [pid: 110858|app: 0|req: 48/97] 10.222.0.40 () {58 vars in 1467 bytes} [Thu Aug 4 20:59:57 2022] GET /volume/v3/91967ac2e4e74f69b07782b2c57a154d/qos-specs/bfce8867-67f9-4f94-8233-1d094208ddff/disassociate?vol_type_id=c52b4290-d7ba-40f2-b912-a58445d681e0 => generated 0 bytes in 83 msecs (HTTP/1.1 202) 6 headers in 233 bytes (1 switches on core 0)
Aug 04 20:59:57.656475 dv-cinder-852208-1-smb devstack@c-api.service[110857]: INFO cinder.api.openstack.wsgi [None req-c0204b8f-2d48-41f6-ba86-cb579d485e82 tempest-VolumeTypesNegativeTest-1839424941 tempest-VolumeTypesNegativeTest-1839424941-project-admin] POST http://10.222.0.40/volume/v3/c15bdb15c80741caa8ffb5ff1a0e7809/types
Aug 04 20:59:57.657182 dv-cinder-852208-1-smb devstack@c-api.service[110857]: DEBUG cinder.api.openstack.wsgi [None req-c0204b8f-2d48-41f6-ba86-cb579d485e82 tempest-VolumeTypesNegativeTest-1839424941 tempest-VolumeTypesNegativeTest-1839424941-project-admin] Action: 'create', calling method: _create, body: {"volume_type": {"name": "tempest-VolumeTypesNegativeTest-volume-type-910380913"}} {{(pid=110857) _process_stack /opt/stack/cinder/cinder/api/openstack/wsgi.py:866}}
Aug 04 20:59:57.660596 dv-cinder-852208-1-smb devstack@c-api.service[110858]: DEBUG cinder.api.middleware.request_id [None req-f807ddad-d73c-40c2-95e4-9952a79a7a9c None None] RequestId filter calling following filter/app {{(pid=110858) _context_setter /opt/stack/cinder/cinder/api/middleware/request_id.py:62}}
Aug 04 20:59:57.670747 dv-cinder-852208-1-smb devstack@c-api.service[110858]: INFO cinder.api.openstack.wsgi [None req-f807ddad-d73c-40c2-95e4-9952a79a7a9c tempest-QosSpecsTestJSON-228966799 tempest-QosSpecsTestJSON-228966799-project-admin] GET http://10.222.0.40/volume/v3/91967ac2e4e74f69b07782b2c57a154d/qos-specs/bfce8867-67f9-4f94-8233-1d094208ddff/associations
Aug 04 20:59:57.671186 dv-cinder-852208-1-smb devstack@c-api.service[110858]: DEBUG cinder.api.openstack.wsgi [None req-f807ddad-d73c-40c2-95e4-9952a79a7a9c tempest-QosSpecsTestJSON-228966799 tempest-QosSpecsTestJSON-228966799-project-admin] Empty body provided in request {{(pid=110858) get_body /opt/stack/cinder/cinder/api/openstack/wsgi.py:715}}
Aug 04 20:59:57.671674 dv-cinder-852208-1-smb devstack@c-api.service[110858]: DEBUG cinder.api.openstack.wsgi [None req-f807ddad-d73c-40c2-95e4-9952a79a7a9c tempest-QosSpecsTestJSON-228966799 tempest-QosSpecsTestJSON-228966799-project-admin] Calling method 'associations' {{(pid=110858) _process_stack /opt/stack/cinder/cinder/api/openstack/wsgi.py:868}}
Aug 04 20:59:57.674182 dv-cinder-852208-1-smb devstack@c-api.service[110858]: /usr/local/lib/python3.8/dist-packages/oslo_context/context.py:100: DeprecationWarning: Policy enforcement is depending on the value of is_admin. This key is deprecated. Please update your policy file to use the standard policy values.
Aug 04 20:59:57.674182 dv-cinder-852208-1-smb devstack@c-api.service[110858]: warnings.warn('Policy enforcement is depending on the value of '
Aug 04 20:59:57.674725 dv-cinder-852208-1-smb devstack@c-api.service[110858]: DEBUG cinder.api.contrib.qos_specs_manage [None req-f807ddad-d73c-40c2-95e4-9952a79a7a9c tempest-QosSpecsTestJSON-228966799 tempest-QosSpecsTestJSON-228966799-project-admin] Get associations for qos_spec id: bfce8867-67f9-4f94-8233-1d094208ddff {{(pid=110858) associations /opt/stack/cinder/cinder/api/contrib/qos_specs_manage.py:233}}
Aug 04 20:59:57.683301 dv-cinder-852208-1-smb devstack@c-api.service[110857]: INFO cinder.api.openstack.wsgi [None req-c0204b8f-2d48-41f6-ba86-cb579d485e82 tempest-VolumeTypesNegativeTest-1839424941 tempest-VolumeTypesNegativeTest-1839424941-project-admin] HTTP exception thrown: Volume Type tempest-VolumeTypesNegativeTest-volume-type-910380913 already exists.
Aug 04 20:59:57.687647 dv-cinder-852208-1-smb devstack@c-api.service[110857]: INFO cinder.api.openstack.wsgi [None req-c0204b8f-2d48-41f6-ba86-cb579d485e82 tempest-VolumeTypesNegativeTest-1839424941 tempest-VolumeTypesNegativeTest-1839424941-project-admin] http://10.222.0.40/volume/v3/c15bdb15c80741caa8ffb5ff1a0e7809/types returned with HTTP 409
Aug 04 20:59:57.691454 dv-cinder-852208-1-smb devstack@c-api.service[110857]: [pid: 110857|app: 0|req: 50/98] 10.222.0.40 () {60 vars in 1229 bytes} [Thu Aug 4 20:59:57 2022] POST /volume/v3/c15bdb15c80741caa8ffb5ff1a0e7809/types => generated 133 bytes in 48 msecs (HTTP/1.1 409) 7 headers in 291 bytes (1 switches on core 0)
Aug 04 20:59:57.693512 dv-cinder-852208-1-smb devstack@c-api.service[110857]: DEBUG cinder.api.middleware.request_id [None req-14cdfd12-515e-4ab9-a16b-de9f43a0ed34 None None] RequestId filter calling following filter/app {{(pid=110857) _context_setter /opt/stack/cinder/cinder/api/middleware/request_id.py:62}}
Aug 04 20:59:57.704729 dv-cinder-852208-1-smb devstack@c-api.service[110857]: INFO cinder.api.openstack.wsgi [None req-14cdfd12-515e-4ab9-a16b-de9f43a0ed34 tempest-VolumeTypesNegativeTest-1839424941 tempest-VolumeTypesNegativeTest-1839424941-project-admin] DELETE http://10.222.0.40/volume/v3/c15bdb15c80741caa8ffb5ff1a0e7809/types/593c43e3-380c-4fc3-bf44-5d8b22e7b7eb
Aug 04 20:59:57.706496 dv-cinder-852208-1-smb devstack@c-api.service[110857]: DEBUG cinder.api.openstack.wsgi [None req-14cdfd12-515e-4ab9-a16b-de9f43a0ed34 tempest-VolumeTypesNegativeTest-1839424941 tempest-VolumeTypesNegativeTest-1839424941-project-admin] Empty body provided in request {{(pid=110857) get_body /opt/stack/cinder/cinder/api/openstack/wsgi.py:715}}
Aug 04 20:59:57.706995 dv-cinder-852208-1-smb devstack@c-api.service[110857]: DEBUG cinder.api.openstack.wsgi [None req-14cdfd12-515e-4ab9-a16b-de9f43a0ed34 tempest-VolumeTypesNegativeTest-1839424941 tempest-VolumeTypesNegativeTest-1839424941-project-admin] Calling method '_delete' {{(pid=110857) _process_stack /opt/stack/cinder/cinder/api/openstack/wsgi.py:868}}
Aug 04 20:59:57.717062 dv-cinder-852208-1-smb devstack@c-api.service[110858]: INFO cinder.api.openstack.wsgi [None req-f807ddad-d73c-40c2-95e4-9952a79a7a9c tempest-QosSpecsTestJSON-228966799 tempest-QosSpecsTestJSON-228966799-project-admin] http://10.222.0.40/volume/v3/91967ac2e4e74f69b07782b2c57a154d/qos-specs/bfce8867-67f9-4f94-8233-1d094208ddff/associations returned with HTTP 200
Aug 04 20:59:57.723258 dv-cinder-852208-1-smb devstack@c-api.service[110858]: [pid: 110858|app: 0|req: 49/99] 10.222.0.40 () {58 vars in 1370 bytes} [Thu Aug 4 20:59:57 2022] GET /volume/v3/91967ac2e4e74f69b07782b2c57a154d/qos-specs/bfce8867-67f9-4f94-8233-1d094208ddff/associations => generated 305 bytes in 60 msecs (HTTP/1.1 200) 7 headers in 285 bytes (1 switches on core 0)
Aug 04 20:59:57.727790 dv-cinder-852208-1-smb devstack@c-api.service[110857]: INFO cinder.api.openstack.wsgi [None req-14cdfd12-515e-4ab9-a16b-de9f43a0ed34 tempest-VolumeTypesNegativeTest-1839424941 tempest-VolumeTypesNegativeTest-1839424941-project-admin] http://10.222.0.40/volume/v3/c15bdb15c80741caa8ffb5ff1a0e7809/types/593c43e3-380c-4fc3-bf44-5d8b22e7b7eb returned with HTTP 404
Aug 04 20:59:57.734116 dv-cinder-852208-1-smb devstack@c-api.service[110858]: DEBUG cinder.api.middleware.request_id [None req-8c4810cc-0ad9-45c8-937b-eefa6a4437ab None None] RequestId filter calling following filter/app {{(pid=110858) _context_setter /opt/stack/cinder/cinder/api/middleware/request_id.py:62}}
Aug 04 20:59:57.738816 dv-cinder-852208-1-smb devstack@c-api.service[110857]: [pid: 110857|app: 0|req: 51/100] 10.222.0.40 () {58 vars in 1322 bytes} [Thu Aug 4 20:59:57 2022] DELETE /volume/v3/c15bdb15c80741caa8ffb5ff1a0e7809/types/593c43e3-380c-4fc3-bf44-5d8b22e7b7eb => generated 114 bytes in 47 msecs (HTTP/1.1 404) 7 headers in 292 bytes (1 switches on core 0)
Aug 04 20:59:57.744790 dv-cinder-852208-1-smb devstack@c-api.service[110857]: DEBUG cinder.api.middleware.request_id [None req-ca596d23-2209-42be-beac-97710f347f17 None None] RequestId filter calling following filter/app {{(pid=110857) _context_setter /opt/stack/cinder/cinder/api/middleware/request_id.py:62}}
Aug 04 20:59:57.750890 dv-cinder-852208-1-smb devstack@c-api.service[110858]: INFO cinder.api.openstack.wsgi [None req-8c4810cc-0ad9-45c8-937b-eefa6a4437ab tempest-QosSpecsTestJSON-228966799 tempest-QosSpecsTestJSON-228966799-project-admin] GET http://10.222.0.40/volume/v3/91967ac2e4e74f69b07782b2c57a154d/qos-specs/bfce8867-67f9-4f94-8233-1d094208ddff/disassociate_all
Aug 04 20:59:57.751107 dv-cinder-852208-1-smb devstack@c-api.service[110858]: DEBUG cinder.api.openstack.wsgi [None req-8c4810cc-0ad9-45c8-937b-eefa6a4437ab tempest-QosSpecsTestJSON-228966799 tempest-QosSpecsTestJSON-228966799-project-admin] Empty body provided in request {{(pid=110858) get_body /opt/stack/cinder/cinder/api/openstack/wsgi.py:715}}
Aug 04 20:59:57.755592 dv-cinder-852208-1-smb devstack@c-api.service[110857]: INFO cinder.api.openstack.wsgi [None req-ca596d23-2209-42be-beac-97710f347f17 tempest-VolumeTypesNegativeTest-1839424941 tempest-VolumeTypesNegativeTest-1839424941-project-admin] GET http://10.222.0.40/volume/v3/c15bdb15c80741caa8ffb5ff1a0e7809/types/c59a752e-7f32-4580-8f74-46b9769b0842
Aug 04 20:59:57.757185 dv-cinder-852208-1-smb devstack@c-api.service[110858]: DEBUG cinder.api.openstack.wsgi [None req-8c4810cc-0ad9-45c8-937b-eefa6a4437ab tempest-QosSpecsTestJSON-228966799 tempest-QosSpecsTestJSON-228966799-project-admin] Calling method 'disassociate_all' {{(pid=110858) _process_stack /opt/stack/cinder/cinder/api/openstack/wsgi.py:868}}
Aug 04 20:59:57.757867 dv-cinder-852208-1-smb devstack@c-api.service[110858]: /usr/local/lib/python3.8/dist-packages/oslo_context/context.py:100: DeprecationWarning: Policy enforcement is depending on the value of is_admin. This key is deprecated. Please update your policy file to use the standard policy values.
Aug 04 20:59:57.757867 dv-cinder-852208-1-smb devstack@c-api.service[110858]: warnings.warn('Policy enforcement is depending on the value of '
Aug 04 20:59:57.758592 dv-cinder-852208-1-smb devstack@c-api.service[110858]: DEBUG cinder.api.contrib.qos_specs_manage [None req-8c4810cc-0ad9-45c8-937b-eefa6a4437ab tempest-QosSpecsTestJSON-228966799 tempest-QosSpecsTestJSON-228966799-project-admin] Disassociate qos_spec: bfce8867-67f9-4f94-8233-1d094208ddff from all. {{(pid=110858) disassociate_all /opt/stack/cinder/cinder/api/contrib/qos_specs_manage.py:361}}
Aug 04 20:59:57.761965 dv-cinder-852208-1-smb devstack@c-api.service[110857]: DEBUG cinder.api.openstack.wsgi [None req-ca596d23-2209-42be-beac-97710f347f17 tempest-VolumeTypesNegativeTest-1839424941 tempest-VolumeTypesNegativeTest-1839424941-project-admin] Empty body provided in request {{(pid=110857) get_body /opt/stack/cinder/cinder/api/openstack/wsgi.py:715}}
Aug 04 20:59:57.762441 dv-cinder-852208-1-smb devstack@c-api.service[110857]: DEBUG cinder.api.openstack.wsgi [None req-ca596d23-2209-42be-beac-97710f347f17 tempest-VolumeTypesNegativeTest-1839424941 tempest-VolumeTypesNegativeTest-1839424941-project-admin] Calling method 'show' {{(pid=110857) _process_stack /opt/stack/cinder/cinder/api/openstack/wsgi.py:868}}
Aug 04 20:59:57.781241 dv-cinder-852208-1-smb devstack@c-api.service[110857]: INFO cinder.api.openstack.wsgi [None req-ca596d23-2209-42be-beac-97710f347f17 tempest-VolumeTypesNegativeTest-1839424941 tempest-VolumeTypesNegativeTest-1839424941-project-admin] http://10.222.0.40/volume/v3/c15bdb15c80741caa8ffb5ff1a0e7809/types/c59a752e-7f32-4580-8f74-46b9769b0842 returned with HTTP 404
Aug 04 20:59:57.786520 dv-cinder-852208-1-smb devstack@c-api.service[110857]: [pid: 110857|app: 0|req: 52/101] 10.222.0.40 () {58 vars in 1319 bytes} [Thu Aug 4 20:59:57 2022] GET /volume/v3/c15bdb15c80741caa8ffb5ff1a0e7809/types/c59a752e-7f32-4580-8f74-46b9769b0842 => generated 114 bytes in 47 msecs (HTTP/1.1 404) 7 headers in 292 bytes (1 switches on core 0)
Aug 04 20:59:57.787917 dv-cinder-852208-1-smb devstack@c-api.service[110857]: DEBUG cinder.api.middleware.request_id [None req-ac56edcd-39ed-47ba-a2cc-d5dfba493dd2 None None] RequestId filter calling following filter/app {{(pid=110857) _context_setter /opt/stack/cinder/cinder/api/middleware/request_id.py:62}}
Aug 04 20:59:57.799424 dv-cinder-852208-1-smb devstack@c-api.service[110857]: INFO cinder.api.openstack.wsgi [None req-ac56edcd-39ed-47ba-a2cc-d5dfba493dd2 tempest-VolumeTypesNegativeTest-1839424941 tempest-VolumeTypesNegativeTest-1839424941-project-admin] DELETE http://10.222.0.40/volume/v3/c15bdb15c80741caa8ffb5ff1a0e7809/types/857202ad-7e3b-4a40-8206-fa2349ef59f8
Aug 04 20:59:57.799899 dv-cinder-852208-1-smb devstack@c-api.service[110857]: DEBUG cinder.api.openstack.wsgi [None req-ac56edcd-39ed-47ba-a2cc-d5dfba493dd2 tempest-VolumeTypesNegativeTest-1839424941 tempest-VolumeTypesNegativeTest-1839424941-project-admin] Empty body provided in request {{(pid=110857) get_body /opt/stack/cinder/cinder/api/openstack/wsgi.py:715}}
Aug 04 20:59:57.800382 dv-cinder-852208-1-smb devstack@c-api.service[110857]: DEBUG cinder.api.openstack.wsgi [None req-ac56edcd-39ed-47ba-a2cc-d5dfba493dd2 tempest-VolumeTypesNegativeTest-1839424941 tempest-VolumeTypesNegativeTest-1839424941-project-admin] Calling method '_delete' {{(pid=110857) _process_stack /opt/stack/cinder/cinder/api/openstack/wsgi.py:868}}
Aug 04 20:59:57.812255 dv-cinder-852208-1-smb devstack@c-api.service[110858]: INFO cinder.api.openstack.wsgi [None req-8c4810cc-0ad9-45c8-937b-eefa6a4437ab tempest-QosSpecsTestJSON-228966799 tempest-QosSpecsTestJSON-228966799-project-admin] http://10.222.0.40/volume/v3/91967ac2e4e74f69b07782b2c57a154d/qos-specs/bfce8867-67f9-4f94-8233-1d094208ddff/disassociate_all returned with HTTP 202
Aug 04 20:59:57.816539 dv-cinder-852208-1-smb devstack@c-api.service[110858]: [pid: 110858|app: 0|req: 50/102] 10.222.0.40 () {58 vars in 1382 bytes} [Thu Aug 4 20:59:57 2022] GET /volume/v3/91967ac2e4e74f69b07782b2c57a154d/qos-specs/bfce8867-67f9-4f94-8233-1d094208ddff/disassociate_all => generated 0 bytes in 89 msecs (HTTP/1.1 202) 6 headers in 233 bytes (1 switches on core 0)
Aug 04 20:59:57.818391 dv-cinder-852208-1-smb devstack@c-api.service[110858]: DEBUG cinder.api.middleware.request_id [None req-567df15c-27b6-4fd2-9cf3-2e0dd82c98de None None] RequestId filter calling following filter/app {{(pid=110858) _context_setter /opt/stack/cinder/cinder/api/middleware/request_id.py:62}}
Aug 04 20:59:57.823934 dv-cinder-852208-1-smb devstack@c-api.service[110858]: INFO cinder.api.openstack.wsgi [None req-567df15c-27b6-4fd2-9cf3-2e0dd82c98de tempest-QosSpecsTestJSON-228966799 tempest-QosSpecsTestJSON-228966799-project-admin] GET http://10.222.0.40/volume/v3/91967ac2e4e74f69b07782b2c57a154d/qos-specs/bfce8867-67f9-4f94-8233-1d094208ddff/associations
Aug 04 20:59:57.824392 dv-cinder-852208-1-smb devstack@c-api.service[110858]: DEBUG cinder.api.openstack.wsgi [None req-567df15c-27b6-4fd2-9cf3-2e0dd82c98de tempest-QosSpecsTestJSON-228966799 tempest-QosSpecsTestJSON-228966799-project-admin] Empty body provided in request {{(pid=110858) get_body /opt/stack/cinder/cinder/api/openstack/wsgi.py:715}}
Aug 04 20:59:57.824849 dv-cinder-852208-1-smb devstack@c-api.service[110858]: DEBUG cinder.api.openstack.wsgi [None req-567df15c-27b6-4fd2-9cf3-2e0dd82c98de tempest-QosSpecsTestJSON-228966799 tempest-QosSpecsTestJSON-228966799-project-admin] Calling method 'associations' {{(pid=110858) _process_stack /opt/stack/cinder/cinder/api/openstack/wsgi.py:868}}
Aug 04 20:59:57.827871 dv-cinder-852208-1-smb devstack@c-api.service[110858]: /usr/local/lib/python3.8/dist-packages/oslo_context/context.py:100: DeprecationWarning: Policy enforcement is depending on the value of is_admin. This key is deprecated. Please update your policy file to use the standard policy values.
Aug 04 20:59:57.827871 dv-cinder-852208-1-smb devstack@c-api.service[110858]: warnings.warn('Policy enforcement is depending on the value of '
Aug 04 20:59:57.829751 dv-cinder-852208-1-smb devstack@c-api.service[110858]: DEBUG cinder.api.contrib.qos_specs_manage [None req-567df15c-27b6-4fd2-9cf3-2e0dd82c98de tempest-QosSpecsTestJSON-228966799 tempest-QosSpecsTestJSON-228966799-project-admin] Get associations for qos_spec id: bfce8867-67f9-4f94-8233-1d094208ddff {{(pid=110858) associations /opt/stack/cinder/cinder/api/contrib/qos_specs_manage.py:233}}
Aug 04 20:59:57.862964 dv-cinder-852208-1-smb devstack@c-api.service[110858]: INFO cinder.api.openstack.wsgi [None req-567df15c-27b6-4fd2-9cf3-2e0dd82c98de tempest-QosSpecsTestJSON-228966799 tempest-QosSpecsTestJSON-228966799-project-admin] http://10.222.0.40/volume/v3/91967ac2e4e74f69b07782b2c57a154d/qos-specs/bfce8867-67f9-4f94-8233-1d094208ddff/associations returned with HTTP 200
Aug 04 20:59:57.875895 dv-cinder-852208-1-smb devstack@c-api.service[110858]: [pid: 110858|app: 0|req: 51/103] 10.222.0.40 () {58 vars in 1370 bytes} [Thu Aug 4 20:59:57 2022] GET /volume/v3/91967ac2e4e74f69b07782b2c57a154d/qos-specs/bfce8867-67f9-4f94-8233-1d094208ddff/associations => generated 24 bytes in 58 msecs (HTTP/1.1 200) 7 headers in 284 bytes (2 switches on core 0)
Aug 04 20:59:57.877477 dv-cinder-852208-1-smb devstack@c-api.service[110858]: DEBUG cinder.api.middleware.request_id [None req-0efffbc5-d487-47e4-aeb5-f78bf2b9bf6c None None] RequestId filter calling following filter/app {{(pid=110858) _context_setter /opt/stack/cinder/cinder/api/middleware/request_id.py:62}}
Aug 04 20:59:57.883551 dv-cinder-852208-1-smb devstack@c-api.service[110858]: INFO cinder.api.openstack.wsgi [None req-0efffbc5-d487-47e4-aeb5-f78bf2b9bf6c tempest-QosSpecsTestJSON-228966799 tempest-QosSpecsTestJSON-228966799-project-admin] POST http://10.222.0.40/volume/v3/91967ac2e4e74f69b07782b2c57a154d/qos-specs
Aug 04 20:59:57.884289 dv-cinder-852208-1-smb devstack@c-api.service[110858]: DEBUG cinder.api.openstack.wsgi [None req-0efffbc5-d487-47e4-aeb5-f78bf2b9bf6c tempest-QosSpecsTestJSON-228966799 tempest-QosSpecsTestJSON-228966799-project-admin] Action: 'create', calling method: create, body: {"qos_specs": {"name": "tempest-QosSpecsTestJSON-qos-314081283", "consumer": "back-end"}} {{(pid=110858) _process_stack /opt/stack/cinder/cinder/api/openstack/wsgi.py:866}}
Aug 04 20:59:57.900927 dv-cinder-852208-1-smb devstack@c-api.service[110858]: /usr/local/lib/python3.8/dist-packages/oslo_context/context.py:100: DeprecationWarning: Policy enforcement is depending on the value of is_admin. This key is deprecated. Please update your policy file to use the standard policy values.
Aug 04 20:59:57.900927 dv-cinder-852208-1-smb devstack@c-api.service[110858]: warnings.warn('Policy enforcement is depending on the value of '
Aug 04 20:59:57.907257 dv-cinder-852208-1-smb devstack@c-api.service[110858]: DEBUG cinder.volume.qos_specs [None req-0efffbc5-d487-47e4-aeb5-f78bf2b9bf6c tempest-QosSpecsTestJSON-228966799 tempest-QosSpecsTestJSON-228966799-project-admin] Dict for qos_specs: {'name': 'tempest-QosSpecsTestJSON-qos-314081283', 'consumer': 'back-end', 'specs': {}} {{(pid=110858) create /opt/stack/cinder/cinder/volume/qos_specs.py:64}}
Aug 04 20:59:57.921035 dv-cinder-852208-1-smb devstack@c-api.service[110858]: DEBUG cinder.db.sqlalchemy.api [None req-0efffbc5-d487-47e4-aeb5-f78bf2b9bf6c tempest-QosSpecsTestJSON-228966799 tempest-QosSpecsTestJSON-228966799-project-admin] DB qos_specs_create(): root {'id': 'a5f7e794-4a27-47b9-a3f9-9ebc5ea7e48d', 'key': 'QoS_Specs_Name', 'value': 'tempest-QosSpecsTestJSON-qos-314081283'} {{(pid=110858) qos_specs_create /opt/stack/cinder/cinder/db/sqlalchemy/api.py:5586}}
Aug 04 20:59:57.932025 dv-cinder-852208-1-smb devstack@c-api.service[110858]: INFO cinder.api.openstack.wsgi [None req-0efffbc5-d487-47e4-aeb5-f78bf2b9bf6c tempest-QosSpecsTestJSON-228966799 tempest-QosSpecsTestJSON-228966799-project-admin] http://10.222.0.40/volume/v3/91967ac2e4e74f69b07782b2c57a154d/qos-specs returned with HTTP 200
Aug 04 20:59:57.938735 dv-cinder-852208-1-smb devstack@c-api.service[110858]: [pid: 110858|app: 0|req: 52/104] 10.222.0.40 () {60 vars in 1241 bytes} [Thu Aug 4 20:59:57 2022] POST /volume/v3/91967ac2e4e74f69b07782b2c57a154d/qos-specs => generated 434 bytes in 57 msecs (HTTP/1.1 200) 7 headers in 285 bytes (1 switches on core 0)
Aug 04 20:59:57.941127 dv-cinder-852208-1-smb devstack@c-api.service[110858]: DEBUG cinder.api.middleware.request_id [None req-4a68c4be-1017-4c53-9d90-a39b60a40e82 None None] RequestId filter calling following filter/app {{(pid=110858) _context_setter /opt/stack/cinder/cinder/api/middleware/request_id.py:62}}
Aug 04 20:59:57.949287 dv-cinder-852208-1-smb devstack@c-api.service[110858]: INFO cinder.api.openstack.wsgi [None req-4a68c4be-1017-4c53-9d90-a39b60a40e82 tempest-QosSpecsTestJSON-228966799 tempest-QosSpecsTestJSON-228966799-project-admin] DELETE http://10.222.0.40/volume/v3/91967ac2e4e74f69b07782b2c57a154d/qos-specs/a5f7e794-4a27-47b9-a3f9-9ebc5ea7e48d?force=False
Aug 04 20:59:57.949753 dv-cinder-852208-1-smb devstack@c-api.service[110858]: DEBUG cinder.api.openstack.wsgi [None req-4a68c4be-1017-4c53-9d90-a39b60a40e82 tempest-QosSpecsTestJSON-228966799 tempest-QosSpecsTestJSON-228966799-project-admin] Empty body provided in request {{(pid=110858) get_body /opt/stack/cinder/cinder/api/openstack/wsgi.py:715}}
Aug 04 20:59:57.952408 dv-cinder-852208-1-smb devstack@c-api.service[110858]: DEBUG cinder.api.openstack.wsgi [None req-4a68c4be-1017-4c53-9d90-a39b60a40e82 tempest-QosSpecsTestJSON-228966799 tempest-QosSpecsTestJSON-228966799-project-admin] Calling method 'delete' {{(pid=110858) _process_stack /opt/stack/cinder/cinder/api/openstack/wsgi.py:868}}
Aug 04 20:59:57.953154 dv-cinder-852208-1-smb devstack@c-api.service[110858]: /usr/local/lib/python3.8/dist-packages/oslo_context/context.py:100: DeprecationWarning: Policy enforcement is depending on the value of is_admin. This key is deprecated. Please update your policy file to use the standard policy values.
Aug 04 20:59:57.953154 dv-cinder-852208-1-smb devstack@c-api.service[110858]: warnings.warn('Policy enforcement is depending on the value of '
Aug 04 20:59:57.953914 dv-cinder-852208-1-smb devstack@c-api.service[110858]: DEBUG cinder.api.contrib.qos_specs_manage [None req-4a68c4be-1017-4c53-9d90-a39b60a40e82 tempest-QosSpecsTestJSON-228966799 tempest-QosSpecsTestJSON-228966799-project-admin] Delete qos_spec: a5f7e794-4a27-47b9-a3f9-9ebc5ea7e48d, force: False {{(pid=110858) delete /opt/stack/cinder/cinder/api/contrib/qos_specs_manage.py:168}}
Aug 04 20:59:57.977430 dv-cinder-852208-1-smb devstack@c-api.service[110857]: INFO cinder.api.openstack.wsgi [None req-ac56edcd-39ed-47ba-a2cc-d5dfba493dd2 tempest-VolumeTypesNegativeTest-1839424941 tempest-VolumeTypesNegativeTest-1839424941-project-admin] http://10.222.0.40/volume/v3/c15bdb15c80741caa8ffb5ff1a0e7809/types/857202ad-7e3b-4a40-8206-fa2349ef59f8 returned with HTTP 202
Aug 04 20:59:57.978361 dv-cinder-852208-1-smb devstack@c-api.service[110857]: [pid: 110857|app: 0|req: 53/105] 10.222.0.40 () {58 vars in 1322 bytes} [Thu Aug 4 20:59:57 2022] DELETE /volume/v3/c15bdb15c80741caa8ffb5ff1a0e7809/types/857202ad-7e3b-4a40-8206-fa2349ef59f8 => generated 0 bytes in 191 msecs (HTTP/1.1 202) 6 headers in 233 bytes (1 switches on core 0)
Aug 04 20:59:57.983502 dv-cinder-852208-1-smb devstack@c-api.service[110857]: DEBUG cinder.api.middleware.request_id [None req-91679af6-96cd-48b5-9c77-0136458a3ebd None None] RequestId filter calling following filter/app {{(pid=110857) _context_setter /opt/stack/cinder/cinder/api/middleware/request_id.py:62}}
Aug 04 20:59:57.994153 dv-cinder-852208-1-smb devstack@c-api.service[110857]: INFO cinder.api.openstack.wsgi [None req-91679af6-96cd-48b5-9c77-0136458a3ebd tempest-VolumeTypesNegativeTest-1839424941 tempest-VolumeTypesNegativeTest-1839424941-project-admin] GET http://10.222.0.40/volume/v3/c15bdb15c80741caa8ffb5ff1a0e7809/types/857202ad-7e3b-4a40-8206-fa2349ef59f8
Aug 04 20:59:57.994616 dv-cinder-852208-1-smb devstack@c-api.service[110857]: DEBUG cinder.api.openstack.wsgi [None req-91679af6-96cd-48b5-9c77-0136458a3ebd tempest-VolumeTypesNegativeTest-1839424941 tempest-VolumeTypesNegativeTest-1839424941-project-admin] Empty body provided in request {{(pid=110857) get_body /opt/stack/cinder/cinder/api/openstack/wsgi.py:715}}
Aug 04 20:59:58.002216 dv-cinder-852208-1-smb devstack@c-api.service[110857]: DEBUG cinder.api.openstack.wsgi [None req-91679af6-96cd-48b5-9c77-0136458a3ebd tempest-VolumeTypesNegativeTest-1839424941 tempest-VolumeTypesNegativeTest-1839424941-project-admin] Calling method 'show' {{(pid=110857) _process_stack /opt/stack/cinder/cinder/api/openstack/wsgi.py:868}}
Aug 04 20:59:58.028795 dv-cinder-852208-1-smb devstack@c-api.service[110857]: INFO cinder.api.openstack.wsgi [None req-91679af6-96cd-48b5-9c77-0136458a3ebd tempest-VolumeTypesNegativeTest-1839424941 tempest-VolumeTypesNegativeTest-1839424941-project-admin] http://10.222.0.40/volume/v3/c15bdb15c80741caa8ffb5ff1a0e7809/types/857202ad-7e3b-4a40-8206-fa2349ef59f8 returned with HTTP 404
Aug 04 20:59:58.042953 dv-cinder-852208-1-smb devstack@c-api.service[110857]: [pid: 110857|app: 0|req: 54/106] 10.222.0.40 () {58 vars in 1319 bytes} [Thu Aug 4 20:59:57 2022] GET /volume/v3/c15bdb15c80741caa8ffb5ff1a0e7809/types/857202ad-7e3b-4a40-8206-fa2349ef59f8 => generated 114 bytes in 52 msecs (HTTP/1.1 404) 7 headers in 292 bytes (1 switches on core 0)
Aug 04 20:59:58.046639 dv-cinder-852208-1-smb devstack@c-api.service[110857]: DEBUG cinder.api.middleware.request_id [None req-dfd76325-eb2d-4b50-b51e-20e69227e826 None None] RequestId filter calling following filter/app {{(pid=110857) _context_setter /opt/stack/cinder/cinder/api/middleware/request_id.py:62}}
Aug 04 20:59:58.074154 dv-cinder-852208-1-smb devstack@c-api.service[110858]: INFO cinder.api.openstack.wsgi [None req-4a68c4be-1017-4c53-9d90-a39b60a40e82 tempest-QosSpecsTestJSON-228966799 tempest-QosSpecsTestJSON-228966799-project-admin] http://10.222.0.40/volume/v3/91967ac2e4e74f69b07782b2c57a154d/qos-specs/a5f7e794-4a27-47b9-a3f9-9ebc5ea7e48d?force=False returned with HTTP 202
Aug 04 20:59:58.076060 dv-cinder-852208-1-smb devstack@c-api.service[110858]: [pid: 110858|app: 0|req: 53/107] 10.222.0.40 () {58 vars in 1357 bytes} [Thu Aug 4 20:59:57 2022] DELETE /volume/v3/91967ac2e4e74f69b07782b2c57a154d/qos-specs/a5f7e794-4a27-47b9-a3f9-9ebc5ea7e48d?force=False => generated 0 bytes in 137 msecs (HTTP/1.1 202) 6 headers in 233 bytes (2 switches on core 0)
Aug 04 20:59:58.080929 dv-cinder-852208-1-smb devstack@c-api.service[110858]: DEBUG cinder.api.middleware.request_id [None req-4218d33a-cfc7-4df5-9d50-bc54737d80f4 None None] RequestId filter calling following filter/app {{(pid=110858) _context_setter /opt/stack/cinder/cinder/api/middleware/request_id.py:62}}
Aug 04 20:59:58.098289 dv-cinder-852208-1-smb devstack@c-api.service[110857]: INFO cinder.api.openstack.wsgi [None req-dfd76325-eb2d-4b50-b51e-20e69227e826 tempest-VolumeTypesNegativeTest-1839424941 tempest-VolumeTypesNegativeTest-1839424941-project-admin] DELETE http://10.222.0.40/volume/v3/c15bdb15c80741caa8ffb5ff1a0e7809/types/589e7c5d-21f2-492d-b3c3-54d503370dc4
Aug 04 20:59:58.100222 dv-cinder-852208-1-smb devstack@c-api.service[110857]: DEBUG cinder.api.openstack.wsgi [None req-dfd76325-eb2d-4b50-b51e-20e69227e826 tempest-VolumeTypesNegativeTest-1839424941 tempest-VolumeTypesNegativeTest-1839424941-project-admin] Empty body provided in request {{(pid=110857) get_body /opt/stack/cinder/cinder/api/openstack/wsgi.py:715}}
Aug 04 20:59:58.100764 dv-cinder-852208-1-smb devstack@c-api.service[110857]: DEBUG cinder.api.openstack.wsgi [None req-dfd76325-eb2d-4b50-b51e-20e69227e826 tempest-VolumeTypesNegativeTest-1839424941 tempest-VolumeTypesNegativeTest-1839424941-project-admin] Calling method '_delete' {{(pid=110857) _process_stack /opt/stack/cinder/cinder/api/openstack/wsgi.py:868}}
Aug 04 20:59:58.106757 dv-cinder-852208-1-smb devstack@c-api.service[110858]: INFO cinder.api.openstack.wsgi [None req-4218d33a-cfc7-4df5-9d50-bc54737d80f4 tempest-QosSpecsTestJSON-228966799 tempest-QosSpecsTestJSON-228966799-project-admin] GET http://10.222.0.40/volume/v3/91967ac2e4e74f69b07782b2c57a154d/qos-specs/a5f7e794-4a27-47b9-a3f9-9ebc5ea7e48d
Aug 04 20:59:58.110048 dv-cinder-852208-1-smb devstack@c-api.service[110858]: DEBUG cinder.api.openstack.wsgi [None req-4218d33a-cfc7-4df5-9d50-bc54737d80f4 tempest-QosSpecsTestJSON-228966799 tempest-QosSpecsTestJSON-228966799-project-admin] Empty body provided in request {{(pid=110858) get_body /opt/stack/cinder/cinder/api/openstack/wsgi.py:715}}
Aug 04 20:59:58.110726 dv-cinder-852208-1-smb devstack@c-api.service[110858]: DEBUG cinder.api.openstack.wsgi [None req-4218d33a-cfc7-4df5-9d50-bc54737d80f4 tempest-QosSpecsTestJSON-228966799 tempest-QosSpecsTestJSON-228966799-project-admin] Calling method 'show' {{(pid=110858) _process_stack /opt/stack/cinder/cinder/api/openstack/wsgi.py:868}}
Aug 04 20:59:58.111738 dv-cinder-852208-1-smb devstack@c-api.service[110858]: /usr/local/lib/python3.8/dist-packages/oslo_context/context.py:100: DeprecationWarning: Policy enforcement is depending on the value of is_admin. This key is deprecated. Please update your policy file to use the standard policy values.
Aug 04 20:59:58.111738 dv-cinder-852208-1-smb devstack@c-api.service[110858]: warnings.warn('Policy enforcement is depending on the value of '
Aug 04 20:59:58.126441 dv-cinder-852208-1-smb devstack@c-api.service[110858]: INFO cinder.api.openstack.wsgi [None req-4218d33a-cfc7-4df5-9d50-bc54737d80f4 tempest-QosSpecsTestJSON-228966799 tempest-QosSpecsTestJSON-228966799-project-admin] http://10.222.0.40/volume/v3/91967ac2e4e74f69b07782b2c57a154d/qos-specs/a5f7e794-4a27-47b9-a3f9-9ebc5ea7e48d returned with HTTP 404
Aug 04 20:59:58.128489 dv-cinder-852208-1-smb devstack@c-api.service[110858]: [pid: 110858|app: 0|req: 54/108] 10.222.0.40 () {58 vars in 1331 bytes} [Thu Aug 4 20:59:58 2022] GET /volume/v3/91967ac2e4e74f69b07782b2c57a154d/qos-specs/a5f7e794-4a27-47b9-a3f9-9ebc5ea7e48d => generated 100 bytes in 49 msecs (HTTP/1.1 404) 7 headers in 292 bytes (1 switches on core 0)
Aug 04 20:59:58.134285 dv-cinder-852208-1-smb devstack@c-api.service[110858]: DEBUG cinder.api.middleware.request_id [None req-2e4adfbe-c62b-4b69-beca-93db28cccf63 None None] RequestId filter calling following filter/app {{(pid=110858) _context_setter /opt/stack/cinder/cinder/api/middleware/request_id.py:62}}
Aug 04 20:59:58.144846 dv-cinder-852208-1-smb devstack@c-api.service[110858]: INFO cinder.api.openstack.wsgi [None req-2e4adfbe-c62b-4b69-beca-93db28cccf63 tempest-QosSpecsTestJSON-228966799 tempest-QosSpecsTestJSON-228966799-project-admin] GET http://10.222.0.40/volume/v3/91967ac2e4e74f69b07782b2c57a154d/qos-specs
Aug 04 20:59:58.146088 dv-cinder-852208-1-smb devstack@c-api.service[110858]: DEBUG cinder.api.openstack.wsgi [None req-2e4adfbe-c62b-4b69-beca-93db28cccf63 tempest-QosSpecsTestJSON-228966799 tempest-QosSpecsTestJSON-228966799-project-admin] Empty body provided in request {{(pid=110858) get_body /opt/stack/cinder/cinder/api/openstack/wsgi.py:715}}
Aug 04 20:59:58.148114 dv-cinder-852208-1-smb devstack@c-api.service[110858]: DEBUG cinder.api.openstack.wsgi [None req-2e4adfbe-c62b-4b69-beca-93db28cccf63 tempest-QosSpecsTestJSON-228966799 tempest-QosSpecsTestJSON-228966799-project-admin] Calling method 'index' {{(pid=110858) _process_stack /opt/stack/cinder/cinder/api/openstack/wsgi.py:868}}
Aug 04 20:59:58.210635 dv-cinder-852208-1-smb devstack@c-api.service[110858]: INFO cinder.api.openstack.wsgi [None req-2e4adfbe-c62b-4b69-beca-93db28cccf63 tempest-QosSpecsTestJSON-228966799 tempest-QosSpecsTestJSON-228966799-project-admin] http://10.222.0.40/volume/v3/91967ac2e4e74f69b07782b2c57a154d/qos-specs returned with HTTP 200
Aug 04 20:59:58.212455 dv-cinder-852208-1-smb devstack@c-api.service[110858]: [pid: 110858|app: 0|req: 55/109] 10.222.0.40 () {58 vars in 1220 bytes} [Thu Aug 4 20:59:58 2022] GET /volume/v3/91967ac2e4e74f69b07782b2c57a154d/qos-specs => generated 175 bytes in 80 msecs (HTTP/1.1 200) 7 headers in 285 bytes (2 switches on core 0)
Aug 04 20:59:58.229086 dv-cinder-852208-1-smb devstack@c-api.service[110858]: DEBUG cinder.api.middleware.request_id [None req-5ecd058a-8e69-4a21-a89a-aaa88ecd670c None None] RequestId filter calling following filter/app {{(pid=110858) _context_setter /opt/stack/cinder/cinder/api/middleware/request_id.py:62}}
Aug 04 20:59:58.247988 dv-cinder-852208-1-smb devstack@c-api.service[110858]: INFO cinder.api.openstack.wsgi [None req-5ecd058a-8e69-4a21-a89a-aaa88ecd670c tempest-QosSpecsTestJSON-228966799 tempest-QosSpecsTestJSON-228966799-project-admin] POST http://10.222.0.40/volume/v3/91967ac2e4e74f69b07782b2c57a154d/qos-specs
Aug 04 20:59:58.261494 dv-cinder-852208-1-smb devstack@c-api.service[110858]: DEBUG cinder.api.openstack.wsgi [None req-5ecd058a-8e69-4a21-a89a-aaa88ecd670c tempest-QosSpecsTestJSON-228966799 tempest-QosSpecsTestJSON-228966799-project-admin] Action: 'create', calling method: create, body: {"qos_specs": {"name": "tempest-QosSpecsTestJSON-qos-522586822", "consumer": "both"}} {{(pid=110858) _process_stack /opt/stack/cinder/cinder/api/openstack/wsgi.py:866}}
Aug 04 20:59:58.266393 dv-cinder-852208-1-smb devstack@c-api.service[110858]: /usr/local/lib/python3.8/dist-packages/oslo_context/context.py:100: DeprecationWarning: Policy enforcement is depending on the value of is_admin. This key is deprecated. Please update your policy file to use the standard policy values.
Aug 04 20:59:58.266393 dv-cinder-852208-1-smb devstack@c-api.service[110858]: warnings.warn('Policy enforcement is depending on the value of '
Aug 04 20:59:58.270172 dv-cinder-852208-1-smb devstack@c-api.service[110858]: DEBUG cinder.volume.qos_specs [None req-5ecd058a-8e69-4a21-a89a-aaa88ecd670c tempest-QosSpecsTestJSON-228966799 tempest-QosSpecsTestJSON-228966799-project-admin] Dict for qos_specs: {'name': 'tempest-QosSpecsTestJSON-qos-522586822', 'consumer': 'both', 'specs': {}} {{(pid=110858) create /opt/stack/cinder/cinder/volume/qos_specs.py:64}}
Aug 04 20:59:58.276733 dv-cinder-852208-1-smb devstack@c-api.service[110858]: DEBUG dbcounter [-] [110858] Writing DB stats cinder:SELECT=86,cinder:INSERT=8,cinder:UPDATE=6 {{(pid=110858) stat_writer /usr/local/lib/python3.8/dist-packages/dbcounter.py:114}}
Aug 04 20:59:58.285131 dv-cinder-852208-1-smb devstack@c-api.service[110858]: DEBUG cinder.db.sqlalchemy.api [None req-5ecd058a-8e69-4a21-a89a-aaa88ecd670c tempest-QosSpecsTestJSON-228966799 tempest-QosSpecsTestJSON-228966799-project-admin] DB qos_specs_create(): root {'id': '0dbe6512-1eed-45be-948d-a8650372822d', 'key': 'QoS_Specs_Name', 'value': 'tempest-QosSpecsTestJSON-qos-522586822'} {{(pid=110858) qos_specs_create /opt/stack/cinder/cinder/db/sqlalchemy/api.py:5586}}
Aug 04 20:59:58.291230 dv-cinder-852208-1-smb devstack@c-api.service[110857]: INFO cinder.api.openstack.wsgi [None req-dfd76325-eb2d-4b50-b51e-20e69227e826 tempest-VolumeTypesNegativeTest-1839424941 tempest-VolumeTypesNegativeTest-1839424941-project-admin] http://10.222.0.40/volume/v3/c15bdb15c80741caa8ffb5ff1a0e7809/types/589e7c5d-21f2-492d-b3c3-54d503370dc4 returned with HTTP 202
Aug 04 20:59:58.292510 dv-cinder-852208-1-smb devstack@c-api.service[110857]: [pid: 110857|app: 0|req: 55/110] 10.222.0.40 () {58 vars in 1322 bytes} [Thu Aug 4 20:59:58 2022] DELETE /volume/v3/c15bdb15c80741caa8ffb5ff1a0e7809/types/589e7c5d-21f2-492d-b3c3-54d503370dc4 => generated 0 bytes in 247 msecs (HTTP/1.1 202) 6 headers in 233 bytes (1 switches on core 0)
Aug 04 20:59:58.300024 dv-cinder-852208-1-smb devstack@c-api.service[110857]: DEBUG cinder.api.middleware.request_id [None req-92242513-75b4-4a11-88f9-6178a99d3320 None None] RequestId filter calling following filter/app {{(pid=110857) _context_setter /opt/stack/cinder/cinder/api/middleware/request_id.py:62}}
Aug 04 20:59:58.310327 dv-cinder-852208-1-smb devstack@c-api.service[110858]: INFO cinder.api.openstack.wsgi [None req-5ecd058a-8e69-4a21-a89a-aaa88ecd670c tempest-QosSpecsTestJSON-228966799 tempest-QosSpecsTestJSON-228966799-project-admin] http://10.222.0.40/volume/v3/91967ac2e4e74f69b07782b2c57a154d/qos-specs returned with HTTP 200
Aug 04 20:59:58.311656 dv-cinder-852208-1-smb devstack@c-api.service[110858]: [pid: 110858|app: 0|req: 56/111] 10.222.0.40 () {60 vars in 1241 bytes} [Thu Aug 4 20:59:58 2022] POST /volume/v3/91967ac2e4e74f69b07782b2c57a154d/qos-specs => generated 430 bytes in 84 msecs (HTTP/1.1 200) 7 headers in 285 bytes (1 switches on core 0)
Aug 04 20:59:58.319180 dv-cinder-852208-1-smb devstack@c-api.service[110857]: INFO cinder.api.openstack.wsgi [None req-92242513-75b4-4a11-88f9-6178a99d3320 tempest-VolumeTypesNegativeTest-1839424941 tempest-VolumeTypesNegativeTest-1839424941-project-admin] GET http://10.222.0.40/volume/v3/c15bdb15c80741caa8ffb5ff1a0e7809/types/589e7c5d-21f2-492d-b3c3-54d503370dc4
Aug 04 20:59:58.319750 dv-cinder-852208-1-smb devstack@c-api.service[110857]: DEBUG cinder.api.openstack.wsgi [None req-92242513-75b4-4a11-88f9-6178a99d3320 tempest-VolumeTypesNegativeTest-1839424941 tempest-VolumeTypesNegativeTest-1839424941-project-admin] Empty body provided in request {{(pid=110857) get_body /opt/stack/cinder/cinder/api/openstack/wsgi.py:715}}
Aug 04 20:59:58.320231 dv-cinder-852208-1-smb devstack@c-api.service[110857]: DEBUG cinder.api.openstack.wsgi [None req-92242513-75b4-4a11-88f9-6178a99d3320 tempest-VolumeTypesNegativeTest-1839424941 tempest-VolumeTypesNegativeTest-1839424941-project-admin] Calling method 'show' {{(pid=110857) _process_stack /opt/stack/cinder/cinder/api/openstack/wsgi.py:868}}
Aug 04 20:59:58.325737 dv-cinder-852208-1-smb devstack@c-api.service[110858]: DEBUG cinder.api.middleware.request_id [None req-a60cd12c-f48b-4cd6-9599-902969575e84 None None] RequestId filter calling following filter/app {{(pid=110858) _context_setter /opt/stack/cinder/cinder/api/middleware/request_id.py:62}}
Aug 04 20:59:58.332146 dv-cinder-852208-1-smb devstack@c-api.service[110858]: INFO cinder.api.openstack.wsgi [None req-a60cd12c-f48b-4cd6-9599-902969575e84 tempest-QosSpecsTestJSON-228966799 tempest-QosSpecsTestJSON-228966799-project-admin] DELETE http://10.222.0.40/volume/v3/91967ac2e4e74f69b07782b2c57a154d/qos-specs/0dbe6512-1eed-45be-948d-a8650372822d?force=False
Aug 04 20:59:58.333379 dv-cinder-852208-1-smb devstack@c-api.service[110858]: DEBUG cinder.api.openstack.wsgi [None req-a60cd12c-f48b-4cd6-9599-902969575e84 tempest-QosSpecsTestJSON-228966799 tempest-QosSpecsTestJSON-228966799-project-admin] Empty body provided in request {{(pid=110858) get_body /opt/stack/cinder/cinder/api/openstack/wsgi.py:715}}
Aug 04 20:59:58.334216 dv-cinder-852208-1-smb devstack@c-api.service[110858]: DEBUG cinder.api.openstack.wsgi [None req-a60cd12c-f48b-4cd6-9599-902969575e84 tempest-QosSpecsTestJSON-228966799 tempest-QosSpecsTestJSON-228966799-project-admin] Calling method 'delete' {{(pid=110858) _process_stack /opt/stack/cinder/cinder/api/openstack/wsgi.py:868}}
Aug 04 20:59:58.335113 dv-cinder-852208-1-smb devstack@c-api.service[110858]: /usr/local/lib/python3.8/dist-packages/oslo_context/context.py:100: DeprecationWarning: Policy enforcement is depending on the value of is_admin. This key is deprecated. Please update your policy file to use the standard policy values.
Aug 04 20:59:58.335113 dv-cinder-852208-1-smb devstack@c-api.service[110858]: warnings.warn('Policy enforcement is depending on the value of '
Aug 04 20:59:58.336104 dv-cinder-852208-1-smb devstack@c-api.service[110858]: DEBUG cinder.api.contrib.qos_specs_manage [None req-a60cd12c-f48b-4cd6-9599-902969575e84 tempest-QosSpecsTestJSON-228966799 tempest-QosSpecsTestJSON-228966799-project-admin] Delete qos_spec: 0dbe6512-1eed-45be-948d-a8650372822d, force: False {{(pid=110858) delete /opt/stack/cinder/cinder/api/contrib/qos_specs_manage.py:168}}
Aug 04 20:59:58.343351 dv-cinder-852208-1-smb devstack@c-api.service[110857]: INFO cinder.api.openstack.wsgi [None req-92242513-75b4-4a11-88f9-6178a99d3320 tempest-VolumeTypesNegativeTest-1839424941 tempest-VolumeTypesNegativeTest-1839424941-project-admin] http://10.222.0.40/volume/v3/c15bdb15c80741caa8ffb5ff1a0e7809/types/589e7c5d-21f2-492d-b3c3-54d503370dc4 returned with HTTP 404
Aug 04 20:59:58.351970 dv-cinder-852208-1-smb devstack@c-api.service[110857]: [pid: 110857|app: 0|req: 56/112] 10.222.0.40 () {58 vars in 1319 bytes} [Thu Aug 4 20:59:58 2022] GET /volume/v3/c15bdb15c80741caa8ffb5ff1a0e7809/types/589e7c5d-21f2-492d-b3c3-54d503370dc4 => generated 114 bytes in 55 msecs (HTTP/1.1 404) 7 headers in 292 bytes (1 switches on core 0)
Aug 04 20:59:58.428076 dv-cinder-852208-1-smb devstack@c-api.service[110858]: INFO cinder.api.openstack.wsgi [None req-a60cd12c-f48b-4cd6-9599-902969575e84 tempest-QosSpecsTestJSON-228966799 tempest-QosSpecsTestJSON-228966799-project-admin] http://10.222.0.40/volume/v3/91967ac2e4e74f69b07782b2c57a154d/qos-specs/0dbe6512-1eed-45be-948d-a8650372822d?force=False returned with HTTP 202
Aug 04 20:59:58.430977 dv-cinder-852208-1-smb devstack@c-api.service[110858]: [pid: 110858|app: 0|req: 57/113] 10.222.0.40 () {58 vars in 1357 bytes} [Thu Aug 4 20:59:58 2022] DELETE /volume/v3/91967ac2e4e74f69b07782b2c57a154d/qos-specs/0dbe6512-1eed-45be-948d-a8650372822d?force=False => generated 0 bytes in 106 msecs (HTTP/1.1 202) 6 headers in 233 bytes (1 switches on core 0)
Aug 04 20:59:58.435163 dv-cinder-852208-1-smb devstack@c-api.service[110857]: DEBUG cinder.api.middleware.request_id [None req-505b7324-1c80-4042-8eba-a001c99afcc4 None None] RequestId filter calling following filter/app {{(pid=110857) _context_setter /opt/stack/cinder/cinder/api/middleware/request_id.py:62}}
Aug 04 20:59:58.440668 dv-cinder-852208-1-smb devstack@c-api.service[110857]: INFO cinder.api.openstack.wsgi [None req-505b7324-1c80-4042-8eba-a001c99afcc4 tempest-QosSpecsTestJSON-228966799 tempest-QosSpecsTestJSON-228966799-project-admin] GET http://10.222.0.40/volume/v3/91967ac2e4e74f69b07782b2c57a154d/qos-specs/0dbe6512-1eed-45be-948d-a8650372822d
