Sep 12 23:27:59.191939 dv-cinder-852009-7-iscsi devstack@c-api.service[113258]: DEBUG cinder.volume.api [req-72029bfe-78da-4448-8c75-491bd605dfd0 req-0ef84268-a0d8-4fd8-af81-ab3c4793c7f9 tempest-VolumesGetTestJSON-1233117238 tempest-VolumesGetTestJSON-1233117238-project] Task 'cinder.volume.flows.api.create_volume.VolumeCastTask;volume:create' (83e8d32e-1343-4678-a1c6-92298af1130f) transitioned into state 'RUNNING' from state 'PENDING' {{(pid=113258) _task_receiver /usr/local/lib/python3.8/dist-packages/taskflow/listeners/logging.py:190}}
Sep 12 23:27:59.233946 dv-cinder-852009-7-iscsi devstack@c-api.service[113258]: DEBUG cinder.volume.api [req-72029bfe-78da-4448-8c75-491bd605dfd0 req-0ef84268-a0d8-4fd8-af81-ab3c4793c7f9 tempest-VolumesGetTestJSON-1233117238 tempest-VolumesGetTestJSON-1233117238-project] Task 'cinder.volume.flows.api.create_volume.VolumeCastTask;volume:create' (83e8d32e-1343-4678-a1c6-92298af1130f) transitioned into state 'SUCCESS' from state 'RUNNING' with result 'None' {{(pid=113258) _task_receiver /usr/local/lib/python3.8/dist-packages/taskflow/listeners/logging.py:178}}
Sep 12 23:27:59.240664 dv-cinder-852009-7-iscsi devstack@c-api.service[113258]: DEBUG cinder.volume.api [req-72029bfe-78da-4448-8c75-491bd605dfd0 req-0ef84268-a0d8-4fd8-af81-ab3c4793c7f9 tempest-VolumesGetTestJSON-1233117238 tempest-VolumesGetTestJSON-1233117238-project] Flow 'volume_create_api' (d30d0ec8-a5e5-4d3b-8e56-0648ae537269) transitioned into state 'SUCCESS' from state 'RUNNING' {{(pid=113258) _flow_receiver /usr/local/lib/python3.8/dist-packages/taskflow/listeners/logging.py:141}}
Sep 12 23:27:59.241888 dv-cinder-852009-7-iscsi devstack@c-api.service[113258]: INFO cinder.volume.api [req-72029bfe-78da-4448-8c75-491bd605dfd0 req-0ef84268-a0d8-4fd8-af81-ab3c4793c7f9 tempest-VolumesGetTestJSON-1233117238 tempest-VolumesGetTestJSON-1233117238-project] Create volume request issued successfully.
Sep 12 23:27:59.246464 dv-cinder-852009-7-iscsi devstack@c-api.service[113258]: INFO cinder.api.openstack.wsgi [req-72029bfe-78da-4448-8c75-491bd605dfd0 req-0ef84268-a0d8-4fd8-af81-ab3c4793c7f9 tempest-VolumesGetTestJSON-1233117238 tempest-VolumesGetTestJSON-1233117238-project] http://10.222.0.27/volume/v3/1b1b14efb0dd42fcad321d9b5c8dafed/volumes returned with HTTP 202
Sep 12 23:27:59.247612 dv-cinder-852009-7-iscsi devstack@c-api.service[113258]: [pid: 113258|app: 0|req: 6/10] 10.222.0.27 () {64 vars in 1521 bytes} [Mon Sep 12 23:27:58 2022] POST /volume/v3/1b1b14efb0dd42fcad321d9b5c8dafed/volumes => generated 832 bytes in 792 msecs (HTTP/1.1 202) 7 headers in 291 bytes (1 switches on core 0)
Sep 12 23:27:59.249962 dv-cinder-852009-7-iscsi devstack@c-api.service[113258]: DEBUG cinder.api.middleware.request_id [req-683b1ab1-47fa-4bd9-a16d-0232ce8fb3d6 req-5e31bcb6-9d51-4c34-a183-904c2d79b785 None None] RequestId filter calling following filter/app {{(pid=113258) _context_setter /opt/stack/cinder/cinder/api/middleware/request_id.py:62}}
Sep 12 23:27:59.277740 dv-cinder-852009-7-iscsi devstack@c-api.service[113258]: INFO cinder.api.openstack.wsgi [req-683b1ab1-47fa-4bd9-a16d-0232ce8fb3d6 req-5e31bcb6-9d51-4c34-a183-904c2d79b785 tempest-VolumesSnapshotsTestJSON-1045522980 tempest-VolumesSnapshotsTestJSON-1045522980-project] GET http://10.222.0.27/volume/v3/c2bcb31c2c0646ff80d50c51c842db89/volumes/34280534-20f3-4008-a483-2048e7d0ebfa
Sep 12 23:27:59.278592 dv-cinder-852009-7-iscsi devstack@c-api.service[113258]: DEBUG cinder.api.openstack.wsgi [req-683b1ab1-47fa-4bd9-a16d-0232ce8fb3d6 req-5e31bcb6-9d51-4c34-a183-904c2d79b785 tempest-VolumesSnapshotsTestJSON-1045522980 tempest-VolumesSnapshotsTestJSON-1045522980-project] Empty body provided in request {{(pid=113258) get_body /opt/stack/cinder/cinder/api/openstack/wsgi.py:715}}
Sep 12 23:27:59.281985 dv-cinder-852009-7-iscsi devstack@c-api.service[113258]: DEBUG cinder.api.openstack.wsgi [req-683b1ab1-47fa-4bd9-a16d-0232ce8fb3d6 req-5e31bcb6-9d51-4c34-a183-904c2d79b785 tempest-VolumesSnapshotsTestJSON-1045522980 tempest-VolumesSnapshotsTestJSON-1045522980-project] Calling method 'show' {{(pid=113258) _process_stack /opt/stack/cinder/cinder/api/openstack/wsgi.py:868}}
Sep 12 23:27:59.339351 dv-cinder-852009-7-iscsi devstack@c-api.service[113258]: /usr/local/lib/python3.8/dist-packages/oslo_context/context.py:100: DeprecationWarning: Policy enforcement is depending on the value of is_admin. This key is deprecated. Please update your policy file to use the standard policy values.
Sep 12 23:27:59.339351 dv-cinder-852009-7-iscsi devstack@c-api.service[113258]: warnings.warn('Policy enforcement is depending on the value of '
Sep 12 23:27:59.363666 dv-cinder-852009-7-iscsi devstack@c-api.service[113258]: INFO cinder.volume.api [req-683b1ab1-47fa-4bd9-a16d-0232ce8fb3d6 req-5e31bcb6-9d51-4c34-a183-904c2d79b785 tempest-VolumesSnapshotsTestJSON-1045522980 tempest-VolumesSnapshotsTestJSON-1045522980-project] Volume info retrieved successfully.
Sep 12 23:27:59.391936 dv-cinder-852009-7-iscsi devstack@c-api.service[113258]: INFO cinder.api.openstack.wsgi [req-683b1ab1-47fa-4bd9-a16d-0232ce8fb3d6 req-5e31bcb6-9d51-4c34-a183-904c2d79b785 tempest-VolumesSnapshotsTestJSON-1045522980 tempest-VolumesSnapshotsTestJSON-1045522980-project] http://10.222.0.27/volume/v3/c2bcb31c2c0646ff80d50c51c842db89/volumes/34280534-20f3-4008-a483-2048e7d0ebfa returned with HTTP 200
Sep 12 23:27:59.408272 dv-cinder-852009-7-iscsi devstack@c-api.service[113258]: [pid: 113258|app: 0|req: 7/11] 10.222.0.27 () {60 vars in 1578 bytes} [Mon Sep 12 23:27:59 2022] GET /volume/v3/c2bcb31c2c0646ff80d50c51c842db89/volumes/34280534-20f3-4008-a483-2048e7d0ebfa => generated 892 bytes in 160 msecs (HTTP/1.1 200) 7 headers in 285 bytes (1 switches on core 0)
Sep 12 23:27:59.415826 dv-cinder-852009-7-iscsi devstack@c-api.service[113258]: DEBUG cinder.api.middleware.request_id [req-72029bfe-78da-4448-8c75-491bd605dfd0 req-5a7e3546-eb80-4d9e-99d4-7df6f15cdad2 None None] RequestId filter calling following filter/app {{(pid=113258) _context_setter /opt/stack/cinder/cinder/api/middleware/request_id.py:62}}
Sep 12 23:27:59.422605 dv-cinder-852009-7-iscsi devstack@c-api.service[113258]: INFO cinder.api.openstack.wsgi [req-72029bfe-78da-4448-8c75-491bd605dfd0 req-5a7e3546-eb80-4d9e-99d4-7df6f15cdad2 tempest-VolumesGetTestJSON-1233117238 tempest-VolumesGetTestJSON-1233117238-project] GET http://10.222.0.27/volume/v3/1b1b14efb0dd42fcad321d9b5c8dafed/volumes/31092370-6b05-49a4-a789-dbabd3bc7f93
Sep 12 23:27:59.423070 dv-cinder-852009-7-iscsi devstack@c-api.service[113258]: DEBUG cinder.api.openstack.wsgi [req-72029bfe-78da-4448-8c75-491bd605dfd0 req-5a7e3546-eb80-4d9e-99d4-7df6f15cdad2 tempest-VolumesGetTestJSON-1233117238 tempest-VolumesGetTestJSON-1233117238-project] Empty body provided in request {{(pid=113258) get_body /opt/stack/cinder/cinder/api/openstack/wsgi.py:715}}
Sep 12 23:27:59.423537 dv-cinder-852009-7-iscsi devstack@c-api.service[113258]: DEBUG cinder.api.openstack.wsgi [req-72029bfe-78da-4448-8c75-491bd605dfd0 req-5a7e3546-eb80-4d9e-99d4-7df6f15cdad2 tempest-VolumesGetTestJSON-1233117238 tempest-VolumesGetTestJSON-1233117238-project] Calling method 'show' {{(pid=113258) _process_stack /opt/stack/cinder/cinder/api/openstack/wsgi.py:868}}
Sep 12 23:27:59.454629 dv-cinder-852009-7-iscsi devstack@c-api.service[113258]: /usr/local/lib/python3.8/dist-packages/oslo_context/context.py:100: DeprecationWarning: Policy enforcement is depending on the value of is_admin. This key is deprecated. Please update your policy file to use the standard policy values.
Sep 12 23:27:59.454629 dv-cinder-852009-7-iscsi devstack@c-api.service[113258]: warnings.warn('Policy enforcement is depending on the value of '
Sep 12 23:27:59.477510 dv-cinder-852009-7-iscsi devstack@c-api.service[113258]: INFO cinder.volume.api [req-72029bfe-78da-4448-8c75-491bd605dfd0 req-5a7e3546-eb80-4d9e-99d4-7df6f15cdad2 tempest-VolumesGetTestJSON-1233117238 tempest-VolumesGetTestJSON-1233117238-project] Volume info retrieved successfully.
Sep 12 23:27:59.493842 dv-cinder-852009-7-iscsi devstack@c-api.service[113258]: INFO cinder.api.openstack.wsgi [req-72029bfe-78da-4448-8c75-491bd605dfd0 req-5a7e3546-eb80-4d9e-99d4-7df6f15cdad2 tempest-VolumesGetTestJSON-1233117238 tempest-VolumesGetTestJSON-1233117238-project] http://10.222.0.27/volume/v3/1b1b14efb0dd42fcad321d9b5c8dafed/volumes/31092370-6b05-49a4-a789-dbabd3bc7f93 returned with HTTP 200
Sep 12 23:27:59.494568 dv-cinder-852009-7-iscsi devstack@c-api.service[113258]: [pid: 113258|app: 0|req: 8/12] 10.222.0.27 () {60 vars in 1578 bytes} [Mon Sep 12 23:27:59 2022] GET /volume/v3/1b1b14efb0dd42fcad321d9b5c8dafed/volumes/31092370-6b05-49a4-a789-dbabd3bc7f93 => generated 900 bytes in 85 msecs (HTTP/1.1 200) 7 headers in 285 bytes (1 switches on core 0)
Sep 12 23:27:59.498458 dv-cinder-852009-7-iscsi devstack@c-api.service[113258]: DEBUG cinder.api.middleware.request_id [req-f6b726fa-b476-474d-9ddf-c5f394402473 req-05dc9ba7-3dff-4931-ba65-cc23493e9ca2 None None] RequestId filter calling following filter/app {{(pid=113258) _context_setter /opt/stack/cinder/cinder/api/middleware/request_id.py:62}}
Sep 12 23:27:59.515247 dv-cinder-852009-7-iscsi devstack@c-api.service[113258]: INFO cinder.api.openstack.wsgi [req-f6b726fa-b476-474d-9ddf-c5f394402473 req-05dc9ba7-3dff-4931-ba65-cc23493e9ca2 tempest-VolumesSnapshotsTestJSON-1045522980 tempest-VolumesSnapshotsTestJSON-1045522980-project] GET http://10.222.0.27/volume/v3/c2bcb31c2c0646ff80d50c51c842db89/volumes/34280534-20f3-4008-a483-2048e7d0ebfa
Sep 12 23:27:59.515941 dv-cinder-852009-7-iscsi devstack@c-api.service[113258]: DEBUG cinder.api.openstack.wsgi [req-f6b726fa-b476-474d-9ddf-c5f394402473 req-05dc9ba7-3dff-4931-ba65-cc23493e9ca2 tempest-VolumesSnapshotsTestJSON-1045522980 tempest-VolumesSnapshotsTestJSON-1045522980-project] Empty body provided in request {{(pid=113258) get_body /opt/stack/cinder/cinder/api/openstack/wsgi.py:715}}
Sep 12 23:27:59.516711 dv-cinder-852009-7-iscsi devstack@c-api.service[113258]: DEBUG cinder.api.openstack.wsgi [req-f6b726fa-b476-474d-9ddf-c5f394402473 req-05dc9ba7-3dff-4931-ba65-cc23493e9ca2 tempest-VolumesSnapshotsTestJSON-1045522980 tempest-VolumesSnapshotsTestJSON-1045522980-project] Calling method 'show' {{(pid=113258) _process_stack /opt/stack/cinder/cinder/api/openstack/wsgi.py:868}}
Sep 12 23:27:59.543393 dv-cinder-852009-7-iscsi devstack@c-api.service[113258]: /usr/local/lib/python3.8/dist-packages/oslo_context/context.py:100: DeprecationWarning: Policy enforcement is depending on the value of is_admin. This key is deprecated. Please update your policy file to use the standard policy values.
Sep 12 23:27:59.543393 dv-cinder-852009-7-iscsi devstack@c-api.service[113258]: warnings.warn('Policy enforcement is depending on the value of '
Sep 12 23:27:59.562702 dv-cinder-852009-7-iscsi devstack@c-api.service[113258]: INFO cinder.volume.api [req-f6b726fa-b476-474d-9ddf-c5f394402473 req-05dc9ba7-3dff-4931-ba65-cc23493e9ca2 tempest-VolumesSnapshotsTestJSON-1045522980 tempest-VolumesSnapshotsTestJSON-1045522980-project] Volume info retrieved successfully.
Sep 12 23:27:59.583498 dv-cinder-852009-7-iscsi devstack@c-api.service[113258]: INFO cinder.api.openstack.wsgi [req-f6b726fa-b476-474d-9ddf-c5f394402473 req-05dc9ba7-3dff-4931-ba65-cc23493e9ca2 tempest-VolumesSnapshotsTestJSON-1045522980 tempest-VolumesSnapshotsTestJSON-1045522980-project] http://10.222.0.27/volume/v3/c2bcb31c2c0646ff80d50c51c842db89/volumes/34280534-20f3-4008-a483-2048e7d0ebfa returned with HTTP 200
Sep 12 23:27:59.584869 dv-cinder-852009-7-iscsi devstack@c-api.service[113258]: [pid: 113258|app: 0|req: 9/13] 10.222.0.27 () {60 vars in 1578 bytes} [Mon Sep 12 23:27:59 2022] GET /volume/v3/c2bcb31c2c0646ff80d50c51c842db89/volumes/34280534-20f3-4008-a483-2048e7d0ebfa => generated 916 bytes in 90 msecs (HTTP/1.1 200) 7 headers in 285 bytes (1 switches on core 0)
Sep 12 23:27:59.591942 dv-cinder-852009-7-iscsi devstack@c-api.service[113258]: DEBUG cinder.api.middleware.request_id [req-6574da92-5cd5-4ad1-9acc-b53e94a5cafd req-d5e178ef-d907-42f9-a4e9-c61dd817ec83 None None] RequestId filter calling following filter/app {{(pid=113258) _context_setter /opt/stack/cinder/cinder/api/middleware/request_id.py:62}}
Sep 12 23:27:59.610000 dv-cinder-852009-7-iscsi devstack@c-api.service[113258]: INFO cinder.api.openstack.wsgi [req-6574da92-5cd5-4ad1-9acc-b53e94a5cafd req-d5e178ef-d907-42f9-a4e9-c61dd817ec83 tempest-VolumesGetTestJSON-1233117238 tempest-VolumesGetTestJSON-1233117238-project] GET http://10.222.0.27/volume/v3/1b1b14efb0dd42fcad321d9b5c8dafed/volumes/31092370-6b05-49a4-a789-dbabd3bc7f93
Sep 12 23:27:59.610469 dv-cinder-852009-7-iscsi devstack@c-api.service[113258]: DEBUG cinder.api.openstack.wsgi [req-6574da92-5cd5-4ad1-9acc-b53e94a5cafd req-d5e178ef-d907-42f9-a4e9-c61dd817ec83 tempest-VolumesGetTestJSON-1233117238 tempest-VolumesGetTestJSON-1233117238-project] Empty body provided in request {{(pid=113258) get_body /opt/stack/cinder/cinder/api/openstack/wsgi.py:715}}
Sep 12 23:27:59.610930 dv-cinder-852009-7-iscsi devstack@c-api.service[113258]: DEBUG cinder.api.openstack.wsgi [req-6574da92-5cd5-4ad1-9acc-b53e94a5cafd req-d5e178ef-d907-42f9-a4e9-c61dd817ec83 tempest-VolumesGetTestJSON-1233117238 tempest-VolumesGetTestJSON-1233117238-project] Calling method 'show' {{(pid=113258) _process_stack /opt/stack/cinder/cinder/api/openstack/wsgi.py:868}}
Sep 12 23:27:59.644073 dv-cinder-852009-7-iscsi devstack@c-api.service[113258]: /usr/local/lib/python3.8/dist-packages/oslo_context/context.py:100: DeprecationWarning: Policy enforcement is depending on the value of is_admin. This key is deprecated. Please update your policy file to use the standard policy values.
Sep 12 23:27:59.644073 dv-cinder-852009-7-iscsi devstack@c-api.service[113258]: warnings.warn('Policy enforcement is depending on the value of '
Sep 12 23:27:59.667680 dv-cinder-852009-7-iscsi devstack@c-api.service[113258]: INFO cinder.volume.api [req-6574da92-5cd5-4ad1-9acc-b53e94a5cafd req-d5e178ef-d907-42f9-a4e9-c61dd817ec83 tempest-VolumesGetTestJSON-1233117238 tempest-VolumesGetTestJSON-1233117238-project] Volume info retrieved successfully.
Sep 12 23:27:59.695005 dv-cinder-852009-7-iscsi devstack@c-api.service[113258]: INFO cinder.api.openstack.wsgi [req-6574da92-5cd5-4ad1-9acc-b53e94a5cafd req-d5e178ef-d907-42f9-a4e9-c61dd817ec83 tempest-VolumesGetTestJSON-1233117238 tempest-VolumesGetTestJSON-1233117238-project] http://10.222.0.27/volume/v3/1b1b14efb0dd42fcad321d9b5c8dafed/volumes/31092370-6b05-49a4-a789-dbabd3bc7f93 returned with HTTP 200
Sep 12 23:27:59.696697 dv-cinder-852009-7-iscsi devstack@c-api.service[113259]: INFO cinder.api.openstack.wsgi [None req-5454a863-80ee-47e7-aa93-3cae953cfd2e tempest-BackendsCapabilitiesAdminTestsJSON-1229281071 tempest-BackendsCapabilitiesAdminTestsJSON-1229281071-project-admin] http://10.222.0.27/volume/v3/fa02fb9efd8a427d899e47866183d9bb/scheduler-stats/get_pools?detail=True returned with HTTP 200
Sep 12 23:27:59.698156 dv-cinder-852009-7-iscsi devstack@c-api.service[113258]: [pid: 113258|app: 0|req: 10/14] 10.222.0.27 () {60 vars in 1578 bytes} [Mon Sep 12 23:27:59 2022] GET /volume/v3/1b1b14efb0dd42fcad321d9b5c8dafed/volumes/31092370-6b05-49a4-a789-dbabd3bc7f93 => generated 900 bytes in 113 msecs (HTTP/1.1 200) 7 headers in 285 bytes (1 switches on core 0)
Sep 12 23:27:59.698905 dv-cinder-852009-7-iscsi devstack@c-api.service[113259]: [pid: 113259|app: 0|req: 5/15] 10.222.0.27 () {58 vars in 1291 bytes} [Mon Sep 12 23:27:59 2022] GET /volume/v3/fa02fb9efd8a427d899e47866183d9bb/scheduler-stats/get_pools?detail=True => generated 482 bytes in 603 msecs (HTTP/1.1 200) 7 headers in 285 bytes (1 switches on core 0)
Sep 12 23:27:59.708900 dv-cinder-852009-7-iscsi devstack@c-api.service[113258]: DEBUG cinder.api.middleware.request_id [None req-a31e9a3c-eec8-48f8-8f1e-302ac6a5e4e3 None None] RequestId filter calling following filter/app {{(pid=113258) _context_setter /opt/stack/cinder/cinder/api/middleware/request_id.py:62}}
Sep 12 23:27:59.723948 dv-cinder-852009-7-iscsi devstack@c-api.service[113258]: INFO cinder.api.openstack.wsgi [None req-a31e9a3c-eec8-48f8-8f1e-302ac6a5e4e3 tempest-BackendsCapabilitiesAdminTestsJSON-1229281071 tempest-BackendsCapabilitiesAdminTestsJSON-1229281071-project-admin] GET http://10.222.0.27/volume/v3/fa02fb9efd8a427d899e47866183d9bb/capabilities/hv-cinder-85200@wincnd
Sep 12 23:27:59.724495 dv-cinder-852009-7-iscsi devstack@c-api.service[113258]: DEBUG cinder.api.openstack.wsgi [None req-a31e9a3c-eec8-48f8-8f1e-302ac6a5e4e3 tempest-BackendsCapabilitiesAdminTestsJSON-1229281071 tempest-BackendsCapabilitiesAdminTestsJSON-1229281071-project-admin] Empty body provided in request {{(pid=113258) get_body /opt/stack/cinder/cinder/api/openstack/wsgi.py:715}}
Sep 12 23:27:59.724980 dv-cinder-852009-7-iscsi devstack@c-api.service[113258]: DEBUG cinder.api.openstack.wsgi [None req-a31e9a3c-eec8-48f8-8f1e-302ac6a5e4e3 tempest-BackendsCapabilitiesAdminTestsJSON-1229281071 tempest-BackendsCapabilitiesAdminTestsJSON-1229281071-project-admin] Calling method 'show' {{(pid=113258) _process_stack /opt/stack/cinder/cinder/api/openstack/wsgi.py:868}}
Sep 12 23:27:59.737719 dv-cinder-852009-7-iscsi devstack@c-api.service[113258]: DEBUG dbcounter [-] [113258] Writing DB stats cinder:SELECT=77,cinder:INSERT=11,cinder:UPDATE=12 {{(pid=113258) stat_writer /usr/local/lib/python3.8/dist-packages/dbcounter.py:114}}
Sep 12 23:27:59.772446 dv-cinder-852009-7-iscsi devstack@c-api.service[113258]: INFO cinder.api.openstack.wsgi [None req-a31e9a3c-eec8-48f8-8f1e-302ac6a5e4e3 tempest-BackendsCapabilitiesAdminTestsJSON-1229281071 tempest-BackendsCapabilitiesAdminTestsJSON-1229281071-project-admin] http://10.222.0.27/volume/v3/fa02fb9efd8a427d899e47866183d9bb/capabilities/hv-cinder-85200@wincnd returned with HTTP 200
Sep 12 23:27:59.784436 dv-cinder-852009-7-iscsi devstack@c-api.service[113258]: [pid: 113258|app: 0|req: 11/16] 10.222.0.27 () {58 vars in 1298 bytes} [Mon Sep 12 23:27:59 2022] GET /volume/v3/fa02fb9efd8a427d899e47866183d9bb/capabilities/hv-cinder-85200@wincnd => generated 715 bytes in 76 msecs (HTTP/1.1 200) 7 headers in 285 bytes (1 switches on core 0)
Sep 12 23:27:59.785734 dv-cinder-852009-7-iscsi devstack@c-api.service[113259]: DEBUG cinder.api.middleware.request_id [None req-3594e64e-cc2f-4999-89e3-3e44dfce3fc3 None None] RequestId filter calling following filter/app {{(pid=113259) _context_setter /opt/stack/cinder/cinder/api/middleware/request_id.py:62}}
Sep 12 23:27:59.792969 dv-cinder-852009-7-iscsi devstack@c-api.service[113259]: INFO cinder.api.openstack.wsgi [None req-3594e64e-cc2f-4999-89e3-3e44dfce3fc3 tempest-BackendsCapabilitiesAdminTestsJSON-1229281071 tempest-BackendsCapabilitiesAdminTestsJSON-1229281071-project-admin] GET http://10.222.0.27/volume/v3/fa02fb9efd8a427d899e47866183d9bb/capabilities/hv-cinder-85200@wincnd
Sep 12 23:27:59.793936 dv-cinder-852009-7-iscsi devstack@c-api.service[113259]: DEBUG cinder.api.openstack.wsgi [None req-3594e64e-cc2f-4999-89e3-3e44dfce3fc3 tempest-BackendsCapabilitiesAdminTestsJSON-1229281071 tempest-BackendsCapabilitiesAdminTestsJSON-1229281071-project-admin] Empty body provided in request {{(pid=113259) get_body /opt/stack/cinder/cinder/api/openstack/wsgi.py:715}}
Sep 12 23:27:59.794601 dv-cinder-852009-7-iscsi devstack@c-api.service[113259]: DEBUG cinder.api.openstack.wsgi [None req-3594e64e-cc2f-4999-89e3-3e44dfce3fc3 tempest-BackendsCapabilitiesAdminTestsJSON-1229281071 tempest-BackendsCapabilitiesAdminTestsJSON-1229281071-project-admin] Calling method 'show' {{(pid=113259) _process_stack /opt/stack/cinder/cinder/api/openstack/wsgi.py:868}}
Sep 12 23:27:59.862507 dv-cinder-852009-7-iscsi devstack@c-api.service[113259]: INFO cinder.api.openstack.wsgi [None req-3594e64e-cc2f-4999-89e3-3e44dfce3fc3 tempest-BackendsCapabilitiesAdminTestsJSON-1229281071 tempest-BackendsCapabilitiesAdminTestsJSON-1229281071-project-admin] http://10.222.0.27/volume/v3/fa02fb9efd8a427d899e47866183d9bb/capabilities/hv-cinder-85200@wincnd returned with HTTP 200
Sep 12 23:27:59.863826 dv-cinder-852009-7-iscsi devstack@c-api.service[113259]: [pid: 113259|app: 0|req: 6/17] 10.222.0.27 () {58 vars in 1298 bytes} [Mon Sep 12 23:27:59 2022] GET /volume/v3/fa02fb9efd8a427d899e47866183d9bb/capabilities/hv-cinder-85200@wincnd => generated 715 bytes in 80 msecs (HTTP/1.1 200) 7 headers in 285 bytes (1 switches on core 0)
Sep 12 23:28:00.622973 dv-cinder-852009-7-iscsi devstack@c-api.service[113258]: DEBUG cinder.api.middleware.request_id [req-82766c38-5b46-46d0-8ce4-d06497914d39 req-4e664e31-61ca-4bce-8e50-46be579c5764 None None] RequestId filter calling following filter/app {{(pid=113258) _context_setter /opt/stack/cinder/cinder/api/middleware/request_id.py:62}}
Sep 12 23:28:00.629832 dv-cinder-852009-7-iscsi devstack@c-api.service[113258]: INFO cinder.api.openstack.wsgi [req-82766c38-5b46-46d0-8ce4-d06497914d39 req-4e664e31-61ca-4bce-8e50-46be579c5764 tempest-VolumesSnapshotsTestJSON-1045522980 tempest-VolumesSnapshotsTestJSON-1045522980-project] GET http://10.222.0.27/volume/v3/c2bcb31c2c0646ff80d50c51c842db89/volumes/34280534-20f3-4008-a483-2048e7d0ebfa
Sep 12 23:28:00.630444 dv-cinder-852009-7-iscsi devstack@c-api.service[113258]: DEBUG cinder.api.openstack.wsgi [req-82766c38-5b46-46d0-8ce4-d06497914d39 req-4e664e31-61ca-4bce-8e50-46be579c5764 tempest-VolumesSnapshotsTestJSON-1045522980 tempest-VolumesSnapshotsTestJSON-1045522980-project] Empty body provided in request {{(pid=113258) get_body /opt/stack/cinder/cinder/api/openstack/wsgi.py:715}}
Sep 12 23:28:00.631010 dv-cinder-852009-7-iscsi devstack@c-api.service[113258]: DEBUG cinder.api.openstack.wsgi [req-82766c38-5b46-46d0-8ce4-d06497914d39 req-4e664e31-61ca-4bce-8e50-46be579c5764 tempest-VolumesSnapshotsTestJSON-1045522980 tempest-VolumesSnapshotsTestJSON-1045522980-project] Calling method 'show' {{(pid=113258) _process_stack /opt/stack/cinder/cinder/api/openstack/wsgi.py:868}}
Sep 12 23:28:00.730429 dv-cinder-852009-7-iscsi devstack@c-api.service[113259]: DEBUG cinder.api.middleware.request_id [req-f6ffa8aa-56b5-40e7-bf75-6ceaf02f7c48 req-c8ca4ee1-70c7-41e1-97f1-38585e7a9d26 None None] RequestId filter calling following filter/app {{(pid=113259) _context_setter /opt/stack/cinder/cinder/api/middleware/request_id.py:62}}
Sep 12 23:28:00.734665 dv-cinder-852009-7-iscsi devstack@c-api.service[113259]: INFO cinder.api.openstack.wsgi [req-f6ffa8aa-56b5-40e7-bf75-6ceaf02f7c48 req-c8ca4ee1-70c7-41e1-97f1-38585e7a9d26 tempest-VolumesGetTestJSON-1233117238 tempest-VolumesGetTestJSON-1233117238-project] GET http://10.222.0.27/volume/v3/1b1b14efb0dd42fcad321d9b5c8dafed/volumes/31092370-6b05-49a4-a789-dbabd3bc7f93
Sep 12 23:28:00.735231 dv-cinder-852009-7-iscsi devstack@c-api.service[113259]: DEBUG cinder.api.openstack.wsgi [req-f6ffa8aa-56b5-40e7-bf75-6ceaf02f7c48 req-c8ca4ee1-70c7-41e1-97f1-38585e7a9d26 tempest-VolumesGetTestJSON-1233117238 tempest-VolumesGetTestJSON-1233117238-project] Empty body provided in request {{(pid=113259) get_body /opt/stack/cinder/cinder/api/openstack/wsgi.py:715}}
Sep 12 23:28:00.735823 dv-cinder-852009-7-iscsi devstack@c-api.service[113259]: DEBUG cinder.api.openstack.wsgi [req-f6ffa8aa-56b5-40e7-bf75-6ceaf02f7c48 req-c8ca4ee1-70c7-41e1-97f1-38585e7a9d26 tempest-VolumesGetTestJSON-1233117238 tempest-VolumesGetTestJSON-1233117238-project] Calling method 'show' {{(pid=113259) _process_stack /opt/stack/cinder/cinder/api/openstack/wsgi.py:868}}
Sep 12 23:28:00.791003 dv-cinder-852009-7-iscsi devstack@c-api.service[113259]: /usr/local/lib/python3.8/dist-packages/oslo_context/context.py:100: DeprecationWarning: Policy enforcement is depending on the value of is_admin. This key is deprecated. Please update your policy file to use the standard policy values.
Sep 12 23:28:00.791003 dv-cinder-852009-7-iscsi devstack@c-api.service[113259]: warnings.warn('Policy enforcement is depending on the value of '
Sep 12 23:28:00.824923 dv-cinder-852009-7-iscsi devstack@c-api.service[113259]: INFO cinder.volume.api [req-f6ffa8aa-56b5-40e7-bf75-6ceaf02f7c48 req-c8ca4ee1-70c7-41e1-97f1-38585e7a9d26 tempest-VolumesGetTestJSON-1233117238 tempest-VolumesGetTestJSON-1233117238-project] Volume info retrieved successfully.
Sep 12 23:28:00.862611 dv-cinder-852009-7-iscsi devstack@c-api.service[113259]: INFO cinder.api.openstack.wsgi [req-f6ffa8aa-56b5-40e7-bf75-6ceaf02f7c48 req-c8ca4ee1-70c7-41e1-97f1-38585e7a9d26 tempest-VolumesGetTestJSON-1233117238 tempest-VolumesGetTestJSON-1233117238-project] http://10.222.0.27/volume/v3/1b1b14efb0dd42fcad321d9b5c8dafed/volumes/31092370-6b05-49a4-a789-dbabd3bc7f93 returned with HTTP 200
Sep 12 23:28:00.866031 dv-cinder-852009-7-iscsi devstack@c-api.service[113259]: [pid: 113259|app: 0|req: 7/18] 10.222.0.27 () {60 vars in 1578 bytes} [Mon Sep 12 23:28:00 2022] GET /volume/v3/1b1b14efb0dd42fcad321d9b5c8dafed/volumes/31092370-6b05-49a4-a789-dbabd3bc7f93 => generated 925 bytes in 136 msecs (HTTP/1.1 200) 7 headers in 285 bytes (2 switches on core 0)
Sep 12 23:28:00.889613 dv-cinder-852009-7-iscsi devstack@c-api.service[113259]: DEBUG cinder.api.middleware.request_id [req-a071c655-a668-4f31-bd01-ac7956a087b6 req-78f84a15-f75f-49c9-88d3-4b2af55b3197 None None] RequestId filter calling following filter/app {{(pid=113259) _context_setter /opt/stack/cinder/cinder/api/middleware/request_id.py:62}}
Sep 12 23:28:00.895021 dv-cinder-852009-7-iscsi devstack@c-api.service[113259]: INFO cinder.api.openstack.wsgi [req-a071c655-a668-4f31-bd01-ac7956a087b6 req-78f84a15-f75f-49c9-88d3-4b2af55b3197 tempest-VolumesGetTestJSON-1233117238 tempest-VolumesGetTestJSON-1233117238-project] GET http://10.222.0.27/volume/v3/1b1b14efb0dd42fcad321d9b5c8dafed/volumes/31092370-6b05-49a4-a789-dbabd3bc7f93
Sep 12 23:28:00.896576 dv-cinder-852009-7-iscsi devstack@c-api.service[113259]: DEBUG cinder.api.openstack.wsgi [req-a071c655-a668-4f31-bd01-ac7956a087b6 req-78f84a15-f75f-49c9-88d3-4b2af55b3197 tempest-VolumesGetTestJSON-1233117238 tempest-VolumesGetTestJSON-1233117238-project] Empty body provided in request {{(pid=113259) get_body /opt/stack/cinder/cinder/api/openstack/wsgi.py:715}}
Sep 12 23:28:00.897269 dv-cinder-852009-7-iscsi devstack@c-api.service[113259]: DEBUG cinder.api.openstack.wsgi [req-a071c655-a668-4f31-bd01-ac7956a087b6 req-78f84a15-f75f-49c9-88d3-4b2af55b3197 tempest-VolumesGetTestJSON-1233117238 tempest-VolumesGetTestJSON-1233117238-project] Calling method 'show' {{(pid=113259) _process_stack /opt/stack/cinder/cinder/api/openstack/wsgi.py:868}}
Sep 12 23:28:00.917924 dv-cinder-852009-7-iscsi devstack@c-api.service[113259]: /usr/local/lib/python3.8/dist-packages/oslo_context/context.py:100: DeprecationWarning: Policy enforcement is depending on the value of is_admin. This key is deprecated. Please update your policy file to use the standard policy values.
Sep 12 23:28:00.917924 dv-cinder-852009-7-iscsi devstack@c-api.service[113259]: warnings.warn('Policy enforcement is depending on the value of '
Sep 12 23:28:00.923954 dv-cinder-852009-7-iscsi devstack@c-api.service[113258]: /usr/local/lib/python3.8/dist-packages/oslo_context/context.py:100: DeprecationWarning: Policy enforcement is depending on the value of is_admin. This key is deprecated. Please update your policy file to use the standard policy values.
Sep 12 23:28:00.923954 dv-cinder-852009-7-iscsi devstack@c-api.service[113258]: warnings.warn('Policy enforcement is depending on the value of '
Sep 12 23:28:00.932397 dv-cinder-852009-7-iscsi devstack@c-api.service[113259]: INFO cinder.volume.api [req-a071c655-a668-4f31-bd01-ac7956a087b6 req-78f84a15-f75f-49c9-88d3-4b2af55b3197 tempest-VolumesGetTestJSON-1233117238 tempest-VolumesGetTestJSON-1233117238-project] Volume info retrieved successfully.
Sep 12 23:28:00.939049 dv-cinder-852009-7-iscsi devstack@c-api.service[113258]: INFO cinder.volume.api [req-82766c38-5b46-46d0-8ce4-d06497914d39 req-4e664e31-61ca-4bce-8e50-46be579c5764 tempest-VolumesSnapshotsTestJSON-1045522980 tempest-VolumesSnapshotsTestJSON-1045522980-project] Volume info retrieved successfully.
Sep 12 23:28:00.943371 dv-cinder-852009-7-iscsi devstack@c-api.service[113259]: INFO cinder.api.openstack.wsgi [req-a071c655-a668-4f31-bd01-ac7956a087b6 req-78f84a15-f75f-49c9-88d3-4b2af55b3197 tempest-VolumesGetTestJSON-1233117238 tempest-VolumesGetTestJSON-1233117238-project] http://10.222.0.27/volume/v3/1b1b14efb0dd42fcad321d9b5c8dafed/volumes/31092370-6b05-49a4-a789-dbabd3bc7f93 returned with HTTP 200
Sep 12 23:28:00.944712 dv-cinder-852009-7-iscsi devstack@c-api.service[113259]: [pid: 113259|app: 0|req: 8/19] 10.222.0.27 () {60 vars in 1578 bytes} [Mon Sep 12 23:28:00 2022] GET /volume/v3/1b1b14efb0dd42fcad321d9b5c8dafed/volumes/31092370-6b05-49a4-a789-dbabd3bc7f93 => generated 925 bytes in 56 msecs (HTTP/1.1 200) 7 headers in 285 bytes (2 switches on core 0)
Sep 12 23:28:00.960545 dv-cinder-852009-7-iscsi devstack@c-api.service[113258]: INFO cinder.api.openstack.wsgi [req-82766c38-5b46-46d0-8ce4-d06497914d39 req-4e664e31-61ca-4bce-8e50-46be579c5764 tempest-VolumesSnapshotsTestJSON-1045522980 tempest-VolumesSnapshotsTestJSON-1045522980-project] http://10.222.0.27/volume/v3/c2bcb31c2c0646ff80d50c51c842db89/volumes/34280534-20f3-4008-a483-2048e7d0ebfa returned with HTTP 200
Sep 12 23:28:00.961692 dv-cinder-852009-7-iscsi devstack@c-api.service[113258]: [pid: 113258|app: 0|req: 12/20] 10.222.0.27 () {60 vars in 1578 bytes} [Mon Sep 12 23:28:00 2022] GET /volume/v3/c2bcb31c2c0646ff80d50c51c842db89/volumes/34280534-20f3-4008-a483-2048e7d0ebfa => generated 917 bytes in 340 msecs (HTTP/1.1 200) 7 headers in 285 bytes (1 switches on core 0)
Sep 12 23:28:00.982471 dv-cinder-852009-7-iscsi devstack@c-api.service[113259]: DEBUG cinder.api.middleware.request_id [req-ecdaae1a-293d-496a-8f2d-8a8ccd281e0b req-c70c63cf-3fe1-4713-92b4-4859d3e72f08 None None] RequestId filter calling following filter/app {{(pid=113259) _context_setter /opt/stack/cinder/cinder/api/middleware/request_id.py:62}}
Sep 12 23:28:00.988632 dv-cinder-852009-7-iscsi devstack@c-api.service[113259]: INFO cinder.api.openstack.wsgi [req-ecdaae1a-293d-496a-8f2d-8a8ccd281e0b req-c70c63cf-3fe1-4713-92b4-4859d3e72f08 tempest-VolumesGetTestJSON-1233117238 tempest-VolumesGetTestJSON-1233117238-project] DELETE http://10.222.0.27/volume/v3/1b1b14efb0dd42fcad321d9b5c8dafed/volumes/31092370-6b05-49a4-a789-dbabd3bc7f93
Sep 12 23:28:00.989298 dv-cinder-852009-7-iscsi devstack@c-api.service[113259]: DEBUG cinder.api.openstack.wsgi [req-ecdaae1a-293d-496a-8f2d-8a8ccd281e0b req-c70c63cf-3fe1-4713-92b4-4859d3e72f08 tempest-VolumesGetTestJSON-1233117238 tempest-VolumesGetTestJSON-1233117238-project] Empty body provided in request {{(pid=113259) get_body /opt/stack/cinder/cinder/api/openstack/wsgi.py:715}}
Sep 12 23:28:00.989960 dv-cinder-852009-7-iscsi devstack@c-api.service[113259]: DEBUG cinder.api.openstack.wsgi [req-ecdaae1a-293d-496a-8f2d-8a8ccd281e0b req-c70c63cf-3fe1-4713-92b4-4859d3e72f08 tempest-VolumesGetTestJSON-1233117238 tempest-VolumesGetTestJSON-1233117238-project] Calling method 'delete' {{(pid=113259) _process_stack /opt/stack/cinder/cinder/api/openstack/wsgi.py:868}}
Sep 12 23:28:00.991765 dv-cinder-852009-7-iscsi devstack@c-api.service[113259]: INFO cinder.api.v3.volumes [req-ecdaae1a-293d-496a-8f2d-8a8ccd281e0b req-c70c63cf-3fe1-4713-92b4-4859d3e72f08 tempest-VolumesGetTestJSON-1233117238 tempest-VolumesGetTestJSON-1233117238-project] Delete volume with id: 31092370-6b05-49a4-a789-dbabd3bc7f93
Sep 12 23:28:00.994073 dv-cinder-852009-7-iscsi devstack@c-api.service[113258]: DEBUG cinder.api.middleware.request_id [req-7b838588-76a4-46d7-9d76-bd3590887121 req-623e2eed-9115-4c52-b2a2-3da83ebfb70e None None] RequestId filter calling following filter/app {{(pid=113258) _context_setter /opt/stack/cinder/cinder/api/middleware/request_id.py:62}}
Sep 12 23:28:01.003715 dv-cinder-852009-7-iscsi devstack@c-api.service[113258]: INFO cinder.api.openstack.wsgi [req-7b838588-76a4-46d7-9d76-bd3590887121 req-623e2eed-9115-4c52-b2a2-3da83ebfb70e tempest-VolumesSnapshotsTestJSON-1045522980 tempest-VolumesSnapshotsTestJSON-1045522980-project] POST http://10.222.0.27/volume/v3/c2bcb31c2c0646ff80d50c51c842db89/snapshots
Sep 12 23:28:01.005138 dv-cinder-852009-7-iscsi devstack@c-api.service[113258]: DEBUG cinder.api.openstack.wsgi [req-7b838588-76a4-46d7-9d76-bd3590887121 req-623e2eed-9115-4c52-b2a2-3da83ebfb70e tempest-VolumesSnapshotsTestJSON-1045522980 tempest-VolumesSnapshotsTestJSON-1045522980-project] Action: 'create', calling method: create, body: {"snapshot": {"volume_id": "34280534-20f3-4008-a483-2048e7d0ebfa", "force": false, "name": "tempest-VolumesSnapshotsTestJSON-Snapshot-1103226248", "description": null, "metadata": {}}} {{(pid=113258) _process_stack /opt/stack/cinder/cinder/api/openstack/wsgi.py:866}}
Sep 12 23:28:01.065120 dv-cinder-852009-7-iscsi devstack@c-api.service[113259]: /usr/local/lib/python3.8/dist-packages/oslo_context/context.py:100: DeprecationWarning: Policy enforcement is depending on the value of is_admin. This key is deprecated. Please update your policy file to use the standard policy values.
Sep 12 23:28:01.065120 dv-cinder-852009-7-iscsi devstack@c-api.service[113259]: warnings.warn('Policy enforcement is depending on the value of '
Sep 12 23:28:01.069575 dv-cinder-852009-7-iscsi devstack@c-api.service[113259]: INFO cinder.volume.api [req-ecdaae1a-293d-496a-8f2d-8a8ccd281e0b req-c70c63cf-3fe1-4713-92b4-4859d3e72f08 tempest-VolumesGetTestJSON-1233117238 tempest-VolumesGetTestJSON-1233117238-project] Volume info retrieved successfully.
Sep 12 23:28:01.086701 dv-cinder-852009-7-iscsi devstack@c-api.service[113258]: /usr/local/lib/python3.8/dist-packages/oslo_context/context.py:100: DeprecationWarning: Policy enforcement is depending on the value of is_admin. This key is deprecated. Please update your policy file to use the standard policy values.
Sep 12 23:28:01.086701 dv-cinder-852009-7-iscsi devstack@c-api.service[113258]: warnings.warn('Policy enforcement is depending on the value of '
Sep 12 23:28:01.092181 dv-cinder-852009-7-iscsi devstack@c-api.service[113258]: INFO cinder.volume.api [req-7b838588-76a4-46d7-9d76-bd3590887121 req-623e2eed-9115-4c52-b2a2-3da83ebfb70e tempest-VolumesSnapshotsTestJSON-1045522980 tempest-VolumesSnapshotsTestJSON-1045522980-project] Volume info retrieved successfully.
Sep 12 23:28:01.098593 dv-cinder-852009-7-iscsi devstack@c-api.service[113258]: INFO cinder.api.v3.snapshots [req-7b838588-76a4-46d7-9d76-bd3590887121 req-623e2eed-9115-4c52-b2a2-3da83ebfb70e tempest-VolumesSnapshotsTestJSON-1045522980 tempest-VolumesSnapshotsTestJSON-1045522980-project] Create snapshot from volume 34280534-20f3-4008-a483-2048e7d0ebfa
Sep 12 23:28:01.168239 dv-cinder-852009-7-iscsi devstack@c-api.service[113259]: INFO cinder.volume.api [req-ecdaae1a-293d-496a-8f2d-8a8ccd281e0b req-c70c63cf-3fe1-4713-92b4-4859d3e72f08 tempest-VolumesGetTestJSON-1233117238 tempest-VolumesGetTestJSON-1233117238-project] Delete volume request issued successfully.
Sep 12 23:28:01.169019 dv-cinder-852009-7-iscsi devstack@c-api.service[113259]: INFO cinder.api.openstack.wsgi [req-ecdaae1a-293d-496a-8f2d-8a8ccd281e0b req-c70c63cf-3fe1-4713-92b4-4859d3e72f08 tempest-VolumesGetTestJSON-1233117238 tempest-VolumesGetTestJSON-1233117238-project] http://10.222.0.27/volume/v3/1b1b14efb0dd42fcad321d9b5c8dafed/volumes/31092370-6b05-49a4-a789-dbabd3bc7f93 returned with HTTP 202
Sep 12 23:28:01.173819 dv-cinder-852009-7-iscsi devstack@c-api.service[113259]: [pid: 113259|app: 0|req: 9/21] 10.222.0.27 () {62 vars in 1600 bytes} [Mon Sep 12 23:28:00 2022] DELETE /volume/v3/1b1b14efb0dd42fcad321d9b5c8dafed/volumes/31092370-6b05-49a4-a789-dbabd3bc7f93 => generated 0 bytes in 192 msecs (HTTP/1.1 202) 6 headers in 233 bytes (1 switches on core 0)
Sep 12 23:28:01.191966 dv-cinder-852009-7-iscsi devstack@c-api.service[113259]: DEBUG cinder.api.middleware.request_id [req-4dc3350e-0114-4f13-b74b-3fc8413f2ac9 req-26eb2813-a057-4f5a-a0fd-216a409b95a5 None None] RequestId filter calling following filter/app {{(pid=113259) _context_setter /opt/stack/cinder/cinder/api/middleware/request_id.py:62}}
Sep 12 23:28:01.197154 dv-cinder-852009-7-iscsi devstack@c-api.service[113259]: INFO cinder.api.openstack.wsgi [req-4dc3350e-0114-4f13-b74b-3fc8413f2ac9 req-26eb2813-a057-4f5a-a0fd-216a409b95a5 tempest-VolumesGetTestJSON-1233117238 tempest-VolumesGetTestJSON-1233117238-project] GET http://10.222.0.27/volume/v3/1b1b14efb0dd42fcad321d9b5c8dafed/volumes/31092370-6b05-49a4-a789-dbabd3bc7f93
Sep 12 23:28:01.197582 dv-cinder-852009-7-iscsi devstack@c-api.service[113258]: WARNING cinder.quota [req-7b838588-76a4-46d7-9d76-bd3590887121 req-623e2eed-9115-4c52-b2a2-3da83ebfb70e tempest-VolumesSnapshotsTestJSON-1045522980 tempest-VolumesSnapshotsTestJSON-1045522980-project] Deprecated: Default quota for resource: snapshots___DEFAULT__ is set by the default quota flag: quota_snapshots___DEFAULT__, it is now deprecated. Please use the default quota class for default quota.
Sep 12 23:28:01.198048 dv-cinder-852009-7-iscsi devstack@c-api.service[113259]: DEBUG cinder.api.openstack.wsgi [req-4dc3350e-0114-4f13-b74b-3fc8413f2ac9 req-26eb2813-a057-4f5a-a0fd-216a409b95a5 tempest-VolumesGetTestJSON-1233117238 tempest-VolumesGetTestJSON-1233117238-project] Empty body provided in request {{(pid=113259) get_body /opt/stack/cinder/cinder/api/openstack/wsgi.py:715}}
Sep 12 23:28:01.198661 dv-cinder-852009-7-iscsi devstack@c-api.service[113259]: DEBUG cinder.api.openstack.wsgi [req-4dc3350e-0114-4f13-b74b-3fc8413f2ac9 req-26eb2813-a057-4f5a-a0fd-216a409b95a5 tempest-VolumesGetTestJSON-1233117238 tempest-VolumesGetTestJSON-1233117238-project] Calling method 'show' {{(pid=113259) _process_stack /opt/stack/cinder/cinder/api/openstack/wsgi.py:868}}
Sep 12 23:28:01.226953 dv-cinder-852009-7-iscsi devstack@c-api.service[113259]: /usr/local/lib/python3.8/dist-packages/oslo_context/context.py:100: DeprecationWarning: Policy enforcement is depending on the value of is_admin. This key is deprecated. Please update your policy file to use the standard policy values.
Sep 12 23:28:01.226953 dv-cinder-852009-7-iscsi devstack@c-api.service[113259]: warnings.warn('Policy enforcement is depending on the value of '
Sep 12 23:28:01.240229 dv-cinder-852009-7-iscsi devstack@c-api.service[113259]: DEBUG dbcounter [-] [113259] Writing DB stats cinder:SELECT=76,cinder:INSERT=11,cinder:UPDATE=13 {{(pid=113259) stat_writer /usr/local/lib/python3.8/dist-packages/dbcounter.py:114}}
Sep 12 23:28:01.255437 dv-cinder-852009-7-iscsi devstack@c-api.service[113259]: INFO cinder.volume.api [req-4dc3350e-0114-4f13-b74b-3fc8413f2ac9 req-26eb2813-a057-4f5a-a0fd-216a409b95a5 tempest-VolumesGetTestJSON-1233117238 tempest-VolumesGetTestJSON-1233117238-project] Volume info retrieved successfully.
Sep 12 23:28:01.290160 dv-cinder-852009-7-iscsi devstack@c-api.service[113259]: INFO cinder.api.openstack.wsgi [req-4dc3350e-0114-4f13-b74b-3fc8413f2ac9 req-26eb2813-a057-4f5a-a0fd-216a409b95a5 tempest-VolumesGetTestJSON-1233117238 tempest-VolumesGetTestJSON-1233117238-project] http://10.222.0.27/volume/v3/1b1b14efb0dd42fcad321d9b5c8dafed/volumes/31092370-6b05-49a4-a789-dbabd3bc7f93 returned with HTTP 200
Sep 12 23:28:01.302293 dv-cinder-852009-7-iscsi devstack@c-api.service[113259]: [pid: 113259|app: 0|req: 10/22] 10.222.0.27 () {60 vars in 1578 bytes} [Mon Sep 12 23:28:01 2022] GET /volume/v3/1b1b14efb0dd42fcad321d9b5c8dafed/volumes/31092370-6b05-49a4-a789-dbabd3bc7f93 => generated 924 bytes in 112 msecs (HTTP/1.1 200) 7 headers in 285 bytes (2 switches on core 0)
Sep 12 23:28:01.308208 dv-cinder-852009-7-iscsi devstack@c-api.service[113258]: DEBUG cinder.quota [req-7b838588-76a4-46d7-9d76-bd3590887121 req-623e2eed-9115-4c52-b2a2-3da83ebfb70e tempest-VolumesSnapshotsTestJSON-1045522980 tempest-VolumesSnapshotsTestJSON-1045522980-project] Created reservations ['3a30590d-7770-4f87-8dfa-3ecd20d298f4', '8acb8f6b-0a5b-4df2-a7e0-8cba866dfe1d', '3e96fe86-db48-4c87-b1ff-48f0ae0ed04e', '4604db23-e8ee-4f0d-a59e-61143747a831'] {{(pid=113258) reserve /opt/stack/cinder/cinder/quota.py:755}}
Sep 12 23:28:01.504299 dv-cinder-852009-7-iscsi devstack@c-api.service[113258]: INFO cinder.volume.api [req-7b838588-76a4-46d7-9d76-bd3590887121 req-623e2eed-9115-4c52-b2a2-3da83ebfb70e tempest-VolumesSnapshotsTestJSON-1045522980 tempest-VolumesSnapshotsTestJSON-1045522980-project] Snapshot create request issued successfully.
Sep 12 23:28:01.506677 dv-cinder-852009-7-iscsi devstack@c-api.service[113258]: INFO cinder.api.openstack.wsgi [req-7b838588-76a4-46d7-9d76-bd3590887121 req-623e2eed-9115-4c52-b2a2-3da83ebfb70e tempest-VolumesSnapshotsTestJSON-1045522980 tempest-VolumesSnapshotsTestJSON-1045522980-project] http://10.222.0.27/volume/v3/c2bcb31c2c0646ff80d50c51c842db89/snapshots returned with HTTP 202
Sep 12 23:28:01.510161 dv-cinder-852009-7-iscsi devstack@c-api.service[113258]: [pid: 113258|app: 0|req: 13/23] 10.222.0.27 () {64 vars in 1527 bytes} [Mon Sep 12 23:28:00 2022] POST /volume/v3/c2bcb31c2c0646ff80d50c51c842db89/snapshots => generated 311 bytes in 516 msecs (HTTP/1.1 202) 7 headers in 291 bytes (2 switches on core 0)
Sep 12 23:28:01.543437 dv-cinder-852009-7-iscsi devstack@c-api.service[113259]: DEBUG cinder.api.middleware.request_id [req-f0d52757-e3ff-4260-9ffd-5b0adfff6109 req-96103212-eb36-4cd0-8cf7-834e1d166ad8 None None] RequestId filter calling following filter/app {{(pid=113259) _context_setter /opt/stack/cinder/cinder/api/middleware/request_id.py:62}}
Sep 12 23:28:01.548003 dv-cinder-852009-7-iscsi devstack@c-api.service[113259]: INFO cinder.api.openstack.wsgi [req-f0d52757-e3ff-4260-9ffd-5b0adfff6109 req-96103212-eb36-4cd0-8cf7-834e1d166ad8 tempest-VolumesSnapshotsTestJSON-1045522980 tempest-VolumesSnapshotsTestJSON-1045522980-project] GET http://10.222.0.27/volume/v3/c2bcb31c2c0646ff80d50c51c842db89/snapshots/16f4ac33-2b4e-4b15-b428-354f86d1d9b9
Sep 12 23:28:01.548460 dv-cinder-852009-7-iscsi devstack@c-api.service[113259]: DEBUG cinder.api.openstack.wsgi [req-f0d52757-e3ff-4260-9ffd-5b0adfff6109 req-96103212-eb36-4cd0-8cf7-834e1d166ad8 tempest-VolumesSnapshotsTestJSON-1045522980 tempest-VolumesSnapshotsTestJSON-1045522980-project] Empty body provided in request {{(pid=113259) get_body /opt/stack/cinder/cinder/api/openstack/wsgi.py:715}}
Sep 12 23:28:01.548923 dv-cinder-852009-7-iscsi devstack@c-api.service[113259]: DEBUG cinder.api.openstack.wsgi [req-f0d52757-e3ff-4260-9ffd-5b0adfff6109 req-96103212-eb36-4cd0-8cf7-834e1d166ad8 tempest-VolumesSnapshotsTestJSON-1045522980 tempest-VolumesSnapshotsTestJSON-1045522980-project] Calling method 'show' {{(pid=113259) _process_stack /opt/stack/cinder/cinder/api/openstack/wsgi.py:868}}
Sep 12 23:28:01.637515 dv-cinder-852009-7-iscsi devstack@c-api.service[113259]: /usr/local/lib/python3.8/dist-packages/oslo_context/context.py:100: DeprecationWarning: Policy enforcement is depending on the value of is_admin. This key is deprecated. Please update your policy file to use the standard policy values.
Sep 12 23:28:01.637515 dv-cinder-852009-7-iscsi devstack@c-api.service[113259]: warnings.warn('Policy enforcement is depending on the value of '
Sep 12 23:28:01.638562 dv-cinder-852009-7-iscsi devstack@c-api.service[113259]: INFO cinder.volume.api [req-f0d52757-e3ff-4260-9ffd-5b0adfff6109 req-96103212-eb36-4cd0-8cf7-834e1d166ad8 tempest-VolumesSnapshotsTestJSON-1045522980 tempest-VolumesSnapshotsTestJSON-1045522980-project] Snapshot retrieved successfully.
Sep 12 23:28:01.640439 dv-cinder-852009-7-iscsi devstack@c-api.service[113259]: INFO cinder.api.openstack.wsgi [req-f0d52757-e3ff-4260-9ffd-5b0adfff6109 req-96103212-eb36-4cd0-8cf7-834e1d166ad8 tempest-VolumesSnapshotsTestJSON-1045522980 tempest-VolumesSnapshotsTestJSON-1045522980-project] http://10.222.0.27/volume/v3/c2bcb31c2c0646ff80d50c51c842db89/snapshots/16f4ac33-2b4e-4b15-b428-354f86d1d9b9 returned with HTTP 200
Sep 12 23:28:01.650398 dv-cinder-852009-7-iscsi devstack@c-api.service[113259]: [pid: 113259|app: 0|req: 11/24] 10.222.0.27 () {60 vars in 1584 bytes} [Mon Sep 12 23:28:01 2022] GET /volume/v3/c2bcb31c2c0646ff80d50c51c842db89/snapshots/16f4ac33-2b4e-4b15-b428-354f86d1d9b9 => generated 443 bytes in 108 msecs (HTTP/1.1 200) 7 headers in 285 bytes (1 switches on core 0)
Sep 12 23:28:01.679143 dv-cinder-852009-7-iscsi devstack@c-api.service[113258]: DEBUG cinder.api.middleware.request_id [req-558c4cbc-b740-47f0-9f17-799b777380e5 req-1aa0e496-ea9a-4135-962b-9e6f4ff84606 None None] RequestId filter calling following filter/app {{(pid=113258) _context_setter /opt/stack/cinder/cinder/api/middleware/request_id.py:62}}
Sep 12 23:28:01.686717 dv-cinder-852009-7-iscsi devstack@c-api.service[113258]: INFO cinder.api.openstack.wsgi [req-558c4cbc-b740-47f0-9f17-799b777380e5 req-1aa0e496-ea9a-4135-962b-9e6f4ff84606 tempest-VolumesSnapshotsTestJSON-1045522980 tempest-VolumesSnapshotsTestJSON-1045522980-project] GET http://10.222.0.27/volume/v3/c2bcb31c2c0646ff80d50c51c842db89/snapshots/detail
Sep 12 23:28:01.687255 dv-cinder-852009-7-iscsi devstack@c-api.service[113258]: DEBUG cinder.api.openstack.wsgi [req-558c4cbc-b740-47f0-9f17-799b777380e5 req-1aa0e496-ea9a-4135-962b-9e6f4ff84606 tempest-VolumesSnapshotsTestJSON-1045522980 tempest-VolumesSnapshotsTestJSON-1045522980-project] Empty body provided in request {{(pid=113258) get_body /opt/stack/cinder/cinder/api/openstack/wsgi.py:715}}
Sep 12 23:28:01.687755 dv-cinder-852009-7-iscsi devstack@c-api.service[113258]: DEBUG cinder.api.openstack.wsgi [req-558c4cbc-b740-47f0-9f17-799b777380e5 req-1aa0e496-ea9a-4135-962b-9e6f4ff84606 tempest-VolumesSnapshotsTestJSON-1045522980 tempest-VolumesSnapshotsTestJSON-1045522980-project] Calling method 'detail' {{(pid=113258) _process_stack /opt/stack/cinder/cinder/api/openstack/wsgi.py:868}}
Sep 12 23:28:01.688636 dv-cinder-852009-7-iscsi devstack@c-api.service[113258]: DEBUG cinder.api.api_utils [req-558c4cbc-b740-47f0-9f17-799b777380e5 req-1aa0e496-ea9a-4135-962b-9e6f4ff84606 tempest-VolumesSnapshotsTestJSON-1045522980 tempest-VolumesSnapshotsTestJSON-1045522980-project] Removing options '' from query. {{(pid=113258) remove_invalid_filter_options /opt/stack/cinder/cinder/api/api_utils.py:83}}
Sep 12 23:28:01.699080 dv-cinder-852009-7-iscsi devstack@c-api.service[113258]: /usr/local/lib/python3.8/dist-packages/oslo_context/context.py:100: DeprecationWarning: Policy enforcement is depending on the value of is_admin. This key is deprecated. Please update your policy file to use the standard policy values.
Sep 12 23:28:01.699080 dv-cinder-852009-7-iscsi devstack@c-api.service[113258]: warnings.warn('Policy enforcement is depending on the value of '
Sep 12 23:28:01.706915 dv-cinder-852009-7-iscsi devstack@c-api.service[113258]: DEBUG cinder.db.sqlalchemy.api [req-558c4cbc-b740-47f0-9f17-799b777380e5 req-1aa0e496-ea9a-4135-962b-9e6f4ff84606 tempest-VolumesSnapshotsTestJSON-1045522980 tempest-VolumesSnapshotsTestJSON-1045522980-project] Building query based on filter {{(pid=113258) _process_snaps_filters /opt/stack/cinder/cinder/db/sqlalchemy/api.py:3885}}
Sep 12 23:28:01.759735 dv-cinder-852009-7-iscsi devstack@c-api.service[113258]: INFO cinder.volume.api [req-558c4cbc-b740-47f0-9f17-799b777380e5 req-1aa0e496-ea9a-4135-962b-9e6f4ff84606 tempest-VolumesSnapshotsTestJSON-1045522980 tempest-VolumesSnapshotsTestJSON-1045522980-project] Get all snapshots completed successfully.
Sep 12 23:28:01.764487 dv-cinder-852009-7-iscsi devstack@c-api.service[113258]: /usr/local/lib/python3.8/dist-packages/oslo_context/context.py:100: DeprecationWarning: Policy enforcement is depending on the value of is_admin. This key is deprecated. Please update your policy file to use the standard policy values.
Sep 12 23:28:01.764487 dv-cinder-852009-7-iscsi devstack@c-api.service[113258]: warnings.warn('Policy enforcement is depending on the value of '
Sep 12 23:28:01.769134 dv-cinder-852009-7-iscsi devstack@c-api.service[113258]: INFO cinder.api.openstack.wsgi [req-558c4cbc-b740-47f0-9f17-799b777380e5 req-1aa0e496-ea9a-4135-962b-9e6f4ff84606 tempest-VolumesSnapshotsTestJSON-1045522980 tempest-VolumesSnapshotsTestJSON-1045522980-project] http://10.222.0.27/volume/v3/c2bcb31c2c0646ff80d50c51c842db89/snapshots/detail returned with HTTP 200
Sep 12 23:28:01.770331 dv-cinder-852009-7-iscsi devstack@c-api.service[113258]: [pid: 113258|app: 0|req: 14/25] 10.222.0.27 () {60 vars in 1494 bytes} [Mon Sep 12 23:28:01 2022] GET /volume/v3/c2bcb31c2c0646ff80d50c51c842db89/snapshots/detail => generated 446 bytes in 93 msecs (HTTP/1.1 200) 7 headers in 285 bytes (1 switches on core 0)
Sep 12 23:28:01.794698 dv-cinder-852009-7-iscsi devstack@c-api.service[113259]: DEBUG cinder.api.middleware.request_id [req-99887972-58e9-4977-bedd-a5fee3882797 req-a7f91fa1-e34c-47ff-a461-1c25010ae7c8 None None] RequestId filter calling following filter/app {{(pid=113259) _context_setter /opt/stack/cinder/cinder/api/middleware/request_id.py:62}}
Sep 12 23:28:01.800186 dv-cinder-852009-7-iscsi devstack@c-api.service[113259]: INFO cinder.api.openstack.wsgi [req-99887972-58e9-4977-bedd-a5fee3882797 req-a7f91fa1-e34c-47ff-a461-1c25010ae7c8 tempest-VolumesSnapshotsTestJSON-1045522980 tempest-VolumesSnapshotsTestJSON-1045522980-project] GET http://10.222.0.27/volume/v3/c2bcb31c2c0646ff80d50c51c842db89/snapshots/16f4ac33-2b4e-4b15-b428-354f86d1d9b9
Sep 12 23:28:01.800740 dv-cinder-852009-7-iscsi devstack@c-api.service[113259]: DEBUG cinder.api.openstack.wsgi [req-99887972-58e9-4977-bedd-a5fee3882797 req-a7f91fa1-e34c-47ff-a461-1c25010ae7c8 tempest-VolumesSnapshotsTestJSON-1045522980 tempest-VolumesSnapshotsTestJSON-1045522980-project] Empty body provided in request {{(pid=113259) get_body /opt/stack/cinder/cinder/api/openstack/wsgi.py:715}}
