Aug 29 20:31:12.542994 dv-cinder-852009-5-smb devstack@c-api.service[114300]: DEBUG cinder.api.openstack.wsgi [req-426883b9-6cee-40ca-aa57-2f626427d752 req-07849082-a4cb-45c5-9d81-1664e6a37265 tempest-VolumesSnapshotsTestJSON-1843904377 tempest-VolumesSnapshotsTestJSON-1843904377-project] Empty body provided in request {{(pid=114300) get_body /opt/stack/cinder/cinder/api/openstack/wsgi.py:715}}
Aug 29 20:31:12.544166 dv-cinder-852009-5-smb devstack@c-api.service[114300]: DEBUG cinder.api.openstack.wsgi [req-426883b9-6cee-40ca-aa57-2f626427d752 req-07849082-a4cb-45c5-9d81-1664e6a37265 tempest-VolumesSnapshotsTestJSON-1843904377 tempest-VolumesSnapshotsTestJSON-1843904377-project] Calling method 'delete' {{(pid=114300) _process_stack /opt/stack/cinder/cinder/api/openstack/wsgi.py:868}}
Aug 29 20:31:12.546260 dv-cinder-852009-5-smb devstack@c-api.service[114300]: INFO cinder.api.v2.snapshots [req-426883b9-6cee-40ca-aa57-2f626427d752 req-07849082-a4cb-45c5-9d81-1664e6a37265 tempest-VolumesSnapshotsTestJSON-1843904377 tempest-VolumesSnapshotsTestJSON-1843904377-project] Delete snapshot with id: 76f4b292-8c8f-4611-b380-28b26206e629
Aug 29 20:31:12.566832 dv-cinder-852009-5-smb devstack@c-api.service[114300]: /usr/local/lib/python3.8/dist-packages/oslo_context/context.py:100: DeprecationWarning: Policy enforcement is depending on the value of is_admin. This key is deprecated. Please update your policy file to use the standard policy values.
Aug 29 20:31:12.566832 dv-cinder-852009-5-smb devstack@c-api.service[114300]: warnings.warn('Policy enforcement is depending on the value of '
Aug 29 20:31:12.569300 dv-cinder-852009-5-smb devstack@c-api.service[114300]: INFO cinder.volume.api [req-426883b9-6cee-40ca-aa57-2f626427d752 req-07849082-a4cb-45c5-9d81-1664e6a37265 tempest-VolumesSnapshotsTestJSON-1843904377 tempest-VolumesSnapshotsTestJSON-1843904377-project] Snapshot retrieved successfully.
Aug 29 20:31:12.593832 dv-cinder-852009-5-smb devstack@c-api.service[114301]: INFO cinder.api.openstack.wsgi [None req-00e8f805-05d4-4f36-8eb0-45998b274cd3 tempest-VolumeTypesTest-1983024943 tempest-VolumeTypesTest-1983024943-project-admin] http://10.222.0.81/volume/v3/3048f683e5fc4cdd86e729925fdadddc/types/0034fa1a-21a0-443b-a892-6b2753031f69/encryption/provider returned with HTTP 200
Aug 29 20:31:12.596233 dv-cinder-852009-5-smb devstack@c-api.service[114301]: [pid: 114301|app: 0|req: 21/50] 10.222.0.81 () {60 vars in 1400 bytes} [Mon Aug 29 20:31:12 2022] PUT /volume/v3/3048f683e5fc4cdd86e729925fdadddc/types/0034fa1a-21a0-443b-a892-6b2753031f69/encryption/provider => generated 122 bytes in 243 msecs (HTTP/1.1 200) 7 headers in 285 bytes (1 switches on core 0)
Aug 29 20:31:12.606930 dv-cinder-852009-5-smb devstack@c-api.service[114301]: DEBUG cinder.api.middleware.request_id [None req-750bcf02-c65d-4ca8-ae3f-ea4eedfd8fbb None None] RequestId filter calling following filter/app {{(pid=114301) _context_setter /opt/stack/cinder/cinder/api/middleware/request_id.py:62}}
Aug 29 20:31:12.618000 dv-cinder-852009-5-smb devstack@c-api.service[114301]: INFO cinder.api.openstack.wsgi [None req-750bcf02-c65d-4ca8-ae3f-ea4eedfd8fbb tempest-VolumeTypesTest-1983024943 tempest-VolumeTypesTest-1983024943-project-admin] GET http://10.222.0.81/volume/v3/3048f683e5fc4cdd86e729925fdadddc/types/0034fa1a-21a0-443b-a892-6b2753031f69/encryption
Aug 29 20:31:12.626076 dv-cinder-852009-5-smb devstack@c-api.service[114301]: DEBUG cinder.api.openstack.wsgi [None req-750bcf02-c65d-4ca8-ae3f-ea4eedfd8fbb tempest-VolumeTypesTest-1983024943 tempest-VolumeTypesTest-1983024943-project-admin] Empty body provided in request {{(pid=114301) get_body /opt/stack/cinder/cinder/api/openstack/wsgi.py:715}}
Aug 29 20:31:12.628774 dv-cinder-852009-5-smb devstack@c-api.service[114301]: DEBUG cinder.api.openstack.wsgi [None req-750bcf02-c65d-4ca8-ae3f-ea4eedfd8fbb tempest-VolumeTypesTest-1983024943 tempest-VolumeTypesTest-1983024943-project-admin] Calling method 'index' {{(pid=114301) _process_stack /opt/stack/cinder/cinder/api/openstack/wsgi.py:868}}
Aug 29 20:31:12.663055 dv-cinder-852009-5-smb devstack@c-api.service[114301]: INFO cinder.api.openstack.wsgi [None req-750bcf02-c65d-4ca8-ae3f-ea4eedfd8fbb tempest-VolumeTypesTest-1983024943 tempest-VolumeTypesTest-1983024943-project-admin] http://10.222.0.81/volume/v3/3048f683e5fc4cdd86e729925fdadddc/types/0034fa1a-21a0-443b-a892-6b2753031f69/encryption returned with HTTP 200
Aug 29 20:31:12.664336 dv-cinder-852009-5-smb devstack@c-api.service[114301]: [pid: 114301|app: 0|req: 22/51] 10.222.0.81 () {58 vars in 1352 bytes} [Mon Aug 29 20:31:12 2022] GET /volume/v3/3048f683e5fc4cdd86e729925fdadddc/types/0034fa1a-21a0-443b-a892-6b2753031f69/encryption => generated 347 bytes in 63 msecs (HTTP/1.1 200) 7 headers in 285 bytes (2 switches on core 0)
Aug 29 20:31:12.675035 dv-cinder-852009-5-smb devstack@c-api.service[114301]: DEBUG cinder.api.middleware.request_id [None req-fcf3b4aa-80dd-4291-80f3-625c277d0f7e None None] RequestId filter calling following filter/app {{(pid=114301) _context_setter /opt/stack/cinder/cinder/api/middleware/request_id.py:62}}
Aug 29 20:31:12.682008 dv-cinder-852009-5-smb devstack@c-api.service[114301]: INFO cinder.api.openstack.wsgi [None req-fcf3b4aa-80dd-4291-80f3-625c277d0f7e tempest-VolumeTypesTest-1983024943 tempest-VolumeTypesTest-1983024943-project-admin] GET http://10.222.0.81/volume/v3/3048f683e5fc4cdd86e729925fdadddc/types/0034fa1a-21a0-443b-a892-6b2753031f69/encryption/cipher
Aug 29 20:31:12.684883 dv-cinder-852009-5-smb devstack@c-api.service[114301]: DEBUG cinder.api.openstack.wsgi [None req-fcf3b4aa-80dd-4291-80f3-625c277d0f7e tempest-VolumeTypesTest-1983024943 tempest-VolumeTypesTest-1983024943-project-admin] Empty body provided in request {{(pid=114301) get_body /opt/stack/cinder/cinder/api/openstack/wsgi.py:715}}
Aug 29 20:31:12.685593 dv-cinder-852009-5-smb devstack@c-api.service[114301]: DEBUG cinder.api.openstack.wsgi [None req-fcf3b4aa-80dd-4291-80f3-625c277d0f7e tempest-VolumeTypesTest-1983024943 tempest-VolumeTypesTest-1983024943-project-admin] Calling method 'show' {{(pid=114301) _process_stack /opt/stack/cinder/cinder/api/openstack/wsgi.py:868}}
Aug 29 20:31:12.702728 dv-cinder-852009-5-smb devstack@c-api.service[114301]: INFO cinder.api.openstack.wsgi [None req-fcf3b4aa-80dd-4291-80f3-625c277d0f7e tempest-VolumeTypesTest-1983024943 tempest-VolumeTypesTest-1983024943-project-admin] http://10.222.0.81/volume/v3/3048f683e5fc4cdd86e729925fdadddc/types/0034fa1a-21a0-443b-a892-6b2753031f69/encryption/cipher returned with HTTP 200
Aug 29 20:31:12.711683 dv-cinder-852009-5-smb devstack@c-api.service[114301]: [pid: 114301|app: 0|req: 23/52] 10.222.0.81 () {58 vars in 1373 bytes} [Mon Aug 29 20:31:12 2022] GET /volume/v3/3048f683e5fc4cdd86e729925fdadddc/types/0034fa1a-21a0-443b-a892-6b2753031f69/encryption/cipher => generated 29 bytes in 38 msecs (HTTP/1.1 200) 7 headers in 284 bytes (1 switches on core 0)
Aug 29 20:31:12.713944 dv-cinder-852009-5-smb devstack@c-api.service[114301]: DEBUG cinder.api.middleware.request_id [None req-a8e072c1-0708-4ea1-85af-18168573a031 None None] RequestId filter calling following filter/app {{(pid=114301) _context_setter /opt/stack/cinder/cinder/api/middleware/request_id.py:62}}
Aug 29 20:31:12.720904 dv-cinder-852009-5-smb devstack@c-api.service[114301]: INFO cinder.api.openstack.wsgi [None req-a8e072c1-0708-4ea1-85af-18168573a031 tempest-VolumeTypesTest-1983024943 tempest-VolumeTypesTest-1983024943-project-admin] DELETE http://10.222.0.81/volume/v3/3048f683e5fc4cdd86e729925fdadddc/types/0034fa1a-21a0-443b-a892-6b2753031f69/encryption/provider
Aug 29 20:31:12.721380 dv-cinder-852009-5-smb devstack@c-api.service[114301]: DEBUG cinder.api.openstack.wsgi [None req-a8e072c1-0708-4ea1-85af-18168573a031 tempest-VolumeTypesTest-1983024943 tempest-VolumeTypesTest-1983024943-project-admin] Empty body provided in request {{(pid=114301) get_body /opt/stack/cinder/cinder/api/openstack/wsgi.py:715}}
Aug 29 20:31:12.721851 dv-cinder-852009-5-smb devstack@c-api.service[114301]: DEBUG cinder.api.openstack.wsgi [None req-a8e072c1-0708-4ea1-85af-18168573a031 tempest-VolumeTypesTest-1983024943 tempest-VolumeTypesTest-1983024943-project-admin] Calling method 'delete' {{(pid=114301) _process_stack /opt/stack/cinder/cinder/api/openstack/wsgi.py:868}}
Aug 29 20:31:12.756530 dv-cinder-852009-5-smb devstack@c-api.service[114300]: INFO cinder.volume.api [req-426883b9-6cee-40ca-aa57-2f626427d752 req-07849082-a4cb-45c5-9d81-1664e6a37265 tempest-VolumesSnapshotsTestJSON-1843904377 tempest-VolumesSnapshotsTestJSON-1843904377-project] Snapshot delete request issued successfully.
Aug 29 20:31:12.758107 dv-cinder-852009-5-smb devstack@c-api.service[114300]: INFO cinder.api.openstack.wsgi [req-426883b9-6cee-40ca-aa57-2f626427d752 req-07849082-a4cb-45c5-9d81-1664e6a37265 tempest-VolumesSnapshotsTestJSON-1843904377 tempest-VolumesSnapshotsTestJSON-1843904377-project] http://10.222.0.81/volume/v3/0dda9e11de064a44b72c72eb82f977ee/snapshots/76f4b292-8c8f-4611-b380-28b26206e629 returned with HTTP 202
Aug 29 20:31:12.766781 dv-cinder-852009-5-smb devstack@c-api.service[114300]: [pid: 114300|app: 0|req: 30/53] 10.222.0.81 () {62 vars in 1606 bytes} [Mon Aug 29 20:31:12 2022] DELETE /volume/v3/0dda9e11de064a44b72c72eb82f977ee/snapshots/76f4b292-8c8f-4611-b380-28b26206e629 => generated 0 bytes in 233 msecs (HTTP/1.1 202) 6 headers in 233 bytes (2 switches on core 0)
Aug 29 20:31:12.814851 dv-cinder-852009-5-smb devstack@c-api.service[114300]: DEBUG cinder.api.middleware.request_id [req-7dd547d2-a3cf-44e7-a634-54b8743daf03 req-e4c0051d-12d7-473e-b2e8-97a7fb1f703d None None] RequestId filter calling following filter/app {{(pid=114300) _context_setter /opt/stack/cinder/cinder/api/middleware/request_id.py:62}}
Aug 29 20:31:12.825507 dv-cinder-852009-5-smb devstack@c-api.service[114300]: INFO cinder.api.openstack.wsgi [req-7dd547d2-a3cf-44e7-a634-54b8743daf03 req-e4c0051d-12d7-473e-b2e8-97a7fb1f703d tempest-VolumesSnapshotsTestJSON-1843904377 tempest-VolumesSnapshotsTestJSON-1843904377-project] GET http://10.222.0.81/volume/v3/0dda9e11de064a44b72c72eb82f977ee/snapshots/76f4b292-8c8f-4611-b380-28b26206e629
Aug 29 20:31:12.827586 dv-cinder-852009-5-smb devstack@c-api.service[114300]: DEBUG cinder.api.openstack.wsgi [req-7dd547d2-a3cf-44e7-a634-54b8743daf03 req-e4c0051d-12d7-473e-b2e8-97a7fb1f703d tempest-VolumesSnapshotsTestJSON-1843904377 tempest-VolumesSnapshotsTestJSON-1843904377-project] Empty body provided in request {{(pid=114300) get_body /opt/stack/cinder/cinder/api/openstack/wsgi.py:715}}
Aug 29 20:31:12.832127 dv-cinder-852009-5-smb devstack@c-api.service[114300]: DEBUG cinder.api.openstack.wsgi [req-7dd547d2-a3cf-44e7-a634-54b8743daf03 req-e4c0051d-12d7-473e-b2e8-97a7fb1f703d tempest-VolumesSnapshotsTestJSON-1843904377 tempest-VolumesSnapshotsTestJSON-1843904377-project] Calling method 'show' {{(pid=114300) _process_stack /opt/stack/cinder/cinder/api/openstack/wsgi.py:868}}
Aug 29 20:31:12.844768 dv-cinder-852009-5-smb devstack@c-api.service[114301]: INFO cinder.api.openstack.wsgi [None req-a8e072c1-0708-4ea1-85af-18168573a031 tempest-VolumeTypesTest-1983024943 tempest-VolumeTypesTest-1983024943-project-admin] http://10.222.0.81/volume/v3/3048f683e5fc4cdd86e729925fdadddc/types/0034fa1a-21a0-443b-a892-6b2753031f69/encryption/provider returned with HTTP 202
Aug 29 20:31:12.845769 dv-cinder-852009-5-smb devstack@c-api.service[114301]: [pid: 114301|app: 0|req: 24/54] 10.222.0.81 () {58 vars in 1382 bytes} [Mon Aug 29 20:31:12 2022] DELETE /volume/v3/3048f683e5fc4cdd86e729925fdadddc/types/0034fa1a-21a0-443b-a892-6b2753031f69/encryption/provider => generated 0 bytes in 135 msecs (HTTP/1.1 202) 6 headers in 233 bytes (1 switches on core 0)
Aug 29 20:31:12.851900 dv-cinder-852009-5-smb devstack@c-api.service[114301]: DEBUG cinder.api.middleware.request_id [None req-d91099c2-88ae-4873-92aa-593f11277eb3 None None] RequestId filter calling following filter/app {{(pid=114301) _context_setter /opt/stack/cinder/cinder/api/middleware/request_id.py:62}}
Aug 29 20:31:12.867713 dv-cinder-852009-5-smb devstack@c-api.service[114300]: /usr/local/lib/python3.8/dist-packages/oslo_context/context.py:100: DeprecationWarning: Policy enforcement is depending on the value of is_admin. This key is deprecated. Please update your policy file to use the standard policy values.
Aug 29 20:31:12.867713 dv-cinder-852009-5-smb devstack@c-api.service[114300]: warnings.warn('Policy enforcement is depending on the value of '
Aug 29 20:31:12.868465 dv-cinder-852009-5-smb devstack@c-api.service[114301]: INFO cinder.api.openstack.wsgi [None req-d91099c2-88ae-4873-92aa-593f11277eb3 tempest-VolumeTypesTest-1983024943 tempest-VolumeTypesTest-1983024943-project-admin] GET http://10.222.0.81/volume/v3/3048f683e5fc4cdd86e729925fdadddc/types/0034fa1a-21a0-443b-a892-6b2753031f69/encryption
Aug 29 20:31:12.869350 dv-cinder-852009-5-smb devstack@c-api.service[114301]: DEBUG cinder.api.openstack.wsgi [None req-d91099c2-88ae-4873-92aa-593f11277eb3 tempest-VolumeTypesTest-1983024943 tempest-VolumeTypesTest-1983024943-project-admin] Empty body provided in request {{(pid=114301) get_body /opt/stack/cinder/cinder/api/openstack/wsgi.py:715}}
Aug 29 20:31:12.870187 dv-cinder-852009-5-smb devstack@c-api.service[114301]: DEBUG cinder.api.openstack.wsgi [None req-d91099c2-88ae-4873-92aa-593f11277eb3 tempest-VolumeTypesTest-1983024943 tempest-VolumeTypesTest-1983024943-project-admin] Calling method 'index' {{(pid=114301) _process_stack /opt/stack/cinder/cinder/api/openstack/wsgi.py:868}}
Aug 29 20:31:12.871834 dv-cinder-852009-5-smb devstack@c-api.service[114300]: INFO cinder.volume.api [req-7dd547d2-a3cf-44e7-a634-54b8743daf03 req-e4c0051d-12d7-473e-b2e8-97a7fb1f703d tempest-VolumesSnapshotsTestJSON-1843904377 tempest-VolumesSnapshotsTestJSON-1843904377-project] Snapshot retrieved successfully.
Aug 29 20:31:12.878150 dv-cinder-852009-5-smb devstack@c-api.service[114300]: INFO cinder.api.openstack.wsgi [req-7dd547d2-a3cf-44e7-a634-54b8743daf03 req-e4c0051d-12d7-473e-b2e8-97a7fb1f703d tempest-VolumesSnapshotsTestJSON-1843904377 tempest-VolumesSnapshotsTestJSON-1843904377-project] http://10.222.0.81/volume/v3/0dda9e11de064a44b72c72eb82f977ee/snapshots/76f4b292-8c8f-4611-b380-28b26206e629 returned with HTTP 200
Aug 29 20:31:12.886706 dv-cinder-852009-5-smb devstack@c-api.service[114300]: [pid: 114300|app: 0|req: 31/55] 10.222.0.81 () {60 vars in 1584 bytes} [Mon Aug 29 20:31:12 2022] GET /volume/v3/0dda9e11de064a44b72c72eb82f977ee/snapshots/76f4b292-8c8f-4611-b380-28b26206e629 => generated 535 bytes in 75 msecs (HTTP/1.1 200) 7 headers in 285 bytes (2 switches on core 0)
Aug 29 20:31:12.912180 dv-cinder-852009-5-smb devstack@c-api.service[114301]: INFO cinder.api.openstack.wsgi [None req-d91099c2-88ae-4873-92aa-593f11277eb3 tempest-VolumeTypesTest-1983024943 tempest-VolumeTypesTest-1983024943-project-admin] http://10.222.0.81/volume/v3/3048f683e5fc4cdd86e729925fdadddc/types/0034fa1a-21a0-443b-a892-6b2753031f69/encryption returned with HTTP 200
Aug 29 20:31:12.917967 dv-cinder-852009-5-smb devstack@c-api.service[114301]: [pid: 114301|app: 0|req: 25/56] 10.222.0.81 () {58 vars in 1352 bytes} [Mon Aug 29 20:31:12 2022] GET /volume/v3/3048f683e5fc4cdd86e729925fdadddc/types/0034fa1a-21a0-443b-a892-6b2753031f69/encryption => generated 2 bytes in 64 msecs (HTTP/1.1 200) 7 headers in 283 bytes (1 switches on core 0)
Aug 29 20:31:12.926440 dv-cinder-852009-5-smb devstack@c-api.service[114300]: DEBUG cinder.api.middleware.request_id [None req-9390b03e-fd27-4b57-9b4b-1340623735a1 None None] RequestId filter calling following filter/app {{(pid=114300) _context_setter /opt/stack/cinder/cinder/api/middleware/request_id.py:62}}
Aug 29 20:31:12.936697 dv-cinder-852009-5-smb devstack@c-api.service[114300]: INFO cinder.api.openstack.wsgi [None req-9390b03e-fd27-4b57-9b4b-1340623735a1 tempest-VolumeTypesTest-1983024943 tempest-VolumeTypesTest-1983024943-project-admin] GET http://10.222.0.81/volume/v3/3048f683e5fc4cdd86e729925fdadddc/types/0034fa1a-21a0-443b-a892-6b2753031f69/encryption
Aug 29 20:31:12.937406 dv-cinder-852009-5-smb devstack@c-api.service[114300]: DEBUG cinder.api.openstack.wsgi [None req-9390b03e-fd27-4b57-9b4b-1340623735a1 tempest-VolumeTypesTest-1983024943 tempest-VolumeTypesTest-1983024943-project-admin] Empty body provided in request {{(pid=114300) get_body /opt/stack/cinder/cinder/api/openstack/wsgi.py:715}}
Aug 29 20:31:12.938806 dv-cinder-852009-5-smb devstack@c-api.service[114300]: DEBUG cinder.api.openstack.wsgi [None req-9390b03e-fd27-4b57-9b4b-1340623735a1 tempest-VolumeTypesTest-1983024943 tempest-VolumeTypesTest-1983024943-project-admin] Calling method 'index' {{(pid=114300) _process_stack /opt/stack/cinder/cinder/api/openstack/wsgi.py:868}}
Aug 29 20:31:12.962625 dv-cinder-852009-5-smb devstack@c-api.service[114300]: INFO cinder.api.openstack.wsgi [None req-9390b03e-fd27-4b57-9b4b-1340623735a1 tempest-VolumeTypesTest-1983024943 tempest-VolumeTypesTest-1983024943-project-admin] http://10.222.0.81/volume/v3/3048f683e5fc4cdd86e729925fdadddc/types/0034fa1a-21a0-443b-a892-6b2753031f69/encryption returned with HTTP 200
Aug 29 20:31:12.965669 dv-cinder-852009-5-smb devstack@c-api.service[114300]: [pid: 114300|app: 0|req: 32/57] 10.222.0.81 () {58 vars in 1352 bytes} [Mon Aug 29 20:31:12 2022] GET /volume/v3/3048f683e5fc4cdd86e729925fdadddc/types/0034fa1a-21a0-443b-a892-6b2753031f69/encryption => generated 2 bytes in 41 msecs (HTTP/1.1 200) 7 headers in 283 bytes (1 switches on core 0)
Aug 29 20:31:12.974255 dv-cinder-852009-5-smb devstack@c-api.service[114301]: DEBUG cinder.api.middleware.request_id [None req-38b0bbe4-b928-45b2-b17b-ebf0300b3611 None None] RequestId filter calling following filter/app {{(pid=114301) _context_setter /opt/stack/cinder/cinder/api/middleware/request_id.py:62}}
Aug 29 20:31:12.978040 dv-cinder-852009-5-smb devstack@c-api.service[114301]: INFO cinder.api.openstack.wsgi [None req-38b0bbe4-b928-45b2-b17b-ebf0300b3611 tempest-VolumeTypesTest-1983024943 tempest-VolumeTypesTest-1983024943-project-admin] GET http://10.222.0.81/volume/v3/3048f683e5fc4cdd86e729925fdadddc/types
Aug 29 20:31:12.978448 dv-cinder-852009-5-smb devstack@c-api.service[114301]: DEBUG cinder.api.openstack.wsgi [None req-38b0bbe4-b928-45b2-b17b-ebf0300b3611 tempest-VolumeTypesTest-1983024943 tempest-VolumeTypesTest-1983024943-project-admin] Empty body provided in request {{(pid=114301) get_body /opt/stack/cinder/cinder/api/openstack/wsgi.py:715}}
Aug 29 20:31:12.978934 dv-cinder-852009-5-smb devstack@c-api.service[114301]: DEBUG cinder.api.openstack.wsgi [None req-38b0bbe4-b928-45b2-b17b-ebf0300b3611 tempest-VolumeTypesTest-1983024943 tempest-VolumeTypesTest-1983024943-project-admin] Calling method 'index' {{(pid=114301) _process_stack /opt/stack/cinder/cinder/api/openstack/wsgi.py:868}}
Aug 29 20:31:13.055179 dv-cinder-852009-5-smb devstack@c-api.service[114301]: INFO cinder.api.openstack.wsgi [None req-38b0bbe4-b928-45b2-b17b-ebf0300b3611 tempest-VolumeTypesTest-1983024943 tempest-VolumeTypesTest-1983024943-project-admin] http://10.222.0.81/volume/v3/3048f683e5fc4cdd86e729925fdadddc/types returned with HTTP 200
Aug 29 20:31:13.065095 dv-cinder-852009-5-smb devstack@c-api.service[114301]: [pid: 114301|app: 0|req: 26/58] 10.222.0.81 () {58 vars in 1208 bytes} [Mon Aug 29 20:31:12 2022] GET /volume/v3/3048f683e5fc4cdd86e729925fdadddc/types => generated 1575 bytes in 92 msecs (HTTP/1.1 200) 7 headers in 286 bytes (1 switches on core 0)
Aug 29 20:31:13.074313 dv-cinder-852009-5-smb devstack@c-api.service[114300]: DEBUG cinder.api.middleware.request_id [None req-88dab5c9-5051-40cf-9d15-0353f6eef412 None None] RequestId filter calling following filter/app {{(pid=114300) _context_setter /opt/stack/cinder/cinder/api/middleware/request_id.py:62}}
Aug 29 20:31:13.078651 dv-cinder-852009-5-smb devstack@c-api.service[114300]: INFO cinder.api.openstack.wsgi [None req-88dab5c9-5051-40cf-9d15-0353f6eef412 tempest-VolumeTypesTest-1983024943 tempest-VolumeTypesTest-1983024943-project-admin] POST http://10.222.0.81/volume/v3/3048f683e5fc4cdd86e729925fdadddc/types
Aug 29 20:31:13.079930 dv-cinder-852009-5-smb devstack@c-api.service[114300]: DEBUG cinder.api.openstack.wsgi [None req-88dab5c9-5051-40cf-9d15-0353f6eef412 tempest-VolumeTypesTest-1983024943 tempest-VolumeTypesTest-1983024943-project-admin] Action: 'create', calling method: _create, body: {"volume_type": {"name": "tempest-VolumeTypesTest-volume-type-1204952986"}} {{(pid=114300) _process_stack /opt/stack/cinder/cinder/api/openstack/wsgi.py:866}}
Aug 29 20:31:13.236276 dv-cinder-852009-5-smb devstack@c-api.service[114300]: INFO cinder.api.openstack.wsgi [None req-88dab5c9-5051-40cf-9d15-0353f6eef412 tempest-VolumeTypesTest-1983024943 tempest-VolumeTypesTest-1983024943-project-admin] http://10.222.0.81/volume/v3/3048f683e5fc4cdd86e729925fdadddc/types returned with HTTP 200
Aug 29 20:31:13.243381 dv-cinder-852009-5-smb devstack@c-api.service[114300]: [pid: 114300|app: 0|req: 33/59] 10.222.0.81 () {60 vars in 1229 bytes} [Mon Aug 29 20:31:13 2022] POST /volume/v3/3048f683e5fc4cdd86e729925fdadddc/types => generated 221 bytes in 165 msecs (HTTP/1.1 200) 7 headers in 285 bytes (1 switches on core 0)
Aug 29 20:31:13.246013 dv-cinder-852009-5-smb devstack@c-api.service[114301]: DEBUG cinder.api.middleware.request_id [None req-2a468c02-a79d-488f-9484-8a825f89b03c None None] RequestId filter calling following filter/app {{(pid=114301) _context_setter /opt/stack/cinder/cinder/api/middleware/request_id.py:62}}
Aug 29 20:31:13.248929 dv-cinder-852009-5-smb devstack@c-api.service[114301]: INFO cinder.api.openstack.wsgi [None req-2a468c02-a79d-488f-9484-8a825f89b03c tempest-VolumeTypesTest-1983024943 tempest-VolumeTypesTest-1983024943-project-admin] PUT http://10.222.0.81/volume/v3/3048f683e5fc4cdd86e729925fdadddc/types/ea1ceadf-f0f3-4c29-98f4-90a437af5c58
Aug 29 20:31:13.249710 dv-cinder-852009-5-smb devstack@c-api.service[114301]: DEBUG cinder.api.openstack.wsgi [None req-2a468c02-a79d-488f-9484-8a825f89b03c tempest-VolumeTypesTest-1983024943 tempest-VolumeTypesTest-1983024943-project-admin] Action: 'update', calling method: _update, body: {"volume_type": {"name": "tempest-volume-type-1403587228", "description": "tempest-volume-type-description-1245711954", "is_public": false}} {{(pid=114301) _process_stack /opt/stack/cinder/cinder/api/openstack/wsgi.py:866}}
Aug 29 20:31:13.569450 dv-cinder-852009-5-smb devstack@c-api.service[114301]: INFO cinder.api.openstack.wsgi [None req-2a468c02-a79d-488f-9484-8a825f89b03c tempest-VolumeTypesTest-1983024943 tempest-VolumeTypesTest-1983024943-project-admin] http://10.222.0.81/volume/v3/3048f683e5fc4cdd86e729925fdadddc/types/ea1ceadf-f0f3-4c29-98f4-90a437af5c58 returned with HTTP 200
Aug 29 20:31:13.579449 dv-cinder-852009-5-smb devstack@c-api.service[114301]: [pid: 114301|app: 0|req: 27/60] 10.222.0.81 () {60 vars in 1340 bytes} [Mon Aug 29 20:31:13 2022] PUT /volume/v3/3048f683e5fc4cdd86e729925fdadddc/types/ea1ceadf-f0f3-4c29-98f4-90a437af5c58 => generated 205 bytes in 332 msecs (HTTP/1.1 200) 7 headers in 285 bytes (1 switches on core 0)
Aug 29 20:31:13.583242 dv-cinder-852009-5-smb devstack@c-api.service[114300]: DEBUG cinder.api.middleware.request_id [None req-acad7771-b0f1-4bb4-a895-462b7d4b4d24 None None] RequestId filter calling following filter/app {{(pid=114300) _context_setter /opt/stack/cinder/cinder/api/middleware/request_id.py:62}}
Aug 29 20:31:13.591379 dv-cinder-852009-5-smb devstack@c-api.service[114300]: INFO cinder.api.openstack.wsgi [None req-acad7771-b0f1-4bb4-a895-462b7d4b4d24 tempest-VolumeTypesTest-1983024943 tempest-VolumeTypesTest-1983024943-project-admin] GET http://10.222.0.81/volume/v3/3048f683e5fc4cdd86e729925fdadddc/types/ea1ceadf-f0f3-4c29-98f4-90a437af5c58
Aug 29 20:31:13.603328 dv-cinder-852009-5-smb devstack@c-api.service[114300]: DEBUG cinder.api.openstack.wsgi [None req-acad7771-b0f1-4bb4-a895-462b7d4b4d24 tempest-VolumeTypesTest-1983024943 tempest-VolumeTypesTest-1983024943-project-admin] Empty body provided in request {{(pid=114300) get_body /opt/stack/cinder/cinder/api/openstack/wsgi.py:715}}
Aug 29 20:31:13.607926 dv-cinder-852009-5-smb devstack@c-api.service[114300]: DEBUG cinder.api.openstack.wsgi [None req-acad7771-b0f1-4bb4-a895-462b7d4b4d24 tempest-VolumeTypesTest-1983024943 tempest-VolumeTypesTest-1983024943-project-admin] Calling method 'show' {{(pid=114300) _process_stack /opt/stack/cinder/cinder/api/openstack/wsgi.py:868}}
Aug 29 20:31:13.661064 dv-cinder-852009-5-smb devstack@c-api.service[114300]: INFO cinder.api.openstack.wsgi [None req-acad7771-b0f1-4bb4-a895-462b7d4b4d24 tempest-VolumeTypesTest-1983024943 tempest-VolumeTypesTest-1983024943-project-admin] http://10.222.0.81/volume/v3/3048f683e5fc4cdd86e729925fdadddc/types/ea1ceadf-f0f3-4c29-98f4-90a437af5c58 returned with HTTP 200
Aug 29 20:31:13.661858 dv-cinder-852009-5-smb devstack@c-api.service[114300]: [pid: 114300|app: 0|req: 34/61] 10.222.0.81 () {58 vars in 1319 bytes} [Mon Aug 29 20:31:13 2022] GET /volume/v3/3048f683e5fc4cdd86e729925fdadddc/types/ea1ceadf-f0f3-4c29-98f4-90a437af5c58 => generated 269 bytes in 81 msecs (HTTP/1.1 200) 7 headers in 285 bytes (1 switches on core 0)
Aug 29 20:31:13.673211 dv-cinder-852009-5-smb devstack@c-api.service[114301]: DEBUG cinder.api.middleware.request_id [None req-6261a8d5-86f5-4ff1-a884-63df114e6926 None None] RequestId filter calling following filter/app {{(pid=114301) _context_setter /opt/stack/cinder/cinder/api/middleware/request_id.py:62}}
Aug 29 20:31:13.679511 dv-cinder-852009-5-smb devstack@c-api.service[114301]: INFO cinder.api.openstack.wsgi [None req-6261a8d5-86f5-4ff1-a884-63df114e6926 tempest-VolumeTypesTest-1983024943 tempest-VolumeTypesTest-1983024943-project-admin] DELETE http://10.222.0.81/volume/v3/3048f683e5fc4cdd86e729925fdadddc/types/ea1ceadf-f0f3-4c29-98f4-90a437af5c58
Aug 29 20:31:13.679889 dv-cinder-852009-5-smb devstack@c-api.service[114301]: DEBUG cinder.api.openstack.wsgi [None req-6261a8d5-86f5-4ff1-a884-63df114e6926 tempest-VolumeTypesTest-1983024943 tempest-VolumeTypesTest-1983024943-project-admin] Empty body provided in request {{(pid=114301) get_body /opt/stack/cinder/cinder/api/openstack/wsgi.py:715}}
Aug 29 20:31:13.680414 dv-cinder-852009-5-smb devstack@c-api.service[114301]: DEBUG cinder.api.openstack.wsgi [None req-6261a8d5-86f5-4ff1-a884-63df114e6926 tempest-VolumeTypesTest-1983024943 tempest-VolumeTypesTest-1983024943-project-admin] Calling method '_delete' {{(pid=114301) _process_stack /opt/stack/cinder/cinder/api/openstack/wsgi.py:868}}
Aug 29 20:31:13.923476 dv-cinder-852009-5-smb devstack@c-api.service[114300]: DEBUG cinder.api.middleware.request_id [req-d1619dec-15cf-4527-af3d-8cd62d6ef268 req-5d5e1d43-ee9f-431a-87e0-bd2f700cf9cb None None] RequestId filter calling following filter/app {{(pid=114300) _context_setter /opt/stack/cinder/cinder/api/middleware/request_id.py:62}}
Aug 29 20:31:13.931291 dv-cinder-852009-5-smb devstack@c-api.service[114300]: INFO cinder.api.openstack.wsgi [req-d1619dec-15cf-4527-af3d-8cd62d6ef268 req-5d5e1d43-ee9f-431a-87e0-bd2f700cf9cb tempest-VolumesSnapshotsTestJSON-1843904377 tempest-VolumesSnapshotsTestJSON-1843904377-project] GET http://10.222.0.81/volume/v3/0dda9e11de064a44b72c72eb82f977ee/snapshots/76f4b292-8c8f-4611-b380-28b26206e629
Aug 29 20:31:13.931930 dv-cinder-852009-5-smb devstack@c-api.service[114300]: DEBUG cinder.api.openstack.wsgi [req-d1619dec-15cf-4527-af3d-8cd62d6ef268 req-5d5e1d43-ee9f-431a-87e0-bd2f700cf9cb tempest-VolumesSnapshotsTestJSON-1843904377 tempest-VolumesSnapshotsTestJSON-1843904377-project] Empty body provided in request {{(pid=114300) get_body /opt/stack/cinder/cinder/api/openstack/wsgi.py:715}}
Aug 29 20:31:13.935739 dv-cinder-852009-5-smb devstack@c-api.service[114300]: DEBUG cinder.api.openstack.wsgi [req-d1619dec-15cf-4527-af3d-8cd62d6ef268 req-5d5e1d43-ee9f-431a-87e0-bd2f700cf9cb tempest-VolumesSnapshotsTestJSON-1843904377 tempest-VolumesSnapshotsTestJSON-1843904377-project] Calling method 'show' {{(pid=114300) _process_stack /opt/stack/cinder/cinder/api/openstack/wsgi.py:868}}
Aug 29 20:31:13.942360 dv-cinder-852009-5-smb devstack@c-api.service[114301]: INFO cinder.api.openstack.wsgi [None req-6261a8d5-86f5-4ff1-a884-63df114e6926 tempest-VolumeTypesTest-1983024943 tempest-VolumeTypesTest-1983024943-project-admin] http://10.222.0.81/volume/v3/3048f683e5fc4cdd86e729925fdadddc/types/ea1ceadf-f0f3-4c29-98f4-90a437af5c58 returned with HTTP 202
Aug 29 20:31:13.944320 dv-cinder-852009-5-smb devstack@c-api.service[114301]: [pid: 114301|app: 0|req: 28/62] 10.222.0.81 () {58 vars in 1322 bytes} [Mon Aug 29 20:31:13 2022] DELETE /volume/v3/3048f683e5fc4cdd86e729925fdadddc/types/ea1ceadf-f0f3-4c29-98f4-90a437af5c58 => generated 0 bytes in 273 msecs (HTTP/1.1 202) 6 headers in 233 bytes (1 switches on core 0)
Aug 29 20:31:13.950552 dv-cinder-852009-5-smb devstack@c-api.service[114301]: DEBUG cinder.api.middleware.request_id [None req-063405fe-28eb-4518-9c7b-3ee67399bb84 None None] RequestId filter calling following filter/app {{(pid=114301) _context_setter /opt/stack/cinder/cinder/api/middleware/request_id.py:62}}
Aug 29 20:31:13.958109 dv-cinder-852009-5-smb devstack@c-api.service[114301]: INFO cinder.api.openstack.wsgi [None req-063405fe-28eb-4518-9c7b-3ee67399bb84 tempest-VolumeTypesTest-1983024943 tempest-VolumeTypesTest-1983024943-project-admin] GET http://10.222.0.81/volume/v3/3048f683e5fc4cdd86e729925fdadddc/types/ea1ceadf-f0f3-4c29-98f4-90a437af5c58
Aug 29 20:31:13.961366 dv-cinder-852009-5-smb devstack@c-api.service[114300]: INFO cinder.api.openstack.wsgi [req-d1619dec-15cf-4527-af3d-8cd62d6ef268 req-5d5e1d43-ee9f-431a-87e0-bd2f700cf9cb tempest-VolumesSnapshotsTestJSON-1843904377 tempest-VolumesSnapshotsTestJSON-1843904377-project] http://10.222.0.81/volume/v3/0dda9e11de064a44b72c72eb82f977ee/snapshots/76f4b292-8c8f-4611-b380-28b26206e629 returned with HTTP 404
Aug 29 20:31:13.963413 dv-cinder-852009-5-smb devstack@c-api.service[114301]: DEBUG cinder.api.openstack.wsgi [None req-063405fe-28eb-4518-9c7b-3ee67399bb84 tempest-VolumeTypesTest-1983024943 tempest-VolumeTypesTest-1983024943-project-admin] Empty body provided in request {{(pid=114301) get_body /opt/stack/cinder/cinder/api/openstack/wsgi.py:715}}
Aug 29 20:31:13.966023 dv-cinder-852009-5-smb devstack@c-api.service[114301]: DEBUG cinder.api.openstack.wsgi [None req-063405fe-28eb-4518-9c7b-3ee67399bb84 tempest-VolumeTypesTest-1983024943 tempest-VolumeTypesTest-1983024943-project-admin] Calling method 'show' {{(pid=114301) _process_stack /opt/stack/cinder/cinder/api/openstack/wsgi.py:868}}
Aug 29 20:31:13.997198 dv-cinder-852009-5-smb devstack@c-api.service[114300]: [pid: 114300|app: 0|req: 35/63] 10.222.0.81 () {60 vars in 1584 bytes} [Mon Aug 29 20:31:13 2022] GET /volume/v3/0dda9e11de064a44b72c72eb82f977ee/snapshots/76f4b292-8c8f-4611-b380-28b26206e629 => generated 111 bytes in 76 msecs (HTTP/1.1 404) 7 headers in 292 bytes (2 switches on core 0)
Aug 29 20:31:14.029911 dv-cinder-852009-5-smb devstack@c-api.service[114301]: INFO cinder.api.openstack.wsgi [None req-063405fe-28eb-4518-9c7b-3ee67399bb84 tempest-VolumeTypesTest-1983024943 tempest-VolumeTypesTest-1983024943-project-admin] http://10.222.0.81/volume/v3/3048f683e5fc4cdd86e729925fdadddc/types/ea1ceadf-f0f3-4c29-98f4-90a437af5c58 returned with HTTP 404
Aug 29 20:31:14.041051 dv-cinder-852009-5-smb devstack@c-api.service[114301]: [pid: 114301|app: 0|req: 29/64] 10.222.0.81 () {58 vars in 1319 bytes} [Mon Aug 29 20:31:13 2022] GET /volume/v3/3048f683e5fc4cdd86e729925fdadddc/types/ea1ceadf-f0f3-4c29-98f4-90a437af5c58 => generated 114 bytes in 93 msecs (HTTP/1.1 404) 7 headers in 292 bytes (1 switches on core 0)
Aug 29 20:31:14.046645 dv-cinder-852009-5-smb devstack@c-api.service[114300]: DEBUG cinder.api.middleware.request_id [None req-599b3fe6-1a5d-4834-a9cb-1aef2c597493 None None] RequestId filter calling following filter/app {{(pid=114300) _context_setter /opt/stack/cinder/cinder/api/middleware/request_id.py:62}}
Aug 29 20:31:14.052439 dv-cinder-852009-5-smb devstack@c-api.service[114300]: INFO cinder.api.openstack.wsgi [None req-599b3fe6-1a5d-4834-a9cb-1aef2c597493 tempest-VolumeTypesTest-1983024943 tempest-VolumeTypesTest-1983024943-project-admin] DELETE http://10.222.0.81/volume/v3/3048f683e5fc4cdd86e729925fdadddc/types/0034fa1a-21a0-443b-a892-6b2753031f69
Aug 29 20:31:14.052924 dv-cinder-852009-5-smb devstack@c-api.service[114300]: DEBUG cinder.api.openstack.wsgi [None req-599b3fe6-1a5d-4834-a9cb-1aef2c597493 tempest-VolumeTypesTest-1983024943 tempest-VolumeTypesTest-1983024943-project-admin] Empty body provided in request {{(pid=114300) get_body /opt/stack/cinder/cinder/api/openstack/wsgi.py:715}}
Aug 29 20:31:14.053420 dv-cinder-852009-5-smb devstack@c-api.service[114300]: DEBUG cinder.api.openstack.wsgi [None req-599b3fe6-1a5d-4834-a9cb-1aef2c597493 tempest-VolumeTypesTest-1983024943 tempest-VolumeTypesTest-1983024943-project-admin] Calling method '_delete' {{(pid=114300) _process_stack /opt/stack/cinder/cinder/api/openstack/wsgi.py:868}}
Aug 29 20:31:14.062661 dv-cinder-852009-5-smb devstack@c-api.service[114301]: DEBUG cinder.api.middleware.request_id [req-f6beb0c6-1cb8-4522-8386-bcdcdf456c42 req-8fbbe07f-2c8f-44a0-a91b-182783d970b7 None None] RequestId filter calling following filter/app {{(pid=114301) _context_setter /opt/stack/cinder/cinder/api/middleware/request_id.py:62}}
Aug 29 20:31:14.068372 dv-cinder-852009-5-smb devstack@c-api.service[114301]: INFO cinder.api.openstack.wsgi [req-f6beb0c6-1cb8-4522-8386-bcdcdf456c42 req-8fbbe07f-2c8f-44a0-a91b-182783d970b7 tempest-VolumesSnapshotsTestJSON-1843904377 tempest-VolumesSnapshotsTestJSON-1843904377-project] DELETE http://10.222.0.81/volume/v3/0dda9e11de064a44b72c72eb82f977ee/volumes/040ffa54-30dc-4939-9285-1ffd52dc51ff
Aug 29 20:31:14.068783 dv-cinder-852009-5-smb devstack@c-api.service[114301]: DEBUG cinder.api.openstack.wsgi [req-f6beb0c6-1cb8-4522-8386-bcdcdf456c42 req-8fbbe07f-2c8f-44a0-a91b-182783d970b7 tempest-VolumesSnapshotsTestJSON-1843904377 tempest-VolumesSnapshotsTestJSON-1843904377-project] Empty body provided in request {{(pid=114301) get_body /opt/stack/cinder/cinder/api/openstack/wsgi.py:715}}
Aug 29 20:31:14.069239 dv-cinder-852009-5-smb devstack@c-api.service[114301]: DEBUG cinder.api.openstack.wsgi [req-f6beb0c6-1cb8-4522-8386-bcdcdf456c42 req-8fbbe07f-2c8f-44a0-a91b-182783d970b7 tempest-VolumesSnapshotsTestJSON-1843904377 tempest-VolumesSnapshotsTestJSON-1843904377-project] Calling method 'delete' {{(pid=114301) _process_stack /opt/stack/cinder/cinder/api/openstack/wsgi.py:868}}
Aug 29 20:31:14.081787 dv-cinder-852009-5-smb devstack@c-api.service[114301]: INFO cinder.api.v3.volumes [req-f6beb0c6-1cb8-4522-8386-bcdcdf456c42 req-8fbbe07f-2c8f-44a0-a91b-182783d970b7 tempest-VolumesSnapshotsTestJSON-1843904377 tempest-VolumesSnapshotsTestJSON-1843904377-project] Delete volume with id: 040ffa54-30dc-4939-9285-1ffd52dc51ff
Aug 29 20:31:14.137780 dv-cinder-852009-5-smb devstack@c-api.service[114301]: /usr/local/lib/python3.8/dist-packages/oslo_context/context.py:100: DeprecationWarning: Policy enforcement is depending on the value of is_admin. This key is deprecated. Please update your policy file to use the standard policy values.
Aug 29 20:31:14.137780 dv-cinder-852009-5-smb devstack@c-api.service[114301]: warnings.warn('Policy enforcement is depending on the value of '
Aug 29 20:31:14.138972 dv-cinder-852009-5-smb devstack@c-api.service[114301]: INFO cinder.volume.api [req-f6beb0c6-1cb8-4522-8386-bcdcdf456c42 req-8fbbe07f-2c8f-44a0-a91b-182783d970b7 tempest-VolumesSnapshotsTestJSON-1843904377 tempest-VolumesSnapshotsTestJSON-1843904377-project] Volume info retrieved successfully.
Aug 29 20:31:14.336067 dv-cinder-852009-5-smb devstack@c-api.service[114300]: INFO cinder.api.openstack.wsgi [None req-599b3fe6-1a5d-4834-a9cb-1aef2c597493 tempest-VolumeTypesTest-1983024943 tempest-VolumeTypesTest-1983024943-project-admin] http://10.222.0.81/volume/v3/3048f683e5fc4cdd86e729925fdadddc/types/0034fa1a-21a0-443b-a892-6b2753031f69 returned with HTTP 202
Aug 29 20:31:14.337403 dv-cinder-852009-5-smb devstack@c-api.service[114300]: [pid: 114300|app: 0|req: 36/65] 10.222.0.81 () {58 vars in 1322 bytes} [Mon Aug 29 20:31:14 2022] DELETE /volume/v3/3048f683e5fc4cdd86e729925fdadddc/types/0034fa1a-21a0-443b-a892-6b2753031f69 => generated 0 bytes in 292 msecs (HTTP/1.1 202) 6 headers in 233 bytes (1 switches on core 0)
Aug 29 20:31:14.343085 dv-cinder-852009-5-smb devstack@c-api.service[114300]: DEBUG cinder.api.middleware.request_id [None req-f5228cf0-3668-43d1-a0a6-1eb443da70bf None None] RequestId filter calling following filter/app {{(pid=114300) _context_setter /opt/stack/cinder/cinder/api/middleware/request_id.py:62}}
Aug 29 20:31:14.351718 dv-cinder-852009-5-smb devstack@c-api.service[114300]: INFO cinder.api.openstack.wsgi [None req-f5228cf0-3668-43d1-a0a6-1eb443da70bf tempest-VolumeTypesTest-1983024943 tempest-VolumeTypesTest-1983024943-project-admin] GET http://10.222.0.81/volume/v3/3048f683e5fc4cdd86e729925fdadddc/types/0034fa1a-21a0-443b-a892-6b2753031f69
Aug 29 20:31:14.352806 dv-cinder-852009-5-smb devstack@c-api.service[114300]: DEBUG cinder.api.openstack.wsgi [None req-f5228cf0-3668-43d1-a0a6-1eb443da70bf tempest-VolumeTypesTest-1983024943 tempest-VolumeTypesTest-1983024943-project-admin] Empty body provided in request {{(pid=114300) get_body /opt/stack/cinder/cinder/api/openstack/wsgi.py:715}}
Aug 29 20:31:14.360758 dv-cinder-852009-5-smb devstack@c-api.service[114300]: DEBUG cinder.api.openstack.wsgi [None req-f5228cf0-3668-43d1-a0a6-1eb443da70bf tempest-VolumeTypesTest-1983024943 tempest-VolumeTypesTest-1983024943-project-admin] Calling method 'show' {{(pid=114300) _process_stack /opt/stack/cinder/cinder/api/openstack/wsgi.py:868}}
Aug 29 20:31:14.375426 dv-cinder-852009-5-smb devstack@c-api.service[114300]: INFO cinder.api.openstack.wsgi [None req-f5228cf0-3668-43d1-a0a6-1eb443da70bf tempest-VolumeTypesTest-1983024943 tempest-VolumeTypesTest-1983024943-project-admin] http://10.222.0.81/volume/v3/3048f683e5fc4cdd86e729925fdadddc/types/0034fa1a-21a0-443b-a892-6b2753031f69 returned with HTTP 404
Aug 29 20:31:14.379820 dv-cinder-852009-5-smb devstack@c-api.service[114300]: [pid: 114300|app: 0|req: 37/66] 10.222.0.81 () {58 vars in 1319 bytes} [Mon Aug 29 20:31:14 2022] GET /volume/v3/3048f683e5fc4cdd86e729925fdadddc/types/0034fa1a-21a0-443b-a892-6b2753031f69 => generated 114 bytes in 38 msecs (HTTP/1.1 404) 7 headers in 292 bytes (1 switches on core 0)
Aug 29 20:31:14.381388 dv-cinder-852009-5-smb devstack@c-api.service[114300]: DEBUG cinder.api.middleware.request_id [None req-a453594e-6265-4d0e-8fae-39001e677440 None None] RequestId filter calling following filter/app {{(pid=114300) _context_setter /opt/stack/cinder/cinder/api/middleware/request_id.py:62}}
Aug 29 20:31:14.396376 dv-cinder-852009-5-smb devstack@c-api.service[114300]: INFO cinder.api.openstack.wsgi [None req-a453594e-6265-4d0e-8fae-39001e677440 tempest-VolumeTypesTest-1983024943 tempest-VolumeTypesTest-1983024943-project-admin] DELETE http://10.222.0.81/volume/v3/3048f683e5fc4cdd86e729925fdadddc/types/c33f54fd-f61b-4861-ae56-88390520312c
Aug 29 20:31:14.397088 dv-cinder-852009-5-smb devstack@c-api.service[114300]: DEBUG cinder.api.openstack.wsgi [None req-a453594e-6265-4d0e-8fae-39001e677440 tempest-VolumeTypesTest-1983024943 tempest-VolumeTypesTest-1983024943-project-admin] Empty body provided in request {{(pid=114300) get_body /opt/stack/cinder/cinder/api/openstack/wsgi.py:715}}
Aug 29 20:31:14.397723 dv-cinder-852009-5-smb devstack@c-api.service[114300]: DEBUG cinder.api.openstack.wsgi [None req-a453594e-6265-4d0e-8fae-39001e677440 tempest-VolumeTypesTest-1983024943 tempest-VolumeTypesTest-1983024943-project-admin] Calling method '_delete' {{(pid=114300) _process_stack /opt/stack/cinder/cinder/api/openstack/wsgi.py:868}}
Aug 29 20:31:14.430510 dv-cinder-852009-5-smb devstack@c-api.service[114301]: INFO cinder.volume.api [req-f6beb0c6-1cb8-4522-8386-bcdcdf456c42 req-8fbbe07f-2c8f-44a0-a91b-182783d970b7 tempest-VolumesSnapshotsTestJSON-1843904377 tempest-VolumesSnapshotsTestJSON-1843904377-project] Delete volume request issued successfully.
Aug 29 20:31:14.430947 dv-cinder-852009-5-smb devstack@c-api.service[114301]: INFO cinder.api.openstack.wsgi [req-f6beb0c6-1cb8-4522-8386-bcdcdf456c42 req-8fbbe07f-2c8f-44a0-a91b-182783d970b7 tempest-VolumesSnapshotsTestJSON-1843904377 tempest-VolumesSnapshotsTestJSON-1843904377-project] http://10.222.0.81/volume/v3/0dda9e11de064a44b72c72eb82f977ee/volumes/040ffa54-30dc-4939-9285-1ffd52dc51ff returned with HTTP 202
Aug 29 20:31:14.432120 dv-cinder-852009-5-smb devstack@c-api.service[114301]: [pid: 114301|app: 0|req: 30/67] 10.222.0.81 () {62 vars in 1600 bytes} [Mon Aug 29 20:31:14 2022] DELETE /volume/v3/0dda9e11de064a44b72c72eb82f977ee/volumes/040ffa54-30dc-4939-9285-1ffd52dc51ff => generated 0 bytes in 370 msecs (HTTP/1.1 202) 6 headers in 233 bytes (1 switches on core 0)
Aug 29 20:31:14.473867 dv-cinder-852009-5-smb devstack@c-api.service[114301]: DEBUG cinder.api.middleware.request_id [req-6c903e9e-b954-4cb7-b576-923661a5eb44 req-903bcfd5-7feb-4dfb-819c-16624be88052 None None] RequestId filter calling following filter/app {{(pid=114301) _context_setter /opt/stack/cinder/cinder/api/middleware/request_id.py:62}}
Aug 29 20:31:14.478660 dv-cinder-852009-5-smb devstack@c-api.service[114301]: INFO cinder.api.openstack.wsgi [req-6c903e9e-b954-4cb7-b576-923661a5eb44 req-903bcfd5-7feb-4dfb-819c-16624be88052 tempest-VolumesSnapshotsTestJSON-1843904377 tempest-VolumesSnapshotsTestJSON-1843904377-project] GET http://10.222.0.81/volume/v3/0dda9e11de064a44b72c72eb82f977ee/volumes/040ffa54-30dc-4939-9285-1ffd52dc51ff
Aug 29 20:31:14.479150 dv-cinder-852009-5-smb devstack@c-api.service[114301]: DEBUG cinder.api.openstack.wsgi [req-6c903e9e-b954-4cb7-b576-923661a5eb44 req-903bcfd5-7feb-4dfb-819c-16624be88052 tempest-VolumesSnapshotsTestJSON-1843904377 tempest-VolumesSnapshotsTestJSON-1843904377-project] Empty body provided in request {{(pid=114301) get_body /opt/stack/cinder/cinder/api/openstack/wsgi.py:715}}
Aug 29 20:31:14.479782 dv-cinder-852009-5-smb devstack@c-api.service[114301]: DEBUG cinder.api.openstack.wsgi [req-6c903e9e-b954-4cb7-b576-923661a5eb44 req-903bcfd5-7feb-4dfb-819c-16624be88052 tempest-VolumesSnapshotsTestJSON-1843904377 tempest-VolumesSnapshotsTestJSON-1843904377-project] Calling method 'show' {{(pid=114301) _process_stack /opt/stack/cinder/cinder/api/openstack/wsgi.py:868}}
Aug 29 20:31:14.534970 dv-cinder-852009-5-smb devstack@c-api.service[114301]: /usr/local/lib/python3.8/dist-packages/oslo_context/context.py:100: DeprecationWarning: Policy enforcement is depending on the value of is_admin. This key is deprecated. Please update your policy file to use the standard policy values.
Aug 29 20:31:14.534970 dv-cinder-852009-5-smb devstack@c-api.service[114301]: warnings.warn('Policy enforcement is depending on the value of '
Aug 29 20:31:14.558191 dv-cinder-852009-5-smb devstack@c-api.service[114301]: INFO cinder.volume.api [req-6c903e9e-b954-4cb7-b576-923661a5eb44 req-903bcfd5-7feb-4dfb-819c-16624be88052 tempest-VolumesSnapshotsTestJSON-1843904377 tempest-VolumesSnapshotsTestJSON-1843904377-project] Volume info retrieved successfully.
Aug 29 20:31:14.581243 dv-cinder-852009-5-smb devstack@c-api.service[114301]: INFO cinder.api.openstack.wsgi [req-6c903e9e-b954-4cb7-b576-923661a5eb44 req-903bcfd5-7feb-4dfb-819c-16624be88052 tempest-VolumesSnapshotsTestJSON-1843904377 tempest-VolumesSnapshotsTestJSON-1843904377-project] http://10.222.0.81/volume/v3/0dda9e11de064a44b72c72eb82f977ee/volumes/040ffa54-30dc-4939-9285-1ffd52dc51ff returned with HTTP 200
Aug 29 20:31:14.582629 dv-cinder-852009-5-smb devstack@c-api.service[114301]: [pid: 114301|app: 0|req: 31/68] 10.222.0.81 () {60 vars in 1578 bytes} [Mon Aug 29 20:31:14 2022] GET /volume/v3/0dda9e11de064a44b72c72eb82f977ee/volumes/040ffa54-30dc-4939-9285-1ffd52dc51ff => generated 916 bytes in 110 msecs (HTTP/1.1 200) 7 headers in 285 bytes (1 switches on core 0)
Aug 29 20:31:14.635095 dv-cinder-852009-5-smb devstack@c-api.service[114300]: INFO cinder.api.openstack.wsgi [None req-a453594e-6265-4d0e-8fae-39001e677440 tempest-VolumeTypesTest-1983024943 tempest-VolumeTypesTest-1983024943-project-admin] http://10.222.0.81/volume/v3/3048f683e5fc4cdd86e729925fdadddc/types/c33f54fd-f61b-4861-ae56-88390520312c returned with HTTP 202
Aug 29 20:31:14.641519 dv-cinder-852009-5-smb devstack@c-api.service[114300]: [pid: 114300|app: 0|req: 38/69] 10.222.0.81 () {58 vars in 1322 bytes} [Mon Aug 29 20:31:14 2022] DELETE /volume/v3/3048f683e5fc4cdd86e729925fdadddc/types/c33f54fd-f61b-4861-ae56-88390520312c => generated 0 bytes in 257 msecs (HTTP/1.1 202) 6 headers in 233 bytes (1 switches on core 0)
Aug 29 20:31:14.646127 dv-cinder-852009-5-smb devstack@c-api.service[114301]: DEBUG cinder.api.middleware.request_id [None req-7124092a-9bd7-4265-b643-62e56c2b2106 None None] RequestId filter calling following filter/app {{(pid=114301) _context_setter /opt/stack/cinder/cinder/api/middleware/request_id.py:62}}
Aug 29 20:31:14.651306 dv-cinder-852009-5-smb devstack@c-api.service[114301]: INFO cinder.api.openstack.wsgi [None req-7124092a-9bd7-4265-b643-62e56c2b2106 tempest-VolumeTypesTest-1983024943 tempest-VolumeTypesTest-1983024943-project-admin] GET http://10.222.0.81/volume/v3/3048f683e5fc4cdd86e729925fdadddc/types/c33f54fd-f61b-4861-ae56-88390520312c
Aug 29 20:31:14.652368 dv-cinder-852009-5-smb devstack@c-api.service[114301]: DEBUG cinder.api.openstack.wsgi [None req-7124092a-9bd7-4265-b643-62e56c2b2106 tempest-VolumeTypesTest-1983024943 tempest-VolumeTypesTest-1983024943-project-admin] Empty body provided in request {{(pid=114301) get_body /opt/stack/cinder/cinder/api/openstack/wsgi.py:715}}
Aug 29 20:31:14.652856 dv-cinder-852009-5-smb devstack@c-api.service[114301]: DEBUG cinder.api.openstack.wsgi [None req-7124092a-9bd7-4265-b643-62e56c2b2106 tempest-VolumeTypesTest-1983024943 tempest-VolumeTypesTest-1983024943-project-admin] Calling method 'show' {{(pid=114301) _process_stack /opt/stack/cinder/cinder/api/openstack/wsgi.py:868}}
Aug 29 20:31:14.672433 dv-cinder-852009-5-smb devstack@c-api.service[114301]: INFO cinder.api.openstack.wsgi [None req-7124092a-9bd7-4265-b643-62e56c2b2106 tempest-VolumeTypesTest-1983024943 tempest-VolumeTypesTest-1983024943-project-admin] http://10.222.0.81/volume/v3/3048f683e5fc4cdd86e729925fdadddc/types/c33f54fd-f61b-4861-ae56-88390520312c returned with HTTP 404
Aug 29 20:31:14.673404 dv-cinder-852009-5-smb devstack@c-api.service[114301]: [pid: 114301|app: 0|req: 32/70] 10.222.0.81 () {58 vars in 1319 bytes} [Mon Aug 29 20:31:14 2022] GET /volume/v3/3048f683e5fc4cdd86e729925fdadddc/types/c33f54fd-f61b-4861-ae56-88390520312c => generated 114 bytes in 28 msecs (HTTP/1.1 404) 7 headers in 292 bytes (2 switches on core 0)
Aug 29 20:31:14.680798 dv-cinder-852009-5-smb devstack@c-api.service[114300]: DEBUG cinder.api.middleware.request_id [None req-b94fe1a2-993e-4bca-8141-200314a2cbdb None None] RequestId filter calling following filter/app {{(pid=114300) _context_setter /opt/stack/cinder/cinder/api/middleware/request_id.py:62}}
Aug 29 20:31:14.685034 dv-cinder-852009-5-smb devstack@c-api.service[114300]: INFO cinder.api.openstack.wsgi [None req-b94fe1a2-993e-4bca-8141-200314a2cbdb tempest-VolumeTypesTest-1575284715 tempest-VolumeTypesTest-1575284715-project] DELETE http://10.222.0.81/volume/v3/861aa2a15d0840efb5e312142972472e/volumes/ad9440b7-36cb-4629-bedb-a48e97f734f0
Aug 29 20:31:14.685695 dv-cinder-852009-5-smb devstack@c-api.service[114300]: DEBUG cinder.api.openstack.wsgi [None req-b94fe1a2-993e-4bca-8141-200314a2cbdb tempest-VolumeTypesTest-1575284715 tempest-VolumeTypesTest-1575284715-project] Empty body provided in request {{(pid=114300) get_body /opt/stack/cinder/cinder/api/openstack/wsgi.py:715}}
Aug 29 20:31:14.686319 dv-cinder-852009-5-smb devstack@c-api.service[114300]: DEBUG cinder.api.openstack.wsgi [None req-b94fe1a2-993e-4bca-8141-200314a2cbdb tempest-VolumeTypesTest-1575284715 tempest-VolumeTypesTest-1575284715-project] Calling method 'delete' {{(pid=114300) _process_stack /opt/stack/cinder/cinder/api/openstack/wsgi.py:868}}
Aug 29 20:31:14.686877 dv-cinder-852009-5-smb devstack@c-api.service[114300]: INFO cinder.api.v3.volumes [None req-b94fe1a2-993e-4bca-8141-200314a2cbdb tempest-VolumeTypesTest-1575284715 tempest-VolumeTypesTest-1575284715-project] Delete volume with id: ad9440b7-36cb-4629-bedb-a48e97f734f0
Aug 29 20:31:14.722033 dv-cinder-852009-5-smb devstack@c-api.service[114300]: /usr/local/lib/python3.8/dist-packages/oslo_context/context.py:100: DeprecationWarning: Policy enforcement is depending on the value of is_admin. This key is deprecated. Please update your policy file to use the standard policy values.
Aug 29 20:31:14.722033 dv-cinder-852009-5-smb devstack@c-api.service[114300]: warnings.warn('Policy enforcement is depending on the value of '
Aug 29 20:31:14.723223 dv-cinder-852009-5-smb devstack@c-api.service[114300]: INFO cinder.volume.api [None req-b94fe1a2-993e-4bca-8141-200314a2cbdb tempest-VolumeTypesTest-1575284715 tempest-VolumeTypesTest-1575284715-project] Volume info retrieved successfully.
Aug 29 20:31:14.962618 dv-cinder-852009-5-smb devstack@c-api.service[114300]: INFO cinder.volume.api [None req-b94fe1a2-993e-4bca-8141-200314a2cbdb tempest-VolumeTypesTest-1575284715 tempest-VolumeTypesTest-1575284715-project] Delete volume request issued successfully.
