Aug 06 01:33:15.599991 dv-cinder-852009-1-smb neutron-server[103912]: DEBUG neutron.api.rpc.handlers.l3_rpc [None req-31a3d33d-c7a4-4cfb-b337-539aa5d44ac4 None None] The sync data for ids ['1b09c51b-c210-48ff-ae39-ded4788d017a'] in dv-cinder-852009-1-smb is: [{'id': '1b09c51b-c210-48ff-ae39-ded4788d017a', 'name': 'tempest-AttachVolumeNegativeTest-2046324998-router', 'tenant_id': '41e0d82a38794d39a612eac6afda5007', 'admin_state_up': True, 'status': 'ACTIVE', 'external_gateway_info': {'network_id': '54fcd078-8973-4669-8e9f-da368cced0b1', 'external_fixed_ips': [{'subnet_id': 'd0431031-4371-40db-b13a-b52535fa61ce', 'ip_address': '172.28.0.189'}], 'enable_snat': True}, 'gw_port_id': '76d3460e-d924-4f73-8c22-399ac64e71b0', 'description': '', 'availability_zones': ['nova'], 'distributed': False, 'ha': False, 'ha_vr_id': 0, 'availability_zone_hints': [], 'routes': [], 'flavor_id': None, 'tags': [], 'created_at': '2022-08-06T01:32:53Z', 'updated_at': '2022-08-06T01:33:08Z', 'revision_number': 4, 'project_id': '41e0d82a38794d39a612eac6afda5007', 'gw_port': {'id': '76d3460e-d924-4f73-8c22-399ac64e71b0', 'name': '', 'network_id': '54fcd078-8973-4669-8e9f-da368cced0b1', 'tenant_id': '', 'mac_address': 'fa:16:3e:bf:f8:d2', 'admin_state_up': True, 'status': 'DOWN', 'device_id': '1b09c51b-c210-48ff-ae39-ded4788d017a', 'device_owner': 'network:router_gateway', 'standard_attr_id': 85, 'fixed_ips': [{'subnet_id': 'd0431031-4371-40db-b13a-b52535fa61ce', 'ip_address': '172.28.0.189', 'prefixlen': 24}], 'allowed_address_pairs': [], 'extra_dhcp_opts': [], 'security_groups': [], 'description': '', 'binding:vnic_type': 'normal', 'binding:profile': {}, 'binding:host_id': 'dv-cinder-852009-1-smb', 'binding:vif_type': 'ovs', 'binding:vif_details': {'connectivity': 'l2', 'port_filter': True, 'ovs_hybrid_plug': False, 'datapath_type': 'system', 'bridge_name': 'br-int', 'bound_drivers': {'0': 'openvswitch'}}, 'port_security_enabled': False, 'tags': [], 'created_at': '2022-08-06T01:32:54Z', 'updated_at': '2022-08-06T01:33:03Z', 'revision_number': 3, 'project_id': '', 'subnets': [{'id': 'd0431031-4371-40db-b13a-b52535fa61ce', 'cidr': '172.28.0.0/24', 'gateway_ip': '172.28.0.1', 'dns_nameservers': [], 'ipv6_ra_mode': None, 'subnetpool_id': None}], 'extra_subnets': [], 'address_scopes': {4: None, 6: None}, 'mtu': 1500}, 'enable_snat': True, 'gw_port_host': 'dv-cinder-852009-1-smb', '_interfaces': [{'id': '2e3a4fdc-5927-4a3f-a4bb-0ae467afea23', 'name': '', 'network_id': 'f6416705-952f-4d09-aff2-76c645091972', 'tenant_id': '41e0d82a38794d39a612eac6afda5007', 'mac_address': 'fa:16:3e:6d:38:34', 'admin_state_up': True, 'status': 'DOWN', 'device_id': '1b09c51b-c210-48ff-ae39-ded4788d017a', 'device_owner': 'network:router_interface', 'standard_attr_id': 103, 'fixed_ips': [{'subnet_id': '3854c05d-3080-43d5-9bfe-eedaa9382d6a', 'ip_address': '172.20.0.1', 'prefixlen': 28}], 'allowed_address_pairs': [], 'extra_dhcp_opts': [], 'security_groups': [], 'description': '', 'binding:vnic_type': 'normal', 'binding:profile': {}, 'binding:host_id': 'dv-cinder-852009-1-smb', 'binding:vif_type': 'ovs', 'binding:vif_details': {'connectivity': 'l2', 'port_filter': True, 'ovs_hybrid_plug': False, 'datapath_type': 'system', 'bridge_name': 'br-int', 'bound_drivers': {'0': 'openvswitch'}}, 'port_security_enabled': False, 'tags': [], 'created_at': '2022-08-06T01:33:06Z', 'updated_at': '2022-08-06T01:33:14Z', 'revision_number': 4, 'project_id': '41e0d82a38794d39a612eac6afda5007', 'subnets': [{'id': '3854c05d-3080-43d5-9bfe-eedaa9382d6a', 'cidr': '172.20.0.0/28', 'gateway_ip': '172.20.0.1', 'dns_nameservers': [], 'ipv6_ra_mode': None, 'subnetpool_id': None}], 'extra_subnets': [], 'address_scopes': {4: None, 6: None}, 'mtu': 1500}]}] {{(pid=103912) sync_routers /opt/stack/neutron/neutron/api/rpc/handlers/l3_rpc.py:137}}
Aug 06 01:33:15.601360 dv-cinder-852009-1-smb neutron-server[103909]: DEBUG neutron_lib.callbacks.manager [None req-9a6bcc5a-92a7-425e-ba2f-bd54c03f4700 admin admin] Subscribe: > segment_host_mapping after_create 55550000 {{(pid=103909) subscribe /usr/local/lib/python3.8/dist-packages/neutron_lib/callbacks/manager.py:45}}
Aug 06 01:33:15.602529 dv-cinder-852009-1-smb neutron-server[103909]: DEBUG neutron_lib.callbacks.manager [None req-9a6bcc5a-92a7-425e-ba2f-bd54c03f4700 admin admin] Subscribe: > port after_create 55550000 {{(pid=103909) subscribe /usr/local/lib/python3.8/dist-packages/neutron_lib/callbacks/manager.py:45}}
Aug 06 01:33:15.603687 dv-cinder-852009-1-smb neutron-server[103909]: DEBUG neutron_lib.callbacks.manager [None req-9a6bcc5a-92a7-425e-ba2f-bd54c03f4700 admin admin] Subscribe: > port after_delete 55550000 {{(pid=103909) subscribe /usr/local/lib/python3.8/dist-packages/neutron_lib/callbacks/manager.py:45}}
Aug 06 01:33:15.604151 dv-cinder-852009-1-smb neutron-server[103909]: DEBUG neutron_lib.callbacks.manager [None req-9a6bcc5a-92a7-425e-ba2f-bd54c03f4700 admin admin] Subscribe: > port after_update 55550000 {{(pid=103909) subscribe /usr/local/lib/python3.8/dist-packages/neutron_lib/callbacks/manager.py:45}}
Aug 06 01:33:15.605215 dv-cinder-852009-1-smb neutron-server[103909]: DEBUG neutron_lib.callbacks.manager [None req-9a6bcc5a-92a7-425e-ba2f-bd54c03f4700 admin admin] Subscribe: > segment after_delete 55550000 {{(pid=103909) subscribe /usr/local/lib/python3.8/dist-packages/neutron_lib/callbacks/manager.py:45}}
Aug 06 01:33:15.606276 dv-cinder-852009-1-smb neutron-server[103909]: DEBUG neutron_lib.callbacks.manager [None req-9a6bcc5a-92a7-425e-ba2f-bd54c03f4700 admin admin] Subscribe: > subnet after_create 55550000 {{(pid=103909) subscribe /usr/local/lib/python3.8/dist-packages/neutron_lib/callbacks/manager.py:45}}
Aug 06 01:33:15.607822 dv-cinder-852009-1-smb neutron-server[103909]: DEBUG neutron_lib.callbacks.manager [None req-9a6bcc5a-92a7-425e-ba2f-bd54c03f4700 admin admin] Subscribe: > subnet after_delete 55550000 {{(pid=103909) subscribe /usr/local/lib/python3.8/dist-packages/neutron_lib/callbacks/manager.py:45}}
Aug 06 01:33:15.608668 dv-cinder-852009-1-smb neutron-server[103909]: DEBUG neutron_lib.callbacks.manager [None req-9a6bcc5a-92a7-425e-ba2f-bd54c03f4700 admin admin] Subscribe: > subnet after_update 55550000 {{(pid=103909) subscribe /usr/local/lib/python3.8/dist-packages/neutron_lib/callbacks/manager.py:45}}
Aug 06 01:33:15.640936 dv-cinder-852009-1-smb neutron-server[103910]: DEBUG neutron_lib.callbacks.manager [None req-cf0ab6b7-8119-463c-8deb-0792d1e7faf7 tempest-AttachVolumeTestJSON-957052241 tempest-AttachVolumeTestJSON-957052241-project] Publish callbacks [] for security_group_rule (ecfd48e6-6b81-4850-924e-ba25d9fc2343), precommit_create {{(pid=103910) _notify_loop /usr/local/lib/python3.8/dist-packages/neutron_lib/callbacks/manager.py:176}}
Aug 06 01:33:15.731741 dv-cinder-852009-1-smb neutron-server[103911]: DEBUG neutron.api.rpc.handlers.resources_rpc [None req-4cc43c9f-bcd7-4725-b320-ffe40fb8416c None None] Pushing event updated for resources: {'Port': ['ID=7ef8811d-3d96-4b01-99c7-549104138f7c,revision_number=4']} {{(pid=103911) push /opt/stack/neutron/neutron/api/rpc/handlers/resources_rpc.py:237}}
Aug 06 01:33:15.741779 dv-cinder-852009-1-smb neutron-server[103910]: DEBUG neutron_lib.callbacks.manager [None req-cf0ab6b7-8119-463c-8deb-0792d1e7faf7 tempest-AttachVolumeTestJSON-957052241 tempest-AttachVolumeTestJSON-957052241-project] Publish callbacks ['neutron.plugins.ml2.ovo_rpc._ObjectChangeHandler.handle_event-830889'] for security_group_rule (ecfd48e6-6b81-4850-924e-ba25d9fc2343), after_create {{(pid=103910) _notify_loop /usr/local/lib/python3.8/dist-packages/neutron_lib/callbacks/manager.py:176}}
Aug 06 01:33:15.749636 dv-cinder-852009-1-smb neutron-server[103910]: DEBUG neutron_lib.callbacks.manager [None req-a659debd-fd7c-4fa7-8ec9-0764e3ba3d05 tempest-AttachVolumeNegativeTest-974439577 tempest-AttachVolumeNegativeTest-974439577-project] Publish callbacks [] for security_group_rule (None), before_response {{(pid=103910) _notify_loop /usr/local/lib/python3.8/dist-packages/neutron_lib/callbacks/manager.py:176}}
Aug 06 01:33:15.751239 dv-cinder-852009-1-smb neutron-server[103910]: INFO neutron.wsgi [None req-a659debd-fd7c-4fa7-8ec9-0764e3ba3d05 tempest-AttachVolumeNegativeTest-974439577 tempest-AttachVolumeNegativeTest-974439577-project] 10.222.0.15 "POST /networking/v2.0/security-group-rules HTTP/1.1" status: 201 len: 769 time: 1.8411348
Aug 06 01:33:15.796099 dv-cinder-852009-1-smb neutron-server[103911]: DEBUG neutron.db.provisioning_blocks [None req-4cc43c9f-bcd7-4725-b320-ffe40fb8416c None None] Provisioning complete for port dc488147-0df4-44a0-b268-60bbccb752b8 triggered by entity L2. {{(pid=103911) provisioning_complete /opt/stack/neutron/neutron/db/provisioning_blocks.py:145}}
Aug 06 01:33:15.796822 dv-cinder-852009-1-smb neutron-server[103911]: DEBUG neutron_lib.callbacks.manager [None req-4cc43c9f-bcd7-4725-b320-ffe40fb8416c None None] Publish callbacks ['neutron.plugins.ml2.plugin.Ml2Plugin._port_provisioned-8251202'] for port (dc488147-0df4-44a0-b268-60bbccb752b8), provisioning_complete {{(pid=103911) _notify_loop /usr/local/lib/python3.8/dist-packages/neutron_lib/callbacks/manager.py:176}}
Aug 06 01:33:15.804685 dv-cinder-852009-1-smb neutron-server[103910]: DEBUG neutron.wsgi [-] (103910) accepted ('10.222.0.15', 56412) {{(pid=103910) server /usr/local/lib/python3.8/dist-packages/eventlet/wsgi.py:1004}}
Aug 06 01:33:15.937645 dv-cinder-852009-1-smb neutron-server[103910]: DEBUG neutron.api.v2.base [None req-63e881fc-b643-4a22-b74d-a29c211960ee tempest-AttachVolumeNegativeTest-974439577 tempest-AttachVolumeNegativeTest-974439577-project] Request body: {'floatingip': {'floating_network_id': '54fcd078-8973-4669-8e9f-da368cced0b1'}} {{(pid=103910) prepare_request_body /opt/stack/neutron/neutron/api/v2/base.py:730}}
Aug 06 01:33:15.963807 dv-cinder-852009-1-smb neutron-server[103911]: DEBUG neutron.plugins.ml2.plugin [None req-4cc43c9f-bcd7-4725-b320-ffe40fb8416c None None] Current status of the port dc488147-0df4-44a0-b268-60bbccb752b8 is: DOWN; New status is: ACTIVE {{(pid=103911) _update_individual_port_db_status /opt/stack/neutron/neutron/plugins/ml2/plugin.py:2292}}
Aug 06 01:33:15.965856 dv-cinder-852009-1-smb neutron-server[103911]: DEBUG neutron_lib.callbacks.manager [None req-4cc43c9f-bcd7-4725-b320-ffe40fb8416c None None] Publish callbacks ['neutron.plugins.ml2.plugin.SecurityGroupDbMixin._ensure_default_security_group_handler-8114149'] for port (dc488147-0df4-44a0-b268-60bbccb752b8), before_update {{(pid=103911) _notify_loop /usr/local/lib/python3.8/dist-packages/neutron_lib/callbacks/manager.py:176}}
Aug 06 01:33:16.043102 dv-cinder-852009-1-smb neutron-server[103911]: DEBUG neutron.plugins.ml2.db [None req-4cc43c9f-bcd7-4725-b320-ffe40fb8416c None None] For port dc488147-0df4-44a0-b268-60bbccb752b8, host dv-cinder-852009-1-smb, got binding levels [PortBindingLevel(driver='openvswitch',host='dv-cinder-852009-1-smb',level=0,port_id=dc488147-0df4-44a0-b268-60bbccb752b8,segment=NetworkSegment(fdbc6f3b-df2f-4bbd-a0e8-7da341719ef2),segment_id=fdbc6f3b-df2f-4bbd-a0e8-7da341719ef2)] {{(pid=103911) get_binding_level_objs /opt/stack/neutron/neutron/plugins/ml2/db.py:74}}
Aug 06 01:33:16.070420 dv-cinder-852009-1-smb neutron-server[103911]: DEBUG neutron_lib.callbacks.manager [None req-4cc43c9f-bcd7-4725-b320-ffe40fb8416c None None] Publish callbacks ['neutron.plugins.ml2.plugin.SecurityGroupServerNotifierRpcMixin._notify_sg_on_port_change-8114084', 'neutron.plugins.ml2.ovo_rpc._ObjectChangeHandler.handle_event-124425', 'neutron.api.rpc.agentnotifiers.dhcp_rpc_agent_api.DhcpAgentNotifyAPI._native_event_send_dhcp_notification-527221', 'neutron.db.l3_db.L3RpcNotifierMixin._notify_gateway_port_ip_changed-8772642428133', 'neutron.db.l3_dvrscheduler_db._notify_l3_agent_port_update-8772642011531', 'neutron.db.l3_hascheduler_db._notify_l3_agent_ha_port_update-8772642011549'] for port (dc488147-0df4-44a0-b268-60bbccb752b8), after_update {{(pid=103911) _notify_loop /usr/local/lib/python3.8/dist-packages/neutron_lib/callbacks/manager.py:176}}
Aug 06 01:33:16.071280 dv-cinder-852009-1-smb neutron-server[103911]: DEBUG neutron.plugins.ml2.rpc [None req-4cc43c9f-bcd7-4725-b320-ffe40fb8416c None None] Device 3854b08d-1e0b-4a03-92d0-10dc7c1d7be2 up at agent ovs-agent-dv-cinder-852009-1-smb {{(pid=103911) update_device_up /opt/stack/neutron/neutron/plugins/ml2/rpc.py:296}}
Aug 06 01:33:16.080849 dv-cinder-852009-1-smb neutron-server[103910]: DEBUG neutron.api.rpc.handlers.resources_rpc [None req-cf0ab6b7-8119-463c-8deb-0792d1e7faf7 tempest-AttachVolumeTestJSON-957052241 tempest-AttachVolumeTestJSON-957052241-project] Pushing event updated for resources: {'SecurityGroupRule': ['ID=ecfd48e6-6b81-4850-924e-ba25d9fc2343,revision_number=0']} {{(pid=103910) push /opt/stack/neutron/neutron/api/rpc/handlers/resources_rpc.py:237}}
Aug 06 01:33:16.084090 dv-cinder-852009-1-smb neutron-server[103910]: DEBUG neutron.api.rpc.handlers.resources_rpc [None req-75ecd5d1-cf09-4981-87a2-7506130e7dc4 admin admin] Pushing event updated for resources: {'SecurityGroup': ['ID=cc95aa71-eb0f-4fdb-9505-4dd53af53e8d,revision_number=1']} {{(pid=103910) push /opt/stack/neutron/neutron/api/rpc/handlers/resources_rpc.py:237}}
Aug 06 01:33:16.100999 dv-cinder-852009-1-smb neutron-server[103910]: INFO neutron.wsgi [None req-75ecd5d1-cf09-4981-87a2-7506130e7dc4 admin admin] 10.222.0.15 "GET /networking/v2.0/security-groups?tenant_id=25b87d3d012d4f98a059751e7e1ca860&name=default HTTP/1.1" status: 200 len: 2996 time: 2.4689138
Aug 06 01:33:16.289988 dv-cinder-852009-1-smb neutron-server[103909]: DEBUG neutron_lib.callbacks.manager [None req-9a6bcc5a-92a7-425e-ba2f-bd54c03f4700 admin admin] Subscribe: > subnet after_create 55550000 {{(pid=103909) subscribe /usr/local/lib/python3.8/dist-packages/neutron_lib/callbacks/manager.py:45}}
Aug 06 01:33:16.291613 dv-cinder-852009-1-smb neutron-server[103909]: DEBUG neutron_lib.callbacks.manager [None req-9a6bcc5a-92a7-425e-ba2f-bd54c03f4700 admin admin] Subscribe: > subnet after_delete 55550000 {{(pid=103909) subscribe /usr/local/lib/python3.8/dist-packages/neutron_lib/callbacks/manager.py:45}}
Aug 06 01:33:16.292883 dv-cinder-852009-1-smb neutron-server[103909]: DEBUG neutron_lib.callbacks.manager [None req-9a6bcc5a-92a7-425e-ba2f-bd54c03f4700 admin admin] Subscribe: > subnet before_create 55550000 {{(pid=103909) subscribe /usr/local/lib/python3.8/dist-packages/neutron_lib/callbacks/manager.py:45}}
Aug 06 01:33:16.294810 dv-cinder-852009-1-smb neutron-server[103910]: DEBUG dbcounter [-] [103910] Writing DB stats neutron:INSERT=17,neutron:SELECT=78,neutron:UPDATE=4,neutron:DELETE=1 {{(pid=103910) stat_writer /usr/local/lib/python3.8/dist-packages/dbcounter.py:114}}
Aug 06 01:33:16.295946 dv-cinder-852009-1-smb neutron-server[103910]: DEBUG neutron.pecan_wsgi.hooks.quota_enforcement [req-200b656f-4799-4810-843f-9d874997072e req-e5e9824e-700a-482f-acd5-0e7ad616bb7f tempest-ServerRescueNegativeTestJSON-12706045 tempest-ServerRescueNegativeTestJSON-12706045-project] Made reservation on behalf of d193260942ee4b468e236804350116fc for: {'port': 1} {{(pid=103910) before /opt/stack/neutron/neutron/pecan_wsgi/hooks/quota_enforcement.py:53}}
Aug 06 01:33:16.299952 dv-cinder-852009-1-smb neutron-server[103910]: DEBUG neutron_lib.callbacks.manager [req-200b656f-4799-4810-843f-9d874997072e req-e5e9824e-700a-482f-acd5-0e7ad616bb7f tempest-ServerRescueNegativeTestJSON-12706045 tempest-ServerRescueNegativeTestJSON-12706045-project] Publish callbacks ['neutron.plugins.ml2.plugin.SecurityGroupDbMixin._ensure_default_security_group_handler-8114149'] for port (None), before_create {{(pid=103910) _notify_loop /usr/local/lib/python3.8/dist-packages/neutron_lib/callbacks/manager.py:176}}
Aug 06 01:33:16.300894 dv-cinder-852009-1-smb neutron-server[103909]: DEBUG neutron_lib.callbacks.manager [None req-9a6bcc5a-92a7-425e-ba2f-bd54c03f4700 admin admin] Subscribe: > subnet before_update 55550000 {{(pid=103909) subscribe /usr/local/lib/python3.8/dist-packages/neutron_lib/callbacks/manager.py:45}}
Aug 06 01:33:16.303141 dv-cinder-852009-1-smb neutron-server[103909]: DEBUG neutron.services.segments.db [None req-9a6bcc5a-92a7-425e-ba2f-bd54c03f4700 admin admin] neutron.services.segments.plugin.Plugin method get_segments called with arguments (,) {'filters': {'network_id': ['632adda6-9c61-450a-82de-4b43002ce86c']}} {{(pid=103909) wrapper /usr/local/lib/python3.8/dist-packages/oslo_log/helpers.py:65}}
Aug 06 01:33:16.336122 dv-cinder-852009-1-smb neutron-server[103910]: DEBUG neutron_lib.callbacks.manager [None req-6bb36b9a-c828-4a5b-8fb1-996c47c00c6f tempest-AttachVolumeShelveTestJSON-96689122 tempest-AttachVolumeShelveTestJSON-96689122-project] Publish callbacks [] for floatingip (85e2ba5f-6f1b-44a7-a75f-cb3efb0788c0), precommit_create {{(pid=103910) _notify_loop /usr/local/lib/python3.8/dist-packages/neutron_lib/callbacks/manager.py:176}}
Aug 06 01:33:16.352057 dv-cinder-852009-1-smb neutron-server[103910]: DEBUG neutron.wsgi [-] (103910) accepted ('10.222.0.15', 56420) {{(pid=103910) server /usr/local/lib/python3.8/dist-packages/eventlet/wsgi.py:1004}}
Aug 06 01:33:16.358127 dv-cinder-852009-1-smb neutron-server[103911]: DEBUG neutron.api.rpc.handlers.resources_rpc [None req-4cc43c9f-bcd7-4725-b320-ffe40fb8416c None None] Pushing event updated for resources: {'Port': ['ID=dc488147-0df4-44a0-b268-60bbccb752b8,revision_number=4']} {{(pid=103911) push /opt/stack/neutron/neutron/api/rpc/handlers/resources_rpc.py:237}}
Aug 06 01:33:16.365884 dv-cinder-852009-1-smb neutron-server[103912]: DEBUG neutron.db.agents_db [None req-d1627ad3-82a6-4dd7-9771-2c11ad160257 None None] Agent healthcheck: found 6 active agents {{(pid=103912) agent_health_check /opt/stack/neutron/neutron/db/agents_db.py:317}}
Aug 06 01:33:16.380992 dv-cinder-852009-1-smb neutron-server[103911]: DEBUG neutron.db.provisioning_blocks [None req-4cc43c9f-bcd7-4725-b320-ffe40fb8416c None None] Provisioning complete for port 3854b08d-1e0b-4a03-92d0-10dc7c1d7be2 triggered by entity L2. {{(pid=103911) provisioning_complete /opt/stack/neutron/neutron/db/provisioning_blocks.py:145}}
Aug 06 01:33:16.381803 dv-cinder-852009-1-smb neutron-server[103911]: DEBUG neutron_lib.callbacks.manager [None req-4cc43c9f-bcd7-4725-b320-ffe40fb8416c None None] Publish callbacks ['neutron.plugins.ml2.plugin.Ml2Plugin._port_provisioned-8251202'] for port (3854b08d-1e0b-4a03-92d0-10dc7c1d7be2), provisioning_complete {{(pid=103911) _notify_loop /usr/local/lib/python3.8/dist-packages/neutron_lib/callbacks/manager.py:176}}
Aug 06 01:33:16.420083 dv-cinder-852009-1-smb neutron-server[103910]: INFO neutron.wsgi [req-9acaecc5-d96e-452c-824c-d0e0650e40a3 req-b0555892-5f6c-4391-a7ae-1e1d22026b17 tempest-DeleteServersTestJSON-2088644591 tempest-DeleteServersTestJSON-2088644591-project] 10.222.0.15 "GET /networking/v2.0/ports?device_id=9e5dc43c-39f3-47c9-ba8d-4823d71f66fa HTTP/1.1" status: 200 len: 210 time: 0.3058870
Aug 06 01:33:16.436193 dv-cinder-852009-1-smb neutron-server[103910]: DEBUG neutron_lib.callbacks.manager [None req-cf0ab6b7-8119-463c-8deb-0792d1e7faf7 tempest-AttachVolumeTestJSON-957052241 tempest-AttachVolumeTestJSON-957052241-project] Publish callbacks [] for security_group_rule (None), before_response {{(pid=103910) _notify_loop /usr/local/lib/python3.8/dist-packages/neutron_lib/callbacks/manager.py:176}}
Aug 06 01:33:16.437483 dv-cinder-852009-1-smb neutron-server[103910]: INFO neutron.wsgi [None req-cf0ab6b7-8119-463c-8deb-0792d1e7faf7 tempest-AttachVolumeTestJSON-957052241 tempest-AttachVolumeTestJSON-957052241-project] 10.222.0.15 "POST /networking/v2.0/security-group-rules HTTP/1.1" status: 201 len: 764 time: 2.1349530
Aug 06 01:33:16.459257 dv-cinder-852009-1-smb neutron-server[103909]: DEBUG neutron.services.segments.db [None req-9a6bcc5a-92a7-425e-ba2f-bd54c03f4700 admin admin] neutron.services.segments.plugin.Plugin method delete_segment called with arguments (, '54569187-62a2-40ca-a1a1-03aec282bc75') {'for_net_delete': True} {{(pid=103909) wrapper /usr/local/lib/python3.8/dist-packages/oslo_log/helpers.py:65}}
Aug 06 01:33:16.461188 dv-cinder-852009-1-smb neutron-server[103909]: DEBUG neutron.services.segments.db [None req-9a6bcc5a-92a7-425e-ba2f-bd54c03f4700 admin admin] neutron.services.segments.plugin.Plugin method get_segment called with arguments (, '54569187-62a2-40ca-a1a1-03aec282bc75') {} {{(pid=103909) wrapper /usr/local/lib/python3.8/dist-packages/oslo_log/helpers.py:65}}
Aug 06 01:33:16.475789 dv-cinder-852009-1-smb neutron-server[103910]: DEBUG neutron.wsgi [-] (103910) accepted ('10.222.0.15', 56424) {{(pid=103910) server /usr/local/lib/python3.8/dist-packages/eventlet/wsgi.py:1004}}
Aug 06 01:33:16.500572 dv-cinder-852009-1-smb neutron-server[103910]: DEBUG neutron.api.v2.base [None req-4203714a-795f-4579-bba0-48b76e038e0b tempest-AttachVolumeTestJSON-957052241 tempest-AttachVolumeTestJSON-957052241-project] Request body: {'security_group_rule': {'security_group_id': '7e7e205f-06ef-4999-9714-9877b20dadb9', 'protocol': 'icmp', 'ethertype': 'IPv4', 'direction': 'ingress'}} {{(pid=103910) prepare_request_body /opt/stack/neutron/neutron/api/v2/base.py:730}}
Aug 06 01:33:16.515254 dv-cinder-852009-1-smb neutron-server[103909]: DEBUG neutron_lib.callbacks.manager [req-5b55dbe2-7f64-4bc2-93d9-398d6f69fc00 req-1def3577-1631-432b-9322-22b420df1be7 tempest-ServerRescueNegativeTestJSON-12706045 tempest-ServerRescueNegativeTestJSON-12706045-project] Publish callbacks ['neutron.plugins.ml2.plugin.SecurityGroupServerNotifierRpcMixin._notify_sg_on_port_change-8114084', 'neutron.plugins.ml2.ovo_rpc._ObjectChangeHandler.handle_event-124425', 'neutron.api.rpc.agentnotifiers.dhcp_rpc_agent_api.DhcpAgentNotifyAPI._native_event_send_dhcp_notification-527221', 'neutron.db.l3_dvrscheduler_db._notify_l3_agent_new_port-8772642011513', 'neutron.services.segments.plugin.NovaSegmentNotifier._notify_port_created_or_deleted-3611977'] for port (046d7b54-a5f7-4498-b8a4-80706fa25fec), after_create {{(pid=103909) _notify_loop /usr/local/lib/python3.8/dist-packages/neutron_lib/callbacks/manager.py:176}}
Aug 06 01:33:16.520163 dv-cinder-852009-1-smb neutron-server[103911]: DEBUG dbcounter [-] [103911] Writing DB stats neutron:SELECT=97,neutron:UPDATE=3 {{(pid=103911) stat_writer /usr/local/lib/python3.8/dist-packages/dbcounter.py:114}}
Aug 06 01:33:16.545377 dv-cinder-852009-1-smb neutron-server[103910]: DEBUG dbcounter [-] [103910] Writing DB stats neutron:SELECT=87,neutron:INSERT=8,neutron:UPDATE=2,neutron:DELETE=3 {{(pid=103910) stat_writer /usr/local/lib/python3.8/dist-packages/dbcounter.py:114}}
Aug 06 01:33:16.590170 dv-cinder-852009-1-smb neutron-server[103910]: DEBUG neutron_lib.callbacks.manager [None req-4203714a-795f-4579-bba0-48b76e038e0b tempest-AttachVolumeTestJSON-957052241 tempest-AttachVolumeTestJSON-957052241-project] Publish callbacks [] for security_group_rule (dab7e7b4-678c-4ad6-8b7d-c25ddfb36c3b), before_create {{(pid=103910) _notify_loop /usr/local/lib/python3.8/dist-packages/neutron_lib/callbacks/manager.py:176}}
Aug 06 01:33:16.607762 dv-cinder-852009-1-smb neutron-server[103909]: DEBUG neutron_lib.callbacks.manager [None req-9a6bcc5a-92a7-425e-ba2f-bd54c03f4700 admin admin] Publish callbacks ['neutron.plugins.ml2.db._prevent_segment_delete_with_port_bound-8772642303115', 'neutron.services.segments.plugin.Plugin._prevent_segment_delete_with_subnet_associated-4148444'] for segment (54569187-62a2-40ca-a1a1-03aec282bc75), before_delete {{(pid=103909) _notify_loop /usr/local/lib/python3.8/dist-packages/neutron_lib/callbacks/manager.py:176}}
Aug 06 01:33:16.631535 dv-cinder-852009-1-smb neutron-server[103911]: DEBUG dbcounter [-] [103911] Writing DB stats neutron:SELECT=98,neutron:UPDATE=2 {{(pid=103911) stat_writer /usr/local/lib/python3.8/dist-packages/dbcounter.py:114}}
Aug 06 01:33:16.688349 dv-cinder-852009-1-smb neutron-server[103911]: DEBUG neutron.plugins.ml2.plugin [None req-4cc43c9f-bcd7-4725-b320-ffe40fb8416c None None] Current status of the port 3854b08d-1e0b-4a03-92d0-10dc7c1d7be2 is: DOWN; New status is: ACTIVE {{(pid=103911) _update_individual_port_db_status /opt/stack/neutron/neutron/plugins/ml2/plugin.py:2292}}
Aug 06 01:33:16.688833 dv-cinder-852009-1-smb neutron-server[103911]: DEBUG neutron_lib.callbacks.manager [None req-4cc43c9f-bcd7-4725-b320-ffe40fb8416c None None] Publish callbacks ['neutron.plugins.ml2.plugin.SecurityGroupDbMixin._ensure_default_security_group_handler-8114149'] for port (3854b08d-1e0b-4a03-92d0-10dc7c1d7be2), before_update {{(pid=103911) _notify_loop /usr/local/lib/python3.8/dist-packages/neutron_lib/callbacks/manager.py:176}}
Aug 06 01:33:16.703782 dv-cinder-852009-1-smb neutron-server[103909]: INFO neutron.wsgi [req-395954f0-0bc8-4187-ab3b-b5523595695a req-2f5945a6-f2fc-49d9-834c-06a67645b740 tempest-ServerRescueNegativeTestJSON-12706045 tempest-ServerRescueNegativeTestJSON-12706045-project] 10.222.0.15 "GET /networking/v2.0/ports?device_id=4bb378e4-9b7f-42e1-91be-c7aeccdec143 HTTP/1.1" status: 200 len: 210 time: 0.3566315
Aug 06 01:33:16.730441 dv-cinder-852009-1-smb neutron-server[103910]: DEBUG neutron_lib.callbacks.manager [None req-4203714a-795f-4579-bba0-48b76e038e0b tempest-AttachVolumeTestJSON-957052241 tempest-AttachVolumeTestJSON-957052241-project] Publish callbacks [] for security_group_rule (dab7e7b4-678c-4ad6-8b7d-c25ddfb36c3b), precommit_create {{(pid=103910) _notify_loop /usr/local/lib/python3.8/dist-packages/neutron_lib/callbacks/manager.py:176}}
Aug 06 01:33:16.761347 dv-cinder-852009-1-smb neutron-server[103910]: DEBUG neutron_lib.callbacks.manager [None req-63e881fc-b643-4a22-b74d-a29c211960ee tempest-AttachVolumeNegativeTest-974439577 tempest-AttachVolumeNegativeTest-974439577-project] Publish callbacks [] for floatingip (None), before_create {{(pid=103910) _notify_loop /usr/local/lib/python3.8/dist-packages/neutron_lib/callbacks/manager.py:176}}
Aug 06 01:33:16.767943 dv-cinder-852009-1-smb neutron-server[103911]: DEBUG neutron.plugins.ml2.db [None req-4cc43c9f-bcd7-4725-b320-ffe40fb8416c None None] For port 3854b08d-1e0b-4a03-92d0-10dc7c1d7be2, host dv-cinder-852009-1-smb, got binding levels [PortBindingLevel(driver='openvswitch',host='dv-cinder-852009-1-smb',level=0,port_id=3854b08d-1e0b-4a03-92d0-10dc7c1d7be2,segment=NetworkSegment(fdbc6f3b-df2f-4bbd-a0e8-7da341719ef2),segment_id=fdbc6f3b-df2f-4bbd-a0e8-7da341719ef2)] {{(pid=103911) get_binding_level_objs /opt/stack/neutron/neutron/plugins/ml2/db.py:74}}
Aug 06 01:33:16.769022 dv-cinder-852009-1-smb neutron-server[103909]: DEBUG neutron_lib.callbacks.manager [None req-9a6bcc5a-92a7-425e-ba2f-bd54c03f4700 admin admin] Publish callbacks ['neutron.plugins.ml2.plugin.Ml2Plugin._handle_segment_change-8256315'] for segment (54569187-62a2-40ca-a1a1-03aec282bc75), precommit_delete {{(pid=103909) _notify_loop /usr/local/lib/python3.8/dist-packages/neutron_lib/callbacks/manager.py:176}}
Aug 06 01:33:16.780943 dv-cinder-852009-1-smb neutron-server[103911]: DEBUG neutron_lib.callbacks.manager [None req-4cc43c9f-bcd7-4725-b320-ffe40fb8416c None None] Publish callbacks ['neutron.plugins.ml2.plugin.SecurityGroupServerNotifierRpcMixin._notify_sg_on_port_change-8114084', 'neutron.plugins.ml2.ovo_rpc._ObjectChangeHandler.handle_event-124425', 'neutron.api.rpc.agentnotifiers.dhcp_rpc_agent_api.DhcpAgentNotifyAPI._native_event_send_dhcp_notification-527221', 'neutron.db.l3_db.L3RpcNotifierMixin._notify_gateway_port_ip_changed-8772642428133', 'neutron.db.l3_dvrscheduler_db._notify_l3_agent_port_update-8772642011531', 'neutron.db.l3_hascheduler_db._notify_l3_agent_ha_port_update-8772642011549'] for port (3854b08d-1e0b-4a03-92d0-10dc7c1d7be2), after_update {{(pid=103911) _notify_loop /usr/local/lib/python3.8/dist-packages/neutron_lib/callbacks/manager.py:176}}
Aug 06 01:33:16.811279 dv-cinder-852009-1-smb neutron-server[103909]: DEBUG neutron.plugins.ml2.drivers.type_vlan [None req-9a6bcc5a-92a7-425e-ba2f-bd54c03f4700 admin admin] Releasing vlan 361 on physical network physnet1 to pool {{(pid=103909) release_segment /opt/stack/neutron/neutron/plugins/ml2/drivers/type_vlan.py:304}}
Aug 06 01:33:16.811993 dv-cinder-852009-1-smb neutron-server[103909]: DEBUG neutron_lib.callbacks.manager [None req-9a6bcc5a-92a7-425e-ba2f-bd54c03f4700 admin admin] Publish callbacks ['neutron.plugins.ml2.plugin.Ml2Plugin._handle_segment_change-8256315', 'neutron.services.segments.plugin.NovaSegmentNotifier._notify_segment_deleted-3611550'] for segment (54569187-62a2-40ca-a1a1-03aec282bc75), after_delete {{(pid=103909) _notify_loop /usr/local/lib/python3.8/dist-packages/neutron_lib/callbacks/manager.py:176}}
Aug 06 01:33:16.833323 dv-cinder-852009-1-smb neutron-server[103909]: DEBUG neutron.scheduler.dhcp_agent_scheduler [req-5b55dbe2-7f64-4bc2-93d9-398d6f69fc00 req-1def3577-1631-432b-9322-22b420df1be7 tempest-ServerRescueNegativeTestJSON-12706045 tempest-ServerRescueNegativeTestJSON-12706045-project] Network 04d5c745-331a-4038-9700-e2b880e20b18 is already hosted by enough agents. {{(pid=103909) _get_dhcp_agents_hosting_network /opt/stack/neutron/neutron/scheduler/dhcp_agent_scheduler.py:275}}
Aug 06 01:33:16.878925 dv-cinder-852009-1-smb neutron-server[103909]: DEBUG neutron.scheduler.base_scheduler [req-5b55dbe2-7f64-4bc2-93d9-398d6f69fc00 req-1def3577-1631-432b-9322-22b420df1be7 tempest-ServerRescueNegativeTestJSON-12706045 tempest-ServerRescueNegativeTestJSON-12706045-project] Resources bound (agent type, host, resource id): {{(pid=103909) schedule /opt/stack/neutron/neutron/scheduler/base_scheduler.py:57}}
Aug 06 01:33:16.891997 dv-cinder-852009-1-smb neutron-server[103909]: DEBUG neutron.db.l3_dvrscheduler_db [req-5b55dbe2-7f64-4bc2-93d9-398d6f69fc00 req-1def3577-1631-432b-9322-22b420df1be7 tempest-ServerRescueNegativeTestJSON-12706045 tempest-ServerRescueNegativeTestJSON-12706045-project] Received port after_create {{(pid=103909) _notify_l3_agent_new_port /opt/stack/neutron/neutron/db/l3_dvrscheduler_db.py:542}}
Aug 06 01:33:16.901960 dv-cinder-852009-1-smb neutron-server[103911]: DEBUG neutron_lib.callbacks.manager [None req-6450cb6d-70a2-45d7-909e-a7a25c883145 None None] Publish callbacks [] for port (dc08a31a-1333-4c1a-9206-8b3b0d24168a), precommit_update {{(pid=103911) _notify_loop /usr/local/lib/python3.8/dist-packages/neutron_lib/callbacks/manager.py:176}}
Aug 06 01:33:16.920419 dv-cinder-852009-1-smb neutron-server[103909]: DEBUG neutron.api.rpc.handlers.resources_rpc [None req-1def3577-1631-432b-9322-22b420df1be7 tempest-ServerRescueNegativeTestJSON-12706045 tempest-ServerRescueNegativeTestJSON-12706045-project] Pushing event updated for resources: {'Port': ['ID=046d7b54-a5f7-4498-b8a4-80706fa25fec,revision_number=1']} {{(pid=103909) push /opt/stack/neutron/neutron/api/rpc/handlers/resources_rpc.py:237}}
Aug 06 01:33:16.939020 dv-cinder-852009-1-smb neutron-server[103911]: DEBUG neutron_lib.callbacks.manager [None req-6450cb6d-70a2-45d7-909e-a7a25c883145 None None] Publish callbacks ['neutron.plugins.ml2.plugin.SecurityGroupServerNotifierRpcMixin._notify_sg_on_port_change-8114084', 'neutron.plugins.ml2.ovo_rpc._ObjectChangeHandler.handle_event-124425', 'neutron.api.rpc.agentnotifiers.dhcp_rpc_agent_api.DhcpAgentNotifyAPI._native_event_send_dhcp_notification-527221', 'neutron.db.l3_db.L3RpcNotifierMixin._notify_gateway_port_ip_changed-8772642428133', 'neutron.db.l3_dvrscheduler_db._notify_l3_agent_port_update-8772642011531', 'neutron.db.l3_hascheduler_db._notify_l3_agent_ha_port_update-8772642011549'] for port (dc08a31a-1333-4c1a-9206-8b3b0d24168a), after_update {{(pid=103911) _notify_loop /usr/local/lib/python3.8/dist-packages/neutron_lib/callbacks/manager.py:176}}
Aug 06 01:33:17.019452 dv-cinder-852009-1-smb neutron-server[103911]: DEBUG neutron.api.rpc.handlers.resources_rpc [None req-4cc43c9f-bcd7-4725-b320-ffe40fb8416c None None] Pushing event updated for resources: {'Port': ['ID=3854b08d-1e0b-4a03-92d0-10dc7c1d7be2,revision_number=4']} {{(pid=103911) push /opt/stack/neutron/neutron/api/rpc/handlers/resources_rpc.py:237}}
Aug 06 01:33:17.047955 dv-cinder-852009-1-smb neutron-server[103909]: DEBUG neutron_lib.callbacks.manager [None req-9a6bcc5a-92a7-425e-ba2f-bd54c03f4700 admin admin] Publish callbacks ['neutron.plugins.ml2.plugin.Ml2Plugin._network_delete_after_delete_handler-8254116', 'neutron.plugins.ml2.ovo_rpc._ObjectChangeHandler.handle_event-828435', 'neutron.api.rpc.agentnotifiers.dhcp_rpc_agent_api.DhcpAgentNotifyAPI._native_event_send_dhcp_notification-527221', 'neutron.services.l3_router.l3_router_plugin.DVRResourceOperationHandler.delete_fip_namespaces_for_ext_net-657455'] for network (632adda6-9c61-450a-82de-4b43002ce86c), after_delete {{(pid=103909) _notify_loop /usr/local/lib/python3.8/dist-packages/neutron_lib/callbacks/manager.py:176}}
Aug 06 01:33:17.128430 dv-cinder-852009-1-smb neutron-server[103909]: DEBUG neutron.api.rpc.handlers.resources_rpc [None req-9a6bcc5a-92a7-425e-ba2f-bd54c03f4700 admin admin] Pushing event deleted for resources: {'Network': ['ID=632adda6-9c61-450a-82de-4b43002ce86c,revision_number=None']} {{(pid=103909) push /opt/stack/neutron/neutron/api/rpc/handlers/resources_rpc.py:237}}
Aug 06 01:33:17.139167 dv-cinder-852009-1-smb neutron-server[103910]: DEBUG neutron_lib.callbacks.manager [None req-63e881fc-b643-4a22-b74d-a29c211960ee tempest-AttachVolumeNegativeTest-974439577 tempest-AttachVolumeNegativeTest-974439577-project] Publish callbacks ['neutron.plugins.ml2.plugin.SecurityGroupDbMixin._ensure_default_security_group_handler-8114149'] for port (None), before_create {{(pid=103910) _notify_loop /usr/local/lib/python3.8/dist-packages/neutron_lib/callbacks/manager.py:176}}
Aug 06 01:33:17.146077 dv-cinder-852009-1-smb neutron-server[103909]: DEBUG neutron_lib.callbacks.manager [None req-9a6bcc5a-92a7-425e-ba2f-bd54c03f4700 admin admin] Publish callbacks ['neutron.api.rpc.agentnotifiers.dhcp_rpc_agent_api.DhcpAgentNotifyAPI._send_dhcp_notification-527203'] for network (None), before_response {{(pid=103909) _notify_loop /usr/local/lib/python3.8/dist-packages/neutron_lib/callbacks/manager.py:176}}
Aug 06 01:33:17.165502 dv-cinder-852009-1-smb neutron-server[103909]: INFO neutron.wsgi [None req-9a6bcc5a-92a7-425e-ba2f-bd54c03f4700 admin admin] 10.222.0.15 "DELETE /networking/v2.0/networks/632adda6-9c61-450a-82de-4b43002ce86c HTTP/1.1" status: 204 len: 168 time: 2.0149946
Aug 06 01:33:17.175406 dv-cinder-852009-1-smb neutron-server[103909]: DEBUG neutron.wsgi [-] (103909) accepted ('10.222.0.15', 56432) {{(pid=103909) server /usr/local/lib/python3.8/dist-packages/eventlet/wsgi.py:1004}}
Aug 06 01:33:17.182006 dv-cinder-852009-1-smb neutron-server[103910]: DEBUG neutron_lib.callbacks.manager [None req-4203714a-795f-4579-bba0-48b76e038e0b tempest-AttachVolumeTestJSON-957052241 tempest-AttachVolumeTestJSON-957052241-project] Publish callbacks ['neutron.plugins.ml2.ovo_rpc._ObjectChangeHandler.handle_event-830889'] for security_group_rule (dab7e7b4-678c-4ad6-8b7d-c25ddfb36c3b), after_create {{(pid=103910) _notify_loop /usr/local/lib/python3.8/dist-packages/neutron_lib/callbacks/manager.py:176}}
Aug 06 01:33:17.204005 dv-cinder-852009-1-smb neutron-server[103909]: DEBUG neutron.pecan_wsgi.hooks.policy_enforcement [req-5b55dbe2-7f64-4bc2-93d9-398d6f69fc00 req-1def3577-1631-432b-9322-22b420df1be7 tempest-ServerRescueNegativeTestJSON-12706045 tempest-ServerRescueNegativeTestJSON-12706045-project] Attributes excluded by policy engine: ['standard_attr_id', 'binding:profile', 'binding:host_id', 'binding:vif_type', 'binding:vif_details', 'network'] {{(pid=103909) _exclude_attributes_by_policy /opt/stack/neutron/neutron/pecan_wsgi/hooks/policy_enforcement.py:259}}
Aug 06 01:33:17.204239 dv-cinder-852009-1-smb neutron-server[103909]: DEBUG neutron_lib.callbacks.manager [req-5b55dbe2-7f64-4bc2-93d9-398d6f69fc00 req-1def3577-1631-432b-9322-22b420df1be7 tempest-ServerRescueNegativeTestJSON-12706045 tempest-ServerRescueNegativeTestJSON-12706045-project] Publish callbacks ['neutron.notifiers.nova.Notifier._send_nova_notification-55516', 'neutron.api.rpc.agentnotifiers.dhcp_rpc_agent_api.DhcpAgentNotifyAPI._send_dhcp_notification-527203'] for port (None), before_response {{(pid=103909) _notify_loop /usr/local/lib/python3.8/dist-packages/neutron_lib/callbacks/manager.py:176}}
Aug 06 01:33:17.306497 dv-cinder-852009-1-smb neutron-server[103910]: DEBUG neutron_lib.callbacks.manager [None req-6bb36b9a-c828-4a5b-8fb1-996c47c00c6f tempest-AttachVolumeShelveTestJSON-96689122 tempest-AttachVolumeShelveTestJSON-96689122-project] Publish callbacks ['neutron.plugins.ml2.plugin.SecurityGroupDbMixin._ensure_default_security_group_handler-8114149'] for port (512bbe1d-6326-4fa9-b0f2-1a1ed3b92561), before_update {{(pid=103910) _notify_loop /usr/local/lib/python3.8/dist-packages/neutron_lib/callbacks/manager.py:176}}
Aug 06 01:33:17.315242 dv-cinder-852009-1-smb neutron-server[103911]: DEBUG neutron.plugins.ml2.managers [None req-6450cb6d-70a2-45d7-909e-a7a25c883145 None None] Attempting to bind port dc08a31a-1333-4c1a-9206-8b3b0d24168a on host dv-cinder-852009-1-smb for vnic_type normal with profile {{(pid=103911) bind_port /opt/stack/neutron/neutron/plugins/ml2/managers.py:810}}
Aug 06 01:33:17.315668 dv-cinder-852009-1-smb neutron-server[103911]: DEBUG neutron.plugins.ml2.managers [None req-6450cb6d-70a2-45d7-909e-a7a25c883145 None None] Attempting to bind port dc08a31a-1333-4c1a-9206-8b3b0d24168a by drivers openvswitch,hyperv on host dv-cinder-852009-1-smb at level 0 using segments [{'id': 'c3788718-2251-4d85-a9ea-5c63e5a1a85a', 'network_type': 'vlan', 'physical_network': 'physnet1', 'segmentation_id': 352, 'network_id': '04d5c745-331a-4038-9700-e2b880e20b18'}] {{(pid=103911) _bind_port_level /opt/stack/neutron/neutron/plugins/ml2/managers.py:835}}
Aug 06 01:33:17.317141 dv-cinder-852009-1-smb neutron-server[103911]: DEBUG neutron.plugins.ml2.drivers.mech_agent [None req-6450cb6d-70a2-45d7-909e-a7a25c883145 None None] Attempting to bind port dc08a31a-1333-4c1a-9206-8b3b0d24168a on network 04d5c745-331a-4038-9700-e2b880e20b18 {{(pid=103911) bind_port /opt/stack/neutron/neutron/plugins/ml2/drivers/mech_agent.py:91}}
Aug 06 01:33:17.323532 dv-cinder-852009-1-smb neutron-server[103909]: INFO neutron.wsgi [req-5b55dbe2-7f64-4bc2-93d9-398d6f69fc00 req-1def3577-1631-432b-9322-22b420df1be7 tempest-ServerRescueNegativeTestJSON-12706045 tempest-ServerRescueNegativeTestJSON-12706045-project] 10.222.0.43 "POST /networking/v2.0/ports HTTP/1.1" status: 201 len: 933 time: 4.2873378
Aug 06 01:33:17.372417 dv-cinder-852009-1-smb neutron-server[103911]: DEBUG neutron.plugins.ml2.drivers.mech_agent [None req-6450cb6d-70a2-45d7-909e-a7a25c883145 None None] Checking agent: {'id': '5059e3ce-d83d-4cf1-b383-08e5f3161228', 'agent_type': 'Open vSwitch agent', 'binary': 'neutron-openvswitch-agent', 'topic': 'N/A', 'host': 'dv-cinder-852009-1-smb', 'admin_state_up': True, 'created_at': datetime.datetime(2022, 8, 6, 1, 25), 'started_at': datetime.datetime(2022, 8, 6, 1, 25, 30), 'heartbeat_timestamp': datetime.datetime(2022, 8, 6, 1, 33), 'description': None, 'resources_synced': None, 'availability_zone': None, 'alive': True, 'configurations': {'arp_responder_enabled': False, 'baremetal_smartnic': False, 'bridge_mappings': {'physnet1': 'br-data'}, 'datapath_type': 'system', 'devices': 0, 'enable_distributed_routing': False, 'extensions': [], 'in_distributed_mode': False, 'integration_bridge': 'br-int', 'l2_population': False, 'log_agent_heartbeats': False, 'ovs_capabilities': {'datapath_types': ['netdev', 'system'], 'iface_types': ['erspan', 'geneve', 'gre', 'internal', 'ip6erspan', 'ip6gre', 'lisp', 'patch', 'stt', 'system', 'tap', 'vxlan']}, 'ovs_hybrid_plug': False, 'resource_provider_bandwidths': {}, 'resource_provider_hypervisors': {'br-data': 'dv-cinder-852009-1-smb'}, 'resource_provider_inventory_defaults': {'allocation_ratio': 1.0, 'min_unit': 1, 'step_size': 1, 'reserved': 0}, 'resource_provider_packet_processing_inventory_defaults': {'allocation_ratio': 1.0, 'min_unit': 1, 'step_size': 1, 'reserved': 0}, 'resource_provider_packet_processing_with_direction': {}, 'resource_provider_packet_processing_without_direction': {}, 'tunnel_types': [], 'tunneling_ip': None, 'vhostuser_socket_dir': '/var/run/openvswitch'}, 'resource_versions': {'AddressGroup': '1.2', 'Agent': '1.1', 'ConntrackHelper': '1.0', 'LocalIPAssociation': '1.0', 'Log': '1.0', 'NDPProxy': '1.0', 'Network': '1.1', 'Port': '1.7', 'PortForwarding': '1.3', 'QosPolicy': '1.10', 'SecurityGroup': '1.5', 'SecurityGroupRule': '1.2', 'SubPort': '1.0', 'Subnet': '1.1', 'Trunk': '1.1'}} {{(pid=103911) bind_port /opt/stack/neutron/neutron/plugins/ml2/drivers/mech_agent.py:110}}
Aug 06 01:33:17.373010 dv-cinder-852009-1-smb neutron-server[103911]: DEBUG neutron.plugins.ml2.drivers.mech_agent [None req-6450cb6d-70a2-45d7-909e-a7a25c883145 None None] Checking segment: {'id': 'c3788718-2251-4d85-a9ea-5c63e5a1a85a', 'network_type': 'vlan', 'physical_network': 'physnet1', 'segmentation_id': 352, 'network_id': '04d5c745-331a-4038-9700-e2b880e20b18'} for mappings: {'physnet1': 'br-data'} with network types: ['local', 'flat', 'vlan'] {{(pid=103911) check_segment_for_agent /opt/stack/neutron/neutron/plugins/ml2/drivers/mech_agent.py:373}}
Aug 06 01:33:17.373828 dv-cinder-852009-1-smb neutron-server[103911]: DEBUG neutron_lib.callbacks.manager [None req-6450cb6d-70a2-45d7-909e-a7a25c883145 None None] Publish callbacks [] for ovs_bridge_name (None), before_read {{(pid=103911) _notify_loop /usr/local/lib/python3.8/dist-packages/neutron_lib/callbacks/manager.py:176}}
Aug 06 01:33:17.373828 dv-cinder-852009-1-smb neutron-server[103911]: DEBUG neutron.plugins.ml2.drivers.mech_agent [None req-6450cb6d-70a2-45d7-909e-a7a25c883145 None None] Bound using segment: {'id': 'c3788718-2251-4d85-a9ea-5c63e5a1a85a', 'network_type': 'vlan', 'physical_network': 'physnet1', 'segmentation_id': 352, 'network_id': '04d5c745-331a-4038-9700-e2b880e20b18'} {{(pid=103911) bind_port /opt/stack/neutron/neutron/plugins/ml2/drivers/mech_agent.py:120}}
Aug 06 01:33:17.376506 dv-cinder-852009-1-smb neutron-server[103911]: DEBUG neutron.plugins.ml2.managers [None req-6450cb6d-70a2-45d7-909e-a7a25c883145 None None] Bound port: dc08a31a-1333-4c1a-9206-8b3b0d24168a, host: dv-cinder-852009-1-smb, vif_type: ovs, vif_details: {"connectivity": "l2", "port_filter": true, "ovs_hybrid_plug": false, "datapath_type": "system", "bridge_name": "br-int"}, binding_levels: [{'bound_driver': 'openvswitch', 'bound_segment': {'id': 'c3788718-2251-4d85-a9ea-5c63e5a1a85a', 'network_type': 'vlan', 'physical_network': 'physnet1', 'segmentation_id': 352, 'network_id': '04d5c745-331a-4038-9700-e2b880e20b18'}}] {{(pid=103911) _bind_port_level /opt/stack/neutron/neutron/plugins/ml2/managers.py:947}}
Aug 06 01:33:17.383145 dv-cinder-852009-1-smb neutron-server[103909]: DEBUG neutron.wsgi [req-5b55dbe2-7f64-4bc2-93d9-398d6f69fc00 req-44810c91-97f4-4229-9e78-e707b9371b39 tempest-ServerRescueNegativeTestJSON-12706045 tempest-ServerRescueNegativeTestJSON-12706045-project] http://10.222.0.15:9696/networking/v2.0/extensions returned with HTTP 200 {{(pid=103909) __call__ /opt/stack/neutron/neutron/wsgi.py:730}}
Aug 06 01:33:17.388996 dv-cinder-852009-1-smb neutron-server[103909]: INFO neutron.wsgi [req-5b55dbe2-7f64-4bc2-93d9-398d6f69fc00 req-44810c91-97f4-4229-9e78-e707b9371b39 tempest-ServerRescueNegativeTestJSON-12706045 tempest-ServerRescueNegativeTestJSON-12706045-project] 10.222.0.43 "GET /networking/v2.0/extensions HTTP/1.1" status: 200 len: 14320 time: 0.0520048
Aug 06 01:33:17.390633 dv-cinder-852009-1-smb neutron-server[103911]: DEBUG neutron_lib.callbacks.manager [None req-6450cb6d-70a2-45d7-909e-a7a25c883145 None None] Publish callbacks ['neutron.plugins.ml2.plugin.SecurityGroupDbMixin._ensure_default_security_group_handler-8114149'] for port (dc08a31a-1333-4c1a-9206-8b3b0d24168a), before_update {{(pid=103911) _notify_loop /usr/local/lib/python3.8/dist-packages/neutron_lib/callbacks/manager.py:176}}
Aug 06 01:33:17.395121 dv-cinder-852009-1-smb neutron-server[103911]: DEBUG neutron.api.rpc.handlers.resources_rpc [None req-f522fc0b-b062-4902-bb33-df9c6eac0f7d None None] Pushing event updated for resources: {'Port': ['ID=dc08a31a-1333-4c1a-9206-8b3b0d24168a,revision_number=3']} {{(pid=103911) push /opt/stack/neutron/neutron/api/rpc/handlers/resources_rpc.py:237}}
Aug 06 01:33:17.423600 dv-cinder-852009-1-smb neutron-server[103909]: DEBUG neutron.db.db_base_plugin_v2 [None req-ed3727bd-dfbd-4be2-8682-5f31cc5a55de admin admin] Deleting subnet 317a21ee-4de8-4ca4-96ca-b7d1b1396297 {{(pid=103909) delete_subnet /opt/stack/neutron/neutron/db/db_base_plugin_v2.py:1067}}
Aug 06 01:33:17.434472 dv-cinder-852009-1-smb neutron-server[103909]: DEBUG neutron_lib.callbacks.manager [None req-ed3727bd-dfbd-4be2-8682-5f31cc5a55de admin admin] Publish callbacks [] for subnet (317a21ee-4de8-4ca4-96ca-b7d1b1396297), before_delete {{(pid=103909) _notify_loop /usr/local/lib/python3.8/dist-packages/neutron_lib/callbacks/manager.py:176}}
Aug 06 01:33:17.498749 dv-cinder-852009-1-smb neutron-server[103911]: DEBUG neutron.plugins.ml2.rpc [None req-4cc43c9f-bcd7-4725-b320-ffe40fb8416c None None] Device c221d0a3-1742-4abe-86a1-ca275e0f5f00 up at agent ovs-agent-dv-cinder-852009-1-smb {{(pid=103911) update_device_up /opt/stack/neutron/neutron/plugins/ml2/rpc.py:296}}
Aug 06 01:33:17.533465 dv-cinder-852009-1-smb neutron-server[103909]: INFO neutron.services.segments.plugin [-] Segment 54569187-62a2-40ca-a1a1-03aec282bc75 resource provider aggregate not found
Aug 06 01:33:17.597258 dv-cinder-852009-1-smb neutron-server[103909]: INFO neutron.services.segments.plugin [-] Segment 54569187-62a2-40ca-a1a1-03aec282bc75 resource provider not found; error: Placement Client Error (4xx): {"errors": [{"status": 404, "title": "Not Found", "detail": "The resource could not be found.\n\n No resource provider with uuid 54569187-62a2-40ca-a1a1-03aec282bc75 found for delete ", "request_id": "req-3c1b5163-7690-4593-902c-c7ef3c9db60b"}]}
Aug 06 01:33:17.605343 dv-cinder-852009-1-smb neutron-server[103909]: DEBUG neutron_lib.callbacks.manager [None req-ed3727bd-dfbd-4be2-8682-5f31cc5a55de admin admin] Publish callbacks ['neutron.services.segments.plugin.Plugin._validate_auto_address_subnet_delete-4148437'] for subnet (317a21ee-4de8-4ca4-96ca-b7d1b1396297), precommit_delete_associations {{(pid=103909) _notify_loop /usr/local/lib/python3.8/dist-packages/neutron_lib/callbacks/manager.py:176}}
Aug 06 01:33:17.611663 dv-cinder-852009-1-smb neutron-server[103911]: DEBUG neutron.plugins.ml2.db [None req-6450cb6d-70a2-45d7-909e-a7a25c883145 None None] For port dc08a31a-1333-4c1a-9206-8b3b0d24168a, host dv-cinder-852009-1-smb, cleared binding levels {{(pid=103911) clear_binding_levels /opt/stack/neutron/neutron/plugins/ml2/db.py:87}}
Aug 06 01:33:17.632078 dv-cinder-852009-1-smb neutron-server[103911]: DEBUG neutron.plugins.ml2.db [None req-6450cb6d-70a2-45d7-909e-a7a25c883145 None None] For port dc08a31a-1333-4c1a-9206-8b3b0d24168a, host dv-cinder-852009-1-smb, set binding levels [PortBindingLevel(driver='openvswitch',host='dv-cinder-852009-1-smb',level=0,port_id=dc08a31a-1333-4c1a-9206-8b3b0d24168a,segment=NetworkSegment(c3788718-2251-4d85-a9ea-5c63e5a1a85a),segment_id=c3788718-2251-4d85-a9ea-5c63e5a1a85a)] {{(pid=103911) set_binding_levels /opt/stack/neutron/neutron/plugins/ml2/db.py:59}}
Aug 06 01:33:17.636460 dv-cinder-852009-1-smb neutron-server[103909]: DEBUG dbcounter [-] [103909] Writing DB stats neutron:SELECT=87,neutron:INSERT=5,neutron:UPDATE=3,neutron:DELETE=5 {{(pid=103909) stat_writer /usr/local/lib/python3.8/dist-packages/dbcounter.py:114}}
Aug 06 01:33:17.645128 dv-cinder-852009-1-smb neutron-server[103911]: DEBUG neutron.db.provisioning_blocks [None req-2a582d3a-5ad6-4209-82ff-b429b3e1dcab None None] Provisioning complete for port 046d7b54-a5f7-4498-b8a4-80706fa25fec triggered by entity DHCP. {{(pid=103911) provisioning_complete /opt/stack/neutron/neutron/db/provisioning_blocks.py:145}}
Aug 06 01:33:17.645420 dv-cinder-852009-1-smb neutron-server[103911]: DEBUG neutron_lib.callbacks.manager [None req-2a582d3a-5ad6-4209-82ff-b429b3e1dcab None None] Publish callbacks ['neutron.plugins.ml2.plugin.Ml2Plugin._port_provisioned-8251202'] for port (046d7b54-a5f7-4498-b8a4-80706fa25fec), provisioning_complete {{(pid=103911) _notify_loop /usr/local/lib/python3.8/dist-packages/neutron_lib/callbacks/manager.py:176}}
Aug 06 01:33:17.652186 dv-cinder-852009-1-smb neutron-server[103911]: DEBUG neutron_lib.callbacks.manager [None req-6450cb6d-70a2-45d7-909e-a7a25c883145 None None] Publish callbacks ['neutron.plugins.ml2.plugin.SecurityGroupServerNotifierRpcMixin._notify_sg_on_port_change-8114084', 'neutron.plugins.ml2.ovo_rpc._ObjectChangeHandler.handle_event-124425', 'neutron.api.rpc.agentnotifiers.dhcp_rpc_agent_api.DhcpAgentNotifyAPI._native_event_send_dhcp_notification-527221', 'neutron.db.l3_db.L3RpcNotifierMixin._notify_gateway_port_ip_changed-8772642428133', 'neutron.db.l3_dvrscheduler_db._notify_l3_agent_port_update-8772642011531', 'neutron.db.l3_hascheduler_db._notify_l3_agent_ha_port_update-8772642011549'] for port (dc08a31a-1333-4c1a-9206-8b3b0d24168a), after_update {{(pid=103911) _notify_loop /usr/local/lib/python3.8/dist-packages/neutron_lib/callbacks/manager.py:176}}
Aug 06 01:33:17.678804 dv-cinder-852009-1-smb neutron-server[103909]: DEBUG neutron_lib.callbacks.manager [None req-ed3727bd-dfbd-4be2-8682-5f31cc5a55de admin admin] Publish callbacks ['neutron.plugins.ml2.plugin.Ml2Plugin._subnet_delete_precommit_handler-8251952'] for subnet (317a21ee-4de8-4ca4-96ca-b7d1b1396297), precommit_delete {{(pid=103909) _notify_loop /usr/local/lib/python3.8/dist-packages/neutron_lib/callbacks/manager.py:176}}
