Aug 05 07:18:09.910692 dv-cinder-852007-1-smb devstack@n-api.service[117774]: DEBUG nova.api.openstack.wsgi_app [-] oslo_reports.log_dir = None {{(pid=117774) log_opt_values /usr/local/lib/python3.8/dist-packages/oslo_config/cfg.py:2609}}
Aug 05 07:18:09.910939 dv-cinder-852007-1-smb devstack@n-api.service[117774]: DEBUG nova.api.openstack.wsgi_app [-] ******************************************************************************** {{(pid=117774) log_opt_values /usr/local/lib/python3.8/dist-packages/oslo_config/cfg.py:2613}}
Aug 05 07:18:10.066054 dv-cinder-852007-1-smb devstack@n-api.service[117775]: INFO dbcounter [None req-bb5a2963-e071-4088-bc58-531e530cee8e None None] Registered counter for database nova_api
Aug 05 07:18:10.069108 dv-cinder-852007-1-smb devstack@n-api.service[117774]: INFO dbcounter [None req-2716d9bb-ac76-4ce2-bbc7-590bcc499acb None None] Registered counter for database nova_api
Aug 05 07:18:10.086610 dv-cinder-852007-1-smb devstack@n-api.service[117775]: DEBUG oslo_db.sqlalchemy.engines [None req-bb5a2963-e071-4088-bc58-531e530cee8e None None] MySQL server mode set to STRICT_TRANS_TABLES,STRICT_ALL_TABLES,NO_ZERO_IN_DATE,NO_ZERO_DATE,ERROR_FOR_DIVISION_BY_ZERO,TRADITIONAL,NO_ENGINE_SUBSTITUTION {{(pid=117775) _check_effective_sql_mode /usr/local/lib/python3.8/dist-packages/oslo_db/sqlalchemy/engines.py:314}}
Aug 05 07:18:10.088808 dv-cinder-852007-1-smb devstack@n-api.service[117774]: DEBUG oslo_db.sqlalchemy.engines [None req-2716d9bb-ac76-4ce2-bbc7-590bcc499acb None None] MySQL server mode set to STRICT_TRANS_TABLES,STRICT_ALL_TABLES,NO_ZERO_IN_DATE,NO_ZERO_DATE,ERROR_FOR_DIVISION_BY_ZERO,TRADITIONAL,NO_ENGINE_SUBSTITUTION {{(pid=117774) _check_effective_sql_mode /usr/local/lib/python3.8/dist-packages/oslo_db/sqlalchemy/engines.py:314}}
Aug 05 07:18:10.093905 dv-cinder-852007-1-smb devstack@n-api.service[117775]: DEBUG dbcounter [-] [117775] Writer thread running {{(pid=117775) stat_writer /usr/local/lib/python3.8/dist-packages/dbcounter.py:99}}
Aug 05 07:18:10.095669 dv-cinder-852007-1-smb devstack@n-api.service[117774]: DEBUG dbcounter [-] [117774] Writer thread running {{(pid=117774) stat_writer /usr/local/lib/python3.8/dist-packages/dbcounter.py:99}}
Aug 05 07:18:10.150601 dv-cinder-852007-1-smb devstack@n-api.service[117775]: DEBUG nova.context [None req-bb5a2963-e071-4088-bc58-531e530cee8e None None] Found 2 cells: 00000000-0000-0000-0000-000000000000(cell0),97a4681b-0ed1-4144-8ef2-a8af35601556(cell1) {{(pid=117775) load_cells /opt/stack/nova/nova/context.py:464}}
Aug 05 07:18:10.152059 dv-cinder-852007-1-smb devstack@n-api.service[117774]: DEBUG nova.context [None req-2716d9bb-ac76-4ce2-bbc7-590bcc499acb None None] Found 2 cells: 00000000-0000-0000-0000-000000000000(cell0),97a4681b-0ed1-4144-8ef2-a8af35601556(cell1) {{(pid=117774) load_cells /opt/stack/nova/nova/context.py:464}}
Aug 05 07:18:10.154646 dv-cinder-852007-1-smb devstack@n-api.service[117775]: DEBUG oslo_concurrency.lockutils [None req-bb5a2963-e071-4088-bc58-531e530cee8e None None] Acquiring lock "00000000-0000-0000-0000-000000000000" by "nova.context.set_target_cell..get_or_set_cached_cell_and_set_connections" {{(pid=117775) inner /usr/local/lib/python3.8/dist-packages/oslo_concurrency/lockutils.py:385}}
Aug 05 07:18:10.155122 dv-cinder-852007-1-smb devstack@n-api.service[117775]: DEBUG oslo_concurrency.lockutils [None req-bb5a2963-e071-4088-bc58-531e530cee8e None None] Lock "00000000-0000-0000-0000-000000000000" acquired by "nova.context.set_target_cell..get_or_set_cached_cell_and_set_connections" :: waited 0.001s {{(pid=117775) inner /usr/local/lib/python3.8/dist-packages/oslo_concurrency/lockutils.py:390}}
Aug 05 07:18:10.156143 dv-cinder-852007-1-smb devstack@n-api.service[117774]: DEBUG oslo_concurrency.lockutils [None req-2716d9bb-ac76-4ce2-bbc7-590bcc499acb None None] Acquiring lock "00000000-0000-0000-0000-000000000000" by "nova.context.set_target_cell..get_or_set_cached_cell_and_set_connections" {{(pid=117774) inner /usr/local/lib/python3.8/dist-packages/oslo_concurrency/lockutils.py:385}}
Aug 05 07:18:10.156640 dv-cinder-852007-1-smb devstack@n-api.service[117774]: DEBUG oslo_concurrency.lockutils [None req-2716d9bb-ac76-4ce2-bbc7-590bcc499acb None None] Lock "00000000-0000-0000-0000-000000000000" acquired by "nova.context.set_target_cell..get_or_set_cached_cell_and_set_connections" :: waited 0.001s {{(pid=117774) inner /usr/local/lib/python3.8/dist-packages/oslo_concurrency/lockutils.py:390}}
Aug 05 07:18:10.156800 dv-cinder-852007-1-smb devstack@n-api.service[117775]: DEBUG oslo_concurrency.lockutils [None req-bb5a2963-e071-4088-bc58-531e530cee8e None None] Lock "00000000-0000-0000-0000-000000000000" "released" by "nova.context.set_target_cell..get_or_set_cached_cell_and_set_connections" :: held 0.002s {{(pid=117775) inner /usr/local/lib/python3.8/dist-packages/oslo_concurrency/lockutils.py:404}}
Aug 05 07:18:10.157408 dv-cinder-852007-1-smb devstack@n-api.service[117775]: DEBUG oslo_concurrency.lockutils [None req-bb5a2963-e071-4088-bc58-531e530cee8e None None] Acquiring lock "97a4681b-0ed1-4144-8ef2-a8af35601556" by "nova.context.set_target_cell..get_or_set_cached_cell_and_set_connections" {{(pid=117775) inner /usr/local/lib/python3.8/dist-packages/oslo_concurrency/lockutils.py:385}}
Aug 05 07:18:10.157884 dv-cinder-852007-1-smb devstack@n-api.service[117775]: DEBUG oslo_concurrency.lockutils [None req-bb5a2963-e071-4088-bc58-531e530cee8e None None] Lock "97a4681b-0ed1-4144-8ef2-a8af35601556" acquired by "nova.context.set_target_cell..get_or_set_cached_cell_and_set_connections" :: waited 0.000s {{(pid=117775) inner /usr/local/lib/python3.8/dist-packages/oslo_concurrency/lockutils.py:390}}
Aug 05 07:18:10.158218 dv-cinder-852007-1-smb devstack@n-api.service[117774]: DEBUG oslo_concurrency.lockutils [None req-2716d9bb-ac76-4ce2-bbc7-590bcc499acb None None] Lock "00000000-0000-0000-0000-000000000000" "released" by "nova.context.set_target_cell..get_or_set_cached_cell_and_set_connections" :: held 0.002s {{(pid=117774) inner /usr/local/lib/python3.8/dist-packages/oslo_concurrency/lockutils.py:404}}
Aug 05 07:18:10.158955 dv-cinder-852007-1-smb devstack@n-api.service[117774]: DEBUG oslo_concurrency.lockutils [None req-2716d9bb-ac76-4ce2-bbc7-590bcc499acb None None] Acquiring lock "97a4681b-0ed1-4144-8ef2-a8af35601556" by "nova.context.set_target_cell..get_or_set_cached_cell_and_set_connections" {{(pid=117774) inner /usr/local/lib/python3.8/dist-packages/oslo_concurrency/lockutils.py:385}}
Aug 05 07:18:10.159403 dv-cinder-852007-1-smb devstack@n-api.service[117774]: DEBUG oslo_concurrency.lockutils [None req-2716d9bb-ac76-4ce2-bbc7-590bcc499acb None None] Lock "97a4681b-0ed1-4144-8ef2-a8af35601556" acquired by "nova.context.set_target_cell..get_or_set_cached_cell_and_set_connections" :: waited 0.000s {{(pid=117774) inner /usr/local/lib/python3.8/dist-packages/oslo_concurrency/lockutils.py:390}}
Aug 05 07:18:10.159953 dv-cinder-852007-1-smb devstack@n-api.service[117775]: DEBUG oslo_concurrency.lockutils [None req-bb5a2963-e071-4088-bc58-531e530cee8e None None] Lock "97a4681b-0ed1-4144-8ef2-a8af35601556" "released" by "nova.context.set_target_cell..get_or_set_cached_cell_and_set_connections" :: held 0.002s {{(pid=117775) inner /usr/local/lib/python3.8/dist-packages/oslo_concurrency/lockutils.py:404}}
Aug 05 07:18:10.161471 dv-cinder-852007-1-smb devstack@n-api.service[117774]: DEBUG oslo_concurrency.lockutils [None req-2716d9bb-ac76-4ce2-bbc7-590bcc499acb None None] Lock "97a4681b-0ed1-4144-8ef2-a8af35601556" "released" by "nova.context.set_target_cell..get_or_set_cached_cell_and_set_connections" :: held 0.002s {{(pid=117774) inner /usr/local/lib/python3.8/dist-packages/oslo_concurrency/lockutils.py:404}}
Aug 05 07:18:10.161985 dv-cinder-852007-1-smb devstack@n-api.service[117775]: INFO dbcounter [None req-bb5a2963-e071-4088-bc58-531e530cee8e None None] Registered counter for database nova_cell0
Aug 05 07:18:10.163515 dv-cinder-852007-1-smb devstack@n-api.service[117774]: INFO dbcounter [None req-2716d9bb-ac76-4ce2-bbc7-590bcc499acb None None] Registered counter for database nova_cell0
Aug 05 07:18:10.166113 dv-cinder-852007-1-smb devstack@n-api.service[117775]: INFO dbcounter [None req-bb5a2963-e071-4088-bc58-531e530cee8e None None] Registered counter for database nova_cell1
Aug 05 07:18:10.167993 dv-cinder-852007-1-smb devstack@n-api.service[117774]: INFO dbcounter [None req-2716d9bb-ac76-4ce2-bbc7-590bcc499acb None None] Registered counter for database nova_cell1
Aug 05 07:18:10.176863 dv-cinder-852007-1-smb devstack@n-api.service[117775]: DEBUG oslo_db.sqlalchemy.engines [None req-bb5a2963-e071-4088-bc58-531e530cee8e None None] MySQL server mode set to STRICT_TRANS_TABLES,STRICT_ALL_TABLES,NO_ZERO_IN_DATE,NO_ZERO_DATE,ERROR_FOR_DIVISION_BY_ZERO,TRADITIONAL,NO_ENGINE_SUBSTITUTION {{(pid=117775) _check_effective_sql_mode /usr/local/lib/python3.8/dist-packages/oslo_db/sqlalchemy/engines.py:314}}
Aug 05 07:18:10.178176 dv-cinder-852007-1-smb devstack@n-api.service[117774]: DEBUG oslo_db.sqlalchemy.engines [None req-2716d9bb-ac76-4ce2-bbc7-590bcc499acb None None] MySQL server mode set to STRICT_TRANS_TABLES,STRICT_ALL_TABLES,NO_ZERO_IN_DATE,NO_ZERO_DATE,ERROR_FOR_DIVISION_BY_ZERO,TRADITIONAL,NO_ENGINE_SUBSTITUTION {{(pid=117774) _check_effective_sql_mode /usr/local/lib/python3.8/dist-packages/oslo_db/sqlalchemy/engines.py:314}}
Aug 05 07:18:10.181387 dv-cinder-852007-1-smb devstack@n-api.service[117774]: DEBUG oslo_db.sqlalchemy.engines [None req-2716d9bb-ac76-4ce2-bbc7-590bcc499acb None None] MySQL server mode set to STRICT_TRANS_TABLES,STRICT_ALL_TABLES,NO_ZERO_IN_DATE,NO_ZERO_DATE,ERROR_FOR_DIVISION_BY_ZERO,TRADITIONAL,NO_ENGINE_SUBSTITUTION {{(pid=117774) _check_effective_sql_mode /usr/local/lib/python3.8/dist-packages/oslo_db/sqlalchemy/engines.py:314}}
Aug 05 07:18:10.182183 dv-cinder-852007-1-smb devstack@n-api.service[117775]: DEBUG dbcounter [-] [117775] Writer thread running {{(pid=117775) stat_writer /usr/local/lib/python3.8/dist-packages/dbcounter.py:99}}
Aug 05 07:18:10.182847 dv-cinder-852007-1-smb devstack@n-api.service[117775]: DEBUG oslo_db.sqlalchemy.engines [None req-bb5a2963-e071-4088-bc58-531e530cee8e None None] MySQL server mode set to STRICT_TRANS_TABLES,STRICT_ALL_TABLES,NO_ZERO_IN_DATE,NO_ZERO_DATE,ERROR_FOR_DIVISION_BY_ZERO,TRADITIONAL,NO_ENGINE_SUBSTITUTION {{(pid=117775) _check_effective_sql_mode /usr/local/lib/python3.8/dist-packages/oslo_db/sqlalchemy/engines.py:314}}
Aug 05 07:18:10.184847 dv-cinder-852007-1-smb devstack@n-api.service[117774]: DEBUG dbcounter [-] [117774] Writer thread running {{(pid=117774) stat_writer /usr/local/lib/python3.8/dist-packages/dbcounter.py:99}}
Aug 05 07:18:10.322022 dv-cinder-852007-1-smb devstack@n-api.service[117775]: DEBUG dbcounter [-] [117775] Writer thread running {{(pid=117775) stat_writer /usr/local/lib/python3.8/dist-packages/dbcounter.py:99}}
Aug 05 07:18:10.324857 dv-cinder-852007-1-smb devstack@n-api.service[117774]: DEBUG dbcounter [-] [117774] Writer thread running {{(pid=117774) stat_writer /usr/local/lib/python3.8/dist-packages/dbcounter.py:99}}
Aug 05 07:18:10.331915 dv-cinder-852007-1-smb devstack@n-api.service[117775]: INFO dbcounter [None req-bb5a2963-e071-4088-bc58-531e530cee8e None None] Registered counter for database nova_cell0
Aug 05 07:18:10.334866 dv-cinder-852007-1-smb devstack@n-api.service[117774]: INFO dbcounter [None req-2716d9bb-ac76-4ce2-bbc7-590bcc499acb None None] Registered counter for database nova_cell0
Aug 05 07:18:10.339170 dv-cinder-852007-1-smb devstack@n-api.service[117775]: DEBUG oslo_db.sqlalchemy.engines [None req-bb5a2963-e071-4088-bc58-531e530cee8e None None] MySQL server mode set to STRICT_TRANS_TABLES,STRICT_ALL_TABLES,NO_ZERO_IN_DATE,NO_ZERO_DATE,ERROR_FOR_DIVISION_BY_ZERO,TRADITIONAL,NO_ENGINE_SUBSTITUTION {{(pid=117775) _check_effective_sql_mode /usr/local/lib/python3.8/dist-packages/oslo_db/sqlalchemy/engines.py:314}}
Aug 05 07:18:10.342253 dv-cinder-852007-1-smb devstack@n-api.service[117774]: DEBUG oslo_db.sqlalchemy.engines [None req-2716d9bb-ac76-4ce2-bbc7-590bcc499acb None None] MySQL server mode set to STRICT_TRANS_TABLES,STRICT_ALL_TABLES,NO_ZERO_IN_DATE,NO_ZERO_DATE,ERROR_FOR_DIVISION_BY_ZERO,TRADITIONAL,NO_ENGINE_SUBSTITUTION {{(pid=117774) _check_effective_sql_mode /usr/local/lib/python3.8/dist-packages/oslo_db/sqlalchemy/engines.py:314}}
Aug 05 07:18:10.344936 dv-cinder-852007-1-smb devstack@n-api.service[117775]: DEBUG dbcounter [-] [117775] Writer thread running {{(pid=117775) stat_writer /usr/local/lib/python3.8/dist-packages/dbcounter.py:99}}
Aug 05 07:18:10.347591 dv-cinder-852007-1-smb devstack@n-api.service[117774]: DEBUG dbcounter [-] [117774] Writer thread running {{(pid=117774) stat_writer /usr/local/lib/python3.8/dist-packages/dbcounter.py:99}}
Aug 05 07:18:10.657950 dv-cinder-852007-1-smb devstack@n-api.service[117775]: WARNING keystonemiddleware.auth_token [None req-bb5a2963-e071-4088-bc58-531e530cee8e None None] AuthToken middleware is set with keystone_authtoken.service_token_roles_required set to False. This is backwards compatible but deprecated behaviour. Please set this to True.
Aug 05 07:18:10.665323 dv-cinder-852007-1-smb devstack@n-api.service[117775]: WARNING keystonemiddleware.auth_token [None req-bb5a2963-e071-4088-bc58-531e530cee8e None None] Configuring www_authenticate_uri to point to the public identity endpoint is required; clients may not be able to authenticate against an admin endpoint
Aug 05 07:18:10.672041 dv-cinder-852007-1-smb devstack@n-api.service[117774]: WARNING keystonemiddleware.auth_token [None req-2716d9bb-ac76-4ce2-bbc7-590bcc499acb None None] AuthToken middleware is set with keystone_authtoken.service_token_roles_required set to False. This is backwards compatible but deprecated behaviour. Please set this to True.
Aug 05 07:18:10.679493 dv-cinder-852007-1-smb devstack@n-api.service[117774]: WARNING keystonemiddleware.auth_token [None req-2716d9bb-ac76-4ce2-bbc7-590bcc499acb None None] Configuring www_authenticate_uri to point to the public identity endpoint is required; clients may not be able to authenticate against an admin endpoint
Aug 05 07:18:11.009988 dv-cinder-852007-1-smb devstack@n-api.service[117775]: WARNING keystonemiddleware.auth_token [None req-bb5a2963-e071-4088-bc58-531e530cee8e None None] AuthToken middleware is set with keystone_authtoken.service_token_roles_required set to False. This is backwards compatible but deprecated behaviour. Please set this to True.
Aug 05 07:18:11.015986 dv-cinder-852007-1-smb devstack@n-api.service[117775]: WARNING keystonemiddleware.auth_token [None req-bb5a2963-e071-4088-bc58-531e530cee8e None None] Configuring www_authenticate_uri to point to the public identity endpoint is required; clients may not be able to authenticate against an admin endpoint
Aug 05 07:18:11.022326 dv-cinder-852007-1-smb devstack@n-api.service[117775]: WSGI app 0 (mountpoint='') ready in 6 seconds on interpreter 0x55baa4ba89c0 pid: 117775 (default app)
Aug 05 07:18:11.029001 dv-cinder-852007-1-smb devstack@n-api.service[117774]: WARNING keystonemiddleware.auth_token [None req-2716d9bb-ac76-4ce2-bbc7-590bcc499acb None None] AuthToken middleware is set with keystone_authtoken.service_token_roles_required set to False. This is backwards compatible but deprecated behaviour. Please set this to True.
Aug 05 07:18:11.035166 dv-cinder-852007-1-smb devstack@n-api.service[117774]: WARNING keystonemiddleware.auth_token [None req-2716d9bb-ac76-4ce2-bbc7-590bcc499acb None None] Configuring www_authenticate_uri to point to the public identity endpoint is required; clients may not be able to authenticate against an admin endpoint
Aug 05 07:18:11.042007 dv-cinder-852007-1-smb devstack@n-api.service[117774]: WSGI app 0 (mountpoint='') ready in 6 seconds on interpreter 0x55baa4ba89c0 pid: 117774 (default app)
Aug 05 07:18:47.730780 dv-cinder-852007-1-smb devstack@n-api.service[117775]: DEBUG dbcounter [-] [117775] Writing DB stats nova_api:SELECT=3 {{(pid=117775) stat_writer /usr/local/lib/python3.8/dist-packages/dbcounter.py:114}}
Aug 05 07:18:47.731681 dv-cinder-852007-1-smb devstack@n-api.service[117775]: DEBUG dbcounter [-] [117775] Writing DB stats nova_cell1:SELECT=3 {{(pid=117775) stat_writer /usr/local/lib/python3.8/dist-packages/dbcounter.py:114}}
Aug 05 07:18:47.732462 dv-cinder-852007-1-smb devstack@n-api.service[117775]: DEBUG dbcounter [-] [117775] Writing DB stats nova_cell0:SELECT=3 {{(pid=117775) stat_writer /usr/local/lib/python3.8/dist-packages/dbcounter.py:114}}
Aug 05 07:18:47.733195 dv-cinder-852007-1-smb devstack@n-api.service[117775]: DEBUG dbcounter [-] [117775] Writing DB stats nova_cell0:SELECT=3 {{(pid=117775) stat_writer /usr/local/lib/python3.8/dist-packages/dbcounter.py:114}}
Aug 05 07:18:49.572059 dv-cinder-852007-1-smb devstack@n-api.service[117775]: DEBUG nova.api.openstack.wsgi [None req-34ab6eb7-ccb9-4db2-a45e-ccf1f6cf1259 tempest-VolumesGetTestJSON-489793906 tempest-VolumesGetTestJSON-489793906-project] Action: 'create', calling method: .version_select at 0x7ff09e8cbdc0>, body: {"volume": {"size": 1, "display_name": "tempest-VolumesGetTestJSON-Volume-999874436", "metadata": {"Type": "work"}}} {{(pid=117775) _process_stack /opt/stack/nova/nova/api/openstack/wsgi.py:511}}
Aug 05 07:18:51.998790 dv-cinder-852007-1-smb devstack@n-api.service[117775]: INFO nova.api.openstack.requestlog [None req-34ab6eb7-ccb9-4db2-a45e-ccf1f6cf1259 tempest-VolumesGetTestJSON-489793906 tempest-VolumesGetTestJSON-489793906-project] 10.222.0.36 "POST /compute/v2.1/os-volumes" status: 200 len: 352 microversion: 2.1 time: 4.293151
Aug 05 07:18:52.011367 dv-cinder-852007-1-smb devstack@n-api.service[117775]: [pid: 117775|app: 0|req: 1/1] 10.222.0.36 () {60 vars in 1156 bytes} [Fri Aug 5 07:18:47 2022] POST /compute/v2.1/os-volumes => generated 352 bytes in 4307 msecs (HTTP/1.1 200) 10 headers in 448 bytes (1 switches on core 0)
Aug 05 07:18:52.556459 dv-cinder-852007-1-smb devstack@n-api.service[117774]: DEBUG nova.api.openstack.wsgi [None req-75781020-0222-4cf6-8de4-805c7b1ca610 tempest-VolumesGetTestJSON-489793906 tempest-VolumesGetTestJSON-489793906-project] Calling method '.version_select at 0x7ff09e9a2940>' {{(pid=117774) _process_stack /opt/stack/nova/nova/api/openstack/wsgi.py:513}}
Aug 05 07:18:52.589796 dv-cinder-852007-1-smb devstack@n-api.service[117774]: DEBUG dbcounter [-] [117774] Writing DB stats nova_api:SELECT=3 {{(pid=117774) stat_writer /usr/local/lib/python3.8/dist-packages/dbcounter.py:114}}
Aug 05 07:18:52.591103 dv-cinder-852007-1-smb devstack@n-api.service[117774]: DEBUG dbcounter [-] [117774] Writing DB stats nova_cell0:SELECT=3 {{(pid=117774) stat_writer /usr/local/lib/python3.8/dist-packages/dbcounter.py:114}}
Aug 05 07:18:52.592274 dv-cinder-852007-1-smb devstack@n-api.service[117774]: DEBUG dbcounter [-] [117774] Writing DB stats nova_cell1:SELECT=3 {{(pid=117774) stat_writer /usr/local/lib/python3.8/dist-packages/dbcounter.py:114}}
Aug 05 07:18:52.594225 dv-cinder-852007-1-smb devstack@n-api.service[117774]: DEBUG dbcounter [-] [117774] Writing DB stats nova_cell0:SELECT=3 {{(pid=117774) stat_writer /usr/local/lib/python3.8/dist-packages/dbcounter.py:114}}
Aug 05 07:18:53.309268 dv-cinder-852007-1-smb devstack@n-api.service[117774]: INFO nova.api.openstack.requestlog [None req-75781020-0222-4cf6-8de4-805c7b1ca610 tempest-VolumesGetTestJSON-489793906 tempest-VolumesGetTestJSON-489793906-project] 10.222.0.36 "GET /compute/v2.1/os-volumes/48b03c55-122c-4908-8e57-b96627c353c7" status: 200 len: 353 microversion: 2.1 time: 1.296177
Aug 05 07:18:53.310249 dv-cinder-852007-1-smb devstack@n-api.service[117774]: [pid: 117774|app: 0|req: 1/2] 10.222.0.36 () {58 vars in 1245 bytes} [Fri Aug 5 07:18:52 2022] GET /compute/v2.1/os-volumes/48b03c55-122c-4908-8e57-b96627c353c7 => generated 353 bytes in 1299 msecs (HTTP/1.1 200) 9 headers in 357 bytes (1 switches on core 0)
Aug 05 07:18:53.331579 dv-cinder-852007-1-smb devstack@n-api.service[117775]: DEBUG nova.api.openstack.wsgi [None req-8c489c1a-6da8-4824-8e2e-160d0e2eb54a tempest-VolumesGetTestJSON-489793906 tempest-VolumesGetTestJSON-489793906-project] Calling method '.version_select at 0x7ff09e7b9c10>' {{(pid=117775) _process_stack /opt/stack/nova/nova/api/openstack/wsgi.py:513}}
Aug 05 07:18:53.463553 dv-cinder-852007-1-smb devstack@n-api.service[117775]: INFO nova.api.openstack.requestlog [None req-8c489c1a-6da8-4824-8e2e-160d0e2eb54a tempest-VolumesGetTestJSON-489793906 tempest-VolumesGetTestJSON-489793906-project] 10.222.0.36 "GET /compute/v2.1/os-volumes/48b03c55-122c-4908-8e57-b96627c353c7" status: 200 len: 353 microversion: 2.1 time: 0.142221
Aug 05 07:18:53.499576 dv-cinder-852007-1-smb devstack@n-api.service[117775]: [pid: 117775|app: 0|req: 2/3] 10.222.0.36 () {58 vars in 1245 bytes} [Fri Aug 5 07:18:53 2022] GET /compute/v2.1/os-volumes/48b03c55-122c-4908-8e57-b96627c353c7 => generated 353 bytes in 157 msecs (HTTP/1.1 200) 9 headers in 357 bytes (1 switches on core 0)
Aug 05 07:18:53.500403 dv-cinder-852007-1-smb devstack@n-api.service[117774]: DEBUG nova.api.openstack.wsgi [None req-1b1c4555-f618-480d-8686-99b223b66324 tempest-VolumesGetTestJSON-489793906 tempest-VolumesGetTestJSON-489793906-project] Calling method '.version_select at 0x7ff09e7f3ca0>' {{(pid=117774) _process_stack /opt/stack/nova/nova/api/openstack/wsgi.py:513}}
Aug 05 07:18:53.673184 dv-cinder-852007-1-smb devstack@n-api.service[117774]: INFO nova.api.openstack.requestlog [None req-1b1c4555-f618-480d-8686-99b223b66324 tempest-VolumesGetTestJSON-489793906 tempest-VolumesGetTestJSON-489793906-project] 10.222.0.36 "DELETE /compute/v2.1/os-volumes/48b03c55-122c-4908-8e57-b96627c353c7" status: 202 len: 0 microversion: 2.1 time: 0.189941
Aug 05 07:18:53.678738 dv-cinder-852007-1-smb devstack@n-api.service[117774]: [pid: 117774|app: 0|req: 2/4] 10.222.0.36 () {58 vars in 1248 bytes} [Fri Aug 5 07:18:53 2022] DELETE /compute/v2.1/os-volumes/48b03c55-122c-4908-8e57-b96627c353c7 => generated 0 bytes in 196 msecs (HTTP/1.1 202) 9 headers in 361 bytes (2 switches on core 0)
Aug 05 07:18:53.692692 dv-cinder-852007-1-smb devstack@n-api.service[117775]: DEBUG nova.api.openstack.wsgi [None req-2b5ecaa4-2a5e-4f36-a306-377894d697b0 tempest-VolumesGetTestJSON-489793906 tempest-VolumesGetTestJSON-489793906-project] Calling method '.version_select at 0x7ff09e759310>' {{(pid=117775) _process_stack /opt/stack/nova/nova/api/openstack/wsgi.py:513}}
Aug 05 07:18:53.802968 dv-cinder-852007-1-smb devstack@n-api.service[117775]: INFO nova.api.openstack.requestlog [None req-2b5ecaa4-2a5e-4f36-a306-377894d697b0 tempest-VolumesGetTestJSON-489793906 tempest-VolumesGetTestJSON-489793906-project] 10.222.0.36 "GET /compute/v2.1/os-volumes/48b03c55-122c-4908-8e57-b96627c353c7" status: 200 len: 352 microversion: 2.1 time: 0.118854
Aug 05 07:18:53.803543 dv-cinder-852007-1-smb devstack@n-api.service[117775]: [pid: 117775|app: 0|req: 3/5] 10.222.0.36 () {58 vars in 1245 bytes} [Fri Aug 5 07:18:53 2022] GET /compute/v2.1/os-volumes/48b03c55-122c-4908-8e57-b96627c353c7 => generated 352 bytes in 120 msecs (HTTP/1.1 200) 9 headers in 357 bytes (2 switches on core 0)
Aug 05 07:18:54.830218 dv-cinder-852007-1-smb devstack@n-api.service[117774]: DEBUG nova.api.openstack.wsgi [None req-9ed2b324-350f-4a0b-8a3b-f4cbbc051aac tempest-VolumesGetTestJSON-489793906 tempest-VolumesGetTestJSON-489793906-project] Calling method '.version_select at 0x7ff09e7f3d30>' {{(pid=117774) _process_stack /opt/stack/nova/nova/api/openstack/wsgi.py:513}}
Aug 05 07:18:54.923265 dv-cinder-852007-1-smb devstack@n-api.service[117774]: INFO nova.api.openstack.wsgi [None req-9ed2b324-350f-4a0b-8a3b-f4cbbc051aac tempest-VolumesGetTestJSON-489793906 tempest-VolumesGetTestJSON-489793906-project] HTTP exception thrown: Volume 48b03c55-122c-4908-8e57-b96627c353c7 could not be found.
Aug 05 07:18:54.929663 dv-cinder-852007-1-smb devstack@n-api.service[117774]: DEBUG nova.api.openstack.wsgi [None req-9ed2b324-350f-4a0b-8a3b-f4cbbc051aac tempest-VolumesGetTestJSON-489793906 tempest-VolumesGetTestJSON-489793906-project] Request method failure captured:
Aug 05 07:18:54.929663 dv-cinder-852007-1-smb devstack@n-api.service[117774]: request: GET /compute/v2.1/os-volumes/48b03c55-122c-4908-8e57-b96627c353c7 HTTP/1.1
Aug 05 07:18:54.929663 dv-cinder-852007-1-smb devstack@n-api.service[117774]: Accept: application/json
Aug 05 07:18:54.929663 dv-cinder-852007-1-smb devstack@n-api.service[117774]: Accept-Encoding: identity
Aug 05 07:18:54.929663 dv-cinder-852007-1-smb devstack@n-api.service[117774]: Connection: close
Aug 05 07:18:54.929663 dv-cinder-852007-1-smb devstack@n-api.service[117774]: Content-Length: 0
Aug 05 07:18:54.929663 dv-cinder-852007-1-smb devstack@n-api.service[117774]: Content-Type: application/json
Aug 05 07:18:54.929663 dv-cinder-852007-1-smb devstack@n-api.service[117774]: Host: 10.222.0.36
Aug 05 07:18:54.929663 dv-cinder-852007-1-smb devstack@n-api.service[117774]: Openstack-System-Scope: None
Aug 05 07:18:54.929663 dv-cinder-852007-1-smb devstack@n-api.service[117774]: User-Agent: python-urllib3/1.26.11
Aug 05 07:18:54.929663 dv-cinder-852007-1-smb devstack@n-api.service[117774]: X-Auth-Token: gAAAAABi7MRXNB7UVrJkvy19BLbfOYKmm7Qn2gT39YXyrRu5Pk6MIy_xIwIzXIQlEVBGk3VA2b-_U76pw2XLbLoSFgBkHz7ycd93iOaw69GM8ERvI9yuJYcDcFbeKq0_yHG0oIEyNL6J57DlFf5xSFfSN2XGXyAWqKWQF60mnot8GsJKFU1Fleo
Aug 05 07:18:54.929663 dv-cinder-852007-1-smb devstack@n-api.service[117774]: X-Domain-Id: None
Aug 05 07:18:54.929663 dv-cinder-852007-1-smb devstack@n-api.service[117774]: X-Domain-Name: None
Aug 05 07:18:54.929663 dv-cinder-852007-1-smb devstack@n-api.service[117774]: X-Identity-Status: Confirmed
Aug 05 07:18:54.929663 dv-cinder-852007-1-smb devstack@n-api.service[117774]: X-Is-Admin-Project: True
Aug 05 07:18:54.929663 dv-cinder-852007-1-smb devstack@n-api.service[117774]: X-Project-Domain-Id: default
Aug 05 07:18:54.929663 dv-cinder-852007-1-smb devstack@n-api.service[117774]: X-Project-Domain-Name: Default
Aug 05 07:18:54.929663 dv-cinder-852007-1-smb devstack@n-api.service[117774]: X-Project-Id: 28cca3b91b804937b925ee7cb9a70bd7
Aug 05 07:18:54.929663 dv-cinder-852007-1-smb devstack@n-api.service[117774]: X-Project-Name: tempest-VolumesGetTestJSON-489793906
Aug 05 07:18:54.929663 dv-cinder-852007-1-smb devstack@n-api.service[117774]: X-Role: member,reader
Aug 05 07:18:54.929663 dv-cinder-852007-1-smb devstack@n-api.service[117774]: X-Roles: member,reader
Aug 05 07:18:54.931196 dv-cinder-852007-1-smb devstack@n-api.service[117774]: X-Service-Catalog: [{"type": "placement", "name": "placement", "endpoints": [{"region": "RegionOne", "publicURL": "http://10.222.0.36/placement"}]}, {"type": "compute", "name": "nova", "endpoints": [{"region": "RegionOne", "publicURL": "http://10.222.0.36/compute/v2.1"}]}, {"type": "identity", "name": "keystone", "endpoints": [{"region": "RegionOne", "publicURL": "http://10.222.0.36/identity"}]}, {"type": "image", "name": "glance", "endpoints": [{"region": "RegionOne", "publicURL": "http://10.222.0.36/image"}]}, {"type": "object-store", "name": "swift", "endpoints": [{"region": "RegionOne", "publicURL": "http://10.222.0.36:8080/v1/AUTH_28cca3b91b804937b925ee7cb9a70bd7", "adminURL": "http://10.222.0.36:8080"}]}, {"type": "network", "name": "neutron", "endpoints": [{"region": "RegionOne", "publicURL": "http://10.222.0.36:9696/networking"}]}, {"type": "volumev3", "name": "cinderv3", "endpoints": [{"region": "RegionOne", "publicURL": "http://10.222.0.36/volume/v3/28cca3b91b804937b925ee7cb9a70bd7"}]}, {"type": "compute_legacy", "name": "nova_legacy", "endpoints": [{"region": "RegionOne", "publicURL": "http://10.222.0.36/compute/v2/28cca3b91b804937b925ee7cb9a70bd7"}]}, {"type": "block-storage", "name": "cinder", "endpoints": [{"region": "RegionOne", "publicURL": "http://10.222.0.36/volume/v3/28cca3b91b804937b925ee7cb9a70bd7"}]}]
Aug 05 07:18:54.931196 dv-cinder-852007-1-smb devstack@n-api.service[117774]: X-Tenant: tempest-VolumesGetTestJSON-489793906
Aug 05 07:18:54.931196 dv-cinder-852007-1-smb devstack@n-api.service[117774]: X-Tenant-Id: 28cca3b91b804937b925ee7cb9a70bd7
Aug 05 07:18:54.931196 dv-cinder-852007-1-smb devstack@n-api.service[117774]: X-Tenant-Name: tempest-VolumesGetTestJSON-489793906
Aug 05 07:18:54.931196 dv-cinder-852007-1-smb devstack@n-api.service[117774]: X-User: tempest-VolumesGetTestJSON-489793906-project
Aug 05 07:18:54.931196 dv-cinder-852007-1-smb devstack@n-api.service[117774]: X-User-Domain-Id: default
Aug 05 07:18:54.931196 dv-cinder-852007-1-smb devstack@n-api.service[117774]: X-User-Domain-Name: Default
Aug 05 07:18:54.931196 dv-cinder-852007-1-smb devstack@n-api.service[117774]: X-User-Id: e9e75e492c4d45aca753d6541e152ffd
Aug 05 07:18:54.931196 dv-cinder-852007-1-smb devstack@n-api.service[117774]: X-User-Name: tempest-VolumesGetTestJSON-489793906-project
Aug 05 07:18:54.931196 dv-cinder-852007-1-smb devstack@n-api.service[117774]: method:
Aug 05 07:18:54.931196 dv-cinder-852007-1-smb devstack@n-api.service[117774]: exception: Volume 48b03c55-122c-4908-8e57-b96627c353c7 could not be found.
Aug 05 07:18:54.931196 dv-cinder-852007-1-smb devstack@n-api.service[117774]: action_args: {'id': '48b03c55-122c-4908-8e57-b96627c353c7'}
Aug 05 07:18:54.931196 dv-cinder-852007-1-smb devstack@n-api.service[117774]: {{(pid=117774) _process_stack /opt/stack/nova/nova/api/openstack/wsgi.py:541}}
Aug 05 07:18:54.932017 dv-cinder-852007-1-smb devstack@n-api.service[117774]: ERROR nova.api.openstack.wsgi
Traceback (most recent call last):
Aug 05 07:18:54.932017 dv-cinder-852007-1-smb devstack@n-api.service[117774]: ERROR nova.api.openstack.wsgi
File "/opt/stack/nova/nova/volume/cinder.py", line 433, in wrapper
Aug 05 07:18:54.932017 dv-cinder-852007-1-smb devstack@n-api.service[117774]: ERROR nova.api.openstack.wsgi res = method(self, ctx, volume_id, *args, **kwargs)
Aug 05 07:18:54.932017 dv-cinder-852007-1-smb devstack@n-api.service[117774]: ERROR nova.api.openstack.wsgi
File "/opt/stack/nova/nova/volume/cinder.py", line 502, in get
Aug 05 07:18:54.932017 dv-cinder-852007-1-smb devstack@n-api.service[117774]: ERROR nova.api.openstack.wsgi item = cinderclient(
Aug 05 07:18:54.932017 dv-cinder-852007-1-smb devstack@n-api.service[117774]: ERROR nova.api.openstack.wsgi
File "/usr/local/lib/python3.8/dist-packages/cinderclient/v3/volumes_base.py", line 202, in get
Aug 05 07:18:54.932017 dv-cinder-852007-1-smb devstack@n-api.service[117774]: ERROR nova.api.openstack.wsgi return self._get("/volumes/%s" % volume_id, "volume")
Aug 05 07:18:54.932017 dv-cinder-852007-1-smb devstack@n-api.service[117774]: ERROR nova.api.openstack.wsgi
File "/usr/local/lib/python3.8/dist-packages/cinderclient/base.py", line 297, in _get
Aug 05 07:18:54.932017 dv-cinder-852007-1-smb devstack@n-api.service[117774]: ERROR nova.api.openstack.wsgi resp, body = self.api.client.get(url)
Aug 05 07:18:54.932017 dv-cinder-852007-1-smb devstack@n-api.service[117774]: ERROR nova.api.openstack.wsgi
File "/usr/local/lib/python3.8/dist-packages/cinderclient/client.py", line 224, in get
Aug 05 07:18:54.932017 dv-cinder-852007-1-smb devstack@n-api.service[117774]: ERROR nova.api.openstack.wsgi return self._cs_request(url, 'GET', **kwargs)
Aug 05 07:18:54.932017 dv-cinder-852007-1-smb devstack@n-api.service[117774]: ERROR nova.api.openstack.wsgi
File "/usr/local/lib/python3.8/dist-packages/cinderclient/client.py", line 215, in _cs_request
Aug 05 07:18:54.932017 dv-cinder-852007-1-smb devstack@n-api.service[117774]: ERROR nova.api.openstack.wsgi return self.request(url, method, **kwargs)
Aug 05 07:18:54.932017 dv-cinder-852007-1-smb devstack@n-api.service[117774]: ERROR nova.api.openstack.wsgi
File "/usr/local/lib/python3.8/dist-packages/cinderclient/client.py", line 201, in request
Aug 05 07:18:54.932017 dv-cinder-852007-1-smb devstack@n-api.service[117774]: ERROR nova.api.openstack.wsgi raise exceptions.from_response(resp, body)
Aug 05 07:18:54.932017 dv-cinder-852007-1-smb devstack@n-api.service[117774]: ERROR nova.api.openstack.wsgi cinderclient.exceptions.NotFound: Volume 48b03c55-122c-4908-8e57-b96627c353c7 could not be found. (HTTP 404) (Request-ID: req-b3598a60-f739-4718-aa71-47fe7bbb81f5)
Aug 05 07:18:54.932017 dv-cinder-852007-1-smb devstack@n-api.service[117774]: ERROR nova.api.openstack.wsgi
Aug 05 07:18:54.932017 dv-cinder-852007-1-smb devstack@n-api.service[117774]: ERROR nova.api.openstack.wsgi During handling of the above exception, another exception occurred:
Aug 05 07:18:54.932017 dv-cinder-852007-1-smb devstack@n-api.service[117774]: ERROR nova.api.openstack.wsgi
Aug 05 07:18:54.933237 dv-cinder-852007-1-smb devstack@n-api.service[117774]: ERROR nova.api.openstack.wsgi
Traceback (most recent call last):
Aug 05 07:18:54.933237 dv-cinder-852007-1-smb devstack@n-api.service[117774]: ERROR nova.api.openstack.wsgi
File "/opt/stack/nova/nova/api/openstack/compute/volumes.py", line 120, in show
Aug 05 07:18:54.933237 dv-cinder-852007-1-smb devstack@n-api.service[117774]: ERROR nova.api.openstack.wsgi vol = self.volume_api.get(context, id)
Aug 05 07:18:54.933237 dv-cinder-852007-1-smb devstack@n-api.service[117774]: ERROR nova.api.openstack.wsgi
File "/opt/stack/nova/nova/volume/cinder.py", line 395, in wrapper
Aug 05 07:18:54.933237 dv-cinder-852007-1-smb devstack@n-api.service[117774]: ERROR nova.api.openstack.wsgi res = method(self, ctx, *args, **kwargs)
Aug 05 07:18:54.933237 dv-cinder-852007-1-smb devstack@n-api.service[117774]: ERROR nova.api.openstack.wsgi
File "/opt/stack/nova/nova/volume/cinder.py", line 435, in wrapper
Aug 05 07:18:54.933237 dv-cinder-852007-1-smb devstack@n-api.service[117774]: ERROR nova.api.openstack.wsgi _reraise(exception.VolumeNotFound(volume_id=volume_id))
Aug 05 07:18:54.933237 dv-cinder-852007-1-smb devstack@n-api.service[117774]: ERROR nova.api.openstack.wsgi
File "/opt/stack/nova/nova/volume/cinder.py", line 486, in _reraise
Aug 05 07:18:54.933237 dv-cinder-852007-1-smb devstack@n-api.service[117774]: ERROR nova.api.openstack.wsgi raise desired_exc.with_traceback(sys.exc_info()[2])
Aug 05 07:18:54.933237 dv-cinder-852007-1-smb devstack@n-api.service[117774]: ERROR nova.api.openstack.wsgi
File "/opt/stack/nova/nova/volume/cinder.py", line 433, in wrapper
Aug 05 07:18:54.933237 dv-cinder-852007-1-smb devstack@n-api.service[117774]: ERROR nova.api.openstack.wsgi res = method(self, ctx, volume_id, *args, **kwargs)
Aug 05 07:18:54.933237 dv-cinder-852007-1-smb devstack@n-api.service[117774]: ERROR nova.api.openstack.wsgi
File "/opt/stack/nova/nova/volume/cinder.py", line 502, in get
Aug 05 07:18:54.933237 dv-cinder-852007-1-smb devstack@n-api.service[117774]: ERROR nova.api.openstack.wsgi item = cinderclient(
Aug 05 07:18:54.933237 dv-cinder-852007-1-smb devstack@n-api.service[117774]: ERROR nova.api.openstack.wsgi
File "/usr/local/lib/python3.8/dist-packages/cinderclient/v3/volumes_base.py", line 202, in get
Aug 05 07:18:54.933237 dv-cinder-852007-1-smb devstack@n-api.service[117774]: ERROR nova.api.openstack.wsgi return self._get("/volumes/%s" % volume_id, "volume")
Aug 05 07:18:54.933237 dv-cinder-852007-1-smb devstack@n-api.service[117774]: ERROR nova.api.openstack.wsgi
File "/usr/local/lib/python3.8/dist-packages/cinderclient/base.py", line 297, in _get
Aug 05 07:18:54.933237 dv-cinder-852007-1-smb devstack@n-api.service[117774]: ERROR nova.api.openstack.wsgi resp, body = self.api.client.get(url)
Aug 05 07:18:54.933237 dv-cinder-852007-1-smb devstack@n-api.service[117774]: ERROR nova.api.openstack.wsgi
File "/usr/local/lib/python3.8/dist-packages/cinderclient/client.py", line 224, in get
Aug 05 07:18:54.933237 dv-cinder-852007-1-smb devstack@n-api.service[117774]: ERROR nova.api.openstack.wsgi return self._cs_request(url, 'GET', **kwargs)
Aug 05 07:18:54.935430 dv-cinder-852007-1-smb devstack@n-api.service[117774]: ERROR nova.api.openstack.wsgi
File "/usr/local/lib/python3.8/dist-packages/cinderclient/client.py", line 215, in _cs_request
Aug 05 07:18:54.935430 dv-cinder-852007-1-smb devstack@n-api.service[117774]: ERROR nova.api.openstack.wsgi return self.request(url, method, **kwargs)
Aug 05 07:18:54.935430 dv-cinder-852007-1-smb devstack@n-api.service[117774]: ERROR nova.api.openstack.wsgi
File "/usr/local/lib/python3.8/dist-packages/cinderclient/client.py", line 201, in request
Aug 05 07:18:54.935430 dv-cinder-852007-1-smb devstack@n-api.service[117774]: ERROR nova.api.openstack.wsgi raise exceptions.from_response(resp, body)
Aug 05 07:18:54.935430 dv-cinder-852007-1-smb devstack@n-api.service[117774]: ERROR nova.api.openstack.wsgi nova.exception.VolumeNotFound: Volume 48b03c55-122c-4908-8e57-b96627c353c7 could not be found.
Aug 05 07:18:54.935430 dv-cinder-852007-1-smb devstack@n-api.service[117774]: ERROR nova.api.openstack.wsgi
Aug 05 07:18:54.935430 dv-cinder-852007-1-smb devstack@n-api.service[117774]: ERROR nova.api.openstack.wsgi During handling of the above exception, another exception occurred:
Aug 05 07:18:54.935430 dv-cinder-852007-1-smb devstack@n-api.service[117774]: ERROR nova.api.openstack.wsgi
Aug 05 07:18:54.935430 dv-cinder-852007-1-smb devstack@n-api.service[117774]: ERROR nova.api.openstack.wsgi
Traceback (most recent call last):
Aug 05 07:18:54.935430 dv-cinder-852007-1-smb devstack@n-api.service[117774]: ERROR nova.api.openstack.wsgi
File "/opt/stack/nova/nova/api/openstack/wsgi.py", line 539, in _process_stack
Aug 05 07:18:54.935430 dv-cinder-852007-1-smb devstack@n-api.service[117774]: ERROR nova.api.openstack.wsgi action_result = self.dispatch(meth, request, action_args)
Aug 05 07:18:54.935430 dv-cinder-852007-1-smb devstack@n-api.service[117774]: ERROR nova.api.openstack.wsgi
File "/opt/stack/nova/nova/api/openstack/wsgi.py", line 630, in dispatch
Aug 05 07:18:54.935430 dv-cinder-852007-1-smb devstack@n-api.service[117774]: ERROR nova.api.openstack.wsgi return method(req=request, **action_args)
Aug 05 07:18:54.935430 dv-cinder-852007-1-smb devstack@n-api.service[117774]: ERROR nova.api.openstack.wsgi
File "/opt/stack/nova/nova/api/openstack/wsgi.py", line 794, in version_select
Aug 05 07:18:54.935430 dv-cinder-852007-1-smb devstack@n-api.service[117774]: ERROR nova.api.openstack.wsgi return func.func(self, *args, **kwargs)
Aug 05 07:18:54.935430 dv-cinder-852007-1-smb devstack@n-api.service[117774]: ERROR nova.api.openstack.wsgi
File "/opt/stack/nova/nova/api/openstack/wsgi.py", line 664, in wrapped
Aug 05 07:18:54.935430 dv-cinder-852007-1-smb devstack@n-api.service[117774]: ERROR nova.api.openstack.wsgi return f(*args, **kwargs)
Aug 05 07:18:54.935430 dv-cinder-852007-1-smb devstack@n-api.service[117774]: ERROR nova.api.openstack.wsgi
File "/opt/stack/nova/nova/api/openstack/compute/volumes.py", line 122, in show
Aug 05 07:18:54.935430 dv-cinder-852007-1-smb devstack@n-api.service[117774]: ERROR nova.api.openstack.wsgi raise exc.HTTPNotFound(explanation=e.format_message())
Aug 05 07:18:54.937386 dv-cinder-852007-1-smb devstack@n-api.service[117774]: ERROR nova.api.openstack.wsgi webob.exc.HTTPNotFound: Volume 48b03c55-122c-4908-8e57-b96627c353c7 could not be found.
Aug 05 07:18:54.937386 dv-cinder-852007-1-smb devstack@n-api.service[117774]: ERROR nova.api.openstack.wsgi
Aug 05 07:18:54.937386 dv-cinder-852007-1-smb devstack@n-api.service[117774]: ERROR nova.api.openstack.wsgi During handling of the above exception, another exception occurred:
Aug 05 07:18:54.937386 dv-cinder-852007-1-smb devstack@n-api.service[117774]: ERROR nova.api.openstack.wsgi
Aug 05 07:18:54.937386 dv-cinder-852007-1-smb devstack@n-api.service[117774]: ERROR nova.api.openstack.wsgi
Traceback (most recent call last):
Aug 05 07:18:54.937386 dv-cinder-852007-1-smb devstack@n-api.service[117774]: ERROR nova.api.openstack.wsgi
File "/opt/stack/nova/nova/api/openstack/wsgi.py", line 539, in _process_stack
Aug 05 07:18:54.937386 dv-cinder-852007-1-smb devstack@n-api.service[117774]: ERROR nova.api.openstack.wsgi action_result = self.dispatch(meth, request, action_args)
Aug 05 07:18:54.937386 dv-cinder-852007-1-smb devstack@n-api.service[117774]: ERROR nova.api.openstack.wsgi
File "/opt/stack/nova/nova/api/openstack/wsgi.py", line 372, in __exit__
Aug 05 07:18:54.937386 dv-cinder-852007-1-smb devstack@n-api.service[117774]: ERROR nova.api.openstack.wsgi raise Fault(ex_value)
Aug 05 07:18:54.937386 dv-cinder-852007-1-smb devstack@n-api.service[117774]: ERROR nova.api.openstack.wsgi nova.api.openstack.wsgi.Fault: Volume 48b03c55-122c-4908-8e57-b96627c353c7 could not be found.
Aug 05 07:18:54.937386 dv-cinder-852007-1-smb devstack@n-api.service[117774]: ERROR nova.api.openstack.wsgi
Aug 05 07:18:54.937386 dv-cinder-852007-1-smb devstack@n-api.service[117774]: DEBUG nova.api.openstack.wsgi [None req-9ed2b324-350f-4a0b-8a3b-f4cbbc051aac tempest-VolumesGetTestJSON-489793906 tempest-VolumesGetTestJSON-489793906-project] Returning 404 to user: Volume 48b03c55-122c-4908-8e57-b96627c353c7 could not be found. {{(pid=117774) __call__ /opt/stack/nova/nova/api/openstack/wsgi.py:942}}
Aug 05 07:18:54.937386 dv-cinder-852007-1-smb devstack@n-api.service[117774]: INFO nova.api.openstack.requestlog [None req-9ed2b324-350f-4a0b-8a3b-f4cbbc051aac tempest-VolumesGetTestJSON-489793906 tempest-VolumesGetTestJSON-489793906-project] 10.222.0.36 "GET /compute/v2.1/os-volumes/48b03c55-122c-4908-8e57-b96627c353c7" status: 404 len: 109 microversion: 2.1 time: 0.117267
Aug 05 07:18:54.937386 dv-cinder-852007-1-smb devstack@n-api.service[117774]: [pid: 117774|app: 0|req: 3/6] 10.222.0.36 () {58 vars in 1245 bytes} [Fri Aug 5 07:18:54 2022] GET /compute/v2.1/os-volumes/48b03c55-122c-4908-8e57-b96627c353c7 => generated 109 bytes in 120 msecs (HTTP/1.1 404) 9 headers in 379 bytes (2 switches on core 0)
Aug 05 07:18:56.241274 dv-cinder-852007-1-smb devstack@n-api.service[117775]: DEBUG nova.api.openstack.wsgi [None req-1e45fc47-0190-4423-a489-6fb33671a901 tempest-DeleteServersTestJSON-1212016738 tempest-DeleteServersTestJSON-1212016738-project] Action: 'create', calling method: >, body: {"server": {"name": "tempest-DeleteServersTestJSON-server-1069218350", "imageRef": "fd1aaeaa-83d3-4303-8bce-ab3e3fae6134", "flavorRef": "452", "networks": [{"uuid": "4f95abf0-1826-43be-973d-7c9b07470dfc"}]}} {{(pid=117775) _process_stack /opt/stack/nova/nova/api/openstack/wsgi.py:511}}
Aug 05 07:18:56.442237 dv-cinder-852007-1-smb devstack@n-api.service[117775]: DEBUG nova.network.neutron [None req-1e45fc47-0190-4423-a489-6fb33671a901 tempest-DeleteServersTestJSON-1212016738 tempest-DeleteServersTestJSON-1212016738-project] validate_networks() for [('4f95abf0-1826-43be-973d-7c9b07470dfc', None, None, None, None, None)] {{(pid=117775) validate_networks /opt/stack/nova/nova/network/neutron.py:2626}}
Aug 05 07:18:57.974149 dv-cinder-852007-1-smb devstack@n-api.service[117775]: DEBUG nova.virt.hardware [None req-1e45fc47-0190-4423-a489-6fb33671a901 tempest-DeleteServersTestJSON-1212016738 tempest-DeleteServersTestJSON-1212016738-project] Flavor limits 0:0:0 {{(pid=117775) get_cpu_topology_constraints /opt/stack/nova/nova/virt/hardware.py:343}}
Aug 05 07:18:57.975313 dv-cinder-852007-1-smb devstack@n-api.service[117775]: DEBUG nova.virt.hardware [None req-1e45fc47-0190-4423-a489-6fb33671a901 tempest-DeleteServersTestJSON-1212016738 tempest-DeleteServersTestJSON-1212016738-project] Image limits 0:0:0 {{(pid=117775) get_cpu_topology_constraints /opt/stack/nova/nova/virt/hardware.py:347}}
Aug 05 07:18:57.976052 dv-cinder-852007-1-smb devstack@n-api.service[117775]: DEBUG nova.virt.hardware [None req-1e45fc47-0190-4423-a489-6fb33671a901 tempest-DeleteServersTestJSON-1212016738 tempest-DeleteServersTestJSON-1212016738-project] Flavor pref 0:0:0 {{(pid=117775) get_cpu_topology_constraints /opt/stack/nova/nova/virt/hardware.py:383}}
Aug 05 07:18:57.976625 dv-cinder-852007-1-smb devstack@n-api.service[117775]: DEBUG nova.virt.hardware [None req-1e45fc47-0190-4423-a489-6fb33671a901 tempest-DeleteServersTestJSON-1212016738 tempest-DeleteServersTestJSON-1212016738-project] Image pref 0:0:0 {{(pid=117775) get_cpu_topology_constraints /opt/stack/nova/nova/virt/hardware.py:387}}
Aug 05 07:18:57.977185 dv-cinder-852007-1-smb devstack@n-api.service[117775]: DEBUG nova.virt.hardware [None req-1e45fc47-0190-4423-a489-6fb33671a901 tempest-DeleteServersTestJSON-1212016738 tempest-DeleteServersTestJSON-1212016738-project] Chose sockets=0, cores=0, threads=0; limits were sockets=65536, cores=65536, threads=65536 {{(pid=117775) get_cpu_topology_constraints /opt/stack/nova/nova/virt/hardware.py:425}}
Aug 05 07:18:58.013802 dv-cinder-852007-1-smb devstack@n-api.service[117775]: DEBUG oslo_concurrency.lockutils [None req-1e45fc47-0190-4423-a489-6fb33671a901 tempest-DeleteServersTestJSON-1212016738 tempest-DeleteServersTestJSON-1212016738-project] Acquiring lock "00000000-0000-0000-0000-000000000000" by "nova.context.set_target_cell..get_or_set_cached_cell_and_set_connections" {{(pid=117775) inner /usr/local/lib/python3.8/dist-packages/oslo_concurrency/lockutils.py:385}}
Aug 05 07:18:58.014298 dv-cinder-852007-1-smb devstack@n-api.service[117775]: DEBUG oslo_concurrency.lockutils [None req-1e45fc47-0190-4423-a489-6fb33671a901 tempest-DeleteServersTestJSON-1212016738 tempest-DeleteServersTestJSON-1212016738-project] Lock "00000000-0000-0000-0000-000000000000" acquired by "nova.context.set_target_cell..get_or_set_cached_cell_and_set_connections" :: waited 0.001s {{(pid=117775) inner /usr/local/lib/python3.8/dist-packages/oslo_concurrency/lockutils.py:390}}
Aug 05 07:18:58.014736 dv-cinder-852007-1-smb devstack@n-api.service[117775]: DEBUG oslo_concurrency.lockutils [None req-1e45fc47-0190-4423-a489-6fb33671a901 tempest-DeleteServersTestJSON-1212016738 tempest-DeleteServersTestJSON-1212016738-project] Lock "00000000-0000-0000-0000-000000000000" "released" by "nova.context.set_target_cell..get_or_set_cached_cell_and_set_connections" :: held 0.000s {{(pid=117775) inner /usr/local/lib/python3.8/dist-packages/oslo_concurrency/lockutils.py:404}}
Aug 05 07:18:58.015517 dv-cinder-852007-1-smb devstack@n-api.service[117775]: DEBUG oslo_concurrency.lockutils [None req-1e45fc47-0190-4423-a489-6fb33671a901 tempest-DeleteServersTestJSON-1212016738 tempest-DeleteServersTestJSON-1212016738-project] Acquiring lock "97a4681b-0ed1-4144-8ef2-a8af35601556" by "nova.context.set_target_cell..get_or_set_cached_cell_and_set_connections" {{(pid=117775) inner /usr/local/lib/python3.8/dist-packages/oslo_concurrency/lockutils.py:385}}
Aug 05 07:18:58.031914 dv-cinder-852007-1-smb devstack@n-api.service[117775]: DEBUG oslo_concurrency.lockutils [None req-1e45fc47-0190-4423-a489-6fb33671a901 tempest-DeleteServersTestJSON-1212016738 tempest-DeleteServersTestJSON-1212016738-project] Lock "97a4681b-0ed1-4144-8ef2-a8af35601556" acquired by "nova.context.set_target_cell..get_or_set_cached_cell_and_set_connections" :: waited 0.000s {{(pid=117775) inner /usr/local/lib/python3.8/dist-packages/oslo_concurrency/lockutils.py:390}}
Aug 05 07:18:58.035611 dv-cinder-852007-1-smb devstack@n-api.service[117775]: DEBUG oslo_concurrency.lockutils [None req-1e45fc47-0190-4423-a489-6fb33671a901 tempest-DeleteServersTestJSON-1212016738 tempest-DeleteServersTestJSON-1212016738-project] Lock "97a4681b-0ed1-4144-8ef2-a8af35601556" "released" by "nova.context.set_target_cell..get_or_set_cached_cell_and_set_connections" :: held 0.020s {{(pid=117775) inner /usr/local/lib/python3.8/dist-packages/oslo_concurrency/lockutils.py:404}}
Aug 05 07:18:58.113857 dv-cinder-852007-1-smb devstack@n-api.service[117775]: DEBUG nova.quota [None req-1e45fc47-0190-4423-a489-6fb33671a901 tempest-DeleteServersTestJSON-1212016738 tempest-DeleteServersTestJSON-1212016738-project] Getting quotas for project c54f15b2f6fe4f2bbf1beff5839bd422. Resources: {'ram', 'cores', 'instances'} {{(pid=117775) _get_quotas /opt/stack/nova/nova/quota.py:393}}
Aug 05 07:18:58.121754 dv-cinder-852007-1-smb devstack@n-api.service[117775]: DEBUG nova.quota [None req-1e45fc47-0190-4423-a489-6fb33671a901 tempest-DeleteServersTestJSON-1212016738 tempest-DeleteServersTestJSON-1212016738-project] Getting quotas for user bdb89e3be9384a95a937b95a9bf590f4 and project c54f15b2f6fe4f2bbf1beff5839bd422. Resources: {'ram', 'cores', 'instances'} {{(pid=117775) _get_quotas /opt/stack/nova/nova/quota.py:383}}
Aug 05 07:18:58.175210 dv-cinder-852007-1-smb devstack@n-api.service[117775]: DEBUG nova.compute.api [None req-1e45fc47-0190-4423-a489-6fb33671a901 tempest-DeleteServersTestJSON-1212016738 tempest-DeleteServersTestJSON-1212016738-project] Going to run 1 instances... {{(pid=117775) _provision_instances /opt/stack/nova/nova/compute/api.py:1391}}
Aug 05 07:18:58.181147 dv-cinder-852007-1-smb devstack@n-api.service[117775]: DEBUG nova.compute.api [None req-1e45fc47-0190-4423-a489-6fb33671a901 tempest-DeleteServersTestJSON-1212016738 tempest-DeleteServersTestJSON-1212016738-project] [instance: 23cd88b1-3fcd-4eba-8eb1-2a9c1e70ad03] block_device_mapping [BlockDeviceMapping(attachment_id=,boot_index=0,connection_info=None,created_at=,delete_on_termination=True,deleted=,deleted_at=,destination_type='local',device_name=None,device_type='disk',disk_bus=None,guest_format=None,id=,image_id='fd1aaeaa-83d3-4303-8bce-ab3e3fae6134',instance=,instance_uuid=,no_device=False,snapshot_id=None,source_type='image',tag=None,updated_at=,uuid=,volume_id=None,volume_size=None,volume_type=None)] {{(pid=117775) _bdm_validate_set_size_and_instance /opt/stack/nova/nova/compute/api.py:1809}}
Aug 05 07:18:58.371879 dv-cinder-852007-1-smb devstack@n-api.service[117775]: INFO nova.api.openstack.requestlog [None req-1e45fc47-0190-4423-a489-6fb33671a901 tempest-DeleteServersTestJSON-1212016738 tempest-DeleteServersTestJSON-1212016738-project] 10.222.0.36 "POST /compute/v2.1/servers" status: 202 len: 380 microversion: 2.1 time: 2.438859
