Aug 06 12:30:33.930171 dv-cinder-851996-3-smb devstack@c-api.service[110775]: /usr/local/lib/python3.8/dist-packages/oslo_context/context.py:100: DeprecationWarning: Policy enforcement is depending on the value of is_admin. This key is deprecated. Please update your policy file to use the standard policy values.
Aug 06 12:30:33.930171 dv-cinder-851996-3-smb devstack@c-api.service[110775]: warnings.warn('Policy enforcement is depending on the value of '
Aug 06 12:30:33.957239 dv-cinder-851996-3-smb devstack@c-api.service[110775]: DEBUG dbcounter [-] [110775] Writing DB stats cinder:SELECT=71,cinder:UPDATE=18,cinder:INSERT=11 {{(pid=110775) stat_writer /usr/local/lib/python3.8/dist-packages/dbcounter.py:114}}
Aug 06 12:30:33.987052 dv-cinder-851996-3-smb devstack@c-api.service[110775]: INFO cinder.api.openstack.wsgi [None req-dd55c344-78b7-45e4-991e-528fda5fe611 tempest-GroupSnapshotsV319Test-1072149033 tempest-GroupSnapshotsV319Test-1072149033-project-admin] http://10.222.0.25/volume/v3/e0fdb70eb2674910bf660f7d20e3a423/types returned with HTTP 200
Aug 06 12:30:33.995718 dv-cinder-851996-3-smb devstack@c-api.service[110775]: [pid: 110775|app: 0|req: 46/83] 10.222.0.25 () {60 vars in 1229 bytes} [Sat Aug 6 12:30:33 2022] POST /volume/v3/e0fdb70eb2674910bf660f7d20e3a423/types => generated 226 bytes in 845 msecs (HTTP/1.1 200) 7 headers in 285 bytes (1 switches on core 0)
Aug 06 12:30:34.005206 dv-cinder-851996-3-smb devstack@c-api.service[110774]: DEBUG cinder.api.middleware.request_id [None req-5dee0a73-4d11-475e-816e-582361c56f0e None None] RequestId filter calling following filter/app {{(pid=110774) _context_setter /opt/stack/cinder/cinder/api/middleware/request_id.py:62}}
Aug 06 12:30:34.009027 dv-cinder-851996-3-smb devstack@c-api.service[110774]: INFO cinder.api.openstack.wsgi [None req-5dee0a73-4d11-475e-816e-582361c56f0e tempest-GroupSnapshotsV319Test-1072149033 tempest-GroupSnapshotsV319Test-1072149033-project-admin] POST http://10.222.0.25/volume/v3/e0fdb70eb2674910bf660f7d20e3a423/group_types
Aug 06 12:30:34.015162 dv-cinder-851996-3-smb devstack@c-api.service[110774]: DEBUG cinder.api.openstack.wsgi [None req-5dee0a73-4d11-475e-816e-582361c56f0e tempest-GroupSnapshotsV319Test-1072149033 tempest-GroupSnapshotsV319Test-1072149033-project-admin] Action: 'create', calling method: version_select, body: {"group_type": {"name": "tempest-GroupSnapshotsV319Test-group-type-167402694"}} {{(pid=110774) _process_stack /opt/stack/cinder/cinder/api/openstack/wsgi.py:866}}
Aug 06 12:30:34.056118 dv-cinder-851996-3-smb devstack@c-api.service[110774]: DEBUG dbcounter [-] [110774] Writing DB stats cinder:SELECT=92,cinder:UPDATE=3,cinder:INSERT=5 {{(pid=110774) stat_writer /usr/local/lib/python3.8/dist-packages/dbcounter.py:114}}
Aug 06 12:30:34.087683 dv-cinder-851996-3-smb devstack@c-api.service[110774]: INFO cinder.api.openstack.wsgi [None req-5dee0a73-4d11-475e-816e-582361c56f0e tempest-GroupSnapshotsV319Test-1072149033 tempest-GroupSnapshotsV319Test-1072149033-project-admin] http://10.222.0.25/volume/v3/e0fdb70eb2674910bf660f7d20e3a423/group_types returned with HTTP 202
Aug 06 12:30:34.094098 dv-cinder-851996-3-smb devstack@c-api.service[110774]: [pid: 110774|app: 0|req: 38/84] 10.222.0.25 () {62 vars in 1288 bytes} [Sat Aug 6 12:30:34 2022] POST /volume/v3/e0fdb70eb2674910bf660f7d20e3a423/group_types => generated 184 bytes in 91 msecs (HTTP/1.1 202) 7 headers in 292 bytes (2 switches on core 0)
Aug 06 12:30:34.098465 dv-cinder-851996-3-smb devstack@c-api.service[110775]: DEBUG cinder.api.middleware.request_id [None req-25846aea-d20d-4603-8b8d-8921b04781b2 None None] RequestId filter calling following filter/app {{(pid=110775) _context_setter /opt/stack/cinder/cinder/api/middleware/request_id.py:62}}
Aug 06 12:30:34.240065 dv-cinder-851996-3-smb devstack@c-api.service[110774]: DEBUG cinder.api.middleware.request_id [None req-b14bebf9-35fb-46a1-9047-52ba4be19551 None None] RequestId filter calling following filter/app {{(pid=110774) _context_setter /opt/stack/cinder/cinder/api/middleware/request_id.py:62}}
Aug 06 12:30:34.246610 dv-cinder-851996-3-smb devstack@c-api.service[110774]: INFO cinder.api.openstack.wsgi [None req-b14bebf9-35fb-46a1-9047-52ba4be19551 tempest-VolumeQuotasNegativeTestJSON-2128877559 tempest-VolumeQuotasNegativeTestJSON-2128877559-project] GET http://10.222.0.25/volume/v3/425b00eeea3e40cea3bbada26ba432eb/volumes/0cee6f57-9e5a-4720-be3a-2ff096ad8fa5
Aug 06 12:30:34.247513 dv-cinder-851996-3-smb devstack@c-api.service[110774]: DEBUG cinder.api.openstack.wsgi [None req-b14bebf9-35fb-46a1-9047-52ba4be19551 tempest-VolumeQuotasNegativeTestJSON-2128877559 tempest-VolumeQuotasNegativeTestJSON-2128877559-project] Empty body provided in request {{(pid=110774) get_body /opt/stack/cinder/cinder/api/openstack/wsgi.py:715}}
Aug 06 12:30:34.248128 dv-cinder-851996-3-smb devstack@c-api.service[110774]: DEBUG cinder.api.openstack.wsgi [None req-b14bebf9-35fb-46a1-9047-52ba4be19551 tempest-VolumeQuotasNegativeTestJSON-2128877559 tempest-VolumeQuotasNegativeTestJSON-2128877559-project] Calling method 'show' {{(pid=110774) _process_stack /opt/stack/cinder/cinder/api/openstack/wsgi.py:868}}
Aug 06 12:30:34.305425 dv-cinder-851996-3-smb devstack@c-api.service[110774]: /usr/local/lib/python3.8/dist-packages/oslo_context/context.py:100: DeprecationWarning: Policy enforcement is depending on the value of is_admin. This key is deprecated. Please update your policy file to use the standard policy values.
Aug 06 12:30:34.305425 dv-cinder-851996-3-smb devstack@c-api.service[110774]: warnings.warn('Policy enforcement is depending on the value of '
Aug 06 12:30:34.339965 dv-cinder-851996-3-smb devstack@c-api.service[110774]: INFO cinder.volume.api [None req-b14bebf9-35fb-46a1-9047-52ba4be19551 tempest-VolumeQuotasNegativeTestJSON-2128877559 tempest-VolumeQuotasNegativeTestJSON-2128877559-project] Volume info retrieved successfully.
Aug 06 12:30:34.373923 dv-cinder-851996-3-smb devstack@c-api.service[110774]: INFO cinder.api.openstack.wsgi [None req-b14bebf9-35fb-46a1-9047-52ba4be19551 tempest-VolumeQuotasNegativeTestJSON-2128877559 tempest-VolumeQuotasNegativeTestJSON-2128877559-project] http://10.222.0.25/volume/v3/425b00eeea3e40cea3bbada26ba432eb/volumes/0cee6f57-9e5a-4720-be3a-2ff096ad8fa5 returned with HTTP 200
Aug 06 12:30:34.385883 dv-cinder-851996-3-smb devstack@c-api.service[110774]: [pid: 110774|app: 0|req: 39/85] 10.222.0.25 () {58 vars in 1325 bytes} [Sat Aug 6 12:30:34 2022] GET /volume/v3/425b00eeea3e40cea3bbada26ba432eb/volumes/0cee6f57-9e5a-4720-be3a-2ff096ad8fa5 => generated 920 bytes in 147 msecs (HTTP/1.1 200) 7 headers in 285 bytes (1 switches on core 0)
Aug 06 12:30:34.406247 dv-cinder-851996-3-smb devstack@c-api.service[110774]: DEBUG cinder.api.middleware.request_id [None req-47ee1ec8-ae93-45de-b51e-8f830a31fbb6 None None] RequestId filter calling following filter/app {{(pid=110774) _context_setter /opt/stack/cinder/cinder/api/middleware/request_id.py:62}}
Aug 06 12:30:34.412161 dv-cinder-851996-3-smb devstack@c-api.service[110774]: INFO cinder.api.openstack.wsgi [None req-47ee1ec8-ae93-45de-b51e-8f830a31fbb6 tempest-VolumeQuotasNegativeTestJSON-1672623459 tempest-VolumeQuotasNegativeTestJSON-1672623459-project-admin] PUT http://10.222.0.25/volume/v3/5e9deda411164bbba921811431f632fc/os-quota-sets/425b00eeea3e40cea3bbada26ba432eb
Aug 06 12:30:34.413520 dv-cinder-851996-3-smb devstack@c-api.service[110774]: DEBUG cinder.api.openstack.wsgi [None req-47ee1ec8-ae93-45de-b51e-8f830a31fbb6 tempest-VolumeQuotasNegativeTestJSON-1672623459 tempest-VolumeQuotasNegativeTestJSON-1672623459-project-admin] Action: 'update', calling method: update, body: {"quota_set": {"gigabytes": 1, "volumes": -1}} {{(pid=110774) _process_stack /opt/stack/cinder/cinder/api/openstack/wsgi.py:866}}
Aug 06 12:30:34.662637 dv-cinder-851996-3-smb devstack@c-api.service[110774]: WARNING cinder.quota [None req-47ee1ec8-ae93-45de-b51e-8f830a31fbb6 tempest-VolumeQuotasNegativeTestJSON-1672623459 tempest-VolumeQuotasNegativeTestJSON-1672623459-project-admin] Deprecated: Default quota for resource: volumes_tempest-GroupSnapshotsV319Test-volume-type-31829957 is set by the default quota flag: quota_volumes_tempest-GroupSnapshotsV319Test-volume-type-31829957, it is now deprecated. Please use the default quota class for default quota.
Aug 06 12:30:34.663396 dv-cinder-851996-3-smb devstack@c-api.service[110774]: WARNING cinder.quota [None req-47ee1ec8-ae93-45de-b51e-8f830a31fbb6 tempest-VolumeQuotasNegativeTestJSON-1672623459 tempest-VolumeQuotasNegativeTestJSON-1672623459-project-admin] Deprecated: Default quota for resource: gigabytes_tempest-GroupSnapshotsV319Test-volume-type-31829957 is set by the default quota flag: quota_gigabytes_tempest-GroupSnapshotsV319Test-volume-type-31829957, it is now deprecated. Please use the default quota class for default quota.
Aug 06 12:30:34.677097 dv-cinder-851996-3-smb devstack@c-api.service[110774]: WARNING cinder.quota [None req-47ee1ec8-ae93-45de-b51e-8f830a31fbb6 tempest-VolumeQuotasNegativeTestJSON-1672623459 tempest-VolumeQuotasNegativeTestJSON-1672623459-project-admin] Deprecated: Default quota for resource: snapshots_tempest-GroupSnapshotsV319Test-volume-type-31829957 is set by the default quota flag: quota_snapshots_tempest-GroupSnapshotsV319Test-volume-type-31829957, it is now deprecated. Please use the default quota class for default quota.
Aug 06 12:30:34.739928 dv-cinder-851996-3-smb devstack@c-api.service[110774]: INFO cinder.api.openstack.wsgi [None req-47ee1ec8-ae93-45de-b51e-8f830a31fbb6 tempest-VolumeQuotasNegativeTestJSON-1672623459 tempest-VolumeQuotasNegativeTestJSON-1672623459-project-admin] http://10.222.0.25/volume/v3/5e9deda411164bbba921811431f632fc/os-quota-sets/425b00eeea3e40cea3bbada26ba432eb returned with HTTP 200
Aug 06 12:30:34.742938 dv-cinder-851996-3-smb devstack@c-api.service[110774]: [pid: 110774|app: 0|req: 40/86] 10.222.0.25 () {60 vars in 1351 bytes} [Sat Aug 6 12:30:34 2022] PUT /volume/v3/5e9deda411164bbba921811431f632fc/os-quota-sets/425b00eeea3e40cea3bbada26ba432eb => generated 521 bytes in 339 msecs (HTTP/1.1 200) 7 headers in 285 bytes (1 switches on core 0)
Aug 06 12:30:34.754345 dv-cinder-851996-3-smb devstack@c-api.service[110774]: DEBUG cinder.api.middleware.request_id [None req-0b1c3cbc-bb3e-4934-97d5-77fdd4d9066e None None] RequestId filter calling following filter/app {{(pid=110774) _context_setter /opt/stack/cinder/cinder/api/middleware/request_id.py:62}}
Aug 06 12:30:34.773634 dv-cinder-851996-3-smb devstack@c-api.service[110774]: INFO cinder.api.openstack.wsgi [None req-0b1c3cbc-bb3e-4934-97d5-77fdd4d9066e tempest-VolumeQuotasNegativeTestJSON-2128877559 tempest-VolumeQuotasNegativeTestJSON-2128877559-project] POST http://10.222.0.25/volume/v3/425b00eeea3e40cea3bbada26ba432eb/volumes
Aug 06 12:30:34.774393 dv-cinder-851996-3-smb devstack@c-api.service[110774]: DEBUG cinder.api.openstack.wsgi [None req-0b1c3cbc-bb3e-4934-97d5-77fdd4d9066e tempest-VolumeQuotasNegativeTestJSON-2128877559 tempest-VolumeQuotasNegativeTestJSON-2128877559-project] Action: 'create', calling method: create, body: {"volume": {"size": 2}} {{(pid=110774) _process_stack /opt/stack/cinder/cinder/api/openstack/wsgi.py:866}}
Aug 06 12:30:34.782928 dv-cinder-851996-3-smb devstack@c-api.service[110774]: DEBUG cinder.api.v3.volumes [None req-0b1c3cbc-bb3e-4934-97d5-77fdd4d9066e tempest-VolumeQuotasNegativeTestJSON-2128877559 tempest-VolumeQuotasNegativeTestJSON-2128877559-project] Create volume request body: {'volume': {'size': 2}} {{(pid=110774) create /opt/stack/cinder/cinder/api/v3/volumes.py:298}}
Aug 06 12:30:34.783248 dv-cinder-851996-3-smb devstack@c-api.service[110774]: INFO cinder.api.v3.volumes [None req-0b1c3cbc-bb3e-4934-97d5-77fdd4d9066e tempest-VolumeQuotasNegativeTestJSON-2128877559 tempest-VolumeQuotasNegativeTestJSON-2128877559-project] Create volume of 2 GB
Aug 06 12:30:34.831719 dv-cinder-851996-3-smb devstack@c-api.service[110774]: INFO cinder.volume.api [None req-0b1c3cbc-bb3e-4934-97d5-77fdd4d9066e tempest-VolumeQuotasNegativeTestJSON-2128877559 tempest-VolumeQuotasNegativeTestJSON-2128877559-project] Availability Zones retrieved successfully.
Aug 06 12:30:34.850218 dv-cinder-851996-3-smb devstack@c-api.service[110775]: INFO cinder.api.openstack.wsgi [None req-25846aea-d20d-4603-8b8d-8921b04781b2 tempest-GroupSnapshotsV319Test-623149523 tempest-GroupSnapshotsV319Test-623149523-project] POST http://10.222.0.25/volume/v3/3827a0b931644b5eba183e28e3c58c0e/groups
Aug 06 12:30:34.857420 dv-cinder-851996-3-smb devstack@c-api.service[110775]: DEBUG cinder.api.openstack.wsgi [None req-25846aea-d20d-4603-8b8d-8921b04781b2 tempest-GroupSnapshotsV319Test-623149523 tempest-GroupSnapshotsV319Test-623149523-project] Action: 'create', calling method: version_select, body: {"group": {"group_type": "19f2f833-0397-42ac-b05d-10c333dbaf2f", "volume_types": ["0ef06a27-809d-4026-8ef6-ceb27bdc0d78"], "name": "tempest-GroupSnapshotsV319Test-Group-1427319890"}} {{(pid=110775) _process_stack /opt/stack/cinder/cinder/api/openstack/wsgi.py:866}}
Aug 06 12:30:34.860946 dv-cinder-851996-3-smb devstack@c-api.service[110775]: DEBUG cinder.api.v3.groups [None req-25846aea-d20d-4603-8b8d-8921b04781b2 tempest-GroupSnapshotsV319Test-623149523 tempest-GroupSnapshotsV319Test-623149523-project] Creating new group {'group': {'group_type': '19f2f833-0397-42ac-b05d-10c333dbaf2f', 'volume_types': ['0ef06a27-809d-4026-8ef6-ceb27bdc0d78'], 'name': 'tempest-GroupSnapshotsV319Test-Group-1427319890'}} {{(pid=110775) create /opt/stack/cinder/cinder/api/v3/groups.py:190}}
Aug 06 12:30:34.882318 dv-cinder-851996-3-smb devstack@c-api.service[110775]: INFO cinder.api.v3.groups [None req-25846aea-d20d-4603-8b8d-8921b04781b2 tempest-GroupSnapshotsV319Test-623149523 tempest-GroupSnapshotsV319Test-623149523-project] Creating group tempest-GroupSnapshotsV319Test-Group-1427319890.
Aug 06 12:30:34.915904 dv-cinder-851996-3-smb devstack@c-api.service[110774]: DEBUG cinder.volume.api [None req-0b1c3cbc-bb3e-4934-97d5-77fdd4d9066e tempest-VolumeQuotasNegativeTestJSON-2128877559 tempest-VolumeQuotasNegativeTestJSON-2128877559-project] Flow 'volume_create_api' (632d7e84-81ad-4c53-8f22-fe1236c2ce67) transitioned into state 'RUNNING' from state 'PENDING' {{(pid=110774) _flow_receiver /usr/local/lib/python3.8/dist-packages/taskflow/listeners/logging.py:141}}
Aug 06 12:30:34.925350 dv-cinder-851996-3-smb devstack@c-api.service[110774]: DEBUG cinder.volume.api [None req-0b1c3cbc-bb3e-4934-97d5-77fdd4d9066e tempest-VolumeQuotasNegativeTestJSON-2128877559 tempest-VolumeQuotasNegativeTestJSON-2128877559-project] Task 'cinder.volume.flows.api.create_volume.ExtractVolumeRequestTask;volume:create' (7e78520f-f0ed-4b57-9ac3-981c32e05687) transitioned into state 'RUNNING' from state 'PENDING' {{(pid=110774) _task_receiver /usr/local/lib/python3.8/dist-packages/taskflow/listeners/logging.py:190}}
Aug 06 12:30:34.943135 dv-cinder-851996-3-smb devstack@c-api.service[110775]: DEBUG cinder.volume.api [None req-25846aea-d20d-4603-8b8d-8921b04781b2 tempest-GroupSnapshotsV319Test-623149523 tempest-GroupSnapshotsV319Test-623149523-project] Availability zone cache updated, next update will occur around 2022-08-06 13:30:34.942219. {{(pid=110775) list_availability_zones /opt/stack/cinder/cinder/volume/api.py:153}}
Aug 06 12:30:34.944110 dv-cinder-851996-3-smb devstack@c-api.service[110775]: INFO cinder.volume.api [None req-25846aea-d20d-4603-8b8d-8921b04781b2 tempest-GroupSnapshotsV319Test-623149523 tempest-GroupSnapshotsV319Test-623149523-project] Availability Zones retrieved successfully.
Aug 06 12:30:34.947832 dv-cinder-851996-3-smb devstack@c-api.service[110774]: DEBUG cinder.volume.flows.api.create_volume [None req-0b1c3cbc-bb3e-4934-97d5-77fdd4d9066e tempest-VolumeQuotasNegativeTestJSON-2128877559 tempest-VolumeQuotasNegativeTestJSON-2128877559-project] Validating volume size '2' using validate_int {{(pid=110774) _extract_size /opt/stack/cinder/cinder/volume/flows/api/create_volume.py:228}}
Aug 06 12:30:35.023437 dv-cinder-851996-3-smb devstack@c-api.service[110775]: DEBUG cinder.quota [None req-25846aea-d20d-4603-8b8d-8921b04781b2 tempest-GroupSnapshotsV319Test-623149523 tempest-GroupSnapshotsV319Test-623149523-project] Created reservations ['8ac11d5f-2852-4152-aa42-6f45f3510642'] {{(pid=110775) reserve /opt/stack/cinder/cinder/quota.py:755}}
Aug 06 12:30:35.103716 dv-cinder-851996-3-smb devstack@c-api.service[110774]: DEBUG cinder.volume.api [None req-0b1c3cbc-bb3e-4934-97d5-77fdd4d9066e tempest-VolumeQuotasNegativeTestJSON-2128877559 tempest-VolumeQuotasNegativeTestJSON-2128877559-project] Task 'cinder.volume.flows.api.create_volume.ExtractVolumeRequestTask;volume:create' (7e78520f-f0ed-4b57-9ac3-981c32e05687) transitioned into state 'SUCCESS' from state 'RUNNING' with result '{'size': 2, 'snapshot_id': None, 'source_volid': None, 'volume_type': VolumeType(created_at=2022-08-06T12:20:42Z,deleted=False,deleted_at=None,description='Default Volume Type',extra_specs={},id=25e48cc0-cb91-40e6-90b2-e99040c7bdad,is_public=True,name='__DEFAULT__',projects=[],qos_specs=,qos_specs_id=None,updated_at=2022-08-06T12:20:42Z), 'volume_type_id': '25e48cc0-cb91-40e6-90b2-e99040c7bdad', 'encryption_key_id': None, 'qos_specs': None, 'consistencygroup_id': None, 'cgsnapshot_id': None, 'group_id': None, 'replication_status': 'disabled', 'refresh_az': False, 'backup_id': None, 'multiattach': False, 'availability_zones': ['nova']}' {{(pid=110774) _task_receiver /usr/local/lib/python3.8/dist-packages/taskflow/listeners/logging.py:178}}
Aug 06 12:30:35.105699 dv-cinder-851996-3-smb devstack@c-api.service[110774]: DEBUG cinder.volume.api [None req-0b1c3cbc-bb3e-4934-97d5-77fdd4d9066e tempest-VolumeQuotasNegativeTestJSON-2128877559 tempest-VolumeQuotasNegativeTestJSON-2128877559-project] Task 'cinder.volume.flows.api.create_volume.QuotaReserveTask;volume:create' (d8694851-c31a-43a4-8510-1a98df12795d) transitioned into state 'RUNNING' from state 'PENDING' {{(pid=110774) _task_receiver /usr/local/lib/python3.8/dist-packages/taskflow/listeners/logging.py:190}}
Aug 06 12:30:35.126586 dv-cinder-851996-3-smb devstack@c-api.service[110775]: INFO cinder.api.openstack.wsgi [None req-25846aea-d20d-4603-8b8d-8921b04781b2 tempest-GroupSnapshotsV319Test-623149523 tempest-GroupSnapshotsV319Test-623149523-project] http://10.222.0.25/volume/v3/3827a0b931644b5eba183e28e3c58c0e/groups returned with HTTP 202
Aug 06 12:30:35.130151 dv-cinder-851996-3-smb devstack@c-api.service[110775]: [pid: 110775|app: 0|req: 47/87] 10.222.0.25 () {62 vars in 1274 bytes} [Sat Aug 6 12:30:34 2022] POST /volume/v3/3827a0b931644b5eba183e28e3c58c0e/groups => generated 116 bytes in 1036 msecs (HTTP/1.1 202) 7 headers in 292 bytes (2 switches on core 0)
Aug 06 12:30:35.137237 dv-cinder-851996-3-smb devstack@c-api.service[110775]: DEBUG cinder.api.middleware.request_id [None req-5f0e5599-d869-401c-a1c6-56eb44432e70 None None] RequestId filter calling following filter/app {{(pid=110775) _context_setter /opt/stack/cinder/cinder/api/middleware/request_id.py:62}}
Aug 06 12:30:35.154943 dv-cinder-851996-3-smb devstack@c-api.service[110775]: INFO cinder.api.openstack.wsgi [None req-5f0e5599-d869-401c-a1c6-56eb44432e70 tempest-GroupSnapshotsV319Test-623149523 tempest-GroupSnapshotsV319Test-623149523-project] GET http://10.222.0.25/volume/v3/3827a0b931644b5eba183e28e3c58c0e/groups/ddac7023-7056-4976-b739-9b3c20350052
Aug 06 12:30:35.156520 dv-cinder-851996-3-smb devstack@c-api.service[110775]: DEBUG cinder.api.openstack.wsgi [None req-5f0e5599-d869-401c-a1c6-56eb44432e70 tempest-GroupSnapshotsV319Test-623149523 tempest-GroupSnapshotsV319Test-623149523-project] Empty body provided in request {{(pid=110775) get_body /opt/stack/cinder/cinder/api/openstack/wsgi.py:715}}
Aug 06 12:30:35.158081 dv-cinder-851996-3-smb devstack@c-api.service[110775]: DEBUG cinder.api.openstack.wsgi [None req-5f0e5599-d869-401c-a1c6-56eb44432e70 tempest-GroupSnapshotsV319Test-623149523 tempest-GroupSnapshotsV319Test-623149523-project] Calling method 'version_select' {{(pid=110775) _process_stack /opt/stack/cinder/cinder/api/openstack/wsgi.py:868}}
Aug 06 12:30:35.163589 dv-cinder-851996-3-smb devstack@c-api.service[110775]: DEBUG cinder.api.v3.groups [None req-5f0e5599-d869-401c-a1c6-56eb44432e70 tempest-GroupSnapshotsV319Test-623149523 tempest-GroupSnapshotsV319Test-623149523-project] show called for member ddac7023-7056-4976-b739-9b3c20350052 {{(pid=110775) show /opt/stack/cinder/cinder/api/v3/groups.py:58}}
Aug 06 12:30:35.187977 dv-cinder-851996-3-smb devstack@c-api.service[110775]: /usr/local/lib/python3.8/dist-packages/oslo_context/context.py:100: DeprecationWarning: Policy enforcement is depending on the value of is_admin. This key is deprecated. Please update your policy file to use the standard policy values.
Aug 06 12:30:35.187977 dv-cinder-851996-3-smb devstack@c-api.service[110775]: warnings.warn('Policy enforcement is depending on the value of '
Aug 06 12:30:35.286569 dv-cinder-851996-3-smb devstack@c-api.service[110774]: WARNING cinder.quota_utils [None req-0b1c3cbc-bb3e-4934-97d5-77fdd4d9066e tempest-VolumeQuotasNegativeTestJSON-2128877559 tempest-VolumeQuotasNegativeTestJSON-2128877559-project] Quota exceeded for 425b00eeea3e40cea3bbada26ba432eb, tried to create 2G volume (1G of 1G already consumed).: cinder.exception.OverQuota: Quota exceeded for resources: ['gigabytes']
Aug 06 12:30:35.302762 dv-cinder-851996-3-smb devstack@c-api.service[110774]: WARNING cinder.volume.api [None req-0b1c3cbc-bb3e-4934-97d5-77fdd4d9066e tempest-VolumeQuotasNegativeTestJSON-2128877559 tempest-VolumeQuotasNegativeTestJSON-2128877559-project] Task 'cinder.volume.flows.api.create_volume.QuotaReserveTask;volume:create' (d8694851-c31a-43a4-8510-1a98df12795d) transitioned into state 'FAILURE' from state 'RUNNING'
Aug 06 12:30:35.302762 dv-cinder-851996-3-smb devstack@c-api.service[110774]: Failure: cinder.exception.VolumeSizeExceedsAvailableQuota: Requested volume or snapshot exceeds allowed gigabytes quota. Requested 2G, quota is 1G and 1G has been consumed.
Aug 06 12:30:35.327633 dv-cinder-851996-3-smb devstack@c-api.service[110774]: DEBUG cinder.volume.api [None req-0b1c3cbc-bb3e-4934-97d5-77fdd4d9066e tempest-VolumeQuotasNegativeTestJSON-2128877559 tempest-VolumeQuotasNegativeTestJSON-2128877559-project] Task 'cinder.volume.flows.api.create_volume.QuotaReserveTask;volume:create' (d8694851-c31a-43a4-8510-1a98df12795d) transitioned into state 'REVERTING' from state 'FAILURE' {{(pid=110774) _task_receiver /usr/local/lib/python3.8/dist-packages/taskflow/listeners/logging.py:190}}
Aug 06 12:30:35.334452 dv-cinder-851996-3-smb devstack@c-api.service[110774]: WARNING cinder.volume.api [None req-0b1c3cbc-bb3e-4934-97d5-77fdd4d9066e tempest-VolumeQuotasNegativeTestJSON-2128877559 tempest-VolumeQuotasNegativeTestJSON-2128877559-project] Task 'cinder.volume.flows.api.create_volume.QuotaReserveTask;volume:create' (d8694851-c31a-43a4-8510-1a98df12795d) transitioned into state 'REVERTED' from state 'REVERTING' with result 'None'
Aug 06 12:30:35.339366 dv-cinder-851996-3-smb devstack@c-api.service[110775]: INFO cinder.api.openstack.wsgi [None req-5f0e5599-d869-401c-a1c6-56eb44432e70 tempest-GroupSnapshotsV319Test-623149523 tempest-GroupSnapshotsV319Test-623149523-project] http://10.222.0.25/volume/v3/3827a0b931644b5eba183e28e3c58c0e/groups/ddac7023-7056-4976-b739-9b3c20350052 returned with HTTP 200
Aug 06 12:30:35.342444 dv-cinder-851996-3-smb devstack@c-api.service[110775]: [pid: 110775|app: 0|req: 48/88] 10.222.0.25 () {60 vars in 1363 bytes} [Sat Aug 6 12:30:35 2022] GET /volume/v3/3827a0b931644b5eba183e28e3c58c0e/groups/ddac7023-7056-4976-b739-9b3c20350052 => generated 396 bytes in 206 msecs (HTTP/1.1 200) 7 headers in 286 bytes (1 switches on core 0)
Aug 06 12:30:35.347978 dv-cinder-851996-3-smb devstack@c-api.service[110774]: DEBUG cinder.volume.api [None req-0b1c3cbc-bb3e-4934-97d5-77fdd4d9066e tempest-VolumeQuotasNegativeTestJSON-2128877559 tempest-VolumeQuotasNegativeTestJSON-2128877559-project] Task 'cinder.volume.flows.api.create_volume.ExtractVolumeRequestTask;volume:create' (7e78520f-f0ed-4b57-9ac3-981c32e05687) transitioned into state 'REVERTING' from state 'SUCCESS' {{(pid=110774) _task_receiver /usr/local/lib/python3.8/dist-packages/taskflow/listeners/logging.py:190}}
Aug 06 12:30:35.357035 dv-cinder-851996-3-smb devstack@c-api.service[110774]: WARNING cinder.volume.api [None req-0b1c3cbc-bb3e-4934-97d5-77fdd4d9066e tempest-VolumeQuotasNegativeTestJSON-2128877559 tempest-VolumeQuotasNegativeTestJSON-2128877559-project] Task 'cinder.volume.flows.api.create_volume.ExtractVolumeRequestTask;volume:create' (7e78520f-f0ed-4b57-9ac3-981c32e05687) transitioned into state 'REVERTED' from state 'REVERTING' with result 'None'
Aug 06 12:30:35.362731 dv-cinder-851996-3-smb devstack@c-api.service[110774]: WARNING cinder.volume.api [None req-0b1c3cbc-bb3e-4934-97d5-77fdd4d9066e tempest-VolumeQuotasNegativeTestJSON-2128877559 tempest-VolumeQuotasNegativeTestJSON-2128877559-project] Flow 'volume_create_api' (632d7e84-81ad-4c53-8f22-fe1236c2ce67) transitioned into state 'REVERTED' from state 'RUNNING'
Aug 06 12:30:35.366365 dv-cinder-851996-3-smb devstack@c-api.service[110774]: INFO cinder.api.middleware.fault [None req-0b1c3cbc-bb3e-4934-97d5-77fdd4d9066e tempest-VolumeQuotasNegativeTestJSON-2128877559 tempest-VolumeQuotasNegativeTestJSON-2128877559-project] http://10.222.0.25/volume/v3/425b00eeea3e40cea3bbada26ba432eb/volumes returned with HTTP 413
Aug 06 12:30:35.373943 dv-cinder-851996-3-smb devstack@c-api.service[110774]: [pid: 110774|app: 0|req: 41/89] 10.222.0.25 () {60 vars in 1235 bytes} [Sat Aug 6 12:30:34 2022] POST /volume/v3/425b00eeea3e40cea3bbada26ba432eb/volumes => generated 208 bytes in 623 msecs (HTTP/1.1 413) 8 headers in 323 bytes (1 switches on core 0)
Aug 06 12:30:35.382312 dv-cinder-851996-3-smb devstack@c-api.service[110775]: DEBUG cinder.api.middleware.request_id [None req-7650689f-2960-4515-b988-cd5d2a23545b None None] RequestId filter calling following filter/app {{(pid=110775) _context_setter /opt/stack/cinder/cinder/api/middleware/request_id.py:62}}
Aug 06 12:30:35.388287 dv-cinder-851996-3-smb devstack@c-api.service[110775]: INFO cinder.api.openstack.wsgi [None req-7650689f-2960-4515-b988-cd5d2a23545b tempest-VolumeQuotasNegativeTestJSON-1672623459 tempest-VolumeQuotasNegativeTestJSON-1672623459-project-admin] PUT http://10.222.0.25/volume/v3/5e9deda411164bbba921811431f632fc/os-quota-sets/425b00eeea3e40cea3bbada26ba432eb
Aug 06 12:30:35.389827 dv-cinder-851996-3-smb devstack@c-api.service[110775]: DEBUG cinder.api.openstack.wsgi [None req-7650689f-2960-4515-b988-cd5d2a23545b tempest-VolumeQuotasNegativeTestJSON-1672623459 tempest-VolumeQuotasNegativeTestJSON-1672623459-project-admin] Action: 'update', calling method: update, body: {"quota_set": {"volumes": 1, "gigabytes": -1}} {{(pid=110775) _process_stack /opt/stack/cinder/cinder/api/openstack/wsgi.py:866}}
Aug 06 12:30:35.424600 dv-cinder-851996-3-smb devstack@c-api.service[110775]: /usr/local/lib/python3.8/dist-packages/oslo_context/context.py:100: DeprecationWarning: Policy enforcement is depending on the value of is_admin. This key is deprecated. Please update your policy file to use the standard policy values.
Aug 06 12:30:35.424600 dv-cinder-851996-3-smb devstack@c-api.service[110775]: warnings.warn('Policy enforcement is depending on the value of '
Aug 06 12:30:35.547656 dv-cinder-851996-3-smb devstack@c-api.service[110775]: WARNING cinder.quota [None req-7650689f-2960-4515-b988-cd5d2a23545b tempest-VolumeQuotasNegativeTestJSON-1672623459 tempest-VolumeQuotasNegativeTestJSON-1672623459-project-admin] Deprecated: Default quota for resource: backups is set by the default quota flag: quota_backups, it is now deprecated. Please use the default quota class for default quota.
Aug 06 12:30:35.551316 dv-cinder-851996-3-smb devstack@c-api.service[110775]: WARNING cinder.quota [None req-7650689f-2960-4515-b988-cd5d2a23545b tempest-VolumeQuotasNegativeTestJSON-1672623459 tempest-VolumeQuotasNegativeTestJSON-1672623459-project-admin] Deprecated: Default quota for resource: backup_gigabytes is set by the default quota flag: quota_backup_gigabytes, it is now deprecated. Please use the default quota class for default quota.
Aug 06 12:30:35.553577 dv-cinder-851996-3-smb devstack@c-api.service[110775]: WARNING cinder.quota [None req-7650689f-2960-4515-b988-cd5d2a23545b tempest-VolumeQuotasNegativeTestJSON-1672623459 tempest-VolumeQuotasNegativeTestJSON-1672623459-project-admin] Deprecated: Default quota for resource: volumes_tempest-GroupSnapshotsV319Test-volume-type-31829957 is set by the default quota flag: quota_volumes_tempest-GroupSnapshotsV319Test-volume-type-31829957, it is now deprecated. Please use the default quota class for default quota.
Aug 06 12:30:35.555494 dv-cinder-851996-3-smb devstack@c-api.service[110775]: WARNING cinder.quota [None req-7650689f-2960-4515-b988-cd5d2a23545b tempest-VolumeQuotasNegativeTestJSON-1672623459 tempest-VolumeQuotasNegativeTestJSON-1672623459-project-admin] Deprecated: Default quota for resource: gigabytes_tempest-GroupSnapshotsV319Test-volume-type-31829957 is set by the default quota flag: quota_gigabytes_tempest-GroupSnapshotsV319Test-volume-type-31829957, it is now deprecated. Please use the default quota class for default quota.
Aug 06 12:30:35.556938 dv-cinder-851996-3-smb devstack@c-api.service[110775]: WARNING cinder.quota [None req-7650689f-2960-4515-b988-cd5d2a23545b tempest-VolumeQuotasNegativeTestJSON-1672623459 tempest-VolumeQuotasNegativeTestJSON-1672623459-project-admin] Deprecated: Default quota for resource: snapshots_tempest-GroupSnapshotsV319Test-volume-type-31829957 is set by the default quota flag: quota_snapshots_tempest-GroupSnapshotsV319Test-volume-type-31829957, it is now deprecated. Please use the default quota class for default quota.
Aug 06 12:30:35.557847 dv-cinder-851996-3-smb devstack@c-api.service[110775]: WARNING cinder.quota [None req-7650689f-2960-4515-b988-cd5d2a23545b tempest-VolumeQuotasNegativeTestJSON-1672623459 tempest-VolumeQuotasNegativeTestJSON-1672623459-project-admin] Deprecated: Default quota for resource: volumes_lvmdriver-1 is set by the default quota flag: quota_volumes_lvmdriver-1, it is now deprecated. Please use the default quota class for default quota.
Aug 06 12:30:35.558783 dv-cinder-851996-3-smb devstack@c-api.service[110775]: WARNING cinder.quota [None req-7650689f-2960-4515-b988-cd5d2a23545b tempest-VolumeQuotasNegativeTestJSON-1672623459 tempest-VolumeQuotasNegativeTestJSON-1672623459-project-admin] Deprecated: Default quota for resource: gigabytes_lvmdriver-1 is set by the default quota flag: quota_gigabytes_lvmdriver-1, it is now deprecated. Please use the default quota class for default quota.
Aug 06 12:30:35.559944 dv-cinder-851996-3-smb devstack@c-api.service[110775]: WARNING cinder.quota [None req-7650689f-2960-4515-b988-cd5d2a23545b tempest-VolumeQuotasNegativeTestJSON-1672623459 tempest-VolumeQuotasNegativeTestJSON-1672623459-project-admin] Deprecated: Default quota for resource: snapshots_lvmdriver-1 is set by the default quota flag: quota_snapshots_lvmdriver-1, it is now deprecated. Please use the default quota class for default quota.
Aug 06 12:30:35.576750 dv-cinder-851996-3-smb devstack@c-api.service[110775]: WARNING cinder.quota [None req-7650689f-2960-4515-b988-cd5d2a23545b tempest-VolumeQuotasNegativeTestJSON-1672623459 tempest-VolumeQuotasNegativeTestJSON-1672623459-project-admin] Deprecated: Default quota for resource: snapshots___DEFAULT__ is set by the default quota flag: quota_snapshots___DEFAULT__, it is now deprecated. Please use the default quota class for default quota.
Aug 06 12:30:35.623328 dv-cinder-851996-3-smb devstack@c-api.service[110775]: INFO cinder.api.openstack.wsgi [None req-7650689f-2960-4515-b988-cd5d2a23545b tempest-VolumeQuotasNegativeTestJSON-1672623459 tempest-VolumeQuotasNegativeTestJSON-1672623459-project-admin] http://10.222.0.25/volume/v3/5e9deda411164bbba921811431f632fc/os-quota-sets/425b00eeea3e40cea3bbada26ba432eb returned with HTTP 200
Aug 06 12:30:35.633897 dv-cinder-851996-3-smb devstack@c-api.service[110774]: DEBUG cinder.api.middleware.request_id [None req-b8d543d8-8a66-4627-9eb4-087d3e2b841a None None] RequestId filter calling following filter/app {{(pid=110774) _context_setter /opt/stack/cinder/cinder/api/middleware/request_id.py:62}}
Aug 06 12:30:35.634402 dv-cinder-851996-3-smb devstack@c-api.service[110775]: [pid: 110775|app: 0|req: 49/90] 10.222.0.25 () {60 vars in 1351 bytes} [Sat Aug 6 12:30:35 2022] PUT /volume/v3/5e9deda411164bbba921811431f632fc/os-quota-sets/425b00eeea3e40cea3bbada26ba432eb => generated 521 bytes in 253 msecs (HTTP/1.1 200) 7 headers in 285 bytes (1 switches on core 0)
Aug 06 12:30:35.639330 dv-cinder-851996-3-smb devstack@c-api.service[110774]: INFO cinder.api.openstack.wsgi [None req-b8d543d8-8a66-4627-9eb4-087d3e2b841a tempest-VolumeQuotasNegativeTestJSON-2128877559 tempest-VolumeQuotasNegativeTestJSON-2128877559-project] POST http://10.222.0.25/volume/v3/425b00eeea3e40cea3bbada26ba432eb/volumes
Aug 06 12:30:35.640071 dv-cinder-851996-3-smb devstack@c-api.service[110774]: DEBUG cinder.api.openstack.wsgi [None req-b8d543d8-8a66-4627-9eb4-087d3e2b841a tempest-VolumeQuotasNegativeTestJSON-2128877559 tempest-VolumeQuotasNegativeTestJSON-2128877559-project] Action: 'create', calling method: create, body: {"volume": {"size": 1}} {{(pid=110774) _process_stack /opt/stack/cinder/cinder/api/openstack/wsgi.py:866}}
Aug 06 12:30:35.642240 dv-cinder-851996-3-smb devstack@c-api.service[110774]: DEBUG cinder.api.v3.volumes [None req-b8d543d8-8a66-4627-9eb4-087d3e2b841a tempest-VolumeQuotasNegativeTestJSON-2128877559 tempest-VolumeQuotasNegativeTestJSON-2128877559-project] Create volume request body: {'volume': {'size': 1}} {{(pid=110774) create /opt/stack/cinder/cinder/api/v3/volumes.py:298}}
Aug 06 12:30:35.642555 dv-cinder-851996-3-smb devstack@c-api.service[110774]: INFO cinder.api.v3.volumes [None req-b8d543d8-8a66-4627-9eb4-087d3e2b841a tempest-VolumeQuotasNegativeTestJSON-2128877559 tempest-VolumeQuotasNegativeTestJSON-2128877559-project] Create volume of 1 GB
Aug 06 12:30:35.647568 dv-cinder-851996-3-smb devstack@c-api.service[110774]: /usr/local/lib/python3.8/dist-packages/oslo_context/context.py:100: DeprecationWarning: Policy enforcement is depending on the value of is_admin. This key is deprecated. Please update your policy file to use the standard policy values.
Aug 06 12:30:35.647568 dv-cinder-851996-3-smb devstack@c-api.service[110774]: warnings.warn('Policy enforcement is depending on the value of '
Aug 06 12:30:35.675775 dv-cinder-851996-3-smb devstack@c-api.service[110774]: INFO cinder.volume.api [None req-b8d543d8-8a66-4627-9eb4-087d3e2b841a tempest-VolumeQuotasNegativeTestJSON-2128877559 tempest-VolumeQuotasNegativeTestJSON-2128877559-project] Availability Zones retrieved successfully.
Aug 06 12:30:35.738992 dv-cinder-851996-3-smb devstack@c-api.service[110774]: DEBUG cinder.volume.api [None req-b8d543d8-8a66-4627-9eb4-087d3e2b841a tempest-VolumeQuotasNegativeTestJSON-2128877559 tempest-VolumeQuotasNegativeTestJSON-2128877559-project] Flow 'volume_create_api' (95688ea2-e027-43fd-9b64-f608e5b3e406) transitioned into state 'RUNNING' from state 'PENDING' {{(pid=110774) _flow_receiver /usr/local/lib/python3.8/dist-packages/taskflow/listeners/logging.py:141}}
Aug 06 12:30:35.751110 dv-cinder-851996-3-smb devstack@c-api.service[110774]: DEBUG cinder.volume.api [None req-b8d543d8-8a66-4627-9eb4-087d3e2b841a tempest-VolumeQuotasNegativeTestJSON-2128877559 tempest-VolumeQuotasNegativeTestJSON-2128877559-project] Task 'cinder.volume.flows.api.create_volume.ExtractVolumeRequestTask;volume:create' (ebda96de-f6d8-4faa-8a35-f5d48bf323ab) transitioned into state 'RUNNING' from state 'PENDING' {{(pid=110774) _task_receiver /usr/local/lib/python3.8/dist-packages/taskflow/listeners/logging.py:190}}
Aug 06 12:30:35.760421 dv-cinder-851996-3-smb devstack@c-api.service[110774]: DEBUG cinder.volume.flows.api.create_volume [None req-b8d543d8-8a66-4627-9eb4-087d3e2b841a tempest-VolumeQuotasNegativeTestJSON-2128877559 tempest-VolumeQuotasNegativeTestJSON-2128877559-project] Validating volume size '1' using validate_int {{(pid=110774) _extract_size /opt/stack/cinder/cinder/volume/flows/api/create_volume.py:228}}
Aug 06 12:30:35.868291 dv-cinder-851996-3-smb devstack@c-api.service[110774]: DEBUG cinder.volume.api [None req-b8d543d8-8a66-4627-9eb4-087d3e2b841a tempest-VolumeQuotasNegativeTestJSON-2128877559 tempest-VolumeQuotasNegativeTestJSON-2128877559-project] Task 'cinder.volume.flows.api.create_volume.ExtractVolumeRequestTask;volume:create' (ebda96de-f6d8-4faa-8a35-f5d48bf323ab) transitioned into state 'SUCCESS' from state 'RUNNING' with result '{'size': 1, 'snapshot_id': None, 'source_volid': None, 'volume_type': VolumeType(created_at=2022-08-06T12:20:42Z,deleted=False,deleted_at=None,description='Default Volume Type',extra_specs={},id=25e48cc0-cb91-40e6-90b2-e99040c7bdad,is_public=True,name='__DEFAULT__',projects=[],qos_specs=,qos_specs_id=None,updated_at=2022-08-06T12:20:42Z), 'volume_type_id': '25e48cc0-cb91-40e6-90b2-e99040c7bdad', 'encryption_key_id': None, 'qos_specs': None, 'consistencygroup_id': None, 'cgsnapshot_id': None, 'group_id': None, 'replication_status': 'disabled', 'refresh_az': False, 'backup_id': None, 'multiattach': False, 'availability_zones': ['nova']}' {{(pid=110774) _task_receiver /usr/local/lib/python3.8/dist-packages/taskflow/listeners/logging.py:178}}
Aug 06 12:30:35.870591 dv-cinder-851996-3-smb devstack@c-api.service[110774]: DEBUG cinder.volume.api [None req-b8d543d8-8a66-4627-9eb4-087d3e2b841a tempest-VolumeQuotasNegativeTestJSON-2128877559 tempest-VolumeQuotasNegativeTestJSON-2128877559-project] Task 'cinder.volume.flows.api.create_volume.QuotaReserveTask;volume:create' (42004532-3b61-4334-8820-124f4ce58928) transitioned into state 'RUNNING' from state 'PENDING' {{(pid=110774) _task_receiver /usr/local/lib/python3.8/dist-packages/taskflow/listeners/logging.py:190}}
Aug 06 12:30:35.993912 dv-cinder-851996-3-smb devstack@c-api.service[110774]: DEBUG dbcounter [-] [110774] Writing DB stats cinder:SELECT=98,cinder:INSERT=2 {{(pid=110774) stat_writer /usr/local/lib/python3.8/dist-packages/dbcounter.py:114}}
Aug 06 12:30:36.030303 dv-cinder-851996-3-smb devstack@c-api.service[110774]: WARNING cinder.quota_utils [None req-b8d543d8-8a66-4627-9eb4-087d3e2b841a tempest-VolumeQuotasNegativeTestJSON-2128877559 tempest-VolumeQuotasNegativeTestJSON-2128877559-project] Quota exceeded for 425b00eeea3e40cea3bbada26ba432eb, tried to create volume (1 volumes already consumed).: cinder.exception.OverQuota: Quota exceeded for resources: ['volumes']
Aug 06 12:30:36.039259 dv-cinder-851996-3-smb devstack@c-api.service[110774]: WARNING cinder.volume.api [None req-b8d543d8-8a66-4627-9eb4-087d3e2b841a tempest-VolumeQuotasNegativeTestJSON-2128877559 tempest-VolumeQuotasNegativeTestJSON-2128877559-project] Task 'cinder.volume.flows.api.create_volume.QuotaReserveTask;volume:create' (42004532-3b61-4334-8820-124f4ce58928) transitioned into state 'FAILURE' from state 'RUNNING'
Aug 06 12:30:36.039259 dv-cinder-851996-3-smb devstack@c-api.service[110774]: Failure: cinder.exception.VolumeLimitExceeded: Maximum number of volumes allowed (1) exceeded for quota 'volumes'.
Aug 06 12:30:36.061108 dv-cinder-851996-3-smb devstack@c-api.service[110774]: DEBUG cinder.volume.api [None req-b8d543d8-8a66-4627-9eb4-087d3e2b841a tempest-VolumeQuotasNegativeTestJSON-2128877559 tempest-VolumeQuotasNegativeTestJSON-2128877559-project] Task 'cinder.volume.flows.api.create_volume.QuotaReserveTask;volume:create' (42004532-3b61-4334-8820-124f4ce58928) transitioned into state 'REVERTING' from state 'FAILURE' {{(pid=110774) _task_receiver /usr/local/lib/python3.8/dist-packages/taskflow/listeners/logging.py:190}}
Aug 06 12:30:36.070826 dv-cinder-851996-3-smb devstack@c-api.service[110774]: WARNING cinder.volume.api [None req-b8d543d8-8a66-4627-9eb4-087d3e2b841a tempest-VolumeQuotasNegativeTestJSON-2128877559 tempest-VolumeQuotasNegativeTestJSON-2128877559-project] Task 'cinder.volume.flows.api.create_volume.QuotaReserveTask;volume:create' (42004532-3b61-4334-8820-124f4ce58928) transitioned into state 'REVERTED' from state 'REVERTING' with result 'None'
Aug 06 12:30:36.077414 dv-cinder-851996-3-smb devstack@c-api.service[110774]: DEBUG cinder.volume.api [None req-b8d543d8-8a66-4627-9eb4-087d3e2b841a tempest-VolumeQuotasNegativeTestJSON-2128877559 tempest-VolumeQuotasNegativeTestJSON-2128877559-project] Task 'cinder.volume.flows.api.create_volume.ExtractVolumeRequestTask;volume:create' (ebda96de-f6d8-4faa-8a35-f5d48bf323ab) transitioned into state 'REVERTING' from state 'SUCCESS' {{(pid=110774) _task_receiver /usr/local/lib/python3.8/dist-packages/taskflow/listeners/logging.py:190}}
Aug 06 12:30:36.084579 dv-cinder-851996-3-smb devstack@c-api.service[110774]: WARNING cinder.volume.api [None req-b8d543d8-8a66-4627-9eb4-087d3e2b841a tempest-VolumeQuotasNegativeTestJSON-2128877559 tempest-VolumeQuotasNegativeTestJSON-2128877559-project] Task 'cinder.volume.flows.api.create_volume.ExtractVolumeRequestTask;volume:create' (ebda96de-f6d8-4faa-8a35-f5d48bf323ab) transitioned into state 'REVERTED' from state 'REVERTING' with result 'None'
Aug 06 12:30:36.089878 dv-cinder-851996-3-smb devstack@c-api.service[110774]: WARNING cinder.volume.api [None req-b8d543d8-8a66-4627-9eb4-087d3e2b841a tempest-VolumeQuotasNegativeTestJSON-2128877559 tempest-VolumeQuotasNegativeTestJSON-2128877559-project] Flow 'volume_create_api' (95688ea2-e027-43fd-9b64-f608e5b3e406) transitioned into state 'REVERTED' from state 'RUNNING'
Aug 06 12:30:36.092137 dv-cinder-851996-3-smb devstack@c-api.service[110774]: INFO cinder.api.middleware.fault [None req-b8d543d8-8a66-4627-9eb4-087d3e2b841a tempest-VolumeQuotasNegativeTestJSON-2128877559 tempest-VolumeQuotasNegativeTestJSON-2128877559-project] http://10.222.0.25/volume/v3/425b00eeea3e40cea3bbada26ba432eb/volumes returned with HTTP 413
Aug 06 12:30:36.098618 dv-cinder-851996-3-smb devstack@c-api.service[110774]: [pid: 110774|app: 0|req: 42/91] 10.222.0.25 () {60 vars in 1235 bytes} [Sat Aug 6 12:30:35 2022] POST /volume/v3/425b00eeea3e40cea3bbada26ba432eb/volumes => generated 150 bytes in 466 msecs (HTTP/1.1 413) 8 headers in 323 bytes (1 switches on core 0)
Aug 06 12:30:36.105063 dv-cinder-851996-3-smb devstack@c-api.service[110775]: DEBUG cinder.api.middleware.request_id [None req-2ebacf2c-d02b-4728-96b4-a4078a89cc8b None None] RequestId filter calling following filter/app {{(pid=110775) _context_setter /opt/stack/cinder/cinder/api/middleware/request_id.py:62}}
Aug 06 12:30:36.110944 dv-cinder-851996-3-smb devstack@c-api.service[110775]: INFO cinder.api.openstack.wsgi [None req-2ebacf2c-d02b-4728-96b4-a4078a89cc8b tempest-VolumeQuotasNegativeTestJSON-1672623459 tempest-VolumeQuotasNegativeTestJSON-1672623459-project-admin] PUT http://10.222.0.25/volume/v3/5e9deda411164bbba921811431f632fc/os-quota-sets/425b00eeea3e40cea3bbada26ba432eb
Aug 06 12:30:36.112439 dv-cinder-851996-3-smb devstack@c-api.service[110775]: DEBUG cinder.api.openstack.wsgi [None req-2ebacf2c-d02b-4728-96b4-a4078a89cc8b tempest-VolumeQuotasNegativeTestJSON-1672623459 tempest-VolumeQuotasNegativeTestJSON-1672623459-project-admin] Action: 'update', calling method: update, body: {"quota_set": {"gigabytes": 1}} {{(pid=110775) _process_stack /opt/stack/cinder/cinder/api/openstack/wsgi.py:866}}
Aug 06 12:30:36.352835 dv-cinder-851996-3-smb devstack@c-api.service[110774]: DEBUG cinder.api.middleware.request_id [None req-866f6b9a-cd31-4029-bbec-5f94538cd913 None None] RequestId filter calling following filter/app {{(pid=110774) _context_setter /opt/stack/cinder/cinder/api/middleware/request_id.py:62}}
Aug 06 12:30:36.362713 dv-cinder-851996-3-smb devstack@c-api.service[110774]: INFO cinder.api.openstack.wsgi [None req-866f6b9a-cd31-4029-bbec-5f94538cd913 tempest-GroupSnapshotsV319Test-623149523 tempest-GroupSnapshotsV319Test-623149523-project] GET http://10.222.0.25/volume/v3/3827a0b931644b5eba183e28e3c58c0e/groups/ddac7023-7056-4976-b739-9b3c20350052
Aug 06 12:30:36.363501 dv-cinder-851996-3-smb devstack@c-api.service[110774]: DEBUG cinder.api.openstack.wsgi [None req-866f6b9a-cd31-4029-bbec-5f94538cd913 tempest-GroupSnapshotsV319Test-623149523 tempest-GroupSnapshotsV319Test-623149523-project] Empty body provided in request {{(pid=110774) get_body /opt/stack/cinder/cinder/api/openstack/wsgi.py:715}}
Aug 06 12:30:36.364534 dv-cinder-851996-3-smb devstack@c-api.service[110774]: DEBUG cinder.api.openstack.wsgi [None req-866f6b9a-cd31-4029-bbec-5f94538cd913 tempest-GroupSnapshotsV319Test-623149523 tempest-GroupSnapshotsV319Test-623149523-project] Calling method 'version_select' {{(pid=110774) _process_stack /opt/stack/cinder/cinder/api/openstack/wsgi.py:868}}
Aug 06 12:30:36.365118 dv-cinder-851996-3-smb devstack@c-api.service[110774]: DEBUG cinder.api.v3.groups [None req-866f6b9a-cd31-4029-bbec-5f94538cd913 tempest-GroupSnapshotsV319Test-623149523 tempest-GroupSnapshotsV319Test-623149523-project] show called for member ddac7023-7056-4976-b739-9b3c20350052 {{(pid=110774) show /opt/stack/cinder/cinder/api/v3/groups.py:58}}
Aug 06 12:30:36.375160 dv-cinder-851996-3-smb devstack@c-api.service[110775]: INFO cinder.api.openstack.wsgi [None req-2ebacf2c-d02b-4728-96b4-a4078a89cc8b tempest-VolumeQuotasNegativeTestJSON-1672623459 tempest-VolumeQuotasNegativeTestJSON-1672623459-project-admin] http://10.222.0.25/volume/v3/5e9deda411164bbba921811431f632fc/os-quota-sets/425b00eeea3e40cea3bbada26ba432eb returned with HTTP 200
Aug 06 12:30:36.379520 dv-cinder-851996-3-smb devstack@c-api.service[110775]: [pid: 110775|app: 0|req: 50/92] 10.222.0.25 () {60 vars in 1351 bytes} [Sat Aug 6 12:30:36 2022] PUT /volume/v3/5e9deda411164bbba921811431f632fc/os-quota-sets/425b00eeea3e40cea3bbada26ba432eb => generated 520 bytes in 276 msecs (HTTP/1.1 200) 7 headers in 285 bytes (1 switches on core 0)
Aug 06 12:30:36.386085 dv-cinder-851996-3-smb devstack@c-api.service[110775]: DEBUG cinder.api.middleware.request_id [None req-ba10d031-b9eb-42ca-8ace-6098df34c9a0 None None] RequestId filter calling following filter/app {{(pid=110775) _context_setter /opt/stack/cinder/cinder/api/middleware/request_id.py:62}}
Aug 06 12:30:36.397359 dv-cinder-851996-3-smb devstack@c-api.service[110775]: INFO cinder.api.openstack.wsgi [None req-ba10d031-b9eb-42ca-8ace-6098df34c9a0 tempest-VolumeQuotasNegativeTestJSON-2128877559 tempest-VolumeQuotasNegativeTestJSON-2128877559-project] POST http://10.222.0.25/volume/v3/425b00eeea3e40cea3bbada26ba432eb/volumes/0cee6f57-9e5a-4720-be3a-2ff096ad8fa5/action
Aug 06 12:30:36.398968 dv-cinder-851996-3-smb devstack@c-api.service[110775]: DEBUG cinder.api.openstack.wsgi [None req-ba10d031-b9eb-42ca-8ace-6098df34c9a0 tempest-VolumeQuotasNegativeTestJSON-2128877559 tempest-VolumeQuotasNegativeTestJSON-2128877559-project] Action body: b'{"os-extend": {"new_size": 2}}' {{(pid=110775) get_method /opt/stack/cinder/cinder/api/openstack/wsgi.py:983}}
Aug 06 12:30:36.401239 dv-cinder-851996-3-smb devstack@c-api.service[110775]: DEBUG cinder.api.openstack.wsgi [None req-ba10d031-b9eb-42ca-8ace-6098df34c9a0 tempest-VolumeQuotasNegativeTestJSON-2128877559 tempest-VolumeQuotasNegativeTestJSON-2128877559-project] Action: 'action', calling method: _extend, body: {"os-extend": {"new_size": 2}} {{(pid=110775) _process_stack /opt/stack/cinder/cinder/api/openstack/wsgi.py:866}}
Aug 06 12:30:36.437104 dv-cinder-851996-3-smb devstack@c-api.service[110774]: /usr/local/lib/python3.8/dist-packages/oslo_context/context.py:100: DeprecationWarning: Policy enforcement is depending on the value of is_admin. This key is deprecated. Please update your policy file to use the standard policy values.
Aug 06 12:30:36.437104 dv-cinder-851996-3-smb devstack@c-api.service[110774]: warnings.warn('Policy enforcement is depending on the value of '
Aug 06 12:30:36.449468 dv-cinder-851996-3-smb devstack@c-api.service[110775]: /usr/local/lib/python3.8/dist-packages/oslo_context/context.py:100: DeprecationWarning: Policy enforcement is depending on the value of is_admin. This key is deprecated. Please update your policy file to use the standard policy values.
Aug 06 12:30:36.449468 dv-cinder-851996-3-smb devstack@c-api.service[110775]: warnings.warn('Policy enforcement is depending on the value of '
Aug 06 12:30:36.456086 dv-cinder-851996-3-smb devstack@c-api.service[110775]: INFO cinder.volume.api [None req-ba10d031-b9eb-42ca-8ace-6098df34c9a0 tempest-VolumeQuotasNegativeTestJSON-2128877559 tempest-VolumeQuotasNegativeTestJSON-2128877559-project] Volume info retrieved successfully.
Aug 06 12:30:36.482785 dv-cinder-851996-3-smb devstack@c-api.service[110775]: DEBUG dbcounter [-] [110775] Writing DB stats cinder:SELECT=90,cinder:INSERT=4,cinder:UPDATE=6 {{(pid=110775) stat_writer /usr/local/lib/python3.8/dist-packages/dbcounter.py:114}}
Aug 06 12:30:36.645022 dv-cinder-851996-3-smb devstack@c-api.service[110774]: INFO cinder.api.openstack.wsgi [None req-866f6b9a-cd31-4029-bbec-5f94538cd913 tempest-GroupSnapshotsV319Test-623149523 tempest-GroupSnapshotsV319Test-623149523-project] http://10.222.0.25/volume/v3/3827a0b931644b5eba183e28e3c58c0e/groups/ddac7023-7056-4976-b739-9b3c20350052 returned with HTTP 200
Aug 06 12:30:36.662459 dv-cinder-851996-3-smb devstack@c-api.service[110774]: [pid: 110774|app: 0|req: 43/93] 10.222.0.25 () {60 vars in 1363 bytes} [Sat Aug 6 12:30:36 2022] GET /volume/v3/3827a0b931644b5eba183e28e3c58c0e/groups/ddac7023-7056-4976-b739-9b3c20350052 => generated 397 bytes in 311 msecs (HTTP/1.1 200) 7 headers in 286 bytes (2 switches on core 0)
