Aug 06 12:31:21.686274 dv-cinder-851996-3-smb devstack@c-api.service[110775]: [pid: 110775|app: 0|req: 203/378] 10.222.0.25 () {58 vars in 1325 bytes} [Sat Aug 6 12:31:21 2022] GET /volume/v3/5337251ec5fe43d5b42f8d65c9e34880/volumes/89e7bab5-286a-416b-bc7d-3c54a8cdc9ca => generated 916 bytes in 44 msecs (HTTP/1.1 200) 7 headers in 285 bytes (2 switches on core 0)
Aug 06 12:31:21.697927 dv-cinder-851996-3-smb devstack@c-api.service[110774]: DEBUG dbcounter [-] [110774] Writing DB stats cinder:SELECT=91,cinder:UPDATE=5,cinder:INSERT=4 {{(pid=110774) stat_writer /usr/local/lib/python3.8/dist-packages/dbcounter.py:114}}
Aug 06 12:31:21.708688 dv-cinder-851996-3-smb devstack@c-api.service[110774]: DEBUG cinder.quota [None req-6a7518e3-ae23-415f-963f-76028b3564c1 tempest-SnapshotsActionsTest-795356887 tempest-SnapshotsActionsTest-795356887-project] Created reservations ['982ac2fe-d2a6-451f-87cf-dcf285464ba1', 'db679671-1aac-4e8a-92f5-96f534215879', '0d375be6-c6f3-4f04-bbfe-d3f9b0973fc1', '3fab94ef-97df-4ddf-b88c-f521f9a87ab8'] {{(pid=110774) reserve /opt/stack/cinder/cinder/quota.py:755}}
Aug 06 12:31:21.770110 dv-cinder-851996-3-smb devstack@c-api.service[110774]: INFO cinder.volume.api [None req-6a7518e3-ae23-415f-963f-76028b3564c1 tempest-SnapshotsActionsTest-795356887 tempest-SnapshotsActionsTest-795356887-project] Snapshot create request issued successfully.
Aug 06 12:31:21.771133 dv-cinder-851996-3-smb devstack@c-api.service[110774]: INFO cinder.api.openstack.wsgi [None req-6a7518e3-ae23-415f-963f-76028b3564c1 tempest-SnapshotsActionsTest-795356887 tempest-SnapshotsActionsTest-795356887-project] http://10.222.0.25/volume/v3/757360a4149642ad87f265ac2c7d8a01/snapshots returned with HTTP 202
Aug 06 12:31:21.775587 dv-cinder-851996-3-smb devstack@c-api.service[110774]: [pid: 110774|app: 0|req: 176/379] 10.222.0.25 () {60 vars in 1242 bytes} [Sat Aug 6 12:31:21 2022] POST /volume/v3/757360a4149642ad87f265ac2c7d8a01/snapshots => generated 306 bytes in 151 msecs (HTTP/1.1 202) 7 headers in 291 bytes (1 switches on core 0)
Aug 06 12:31:21.780924 dv-cinder-851996-3-smb devstack@c-api.service[110775]: DEBUG cinder.api.middleware.request_id [None req-c4753efe-2599-4c8d-8a2d-070cf58da799 None None] RequestId filter calling following filter/app {{(pid=110775) _context_setter /opt/stack/cinder/cinder/api/middleware/request_id.py:62}}
Aug 06 12:31:21.785898 dv-cinder-851996-3-smb devstack@c-api.service[110775]: INFO cinder.api.openstack.wsgi [None req-c4753efe-2599-4c8d-8a2d-070cf58da799 tempest-SnapshotsActionsTest-795356887 tempest-SnapshotsActionsTest-795356887-project] GET http://10.222.0.25/volume/v3/757360a4149642ad87f265ac2c7d8a01/snapshots/b9515b08-a7ba-46da-9511-064e946b0c75
Aug 06 12:31:21.786350 dv-cinder-851996-3-smb devstack@c-api.service[110775]: DEBUG cinder.api.openstack.wsgi [None req-c4753efe-2599-4c8d-8a2d-070cf58da799 tempest-SnapshotsActionsTest-795356887 tempest-SnapshotsActionsTest-795356887-project] Empty body provided in request {{(pid=110775) get_body /opt/stack/cinder/cinder/api/openstack/wsgi.py:715}}
Aug 06 12:31:21.786946 dv-cinder-851996-3-smb devstack@c-api.service[110775]: DEBUG cinder.api.openstack.wsgi [None req-c4753efe-2599-4c8d-8a2d-070cf58da799 tempest-SnapshotsActionsTest-795356887 tempest-SnapshotsActionsTest-795356887-project] Calling method 'show' {{(pid=110775) _process_stack /opt/stack/cinder/cinder/api/openstack/wsgi.py:868}}
Aug 06 12:31:21.797441 dv-cinder-851996-3-smb devstack@c-api.service[110775]: /usr/local/lib/python3.8/dist-packages/oslo_context/context.py:100: DeprecationWarning: Policy enforcement is depending on the value of is_admin. This key is deprecated. Please update your policy file to use the standard policy values.
Aug 06 12:31:21.797441 dv-cinder-851996-3-smb devstack@c-api.service[110775]: warnings.warn('Policy enforcement is depending on the value of '
Aug 06 12:31:21.798443 dv-cinder-851996-3-smb devstack@c-api.service[110775]: INFO cinder.volume.api [None req-c4753efe-2599-4c8d-8a2d-070cf58da799 tempest-SnapshotsActionsTest-795356887 tempest-SnapshotsActionsTest-795356887-project] Snapshot retrieved successfully.
Aug 06 12:31:21.800770 dv-cinder-851996-3-smb devstack@c-api.service[110775]: INFO cinder.api.openstack.wsgi [None req-c4753efe-2599-4c8d-8a2d-070cf58da799 tempest-SnapshotsActionsTest-795356887 tempest-SnapshotsActionsTest-795356887-project] http://10.222.0.25/volume/v3/757360a4149642ad87f265ac2c7d8a01/snapshots/b9515b08-a7ba-46da-9511-064e946b0c75 returned with HTTP 200
Aug 06 12:31:21.801772 dv-cinder-851996-3-smb devstack@c-api.service[110775]: [pid: 110775|app: 0|req: 204/380] 10.222.0.25 () {58 vars in 1331 bytes} [Sat Aug 6 12:31:21 2022] GET /volume/v3/757360a4149642ad87f265ac2c7d8a01/snapshots/b9515b08-a7ba-46da-9511-064e946b0c75 => generated 438 bytes in 22 msecs (HTTP/1.1 200) 7 headers in 285 bytes (1 switches on core 0)
Aug 06 12:31:22.182392 dv-cinder-851996-3-smb devstack@c-api.service[110774]: DEBUG cinder.api.middleware.request_id [None req-b435c67f-c9e9-4b2d-b56c-06f241fb5160 None None] RequestId filter calling following filter/app {{(pid=110774) _context_setter /opt/stack/cinder/cinder/api/middleware/request_id.py:62}}
Aug 06 12:31:22.187227 dv-cinder-851996-3-smb devstack@c-api.service[110774]: INFO cinder.api.openstack.wsgi [None req-b435c67f-c9e9-4b2d-b56c-06f241fb5160 tempest-DeleteServersTestJSON-1422356523 tempest-DeleteServersTestJSON-1422356523-project] GET http://10.222.0.25/volume/v3/245d19e69eca46aea297d7267ca6c8f0/volumes/7c0d815e-64ab-41c6-8f3e-68bc03349f23
Aug 06 12:31:22.187712 dv-cinder-851996-3-smb devstack@c-api.service[110774]: DEBUG cinder.api.openstack.wsgi [None req-b435c67f-c9e9-4b2d-b56c-06f241fb5160 tempest-DeleteServersTestJSON-1422356523 tempest-DeleteServersTestJSON-1422356523-project] Empty body provided in request {{(pid=110774) get_body /opt/stack/cinder/cinder/api/openstack/wsgi.py:715}}
Aug 06 12:31:22.188206 dv-cinder-851996-3-smb devstack@c-api.service[110774]: DEBUG cinder.api.openstack.wsgi [None req-b435c67f-c9e9-4b2d-b56c-06f241fb5160 tempest-DeleteServersTestJSON-1422356523 tempest-DeleteServersTestJSON-1422356523-project] Calling method 'show' {{(pid=110774) _process_stack /opt/stack/cinder/cinder/api/openstack/wsgi.py:868}}
Aug 06 12:31:22.212350 dv-cinder-851996-3-smb devstack@c-api.service[110774]: /usr/local/lib/python3.8/dist-packages/oslo_context/context.py:100: DeprecationWarning: Policy enforcement is depending on the value of is_admin. This key is deprecated. Please update your policy file to use the standard policy values.
Aug 06 12:31:22.212350 dv-cinder-851996-3-smb devstack@c-api.service[110774]: warnings.warn('Policy enforcement is depending on the value of '
Aug 06 12:31:22.219577 dv-cinder-851996-3-smb devstack@c-api.service[110774]: INFO cinder.volume.api [None req-b435c67f-c9e9-4b2d-b56c-06f241fb5160 tempest-DeleteServersTestJSON-1422356523 tempest-DeleteServersTestJSON-1422356523-project] Volume info retrieved successfully.
Aug 06 12:31:22.240568 dv-cinder-851996-3-smb devstack@c-api.service[110774]: INFO cinder.api.openstack.wsgi [None req-b435c67f-c9e9-4b2d-b56c-06f241fb5160 tempest-DeleteServersTestJSON-1422356523 tempest-DeleteServersTestJSON-1422356523-project] http://10.222.0.25/volume/v3/245d19e69eca46aea297d7267ca6c8f0/volumes/7c0d815e-64ab-41c6-8f3e-68bc03349f23 returned with HTTP 200
Aug 06 12:31:22.253894 dv-cinder-851996-3-smb devstack@c-api.service[110774]: [pid: 110774|app: 0|req: 177/381] 10.222.0.25 () {58 vars in 1325 bytes} [Sat Aug 6 12:31:22 2022] GET /volume/v3/245d19e69eca46aea297d7267ca6c8f0/volumes/7c0d815e-64ab-41c6-8f3e-68bc03349f23 => generated 914 bytes in 61 msecs (HTTP/1.1 200) 7 headers in 285 bytes (1 switches on core 0)
Aug 06 12:31:22.598347 dv-cinder-851996-3-smb devstack@c-api.service[110775]: DEBUG cinder.api.middleware.request_id [None req-2d9a95e4-5c5d-48f0-8c0e-e603035678be None None] RequestId filter calling following filter/app {{(pid=110775) _context_setter /opt/stack/cinder/cinder/api/middleware/request_id.py:62}}
Aug 06 12:31:22.602871 dv-cinder-851996-3-smb devstack@c-api.service[110775]: INFO cinder.api.openstack.wsgi [None req-2d9a95e4-5c5d-48f0-8c0e-e603035678be tempest-VolumesListTestJSON-557477658 tempest-VolumesListTestJSON-557477658-project] GET http://10.222.0.25/volume/v3/4e3c8b8269b44f85805f7a6f764679c0/volumes/a20e52e5-9750-484d-9dbf-a1da97603b60
Aug 06 12:31:22.603015 dv-cinder-851996-3-smb devstack@c-api.service[110775]: DEBUG cinder.api.openstack.wsgi [None req-2d9a95e4-5c5d-48f0-8c0e-e603035678be tempest-VolumesListTestJSON-557477658 tempest-VolumesListTestJSON-557477658-project] Empty body provided in request {{(pid=110775) get_body /opt/stack/cinder/cinder/api/openstack/wsgi.py:715}}
Aug 06 12:31:22.603569 dv-cinder-851996-3-smb devstack@c-api.service[110775]: DEBUG cinder.api.openstack.wsgi [None req-2d9a95e4-5c5d-48f0-8c0e-e603035678be tempest-VolumesListTestJSON-557477658 tempest-VolumesListTestJSON-557477658-project] Calling method 'show' {{(pid=110775) _process_stack /opt/stack/cinder/cinder/api/openstack/wsgi.py:868}}
Aug 06 12:31:22.631394 dv-cinder-851996-3-smb devstack@c-api.service[110775]: /usr/local/lib/python3.8/dist-packages/oslo_context/context.py:100: DeprecationWarning: Policy enforcement is depending on the value of is_admin. This key is deprecated. Please update your policy file to use the standard policy values.
Aug 06 12:31:22.631394 dv-cinder-851996-3-smb devstack@c-api.service[110775]: warnings.warn('Policy enforcement is depending on the value of '
Aug 06 12:31:22.642337 dv-cinder-851996-3-smb devstack@c-api.service[110775]: INFO cinder.volume.api [None req-2d9a95e4-5c5d-48f0-8c0e-e603035678be tempest-VolumesListTestJSON-557477658 tempest-VolumesListTestJSON-557477658-project] Volume info retrieved successfully.
Aug 06 12:31:22.659491 dv-cinder-851996-3-smb devstack@c-api.service[110775]: INFO cinder.api.openstack.wsgi [None req-2d9a95e4-5c5d-48f0-8c0e-e603035678be tempest-VolumesListTestJSON-557477658 tempest-VolumesListTestJSON-557477658-project] http://10.222.0.25/volume/v3/4e3c8b8269b44f85805f7a6f764679c0/volumes/a20e52e5-9750-484d-9dbf-a1da97603b60 returned with HTTP 200
Aug 06 12:31:22.671459 dv-cinder-851996-3-smb devstack@c-api.service[110775]: [pid: 110775|app: 0|req: 205/382] 10.222.0.25 () {58 vars in 1325 bytes} [Sat Aug 6 12:31:22 2022] GET /volume/v3/4e3c8b8269b44f85805f7a6f764679c0/volumes/a20e52e5-9750-484d-9dbf-a1da97603b60 => generated 926 bytes in 63 msecs (HTTP/1.1 200) 7 headers in 285 bytes (1 switches on core 0)
Aug 06 12:31:22.680132 dv-cinder-851996-3-smb devstack@c-api.service[110774]: DEBUG cinder.api.middleware.request_id [None req-845937f5-e01e-483b-835a-5cce19c60c3b None None] RequestId filter calling following filter/app {{(pid=110774) _context_setter /opt/stack/cinder/cinder/api/middleware/request_id.py:62}}
Aug 06 12:31:22.684583 dv-cinder-851996-3-smb devstack@c-api.service[110774]: INFO cinder.api.openstack.wsgi [None req-845937f5-e01e-483b-835a-5cce19c60c3b tempest-VolumesListTestJSON-557477658 tempest-VolumesListTestJSON-557477658-project] GET http://10.222.0.25/volume/v3/4e3c8b8269b44f85805f7a6f764679c0/volumes/a20e52e5-9750-484d-9dbf-a1da97603b60
Aug 06 12:31:22.684583 dv-cinder-851996-3-smb devstack@c-api.service[110774]: DEBUG cinder.api.openstack.wsgi [None req-845937f5-e01e-483b-835a-5cce19c60c3b tempest-VolumesListTestJSON-557477658 tempest-VolumesListTestJSON-557477658-project] Empty body provided in request {{(pid=110774) get_body /opt/stack/cinder/cinder/api/openstack/wsgi.py:715}}
Aug 06 12:31:22.685052 dv-cinder-851996-3-smb devstack@c-api.service[110774]: DEBUG cinder.api.openstack.wsgi [None req-845937f5-e01e-483b-835a-5cce19c60c3b tempest-VolumesListTestJSON-557477658 tempest-VolumesListTestJSON-557477658-project] Calling method 'show' {{(pid=110774) _process_stack /opt/stack/cinder/cinder/api/openstack/wsgi.py:868}}
Aug 06 12:31:22.701755 dv-cinder-851996-3-smb devstack@c-api.service[110775]: DEBUG cinder.api.middleware.request_id [None req-b688c274-1327-4d80-9b6c-4daaa51425e2 None None] RequestId filter calling following filter/app {{(pid=110775) _context_setter /opt/stack/cinder/cinder/api/middleware/request_id.py:62}}
Aug 06 12:31:22.705620 dv-cinder-851996-3-smb devstack@c-api.service[110775]: INFO cinder.api.openstack.wsgi [None req-b688c274-1327-4d80-9b6c-4daaa51425e2 tempest-VolumesListAdminTestJSON-828759186 tempest-VolumesListAdminTestJSON-828759186-project] GET http://10.222.0.25/volume/v3/5337251ec5fe43d5b42f8d65c9e34880/volumes/89e7bab5-286a-416b-bc7d-3c54a8cdc9ca
Aug 06 12:31:22.706063 dv-cinder-851996-3-smb devstack@c-api.service[110775]: DEBUG cinder.api.openstack.wsgi [None req-b688c274-1327-4d80-9b6c-4daaa51425e2 tempest-VolumesListAdminTestJSON-828759186 tempest-VolumesListAdminTestJSON-828759186-project] Empty body provided in request {{(pid=110775) get_body /opt/stack/cinder/cinder/api/openstack/wsgi.py:715}}
Aug 06 12:31:22.706400 dv-cinder-851996-3-smb devstack@c-api.service[110774]: /usr/local/lib/python3.8/dist-packages/oslo_context/context.py:100: DeprecationWarning: Policy enforcement is depending on the value of is_admin. This key is deprecated. Please update your policy file to use the standard policy values.
Aug 06 12:31:22.706400 dv-cinder-851996-3-smb devstack@c-api.service[110774]: warnings.warn('Policy enforcement is depending on the value of '
Aug 06 12:31:22.711082 dv-cinder-851996-3-smb devstack@c-api.service[110775]: DEBUG cinder.api.openstack.wsgi [None req-b688c274-1327-4d80-9b6c-4daaa51425e2 tempest-VolumesListAdminTestJSON-828759186 tempest-VolumesListAdminTestJSON-828759186-project] Calling method 'show' {{(pid=110775) _process_stack /opt/stack/cinder/cinder/api/openstack/wsgi.py:868}}
Aug 06 12:31:22.713882 dv-cinder-851996-3-smb devstack@c-api.service[110774]: INFO cinder.volume.api [None req-845937f5-e01e-483b-835a-5cce19c60c3b tempest-VolumesListTestJSON-557477658 tempest-VolumesListTestJSON-557477658-project] Volume info retrieved successfully.
Aug 06 12:31:22.725888 dv-cinder-851996-3-smb devstack@c-api.service[110774]: INFO cinder.api.openstack.wsgi [None req-845937f5-e01e-483b-835a-5cce19c60c3b tempest-VolumesListTestJSON-557477658 tempest-VolumesListTestJSON-557477658-project] http://10.222.0.25/volume/v3/4e3c8b8269b44f85805f7a6f764679c0/volumes/a20e52e5-9750-484d-9dbf-a1da97603b60 returned with HTTP 200
Aug 06 12:31:22.737804 dv-cinder-851996-3-smb devstack@c-api.service[110774]: [pid: 110774|app: 0|req: 178/383] 10.222.0.25 () {58 vars in 1325 bytes} [Sat Aug 6 12:31:22 2022] GET /volume/v3/4e3c8b8269b44f85805f7a6f764679c0/volumes/a20e52e5-9750-484d-9dbf-a1da97603b60 => generated 926 bytes in 48 msecs (HTTP/1.1 200) 7 headers in 285 bytes (1 switches on core 0)
Aug 06 12:31:22.738141 dv-cinder-851996-3-smb devstack@c-api.service[110775]: INFO cinder.api.openstack.wsgi [None req-b688c274-1327-4d80-9b6c-4daaa51425e2 tempest-VolumesListAdminTestJSON-828759186 tempest-VolumesListAdminTestJSON-828759186-project] http://10.222.0.25/volume/v3/5337251ec5fe43d5b42f8d65c9e34880/volumes/89e7bab5-286a-416b-bc7d-3c54a8cdc9ca returned with HTTP 404
Aug 06 12:31:22.738513 dv-cinder-851996-3-smb devstack@c-api.service[110775]: [pid: 110775|app: 0|req: 206/384] 10.222.0.25 () {58 vars in 1325 bytes} [Sat Aug 6 12:31:22 2022] GET /volume/v3/5337251ec5fe43d5b42f8d65c9e34880/volumes/89e7bab5-286a-416b-bc7d-3c54a8cdc9ca => generated 109 bytes in 37 msecs (HTTP/1.1 404) 7 headers in 292 bytes (2 switches on core 0)
Aug 06 12:31:22.746058 dv-cinder-851996-3-smb devstack@c-api.service[110774]: DEBUG cinder.api.middleware.request_id [None req-cf7dd41a-8fc5-45a7-9aee-82b6591169c4 None None] RequestId filter calling following filter/app {{(pid=110774) _context_setter /opt/stack/cinder/cinder/api/middleware/request_id.py:62}}
Aug 06 12:31:22.749741 dv-cinder-851996-3-smb devstack@c-api.service[110774]: INFO cinder.api.openstack.wsgi [None req-cf7dd41a-8fc5-45a7-9aee-82b6591169c4 tempest-VolumesListTestJSON-557477658 tempest-VolumesListTestJSON-557477658-project] POST http://10.222.0.25/volume/v3/4e3c8b8269b44f85805f7a6f764679c0/volumes
Aug 06 12:31:22.750509 dv-cinder-851996-3-smb devstack@c-api.service[110774]: DEBUG cinder.api.openstack.wsgi [None req-cf7dd41a-8fc5-45a7-9aee-82b6591169c4 tempest-VolumesListTestJSON-557477658 tempest-VolumesListTestJSON-557477658-project] Action: 'create', calling method: create, body: {"volume": {"metadata": {"Type": "work"}, "size": 1, "name": "tempest-VolumesListTestJSON-Volume-326684057"}} {{(pid=110774) _process_stack /opt/stack/cinder/cinder/api/openstack/wsgi.py:866}}
Aug 06 12:31:22.752917 dv-cinder-851996-3-smb devstack@c-api.service[110774]: DEBUG cinder.api.v3.volumes [None req-cf7dd41a-8fc5-45a7-9aee-82b6591169c4 tempest-VolumesListTestJSON-557477658 tempest-VolumesListTestJSON-557477658-project] Create volume request body: {'volume': {'metadata': {'Type': 'work'}, 'size': 1, 'name': 'tempest-VolumesListTestJSON-Volume-326684057'}} {{(pid=110774) create /opt/stack/cinder/cinder/api/v3/volumes.py:298}}
Aug 06 12:31:22.753227 dv-cinder-851996-3-smb devstack@c-api.service[110774]: INFO cinder.api.v3.volumes [None req-cf7dd41a-8fc5-45a7-9aee-82b6591169c4 tempest-VolumesListTestJSON-557477658 tempest-VolumesListTestJSON-557477658-project] Create volume of 1 GB
Aug 06 12:31:22.760904 dv-cinder-851996-3-smb devstack@c-api.service[110774]: INFO cinder.volume.api [None req-cf7dd41a-8fc5-45a7-9aee-82b6591169c4 tempest-VolumesListTestJSON-557477658 tempest-VolumesListTestJSON-557477658-project] Availability Zones retrieved successfully.
Aug 06 12:31:22.790127 dv-cinder-851996-3-smb devstack@c-api.service[110774]: DEBUG cinder.volume.api [None req-cf7dd41a-8fc5-45a7-9aee-82b6591169c4 tempest-VolumesListTestJSON-557477658 tempest-VolumesListTestJSON-557477658-project] Flow 'volume_create_api' (19bb3d63-e3d5-410d-bacf-96fcdf3877f5) transitioned into state 'RUNNING' from state 'PENDING' {{(pid=110774) _flow_receiver /usr/local/lib/python3.8/dist-packages/taskflow/listeners/logging.py:141}}
Aug 06 12:31:22.792682 dv-cinder-851996-3-smb devstack@c-api.service[110774]: DEBUG cinder.volume.api [None req-cf7dd41a-8fc5-45a7-9aee-82b6591169c4 tempest-VolumesListTestJSON-557477658 tempest-VolumesListTestJSON-557477658-project] Task 'cinder.volume.flows.api.create_volume.ExtractVolumeRequestTask;volume:create' (bcfadc96-3b04-4722-913e-260c5fd65266) transitioned into state 'RUNNING' from state 'PENDING' {{(pid=110774) _task_receiver /usr/local/lib/python3.8/dist-packages/taskflow/listeners/logging.py:190}}
Aug 06 12:31:22.795864 dv-cinder-851996-3-smb devstack@c-api.service[110774]: DEBUG cinder.volume.flows.api.create_volume [None req-cf7dd41a-8fc5-45a7-9aee-82b6591169c4 tempest-VolumesListTestJSON-557477658 tempest-VolumesListTestJSON-557477658-project] Validating volume size '1' using validate_int {{(pid=110774) _extract_size /opt/stack/cinder/cinder/volume/flows/api/create_volume.py:228}}
Aug 06 12:31:22.810476 dv-cinder-851996-3-smb devstack@c-api.service[110775]: DEBUG cinder.api.middleware.request_id [None req-b8624122-884a-48f2-9752-dc6ef88eba53 None None] RequestId filter calling following filter/app {{(pid=110775) _context_setter /opt/stack/cinder/cinder/api/middleware/request_id.py:62}}
Aug 06 12:31:22.814760 dv-cinder-851996-3-smb devstack@c-api.service[110775]: INFO cinder.api.openstack.wsgi [None req-b8624122-884a-48f2-9752-dc6ef88eba53 tempest-SnapshotsActionsTest-795356887 tempest-SnapshotsActionsTest-795356887-project] GET http://10.222.0.25/volume/v3/757360a4149642ad87f265ac2c7d8a01/snapshots/b9515b08-a7ba-46da-9511-064e946b0c75
Aug 06 12:31:22.815222 dv-cinder-851996-3-smb devstack@c-api.service[110775]: DEBUG cinder.api.openstack.wsgi [None req-b8624122-884a-48f2-9752-dc6ef88eba53 tempest-SnapshotsActionsTest-795356887 tempest-SnapshotsActionsTest-795356887-project] Empty body provided in request {{(pid=110775) get_body /opt/stack/cinder/cinder/api/openstack/wsgi.py:715}}
Aug 06 12:31:22.815861 dv-cinder-851996-3-smb devstack@c-api.service[110775]: DEBUG cinder.api.openstack.wsgi [None req-b8624122-884a-48f2-9752-dc6ef88eba53 tempest-SnapshotsActionsTest-795356887 tempest-SnapshotsActionsTest-795356887-project] Calling method 'show' {{(pid=110775) _process_stack /opt/stack/cinder/cinder/api/openstack/wsgi.py:868}}
Aug 06 12:31:22.838766 dv-cinder-851996-3-smb devstack@c-api.service[110775]: /usr/local/lib/python3.8/dist-packages/oslo_context/context.py:100: DeprecationWarning: Policy enforcement is depending on the value of is_admin. This key is deprecated. Please update your policy file to use the standard policy values.
Aug 06 12:31:22.838766 dv-cinder-851996-3-smb devstack@c-api.service[110775]: warnings.warn('Policy enforcement is depending on the value of '
Aug 06 12:31:22.842214 dv-cinder-851996-3-smb devstack@c-api.service[110775]: INFO cinder.volume.api [None req-b8624122-884a-48f2-9752-dc6ef88eba53 tempest-SnapshotsActionsTest-795356887 tempest-SnapshotsActionsTest-795356887-project] Snapshot retrieved successfully.
Aug 06 12:31:22.844700 dv-cinder-851996-3-smb devstack@c-api.service[110775]: INFO cinder.api.openstack.wsgi [None req-b8624122-884a-48f2-9752-dc6ef88eba53 tempest-SnapshotsActionsTest-795356887 tempest-SnapshotsActionsTest-795356887-project] http://10.222.0.25/volume/v3/757360a4149642ad87f265ac2c7d8a01/snapshots/b9515b08-a7ba-46da-9511-064e946b0c75 returned with HTTP 200
Aug 06 12:31:22.845999 dv-cinder-851996-3-smb devstack@c-api.service[110775]: [pid: 110775|app: 0|req: 207/385] 10.222.0.25 () {58 vars in 1331 bytes} [Sat Aug 6 12:31:22 2022] GET /volume/v3/757360a4149642ad87f265ac2c7d8a01/snapshots/b9515b08-a7ba-46da-9511-064e946b0c75 => generated 568 bytes in 36 msecs (HTTP/1.1 200) 7 headers in 285 bytes (2 switches on core 0)
Aug 06 12:31:22.857267 dv-cinder-851996-3-smb devstack@c-api.service[110775]: DEBUG cinder.api.middleware.request_id [None req-f0ee18ba-918d-4073-ab4c-bf9b2c608291 None None] RequestId filter calling following filter/app {{(pid=110775) _context_setter /opt/stack/cinder/cinder/api/middleware/request_id.py:62}}
Aug 06 12:31:22.862041 dv-cinder-851996-3-smb devstack@c-api.service[110775]: INFO cinder.api.openstack.wsgi [None req-f0ee18ba-918d-4073-ab4c-bf9b2c608291 tempest-SnapshotsActionsTest-175281891 tempest-SnapshotsActionsTest-175281891-project-admin] POST http://10.222.0.25/volume/v3/964c7fa319fe49909e7955b2a740debe/snapshots/b9515b08-a7ba-46da-9511-064e946b0c75/action
Aug 06 12:31:22.862678 dv-cinder-851996-3-smb devstack@c-api.service[110775]: DEBUG cinder.api.openstack.wsgi [None req-f0ee18ba-918d-4073-ab4c-bf9b2c608291 tempest-SnapshotsActionsTest-175281891 tempest-SnapshotsActionsTest-175281891-project-admin] Action body: b'{"os-reset_status": {"status": "error"}}' {{(pid=110775) get_method /opt/stack/cinder/cinder/api/openstack/wsgi.py:983}}
Aug 06 12:31:22.863581 dv-cinder-851996-3-smb devstack@c-api.service[110775]: DEBUG cinder.api.openstack.wsgi [None req-f0ee18ba-918d-4073-ab4c-bf9b2c608291 tempest-SnapshotsActionsTest-175281891 tempest-SnapshotsActionsTest-175281891-project-admin] Action: 'action', calling method: _reset_status, body: {"os-reset_status": {"status": "error"}} {{(pid=110775) _process_stack /opt/stack/cinder/cinder/api/openstack/wsgi.py:866}}
Aug 06 12:31:22.866799 dv-cinder-851996-3-smb devstack@c-api.service[110775]: DEBUG cinder.api.contrib.admin_actions [None req-f0ee18ba-918d-4073-ab4c-bf9b2c608291 tempest-SnapshotsActionsTest-175281891 tempest-SnapshotsActionsTest-175281891-project-admin] Updating snapshot 'b9515b08-a7ba-46da-9511-064e946b0c75' with '{'status': 'error'}' {{(pid=110775) _reset_status /opt/stack/cinder/cinder/api/contrib/admin_actions.py:100}}
Aug 06 12:31:22.888467 dv-cinder-851996-3-smb devstack@c-api.service[110774]: DEBUG cinder.volume.api [None req-cf7dd41a-8fc5-45a7-9aee-82b6591169c4 tempest-VolumesListTestJSON-557477658 tempest-VolumesListTestJSON-557477658-project] Task 'cinder.volume.flows.api.create_volume.ExtractVolumeRequestTask;volume:create' (bcfadc96-3b04-4722-913e-260c5fd65266) transitioned into state 'SUCCESS' from state 'RUNNING' with result '{'size': 1, 'snapshot_id': None, 'source_volid': None, 'volume_type': VolumeType(created_at=2022-08-06T12:20:42Z,deleted=False,deleted_at=None,description='Default Volume Type',extra_specs={},id=25e48cc0-cb91-40e6-90b2-e99040c7bdad,is_public=True,name='__DEFAULT__',projects=[],qos_specs=,qos_specs_id=None,updated_at=2022-08-06T12:20:42Z), 'volume_type_id': '25e48cc0-cb91-40e6-90b2-e99040c7bdad', 'encryption_key_id': None, 'qos_specs': None, 'consistencygroup_id': None, 'cgsnapshot_id': None, 'group_id': None, 'replication_status': 'disabled', 'refresh_az': False, 'backup_id': None, 'multiattach': False, 'availability_zones': ['nova']}' {{(pid=110774) _task_receiver /usr/local/lib/python3.8/dist-packages/taskflow/listeners/logging.py:178}}
Aug 06 12:31:22.892000 dv-cinder-851996-3-smb devstack@c-api.service[110774]: DEBUG cinder.volume.api [None req-cf7dd41a-8fc5-45a7-9aee-82b6591169c4 tempest-VolumesListTestJSON-557477658 tempest-VolumesListTestJSON-557477658-project] Task 'cinder.volume.flows.api.create_volume.QuotaReserveTask;volume:create' (1415c362-1077-44d6-b68e-6bcaaf3e3da9) transitioned into state 'RUNNING' from state 'PENDING' {{(pid=110774) _task_receiver /usr/local/lib/python3.8/dist-packages/taskflow/listeners/logging.py:190}}
Aug 06 12:31:22.900887 dv-cinder-851996-3-smb devstack@c-api.service[110775]: /usr/local/lib/python3.8/dist-packages/oslo_context/context.py:100: DeprecationWarning: Policy enforcement is depending on the value of is_admin. This key is deprecated. Please update your policy file to use the standard policy values.
Aug 06 12:31:22.900887 dv-cinder-851996-3-smb devstack@c-api.service[110775]: warnings.warn('Policy enforcement is depending on the value of '
Aug 06 12:31:22.938116 dv-cinder-851996-3-smb devstack@c-api.service[110775]: INFO cinder.api.openstack.wsgi [None req-f0ee18ba-918d-4073-ab4c-bf9b2c608291 tempest-SnapshotsActionsTest-175281891 tempest-SnapshotsActionsTest-175281891-project-admin] http://10.222.0.25/volume/v3/964c7fa319fe49909e7955b2a740debe/snapshots/b9515b08-a7ba-46da-9511-064e946b0c75/action returned with HTTP 202
Aug 06 12:31:22.939133 dv-cinder-851996-3-smb devstack@c-api.service[110775]: [pid: 110775|app: 0|req: 208/386] 10.222.0.25 () {60 vars in 1373 bytes} [Sat Aug 6 12:31:22 2022] POST /volume/v3/964c7fa319fe49909e7955b2a740debe/snapshots/b9515b08-a7ba-46da-9511-064e946b0c75/action => generated 0 bytes in 83 msecs (HTTP/1.1 202) 7 headers in 289 bytes (1 switches on core 0)
Aug 06 12:31:22.943819 dv-cinder-851996-3-smb devstack@c-api.service[110775]: DEBUG cinder.api.middleware.request_id [None req-5eb4cc31-2cad-4af5-a4a5-45378b578746 None None] RequestId filter calling following filter/app {{(pid=110775) _context_setter /opt/stack/cinder/cinder/api/middleware/request_id.py:62}}
Aug 06 12:31:22.947780 dv-cinder-851996-3-smb devstack@c-api.service[110775]: INFO cinder.api.openstack.wsgi [None req-5eb4cc31-2cad-4af5-a4a5-45378b578746 tempest-SnapshotsActionsTest-795356887 tempest-SnapshotsActionsTest-795356887-project] GET http://10.222.0.25/volume/v3/757360a4149642ad87f265ac2c7d8a01/snapshots/b9515b08-a7ba-46da-9511-064e946b0c75
Aug 06 12:31:22.948230 dv-cinder-851996-3-smb devstack@c-api.service[110775]: DEBUG cinder.api.openstack.wsgi [None req-5eb4cc31-2cad-4af5-a4a5-45378b578746 tempest-SnapshotsActionsTest-795356887 tempest-SnapshotsActionsTest-795356887-project] Empty body provided in request {{(pid=110775) get_body /opt/stack/cinder/cinder/api/openstack/wsgi.py:715}}
Aug 06 12:31:22.948679 dv-cinder-851996-3-smb devstack@c-api.service[110775]: DEBUG cinder.api.openstack.wsgi [None req-5eb4cc31-2cad-4af5-a4a5-45378b578746 tempest-SnapshotsActionsTest-795356887 tempest-SnapshotsActionsTest-795356887-project] Calling method 'show' {{(pid=110775) _process_stack /opt/stack/cinder/cinder/api/openstack/wsgi.py:868}}
Aug 06 12:31:22.967015 dv-cinder-851996-3-smb devstack@c-api.service[110775]: /usr/local/lib/python3.8/dist-packages/oslo_context/context.py:100: DeprecationWarning: Policy enforcement is depending on the value of is_admin. This key is deprecated. Please update your policy file to use the standard policy values.
Aug 06 12:31:22.967015 dv-cinder-851996-3-smb devstack@c-api.service[110775]: warnings.warn('Policy enforcement is depending on the value of '
Aug 06 12:31:22.968560 dv-cinder-851996-3-smb devstack@c-api.service[110775]: INFO cinder.volume.api [None req-5eb4cc31-2cad-4af5-a4a5-45378b578746 tempest-SnapshotsActionsTest-795356887 tempest-SnapshotsActionsTest-795356887-project] Snapshot retrieved successfully.
Aug 06 12:31:22.970324 dv-cinder-851996-3-smb devstack@c-api.service[110775]: INFO cinder.api.openstack.wsgi [None req-5eb4cc31-2cad-4af5-a4a5-45378b578746 tempest-SnapshotsActionsTest-795356887 tempest-SnapshotsActionsTest-795356887-project] http://10.222.0.25/volume/v3/757360a4149642ad87f265ac2c7d8a01/snapshots/b9515b08-a7ba-46da-9511-064e946b0c75 returned with HTTP 200
Aug 06 12:31:22.981941 dv-cinder-851996-3-smb devstack@c-api.service[110775]: [pid: 110775|app: 0|req: 209/387] 10.222.0.25 () {58 vars in 1331 bytes} [Sat Aug 6 12:31:22 2022] GET /volume/v3/757360a4149642ad87f265ac2c7d8a01/snapshots/b9515b08-a7ba-46da-9511-064e946b0c75 => generated 564 bytes in 38 msecs (HTTP/1.1 200) 7 headers in 285 bytes (1 switches on core 0)
Aug 06 12:31:22.983115 dv-cinder-851996-3-smb devstack@c-api.service[110775]: DEBUG cinder.api.middleware.request_id [None req-4b16c9ba-e8ee-4bfa-9e85-d099f66ce75e None None] RequestId filter calling following filter/app {{(pid=110775) _context_setter /opt/stack/cinder/cinder/api/middleware/request_id.py:62}}
Aug 06 12:31:22.987910 dv-cinder-851996-3-smb devstack@c-api.service[110775]: INFO cinder.api.openstack.wsgi [None req-4b16c9ba-e8ee-4bfa-9e85-d099f66ce75e tempest-SnapshotsActionsTest-175281891 tempest-SnapshotsActionsTest-175281891-project-admin] POST http://10.222.0.25/volume/v3/964c7fa319fe49909e7955b2a740debe/snapshots/b9515b08-a7ba-46da-9511-064e946b0c75/action
Aug 06 12:31:22.988791 dv-cinder-851996-3-smb devstack@c-api.service[110775]: DEBUG cinder.api.openstack.wsgi [None req-4b16c9ba-e8ee-4bfa-9e85-d099f66ce75e tempest-SnapshotsActionsTest-175281891 tempest-SnapshotsActionsTest-175281891-project-admin] Action body: b'{"os-force_delete": {}}' {{(pid=110775) get_method /opt/stack/cinder/cinder/api/openstack/wsgi.py:983}}
Aug 06 12:31:22.989130 dv-cinder-851996-3-smb devstack@c-api.service[110775]: DEBUG cinder.api.openstack.wsgi [None req-4b16c9ba-e8ee-4bfa-9e85-d099f66ce75e tempest-SnapshotsActionsTest-175281891 tempest-SnapshotsActionsTest-175281891-project-admin] Action: 'action', calling method: _force_delete, body: {"os-force_delete": {}} {{(pid=110775) _process_stack /opt/stack/cinder/cinder/api/openstack/wsgi.py:866}}
Aug 06 12:31:23.003685 dv-cinder-851996-3-smb devstack@c-api.service[110775]: /usr/local/lib/python3.8/dist-packages/oslo_context/context.py:100: DeprecationWarning: Policy enforcement is depending on the value of is_admin. This key is deprecated. Please update your policy file to use the standard policy values.
Aug 06 12:31:23.003685 dv-cinder-851996-3-smb devstack@c-api.service[110775]: warnings.warn('Policy enforcement is depending on the value of '
Aug 06 12:31:23.004700 dv-cinder-851996-3-smb devstack@c-api.service[110775]: INFO cinder.volume.api [None req-4b16c9ba-e8ee-4bfa-9e85-d099f66ce75e tempest-SnapshotsActionsTest-175281891 tempest-SnapshotsActionsTest-175281891-project-admin] Snapshot retrieved successfully.
Aug 06 12:31:23.040091 dv-cinder-851996-3-smb devstack@c-api.service[110774]: DEBUG cinder.quota [None req-cf7dd41a-8fc5-45a7-9aee-82b6591169c4 tempest-VolumesListTestJSON-557477658 tempest-VolumesListTestJSON-557477658-project] Created reservations ['18d90aea-c323-4abf-b3b4-8604bb534def', 'd3380aab-9777-4211-bde5-df653421023f', '2a69216b-7e34-4785-9450-b7f860269573', '9a0dc8a4-635a-4617-84f0-bca5d7b3465e'] {{(pid=110774) reserve /opt/stack/cinder/cinder/quota.py:755}}
Aug 06 12:31:23.063250 dv-cinder-851996-3-smb devstack@c-api.service[110775]: INFO cinder.volume.api [None req-4b16c9ba-e8ee-4bfa-9e85-d099f66ce75e tempest-SnapshotsActionsTest-175281891 tempest-SnapshotsActionsTest-175281891-project-admin] Snapshot delete request issued successfully.
Aug 06 12:31:23.065141 dv-cinder-851996-3-smb devstack@c-api.service[110775]: INFO cinder.api.openstack.wsgi [None req-4b16c9ba-e8ee-4bfa-9e85-d099f66ce75e tempest-SnapshotsActionsTest-175281891 tempest-SnapshotsActionsTest-175281891-project-admin] http://10.222.0.25/volume/v3/964c7fa319fe49909e7955b2a740debe/snapshots/b9515b08-a7ba-46da-9511-064e946b0c75/action returned with HTTP 202
Aug 06 12:31:23.069827 dv-cinder-851996-3-smb devstack@c-api.service[110775]: [pid: 110775|app: 0|req: 210/388] 10.222.0.25 () {60 vars in 1373 bytes} [Sat Aug 6 12:31:22 2022] POST /volume/v3/964c7fa319fe49909e7955b2a740debe/snapshots/b9515b08-a7ba-46da-9511-064e946b0c75/action => generated 0 bytes in 87 msecs (HTTP/1.1 202) 7 headers in 289 bytes (1 switches on core 0)
Aug 06 12:31:23.072715 dv-cinder-851996-3-smb devstack@c-api.service[110775]: DEBUG cinder.api.middleware.request_id [None req-5c8c13f1-b2da-4c1d-af70-6d777a801eb0 None None] RequestId filter calling following filter/app {{(pid=110775) _context_setter /opt/stack/cinder/cinder/api/middleware/request_id.py:62}}
Aug 06 12:31:23.076809 dv-cinder-851996-3-smb devstack@c-api.service[110774]: DEBUG cinder.volume.api [None req-cf7dd41a-8fc5-45a7-9aee-82b6591169c4 tempest-VolumesListTestJSON-557477658 tempest-VolumesListTestJSON-557477658-project] Task 'cinder.volume.flows.api.create_volume.QuotaReserveTask;volume:create' (1415c362-1077-44d6-b68e-6bcaaf3e3da9) transitioned into state 'SUCCESS' from state 'RUNNING' with result '{'reservations': ['18d90aea-c323-4abf-b3b4-8604bb534def', 'd3380aab-9777-4211-bde5-df653421023f', '2a69216b-7e34-4785-9450-b7f860269573', '9a0dc8a4-635a-4617-84f0-bca5d7b3465e']}' {{(pid=110774) _task_receiver /usr/local/lib/python3.8/dist-packages/taskflow/listeners/logging.py:178}}
Aug 06 12:31:23.081434 dv-cinder-851996-3-smb devstack@c-api.service[110774]: DEBUG cinder.volume.api [None req-cf7dd41a-8fc5-45a7-9aee-82b6591169c4 tempest-VolumesListTestJSON-557477658 tempest-VolumesListTestJSON-557477658-project] Task 'cinder.volume.flows.api.create_volume.EntryCreateTask;volume:create' (41afa5db-4a05-4056-a7ee-3eded4abd19b) transitioned into state 'RUNNING' from state 'PENDING' {{(pid=110774) _task_receiver /usr/local/lib/python3.8/dist-packages/taskflow/listeners/logging.py:190}}
Aug 06 12:31:23.083672 dv-cinder-851996-3-smb devstack@c-api.service[110775]: INFO cinder.api.openstack.wsgi [None req-5c8c13f1-b2da-4c1d-af70-6d777a801eb0 tempest-SnapshotsActionsTest-795356887 tempest-SnapshotsActionsTest-795356887-project] GET http://10.222.0.25/volume/v3/757360a4149642ad87f265ac2c7d8a01/snapshots/b9515b08-a7ba-46da-9511-064e946b0c75
Aug 06 12:31:23.085179 dv-cinder-851996-3-smb devstack@c-api.service[110775]: DEBUG cinder.api.openstack.wsgi [None req-5c8c13f1-b2da-4c1d-af70-6d777a801eb0 tempest-SnapshotsActionsTest-795356887 tempest-SnapshotsActionsTest-795356887-project] Empty body provided in request {{(pid=110775) get_body /opt/stack/cinder/cinder/api/openstack/wsgi.py:715}}
Aug 06 12:31:23.086266 dv-cinder-851996-3-smb devstack@c-api.service[110775]: DEBUG cinder.api.openstack.wsgi [None req-5c8c13f1-b2da-4c1d-af70-6d777a801eb0 tempest-SnapshotsActionsTest-795356887 tempest-SnapshotsActionsTest-795356887-project] Calling method 'show' {{(pid=110775) _process_stack /opt/stack/cinder/cinder/api/openstack/wsgi.py:868}}
Aug 06 12:31:23.107367 dv-cinder-851996-3-smb devstack@c-api.service[110775]: /usr/local/lib/python3.8/dist-packages/oslo_context/context.py:100: DeprecationWarning: Policy enforcement is depending on the value of is_admin. This key is deprecated. Please update your policy file to use the standard policy values.
Aug 06 12:31:23.107367 dv-cinder-851996-3-smb devstack@c-api.service[110775]: warnings.warn('Policy enforcement is depending on the value of '
Aug 06 12:31:23.108433 dv-cinder-851996-3-smb devstack@c-api.service[110775]: INFO cinder.volume.api [None req-5c8c13f1-b2da-4c1d-af70-6d777a801eb0 tempest-SnapshotsActionsTest-795356887 tempest-SnapshotsActionsTest-795356887-project] Snapshot retrieved successfully.
Aug 06 12:31:23.115709 dv-cinder-851996-3-smb devstack@c-api.service[110775]: INFO cinder.api.openstack.wsgi [None req-5c8c13f1-b2da-4c1d-af70-6d777a801eb0 tempest-SnapshotsActionsTest-795356887 tempest-SnapshotsActionsTest-795356887-project] http://10.222.0.25/volume/v3/757360a4149642ad87f265ac2c7d8a01/snapshots/b9515b08-a7ba-46da-9511-064e946b0c75 returned with HTTP 200
Aug 06 12:31:23.120251 dv-cinder-851996-3-smb devstack@c-api.service[110775]: [pid: 110775|app: 0|req: 211/389] 10.222.0.25 () {58 vars in 1331 bytes} [Sat Aug 6 12:31:23 2022] GET /volume/v3/757360a4149642ad87f265ac2c7d8a01/snapshots/b9515b08-a7ba-46da-9511-064e946b0c75 => generated 567 bytes in 49 msecs (HTTP/1.1 200) 7 headers in 285 bytes (1 switches on core 0)
Aug 06 12:31:23.177017 dv-cinder-851996-3-smb devstack@c-api.service[110774]: DEBUG cinder.volume.api [None req-cf7dd41a-8fc5-45a7-9aee-82b6591169c4 tempest-VolumesListTestJSON-557477658 tempest-VolumesListTestJSON-557477658-project] Task 'cinder.volume.flows.api.create_volume.EntryCreateTask;volume:create' (41afa5db-4a05-4056-a7ee-3eded4abd19b) transitioned into state 'SUCCESS' from state 'RUNNING' with result '{'volume_id': '7bb7f894-c13b-4926-bbc1-49b34da85a1c', 'volume_properties': VolumeProperties(attach_status='detached',availability_zone='nova',cgsnapshot_id=None,consistencygroup_id=None,display_description=None,display_name='tempest-VolumesListTestJSON-Volume-326684057',encryption_key_id=None,group_id=None,group_type_id=,metadata={Type='work'},multiattach=False,project_id='4e3c8b8269b44f85805f7a6f764679c0',qos_specs=None,replication_status=,reservations=['18d90aea-c323-4abf-b3b4-8604bb534def','d3380aab-9777-4211-bde5-df653421023f','2a69216b-7e34-4785-9450-b7f860269573','9a0dc8a4-635a-4617-84f0-bca5d7b3465e'],size=1,snapshot_id=None,source_replicaid=,source_volid=None,status='creating',user_id='e58c78f220084e5ca14efc243b3dcda3',volume_type_id=25e48cc0-cb91-40e6-90b2-e99040c7bdad), 'volume': Volume(_name_id=None,admin_metadata=,attach_status='detached',availability_zone='nova',bootable=False,cluster=,cluster_name=None,consistencygroup=,consistencygroup_id=None,created_at=2022-08-06T12:31:23Z,deleted=False,deleted_at=None,display_description=None,display_name='tempest-VolumesListTestJSON-Volume-326684057',ec2_id=None,encryption_key_id=None,glance_metadata=,group=,group_id=None,host=None,id=7bb7f894-c13b-4926-bbc1-49b34da85a1c,launched_at=None,metadata={Type='work'},migration_status=None,multiattach=False,previous_status=None,project_id='4e3c8b8269b44f85805f7a6f764679c0',provider_auth=None,provider_geometry=None,provider_id=None,provider_location=None,replication_driver_data=None,replication_extended_status=None,replication_status=None,scheduled_at=None,service_uuid=None,shared_targets=True,size=1,snapshot_id=None,snapshots=,source_volid=None,status='creating',terminated_at=None,updated_at=None,use_quota=True,user_id='e58c78f220084e5ca14efc243b3dcda3',volume_attachment=VolumeAttachmentList,volume_type=VolumeType(25e48cc0-cb91-40e6-90b2-e99040c7bdad),volume_type_id=25e48cc0-cb91-40e6-90b2-e99040c7bdad)}' {{(pid=110774) _task_receiver /usr/local/lib/python3.8/dist-packages/taskflow/listeners/logging.py:178}}
Aug 06 12:31:23.183911 dv-cinder-851996-3-smb devstack@c-api.service[110774]: DEBUG cinder.volume.api [None req-cf7dd41a-8fc5-45a7-9aee-82b6591169c4 tempest-VolumesListTestJSON-557477658 tempest-VolumesListTestJSON-557477658-project] Task 'cinder.volume.flows.api.create_volume.QuotaCommitTask;volume:create' (1c99a699-08cd-48de-9de7-ffa5ab48f70d) transitioned into state 'RUNNING' from state 'PENDING' {{(pid=110774) _task_receiver /usr/local/lib/python3.8/dist-packages/taskflow/listeners/logging.py:190}}
Aug 06 12:31:23.239573 dv-cinder-851996-3-smb devstack@c-api.service[110774]: DEBUG cinder.volume.api [None req-cf7dd41a-8fc5-45a7-9aee-82b6591169c4 tempest-VolumesListTestJSON-557477658 tempest-VolumesListTestJSON-557477658-project] Task 'cinder.volume.flows.api.create_volume.QuotaCommitTask;volume:create' (1c99a699-08cd-48de-9de7-ffa5ab48f70d) transitioned into state 'SUCCESS' from state 'RUNNING' with result '{'volume_properties': VolumeProperties(attach_status='detached',availability_zone='nova',cgsnapshot_id=None,consistencygroup_id=None,display_description=None,display_name='tempest-VolumesListTestJSON-Volume-326684057',encryption_key_id=None,group_id=None,group_type_id=,metadata={Type='work'},multiattach=False,project_id='4e3c8b8269b44f85805f7a6f764679c0',qos_specs=None,replication_status=,reservations=['18d90aea-c323-4abf-b3b4-8604bb534def','d3380aab-9777-4211-bde5-df653421023f','2a69216b-7e34-4785-9450-b7f860269573','9a0dc8a4-635a-4617-84f0-bca5d7b3465e'],size=1,snapshot_id=None,source_replicaid=,source_volid=None,status='creating',user_id='e58c78f220084e5ca14efc243b3dcda3',volume_type_id=25e48cc0-cb91-40e6-90b2-e99040c7bdad)}' {{(pid=110774) _task_receiver /usr/local/lib/python3.8/dist-packages/taskflow/listeners/logging.py:178}}
Aug 06 12:31:23.243001 dv-cinder-851996-3-smb devstack@c-api.service[110774]: DEBUG cinder.volume.api [None req-cf7dd41a-8fc5-45a7-9aee-82b6591169c4 tempest-VolumesListTestJSON-557477658 tempest-VolumesListTestJSON-557477658-project] Task 'cinder.volume.flows.api.create_volume.VolumeCastTask;volume:create' (24ad47bf-412c-4570-8e05-999e8fd8cd76) transitioned into state 'RUNNING' from state 'PENDING' {{(pid=110774) _task_receiver /usr/local/lib/python3.8/dist-packages/taskflow/listeners/logging.py:190}}
Aug 06 12:31:23.258793 dv-cinder-851996-3-smb devstack@c-api.service[110775]: DEBUG cinder.api.middleware.request_id [None req-016cb301-0fff-47f9-b552-6bd840945291 None None] RequestId filter calling following filter/app {{(pid=110775) _context_setter /opt/stack/cinder/cinder/api/middleware/request_id.py:62}}
Aug 06 12:31:23.262313 dv-cinder-851996-3-smb devstack@c-api.service[110775]: INFO cinder.api.openstack.wsgi [None req-016cb301-0fff-47f9-b552-6bd840945291 tempest-DeleteServersTestJSON-1422356523 tempest-DeleteServersTestJSON-1422356523-project] GET http://10.222.0.25/volume/v3/245d19e69eca46aea297d7267ca6c8f0/volumes/7c0d815e-64ab-41c6-8f3e-68bc03349f23
Aug 06 12:31:23.262765 dv-cinder-851996-3-smb devstack@c-api.service[110775]: DEBUG cinder.api.openstack.wsgi [None req-016cb301-0fff-47f9-b552-6bd840945291 tempest-DeleteServersTestJSON-1422356523 tempest-DeleteServersTestJSON-1422356523-project] Empty body provided in request {{(pid=110775) get_body /opt/stack/cinder/cinder/api/openstack/wsgi.py:715}}
Aug 06 12:31:23.263230 dv-cinder-851996-3-smb devstack@c-api.service[110775]: DEBUG cinder.api.openstack.wsgi [None req-016cb301-0fff-47f9-b552-6bd840945291 tempest-DeleteServersTestJSON-1422356523 tempest-DeleteServersTestJSON-1422356523-project] Calling method 'show' {{(pid=110775) _process_stack /opt/stack/cinder/cinder/api/openstack/wsgi.py:868}}
Aug 06 12:31:23.289157 dv-cinder-851996-3-smb devstack@c-api.service[110774]: DEBUG cinder.volume.api [None req-cf7dd41a-8fc5-45a7-9aee-82b6591169c4 tempest-VolumesListTestJSON-557477658 tempest-VolumesListTestJSON-557477658-project] Task 'cinder.volume.flows.api.create_volume.VolumeCastTask;volume:create' (24ad47bf-412c-4570-8e05-999e8fd8cd76) transitioned into state 'SUCCESS' from state 'RUNNING' with result 'None' {{(pid=110774) _task_receiver /usr/local/lib/python3.8/dist-packages/taskflow/listeners/logging.py:178}}
Aug 06 12:31:23.296868 dv-cinder-851996-3-smb devstack@c-api.service[110774]: DEBUG cinder.volume.api [None req-cf7dd41a-8fc5-45a7-9aee-82b6591169c4 tempest-VolumesListTestJSON-557477658 tempest-VolumesListTestJSON-557477658-project] Flow 'volume_create_api' (19bb3d63-e3d5-410d-bacf-96fcdf3877f5) transitioned into state 'SUCCESS' from state 'RUNNING' {{(pid=110774) _flow_receiver /usr/local/lib/python3.8/dist-packages/taskflow/listeners/logging.py:141}}
Aug 06 12:31:23.302125 dv-cinder-851996-3-smb devstack@c-api.service[110774]: INFO cinder.volume.api [None req-cf7dd41a-8fc5-45a7-9aee-82b6591169c4 tempest-VolumesListTestJSON-557477658 tempest-VolumesListTestJSON-557477658-project] Create volume request issued successfully.
Aug 06 12:31:23.303934 dv-cinder-851996-3-smb devstack@c-api.service[110774]: INFO cinder.api.openstack.wsgi [None req-cf7dd41a-8fc5-45a7-9aee-82b6591169c4 tempest-VolumesListTestJSON-557477658 tempest-VolumesListTestJSON-557477658-project] http://10.222.0.25/volume/v3/4e3c8b8269b44f85805f7a6f764679c0/volumes returned with HTTP 202
Aug 06 12:31:23.305834 dv-cinder-851996-3-smb devstack@c-api.service[110774]: [pid: 110774|app: 0|req: 179/390] 10.222.0.25 () {60 vars in 1236 bytes} [Sat Aug 6 12:31:22 2022] POST /volume/v3/4e3c8b8269b44f85805f7a6f764679c0/volumes => generated 832 bytes in 560 msecs (HTTP/1.1 202) 7 headers in 291 bytes (1 switches on core 0)
Aug 06 12:31:23.319263 dv-cinder-851996-3-smb devstack@c-api.service[110775]: /usr/local/lib/python3.8/dist-packages/oslo_context/context.py:100: DeprecationWarning: Policy enforcement is depending on the value of is_admin. This key is deprecated. Please update your policy file to use the standard policy values.
Aug 06 12:31:23.319263 dv-cinder-851996-3-smb devstack@c-api.service[110775]: warnings.warn('Policy enforcement is depending on the value of '
Aug 06 12:31:23.320419 dv-cinder-851996-3-smb devstack@c-api.service[110774]: DEBUG cinder.api.middleware.request_id [None req-144d0ff1-14cb-4d3f-afdc-5002d2b651f7 None None] RequestId filter calling following filter/app {{(pid=110774) _context_setter /opt/stack/cinder/cinder/api/middleware/request_id.py:62}}
Aug 06 12:31:23.324921 dv-cinder-851996-3-smb devstack@c-api.service[110774]: INFO cinder.api.openstack.wsgi [None req-144d0ff1-14cb-4d3f-afdc-5002d2b651f7 tempest-VolumesListTestJSON-557477658 tempest-VolumesListTestJSON-557477658-project] GET http://10.222.0.25/volume/v3/4e3c8b8269b44f85805f7a6f764679c0/volumes/7bb7f894-c13b-4926-bbc1-49b34da85a1c
Aug 06 12:31:23.325630 dv-cinder-851996-3-smb devstack@c-api.service[110774]: DEBUG cinder.api.openstack.wsgi [None req-144d0ff1-14cb-4d3f-afdc-5002d2b651f7 tempest-VolumesListTestJSON-557477658 tempest-VolumesListTestJSON-557477658-project] Empty body provided in request {{(pid=110774) get_body /opt/stack/cinder/cinder/api/openstack/wsgi.py:715}}
Aug 06 12:31:23.326315 dv-cinder-851996-3-smb devstack@c-api.service[110774]: DEBUG cinder.api.openstack.wsgi [None req-144d0ff1-14cb-4d3f-afdc-5002d2b651f7 tempest-VolumesListTestJSON-557477658 tempest-VolumesListTestJSON-557477658-project] Calling method 'show' {{(pid=110774) _process_stack /opt/stack/cinder/cinder/api/openstack/wsgi.py:868}}
Aug 06 12:31:23.337729 dv-cinder-851996-3-smb devstack@c-api.service[110775]: INFO cinder.volume.api [None req-016cb301-0fff-47f9-b552-6bd840945291 tempest-DeleteServersTestJSON-1422356523 tempest-DeleteServersTestJSON-1422356523-project] Volume info retrieved successfully.
Aug 06 12:31:23.356825 dv-cinder-851996-3-smb devstack@c-api.service[110775]: INFO cinder.api.openstack.wsgi [None req-016cb301-0fff-47f9-b552-6bd840945291 tempest-DeleteServersTestJSON-1422356523 tempest-DeleteServersTestJSON-1422356523-project] http://10.222.0.25/volume/v3/245d19e69eca46aea297d7267ca6c8f0/volumes/7c0d815e-64ab-41c6-8f3e-68bc03349f23 returned with HTTP 200
Aug 06 12:31:23.370504 dv-cinder-851996-3-smb devstack@c-api.service[110775]: [pid: 110775|app: 0|req: 212/391] 10.222.0.25 () {58 vars in 1325 bytes} [Sat Aug 6 12:31:23 2022] GET /volume/v3/245d19e69eca46aea297d7267ca6c8f0/volumes/7c0d815e-64ab-41c6-8f3e-68bc03349f23 => generated 914 bytes in 102 msecs (HTTP/1.1 200) 7 headers in 285 bytes (2 switches on core 0)
Aug 06 12:31:23.370791 dv-cinder-851996-3-smb devstack@c-api.service[110774]: /usr/local/lib/python3.8/dist-packages/oslo_context/context.py:100: DeprecationWarning: Policy enforcement is depending on the value of is_admin. This key is deprecated. Please update your policy file to use the standard policy values.
Aug 06 12:31:23.370791 dv-cinder-851996-3-smb devstack@c-api.service[110774]: warnings.warn('Policy enforcement is depending on the value of '
Aug 06 12:31:23.387394 dv-cinder-851996-3-smb devstack@c-api.service[110774]: INFO cinder.volume.api [None req-144d0ff1-14cb-4d3f-afdc-5002d2b651f7 tempest-VolumesListTestJSON-557477658 tempest-VolumesListTestJSON-557477658-project] Volume info retrieved successfully.
Aug 06 12:31:23.400639 dv-cinder-851996-3-smb devstack@c-api.service[110774]: DEBUG dbcounter [-] [110774] Writing DB stats cinder:UPDATE=22,cinder:INSERT=9,cinder:SELECT=69 {{(pid=110774) stat_writer /usr/local/lib/python3.8/dist-packages/dbcounter.py:114}}
Aug 06 12:31:23.409535 dv-cinder-851996-3-smb devstack@c-api.service[110774]: INFO cinder.api.openstack.wsgi [None req-144d0ff1-14cb-4d3f-afdc-5002d2b651f7 tempest-VolumesListTestJSON-557477658 tempest-VolumesListTestJSON-557477658-project] http://10.222.0.25/volume/v3/4e3c8b8269b44f85805f7a6f764679c0/volumes/7bb7f894-c13b-4926-bbc1-49b34da85a1c returned with HTTP 200
Aug 06 12:31:23.411118 dv-cinder-851996-3-smb devstack@c-api.service[110774]: [pid: 110774|app: 0|req: 180/392] 10.222.0.25 () {58 vars in 1325 bytes} [Sat Aug 6 12:31:23 2022] GET /volume/v3/4e3c8b8269b44f85805f7a6f764679c0/volumes/7bb7f894-c13b-4926-bbc1-49b34da85a1c => generated 900 bytes in 92 msecs (HTTP/1.1 200) 7 headers in 285 bytes (2 switches on core 0)
