Aug 06 13:10:41.204269 dv-cinder-851996-3-iscsi devstack@g-api.service[111953]: DEBUG glance.api.middleware.version_negotiation [None req-4ffdcb29-3044-41f6-b136-0277799111ac tempest-VolumesImageMetadata-943742710 tempest-VolumesImageMetadata-943742710-project] Matched version: v2 {{(pid=111953) process_request /opt/stack/glance/glance/api/middleware/version_negotiation.py:69}}
Aug 06 13:10:41.204747 dv-cinder-851996-3-iscsi devstack@g-api.service[111953]: DEBUG glance.api.middleware.version_negotiation [None req-4ffdcb29-3044-41f6-b136-0277799111ac tempest-VolumesImageMetadata-943742710 tempest-VolumesImageMetadata-943742710-project] new path /v2/images/217657d9-68e9-4831-ac3e-444bba105969 {{(pid=111953) process_request /opt/stack/glance/glance/api/middleware/version_negotiation.py:70}}
Aug 06 13:10:41.221932 dv-cinder-851996-3-iscsi devstack@g-api.service[111953]: [pid: 111953|app: 0|req: 144/260] 127.0.0.1 () {40 vars in 856 bytes} [Sat Aug 6 13:10:41 2022] GET /v2/images/217657d9-68e9-4831-ac3e-444bba105969 => generated 946 bytes in 19 msecs (HTTP/1.1 200) 4 headers in 157 bytes (1 switches on core 0)
Aug 06 13:10:41.262575 dv-cinder-851996-3-iscsi devstack@g-api.service[111951]: DEBUG glance.api.middleware.version_negotiation [None req-4ffdcb29-3044-41f6-b136-0277799111ac tempest-VolumesImageMetadata-943742710 tempest-VolumesImageMetadata-943742710-project] Determining version of request: GET /v2/schemas/image Accept: */* {{(pid=111951) process_request /opt/stack/glance/glance/api/middleware/version_negotiation.py:44}}
Aug 06 13:10:41.263051 dv-cinder-851996-3-iscsi devstack@g-api.service[111951]: DEBUG glance.api.middleware.version_negotiation [None req-4ffdcb29-3044-41f6-b136-0277799111ac tempest-VolumesImageMetadata-943742710 tempest-VolumesImageMetadata-943742710-project] Using url versioning {{(pid=111951) process_request /opt/stack/glance/glance/api/middleware/version_negotiation.py:57}}
Aug 06 13:10:41.263324 dv-cinder-851996-3-iscsi devstack@g-api.service[111951]: DEBUG glance.api.middleware.version_negotiation [None req-4ffdcb29-3044-41f6-b136-0277799111ac tempest-VolumesImageMetadata-943742710 tempest-VolumesImageMetadata-943742710-project] Matched version: v2 {{(pid=111951) process_request /opt/stack/glance/glance/api/middleware/version_negotiation.py:69}}
Aug 06 13:10:41.264118 dv-cinder-851996-3-iscsi devstack@g-api.service[111951]: DEBUG glance.api.middleware.version_negotiation [None req-4ffdcb29-3044-41f6-b136-0277799111ac tempest-VolumesImageMetadata-943742710 tempest-VolumesImageMetadata-943742710-project] new path /v2/schemas/image {{(pid=111951) process_request /opt/stack/glance/glance/api/middleware/version_negotiation.py:70}}
Aug 06 13:10:41.269118 dv-cinder-851996-3-iscsi devstack@g-api.service[111951]: [pid: 111951|app: 0|req: 117/261] 127.0.0.1 () {40 vars in 796 bytes} [Sat Aug 6 13:10:41 2022] GET /v2/schemas/image => generated 6083 bytes in 7 msecs (HTTP/1.1 200) 4 headers in 158 bytes (1 switches on core 0)
Aug 06 13:10:41.475537 dv-cinder-851996-3-iscsi devstack@g-api.service[111953]: DEBUG glance.api.middleware.version_negotiation [None req-4ffdcb29-3044-41f6-b136-0277799111ac tempest-VolumesImageMetadata-943742710 tempest-VolumesImageMetadata-943742710-project] Determining version of request: GET /v2/images/217657d9-68e9-4831-ac3e-444bba105969 Accept: */* {{(pid=111953) process_request /opt/stack/glance/glance/api/middleware/version_negotiation.py:44}}
Aug 06 13:10:41.475819 dv-cinder-851996-3-iscsi devstack@g-api.service[111953]: DEBUG glance.api.middleware.version_negotiation [None req-4ffdcb29-3044-41f6-b136-0277799111ac tempest-VolumesImageMetadata-943742710 tempest-VolumesImageMetadata-943742710-project] Using url versioning {{(pid=111953) process_request /opt/stack/glance/glance/api/middleware/version_negotiation.py:57}}
Aug 06 13:10:41.476143 dv-cinder-851996-3-iscsi devstack@g-api.service[111953]: DEBUG glance.api.middleware.version_negotiation [None req-4ffdcb29-3044-41f6-b136-0277799111ac tempest-VolumesImageMetadata-943742710 tempest-VolumesImageMetadata-943742710-project] Matched version: v2 {{(pid=111953) process_request /opt/stack/glance/glance/api/middleware/version_negotiation.py:69}}
Aug 06 13:10:41.476467 dv-cinder-851996-3-iscsi devstack@g-api.service[111953]: DEBUG glance.api.middleware.version_negotiation [None req-4ffdcb29-3044-41f6-b136-0277799111ac tempest-VolumesImageMetadata-943742710 tempest-VolumesImageMetadata-943742710-project] new path /v2/images/217657d9-68e9-4831-ac3e-444bba105969 {{(pid=111953) process_request /opt/stack/glance/glance/api/middleware/version_negotiation.py:70}}
Aug 06 13:10:41.491321 dv-cinder-851996-3-iscsi devstack@g-api.service[111953]: [pid: 111953|app: 0|req: 145/262] 127.0.0.1 () {40 vars in 856 bytes} [Sat Aug 6 13:10:41 2022] GET /v2/images/217657d9-68e9-4831-ac3e-444bba105969 => generated 946 bytes in 16 msecs (HTTP/1.1 200) 4 headers in 157 bytes (1 switches on core 0)
Aug 06 13:10:41.498858 dv-cinder-851996-3-iscsi devstack@g-api.service[111951]: DEBUG glance.api.middleware.version_negotiation [None req-4ffdcb29-3044-41f6-b136-0277799111ac tempest-VolumesImageMetadata-943742710 tempest-VolumesImageMetadata-943742710-project] Determining version of request: GET /v2/schemas/image Accept: */* {{(pid=111951) process_request /opt/stack/glance/glance/api/middleware/version_negotiation.py:44}}
Aug 06 13:10:41.499217 dv-cinder-851996-3-iscsi devstack@g-api.service[111951]: DEBUG glance.api.middleware.version_negotiation [None req-4ffdcb29-3044-41f6-b136-0277799111ac tempest-VolumesImageMetadata-943742710 tempest-VolumesImageMetadata-943742710-project] Using url versioning {{(pid=111951) process_request /opt/stack/glance/glance/api/middleware/version_negotiation.py:57}}
Aug 06 13:10:41.499543 dv-cinder-851996-3-iscsi devstack@g-api.service[111951]: DEBUG glance.api.middleware.version_negotiation [None req-4ffdcb29-3044-41f6-b136-0277799111ac tempest-VolumesImageMetadata-943742710 tempest-VolumesImageMetadata-943742710-project] Matched version: v2 {{(pid=111951) process_request /opt/stack/glance/glance/api/middleware/version_negotiation.py:69}}
Aug 06 13:10:41.499826 dv-cinder-851996-3-iscsi devstack@g-api.service[111951]: DEBUG glance.api.middleware.version_negotiation [None req-4ffdcb29-3044-41f6-b136-0277799111ac tempest-VolumesImageMetadata-943742710 tempest-VolumesImageMetadata-943742710-project] new path /v2/schemas/image {{(pid=111951) process_request /opt/stack/glance/glance/api/middleware/version_negotiation.py:70}}
Aug 06 13:10:41.503682 dv-cinder-851996-3-iscsi devstack@g-api.service[111951]: [pid: 111951|app: 0|req: 118/263] 127.0.0.1 () {40 vars in 796 bytes} [Sat Aug 6 13:10:41 2022] GET /v2/schemas/image => generated 6083 bytes in 6 msecs (HTTP/1.1 200) 4 headers in 158 bytes (1 switches on core 0)
Aug 06 13:10:42.320840 dv-cinder-851996-3-iscsi devstack@g-api.service[111953]: DEBUG glance.api.middleware.version_negotiation [None req-4ffdcb29-3044-41f6-b136-0277799111ac tempest-VolumesImageMetadata-943742710 tempest-VolumesImageMetadata-943742710-project] Determining version of request: GET /v2/images/217657d9-68e9-4831-ac3e-444bba105969 Accept: */* {{(pid=111953) process_request /opt/stack/glance/glance/api/middleware/version_negotiation.py:44}}
Aug 06 13:10:42.321293 dv-cinder-851996-3-iscsi devstack@g-api.service[111953]: DEBUG glance.api.middleware.version_negotiation [None req-4ffdcb29-3044-41f6-b136-0277799111ac tempest-VolumesImageMetadata-943742710 tempest-VolumesImageMetadata-943742710-project] Using url versioning {{(pid=111953) process_request /opt/stack/glance/glance/api/middleware/version_negotiation.py:57}}
Aug 06 13:10:42.321487 dv-cinder-851996-3-iscsi devstack@g-api.service[111953]: DEBUG glance.api.middleware.version_negotiation [None req-4ffdcb29-3044-41f6-b136-0277799111ac tempest-VolumesImageMetadata-943742710 tempest-VolumesImageMetadata-943742710-project] Matched version: v2 {{(pid=111953) process_request /opt/stack/glance/glance/api/middleware/version_negotiation.py:69}}
Aug 06 13:10:42.321772 dv-cinder-851996-3-iscsi devstack@g-api.service[111953]: DEBUG glance.api.middleware.version_negotiation [None req-4ffdcb29-3044-41f6-b136-0277799111ac tempest-VolumesImageMetadata-943742710 tempest-VolumesImageMetadata-943742710-project] new path /v2/images/217657d9-68e9-4831-ac3e-444bba105969 {{(pid=111953) process_request /opt/stack/glance/glance/api/middleware/version_negotiation.py:70}}
Aug 06 13:10:42.340669 dv-cinder-851996-3-iscsi devstack@g-api.service[111953]: [pid: 111953|app: 0|req: 146/264] 127.0.0.1 () {40 vars in 856 bytes} [Sat Aug 6 13:10:42 2022] GET /v2/images/217657d9-68e9-4831-ac3e-444bba105969 => generated 946 bytes in 20 msecs (HTTP/1.1 200) 4 headers in 157 bytes (1 switches on core 0)
Aug 06 13:10:42.356930 dv-cinder-851996-3-iscsi devstack@g-api.service[111951]: DEBUG glance.api.middleware.version_negotiation [None req-4ffdcb29-3044-41f6-b136-0277799111ac tempest-VolumesImageMetadata-943742710 tempest-VolumesImageMetadata-943742710-project] Determining version of request: GET /v2/schemas/image Accept: */* {{(pid=111951) process_request /opt/stack/glance/glance/api/middleware/version_negotiation.py:44}}
Aug 06 13:10:42.357950 dv-cinder-851996-3-iscsi devstack@g-api.service[111951]: DEBUG glance.api.middleware.version_negotiation [None req-4ffdcb29-3044-41f6-b136-0277799111ac tempest-VolumesImageMetadata-943742710 tempest-VolumesImageMetadata-943742710-project] Using url versioning {{(pid=111951) process_request /opt/stack/glance/glance/api/middleware/version_negotiation.py:57}}
Aug 06 13:10:42.358137 dv-cinder-851996-3-iscsi devstack@g-api.service[111951]: DEBUG glance.api.middleware.version_negotiation [None req-4ffdcb29-3044-41f6-b136-0277799111ac tempest-VolumesImageMetadata-943742710 tempest-VolumesImageMetadata-943742710-project] Matched version: v2 {{(pid=111951) process_request /opt/stack/glance/glance/api/middleware/version_negotiation.py:69}}
Aug 06 13:10:42.358415 dv-cinder-851996-3-iscsi devstack@g-api.service[111951]: DEBUG glance.api.middleware.version_negotiation [None req-4ffdcb29-3044-41f6-b136-0277799111ac tempest-VolumesImageMetadata-943742710 tempest-VolumesImageMetadata-943742710-project] new path /v2/schemas/image {{(pid=111951) process_request /opt/stack/glance/glance/api/middleware/version_negotiation.py:70}}
Aug 06 13:10:42.359697 dv-cinder-851996-3-iscsi devstack@g-api.service[111953]: DEBUG glance.api.middleware.version_negotiation [None req-4ffdcb29-3044-41f6-b136-0277799111ac tempest-VolumesImageMetadata-943742710 tempest-VolumesImageMetadata-943742710-project] Determining version of request: GET /v2/images/217657d9-68e9-4831-ac3e-444bba105969 Accept: */* {{(pid=111953) process_request /opt/stack/glance/glance/api/middleware/version_negotiation.py:44}}
Aug 06 13:10:42.360029 dv-cinder-851996-3-iscsi devstack@g-api.service[111953]: DEBUG glance.api.middleware.version_negotiation [None req-4ffdcb29-3044-41f6-b136-0277799111ac tempest-VolumesImageMetadata-943742710 tempest-VolumesImageMetadata-943742710-project] Using url versioning {{(pid=111953) process_request /opt/stack/glance/glance/api/middleware/version_negotiation.py:57}}
Aug 06 13:10:42.360379 dv-cinder-851996-3-iscsi devstack@g-api.service[111953]: DEBUG glance.api.middleware.version_negotiation [None req-4ffdcb29-3044-41f6-b136-0277799111ac tempest-VolumesImageMetadata-943742710 tempest-VolumesImageMetadata-943742710-project] Matched version: v2 {{(pid=111953) process_request /opt/stack/glance/glance/api/middleware/version_negotiation.py:69}}
Aug 06 13:10:42.360662 dv-cinder-851996-3-iscsi devstack@g-api.service[111953]: DEBUG glance.api.middleware.version_negotiation [None req-4ffdcb29-3044-41f6-b136-0277799111ac tempest-VolumesImageMetadata-943742710 tempest-VolumesImageMetadata-943742710-project] new path /v2/images/217657d9-68e9-4831-ac3e-444bba105969 {{(pid=111953) process_request /opt/stack/glance/glance/api/middleware/version_negotiation.py:70}}
Aug 06 13:10:42.362716 dv-cinder-851996-3-iscsi devstack@g-api.service[111951]: [pid: 111951|app: 0|req: 119/265] 127.0.0.1 () {40 vars in 796 bytes} [Sat Aug 6 13:10:42 2022] GET /v2/schemas/image => generated 6083 bytes in 6 msecs (HTTP/1.1 200) 4 headers in 158 bytes (1 switches on core 0)
Aug 06 13:10:42.376244 dv-cinder-851996-3-iscsi devstack@g-api.service[111953]: [pid: 111953|app: 0|req: 147/266] 127.0.0.1 () {42 vars in 1063 bytes} [Sat Aug 6 13:10:42 2022] GET /v2/images/217657d9-68e9-4831-ac3e-444bba105969 => generated 946 bytes in 17 msecs (HTTP/1.1 200) 4 headers in 157 bytes (1 switches on core 0)
Aug 06 13:10:42.380937 dv-cinder-851996-3-iscsi devstack@g-api.service[111951]: DEBUG glance.api.middleware.version_negotiation [None req-4ffdcb29-3044-41f6-b136-0277799111ac tempest-VolumesImageMetadata-943742710 tempest-VolumesImageMetadata-943742710-project] Determining version of request: GET /v2/schemas/image Accept: */* {{(pid=111951) process_request /opt/stack/glance/glance/api/middleware/version_negotiation.py:44}}
Aug 06 13:10:42.381261 dv-cinder-851996-3-iscsi devstack@g-api.service[111951]: DEBUG glance.api.middleware.version_negotiation [None req-4ffdcb29-3044-41f6-b136-0277799111ac tempest-VolumesImageMetadata-943742710 tempest-VolumesImageMetadata-943742710-project] Using url versioning {{(pid=111951) process_request /opt/stack/glance/glance/api/middleware/version_negotiation.py:57}}
Aug 06 13:10:42.381747 dv-cinder-851996-3-iscsi devstack@g-api.service[111951]: DEBUG glance.api.middleware.version_negotiation [None req-4ffdcb29-3044-41f6-b136-0277799111ac tempest-VolumesImageMetadata-943742710 tempest-VolumesImageMetadata-943742710-project] Matched version: v2 {{(pid=111951) process_request /opt/stack/glance/glance/api/middleware/version_negotiation.py:69}}
Aug 06 13:10:42.382029 dv-cinder-851996-3-iscsi devstack@g-api.service[111951]: DEBUG glance.api.middleware.version_negotiation [None req-4ffdcb29-3044-41f6-b136-0277799111ac tempest-VolumesImageMetadata-943742710 tempest-VolumesImageMetadata-943742710-project] new path /v2/schemas/image {{(pid=111951) process_request /opt/stack/glance/glance/api/middleware/version_negotiation.py:70}}
Aug 06 13:10:42.386337 dv-cinder-851996-3-iscsi devstack@g-api.service[111951]: [pid: 111951|app: 0|req: 120/267] 127.0.0.1 () {42 vars in 1003 bytes} [Sat Aug 6 13:10:42 2022] GET /v2/schemas/image => generated 6083 bytes in 6 msecs (HTTP/1.1 200) 4 headers in 158 bytes (1 switches on core 0)
Aug 06 13:10:44.317057 dv-cinder-851996-3-iscsi devstack@g-api.service[111953]: DEBUG glance.api.middleware.version_negotiation [None req-e9db9a38-729a-4869-8f10-2746a381f0fd tempest-VolumesActionsTest-1886370287 tempest-VolumesActionsTest-1886370287-project] Determining version of request: GET /v2/images/217657d9-68e9-4831-ac3e-444bba105969 Accept: */* {{(pid=111953) process_request /opt/stack/glance/glance/api/middleware/version_negotiation.py:44}}
Aug 06 13:10:44.317573 dv-cinder-851996-3-iscsi devstack@g-api.service[111953]: DEBUG glance.api.middleware.version_negotiation [None req-e9db9a38-729a-4869-8f10-2746a381f0fd tempest-VolumesActionsTest-1886370287 tempest-VolumesActionsTest-1886370287-project] Using url versioning {{(pid=111953) process_request /opt/stack/glance/glance/api/middleware/version_negotiation.py:57}}
Aug 06 13:10:44.317694 dv-cinder-851996-3-iscsi devstack@g-api.service[111953]: DEBUG glance.api.middleware.version_negotiation [None req-e9db9a38-729a-4869-8f10-2746a381f0fd tempest-VolumesActionsTest-1886370287 tempest-VolumesActionsTest-1886370287-project] Matched version: v2 {{(pid=111953) process_request /opt/stack/glance/glance/api/middleware/version_negotiation.py:69}}
Aug 06 13:10:44.318206 dv-cinder-851996-3-iscsi devstack@g-api.service[111953]: DEBUG glance.api.middleware.version_negotiation [None req-e9db9a38-729a-4869-8f10-2746a381f0fd tempest-VolumesActionsTest-1886370287 tempest-VolumesActionsTest-1886370287-project] new path /v2/images/217657d9-68e9-4831-ac3e-444bba105969 {{(pid=111953) process_request /opt/stack/glance/glance/api/middleware/version_negotiation.py:70}}
Aug 06 13:10:44.338919 dv-cinder-851996-3-iscsi devstack@g-api.service[111953]: [pid: 111953|app: 0|req: 148/268] 127.0.0.1 () {40 vars in 856 bytes} [Sat Aug 6 13:10:44 2022] GET /v2/images/217657d9-68e9-4831-ac3e-444bba105969 => generated 946 bytes in 22 msecs (HTTP/1.1 200) 4 headers in 157 bytes (1 switches on core 0)
Aug 06 13:10:44.355530 dv-cinder-851996-3-iscsi devstack@g-api.service[111951]: DEBUG glance.api.middleware.version_negotiation [None req-e9db9a38-729a-4869-8f10-2746a381f0fd tempest-VolumesActionsTest-1886370287 tempest-VolumesActionsTest-1886370287-project] Determining version of request: GET /v2/schemas/image Accept: */* {{(pid=111951) process_request /opt/stack/glance/glance/api/middleware/version_negotiation.py:44}}
Aug 06 13:10:44.355999 dv-cinder-851996-3-iscsi devstack@g-api.service[111951]: DEBUG glance.api.middleware.version_negotiation [None req-e9db9a38-729a-4869-8f10-2746a381f0fd tempest-VolumesActionsTest-1886370287 tempest-VolumesActionsTest-1886370287-project] Using url versioning {{(pid=111951) process_request /opt/stack/glance/glance/api/middleware/version_negotiation.py:57}}
Aug 06 13:10:44.356138 dv-cinder-851996-3-iscsi devstack@g-api.service[111951]: DEBUG glance.api.middleware.version_negotiation [None req-e9db9a38-729a-4869-8f10-2746a381f0fd tempest-VolumesActionsTest-1886370287 tempest-VolumesActionsTest-1886370287-project] Matched version: v2 {{(pid=111951) process_request /opt/stack/glance/glance/api/middleware/version_negotiation.py:69}}
Aug 06 13:10:44.356448 dv-cinder-851996-3-iscsi devstack@g-api.service[111951]: DEBUG glance.api.middleware.version_negotiation [None req-e9db9a38-729a-4869-8f10-2746a381f0fd tempest-VolumesActionsTest-1886370287 tempest-VolumesActionsTest-1886370287-project] new path /v2/schemas/image {{(pid=111951) process_request /opt/stack/glance/glance/api/middleware/version_negotiation.py:70}}
Aug 06 13:10:44.360464 dv-cinder-851996-3-iscsi devstack@g-api.service[111951]: [pid: 111951|app: 0|req: 121/269] 127.0.0.1 () {40 vars in 796 bytes} [Sat Aug 6 13:10:44 2022] GET /v2/schemas/image => generated 6083 bytes in 5 msecs (HTTP/1.1 200) 4 headers in 158 bytes (1 switches on core 0)
Aug 06 13:10:54.335984 dv-cinder-851996-3-iscsi devstack@g-api.service[111953]: DEBUG dbcounter [-] [111953] Writing DB stats glance:SELECT=20 {{(pid=111953) stat_writer /usr/local/lib/python3.8/dist-packages/dbcounter.py:114}}
Aug 06 13:11:02.519584 dv-cinder-851996-3-iscsi devstack@g-api.service[111953]: DEBUG glance.api.middleware.version_negotiation [None req-e9db9a38-729a-4869-8f10-2746a381f0fd tempest-VolumesActionsTest-1886370287 tempest-VolumesActionsTest-1886370287-project] Determining version of request: GET /v2/images/217657d9-68e9-4831-ac3e-444bba105969 Accept: */* {{(pid=111953) process_request /opt/stack/glance/glance/api/middleware/version_negotiation.py:44}}
Aug 06 13:11:02.521112 dv-cinder-851996-3-iscsi devstack@g-api.service[111953]: DEBUG glance.api.middleware.version_negotiation [None req-e9db9a38-729a-4869-8f10-2746a381f0fd tempest-VolumesActionsTest-1886370287 tempest-VolumesActionsTest-1886370287-project] Using url versioning {{(pid=111953) process_request /opt/stack/glance/glance/api/middleware/version_negotiation.py:57}}
Aug 06 13:11:02.521602 dv-cinder-851996-3-iscsi devstack@g-api.service[111953]: DEBUG glance.api.middleware.version_negotiation [None req-e9db9a38-729a-4869-8f10-2746a381f0fd tempest-VolumesActionsTest-1886370287 tempest-VolumesActionsTest-1886370287-project] Matched version: v2 {{(pid=111953) process_request /opt/stack/glance/glance/api/middleware/version_negotiation.py:69}}
Aug 06 13:11:02.522204 dv-cinder-851996-3-iscsi devstack@g-api.service[111953]: DEBUG glance.api.middleware.version_negotiation [None req-e9db9a38-729a-4869-8f10-2746a381f0fd tempest-VolumesActionsTest-1886370287 tempest-VolumesActionsTest-1886370287-project] new path /v2/images/217657d9-68e9-4831-ac3e-444bba105969 {{(pid=111953) process_request /opt/stack/glance/glance/api/middleware/version_negotiation.py:70}}
Aug 06 13:11:02.565706 dv-cinder-851996-3-iscsi devstack@g-api.service[111951]: DEBUG glance.api.middleware.version_negotiation [None req-e9db9a38-729a-4869-8f10-2746a381f0fd tempest-VolumesActionsTest-1886370287 tempest-VolumesActionsTest-1886370287-project] Determining version of request: GET /v2/schemas/image Accept: */* {{(pid=111951) process_request /opt/stack/glance/glance/api/middleware/version_negotiation.py:44}}
Aug 06 13:11:02.566233 dv-cinder-851996-3-iscsi devstack@g-api.service[111951]: DEBUG glance.api.middleware.version_negotiation [None req-e9db9a38-729a-4869-8f10-2746a381f0fd tempest-VolumesActionsTest-1886370287 tempest-VolumesActionsTest-1886370287-project] Using url versioning {{(pid=111951) process_request /opt/stack/glance/glance/api/middleware/version_negotiation.py:57}}
Aug 06 13:11:02.566466 dv-cinder-851996-3-iscsi devstack@g-api.service[111951]: DEBUG glance.api.middleware.version_negotiation [None req-e9db9a38-729a-4869-8f10-2746a381f0fd tempest-VolumesActionsTest-1886370287 tempest-VolumesActionsTest-1886370287-project] Matched version: v2 {{(pid=111951) process_request /opt/stack/glance/glance/api/middleware/version_negotiation.py:69}}
Aug 06 13:11:02.566739 dv-cinder-851996-3-iscsi devstack@g-api.service[111951]: DEBUG glance.api.middleware.version_negotiation [None req-e9db9a38-729a-4869-8f10-2746a381f0fd tempest-VolumesActionsTest-1886370287 tempest-VolumesActionsTest-1886370287-project] new path /v2/schemas/image {{(pid=111951) process_request /opt/stack/glance/glance/api/middleware/version_negotiation.py:70}}
Aug 06 13:11:02.567355 dv-cinder-851996-3-iscsi devstack@g-api.service[111953]: [pid: 111953|app: 0|req: 149/270] 127.0.0.1 () {42 vars in 1063 bytes} [Sat Aug 6 13:11:02 2022] GET /v2/images/217657d9-68e9-4831-ac3e-444bba105969 => generated 946 bytes in 40 msecs (HTTP/1.1 200) 4 headers in 157 bytes (1 switches on core 0)
Aug 06 13:11:02.576891 dv-cinder-851996-3-iscsi devstack@g-api.service[111951]: [pid: 111951|app: 0|req: 122/271] 127.0.0.1 () {42 vars in 1003 bytes} [Sat Aug 6 13:11:02 2022] GET /v2/schemas/image => generated 6083 bytes in 12 msecs (HTTP/1.1 200) 4 headers in 158 bytes (1 switches on core 0)
Aug 06 13:11:02.951278 dv-cinder-851996-3-iscsi devstack@g-api.service[111953]: DEBUG glance.api.middleware.version_negotiation [None req-25372187-5356-43f1-9ef6-9a5270159b49 tempest-VolumesActionsTest-1886370287 tempest-VolumesActionsTest-1886370287-project] Determining version of request: DELETE /v2/images/d34ee234-d5a9-4621-b219-68a3ccfe2346 Accept: application/json {{(pid=111953) process_request /opt/stack/glance/glance/api/middleware/version_negotiation.py:44}}
Aug 06 13:11:02.951622 dv-cinder-851996-3-iscsi devstack@g-api.service[111953]: DEBUG glance.api.middleware.version_negotiation [None req-25372187-5356-43f1-9ef6-9a5270159b49 tempest-VolumesActionsTest-1886370287 tempest-VolumesActionsTest-1886370287-project] Using url versioning {{(pid=111953) process_request /opt/stack/glance/glance/api/middleware/version_negotiation.py:57}}
Aug 06 13:11:02.951945 dv-cinder-851996-3-iscsi devstack@g-api.service[111953]: DEBUG glance.api.middleware.version_negotiation [None req-25372187-5356-43f1-9ef6-9a5270159b49 tempest-VolumesActionsTest-1886370287 tempest-VolumesActionsTest-1886370287-project] Matched version: v2 {{(pid=111953) process_request /opt/stack/glance/glance/api/middleware/version_negotiation.py:69}}
Aug 06 13:11:02.952231 dv-cinder-851996-3-iscsi devstack@g-api.service[111953]: DEBUG glance.api.middleware.version_negotiation [None req-25372187-5356-43f1-9ef6-9a5270159b49 tempest-VolumesActionsTest-1886370287 tempest-VolumesActionsTest-1886370287-project] new path /v2/images/d34ee234-d5a9-4621-b219-68a3ccfe2346 {{(pid=111953) process_request /opt/stack/glance/glance/api/middleware/version_negotiation.py:70}}
Aug 06 13:11:02.976452 dv-cinder-851996-3-iscsi devstack@g-api.service[111953]: WARNING glance.api.v2.images [None req-4f21578c-2053-4739-8315-8e489dae8f20 tempest-TestMinimumBasicScenario-49485465 tempest-TestMinimumBasicScenario-49485465-project] After upload to backend, deletion of staged image data has failed because it cannot be found at /tmp/staging//d34ee234-d5a9-4621-b219-68a3ccfe2346
Aug 06 13:11:02.977573 dv-cinder-851996-3-iscsi devstack@g-api.service[111953]: DEBUG glance_store.backend [None req-4f21578c-2053-4739-8315-8e489dae8f20 tempest-TestMinimumBasicScenario-49485465 tempest-TestMinimumBasicScenario-49485465-project] Attempting to import store swift {{(pid=111953) _load_store /usr/local/lib/python3.8/dist-packages/glance_store/backend.py:216}}
Aug 06 13:11:02.980400 dv-cinder-851996-3-iscsi devstack@g-api.service[111953]: DEBUG glance_store.capabilities [None req-4f21578c-2053-4739-8315-8e489dae8f20 tempest-TestMinimumBasicScenario-49485465 tempest-TestMinimumBasicScenario-49485465-project] Store glance_store._drivers.swift.store.SingleTenantStore doesn't support updating dynamic storage capabilities. Please overwrite 'update_capabilities' method of the store to implement updating logics if needed. {{(pid=111953) update_capabilities /usr/local/lib/python3.8/dist-packages/glance_store/capabilities.py:91}}
Aug 06 13:11:02.980661 dv-cinder-851996-3-iscsi devstack@g-api.service[111953]: DEBUG glance_store.driver [None req-4f21578c-2053-4739-8315-8e489dae8f20 tempest-TestMinimumBasicScenario-49485465 tempest-TestMinimumBasicScenario-49485465-project] Late loading location class glance_store._drivers.swift.store.StoreLocation {{(pid=111953) get_store_location_class /usr/local/lib/python3.8/dist-packages/glance_store/driver.py:116}}
Aug 06 13:11:02.980941 dv-cinder-851996-3-iscsi devstack@g-api.service[111953]: DEBUG glance_store.location [None req-4f21578c-2053-4739-8315-8e489dae8f20 tempest-TestMinimumBasicScenario-49485465 tempest-TestMinimumBasicScenario-49485465-project] Registering scheme swift+https with {'store': , 'location_class': , 'store_entry': 'swift'} {{(pid=111953) register_scheme_map /usr/local/lib/python3.8/dist-packages/glance_store/location.py:146}}
Aug 06 13:11:02.981731 dv-cinder-851996-3-iscsi devstack@g-api.service[111953]: DEBUG glance_store.location [None req-4f21578c-2053-4739-8315-8e489dae8f20 tempest-TestMinimumBasicScenario-49485465 tempest-TestMinimumBasicScenario-49485465-project] Registering scheme swift+https with {'store': , 'location_class': , 'store_entry': 'swift'} {{(pid=111953) register_scheme_map /usr/local/lib/python3.8/dist-packages/glance_store/location.py:146}}
Aug 06 13:11:02.981996 dv-cinder-851996-3-iscsi devstack@g-api.service[111953]: DEBUG glance_store.location [None req-4f21578c-2053-4739-8315-8e489dae8f20 tempest-TestMinimumBasicScenario-49485465 tempest-TestMinimumBasicScenario-49485465-project] Registering scheme swift with {'store': , 'location_class': , 'store_entry': 'swift'} {{(pid=111953) register_scheme_map /usr/local/lib/python3.8/dist-packages/glance_store/location.py:146}}
Aug 06 13:11:02.982222 dv-cinder-851996-3-iscsi devstack@g-api.service[111953]: DEBUG glance_store.location [None req-4f21578c-2053-4739-8315-8e489dae8f20 tempest-TestMinimumBasicScenario-49485465 tempest-TestMinimumBasicScenario-49485465-project] Registering scheme swift+https with {'store': , 'location_class': , 'store_entry': 'swift'} {{(pid=111953) register_scheme_map /usr/local/lib/python3.8/dist-packages/glance_store/location.py:146}}
Aug 06 13:11:02.982460 dv-cinder-851996-3-iscsi devstack@g-api.service[111953]: DEBUG glance_store.location [None req-4f21578c-2053-4739-8315-8e489dae8f20 tempest-TestMinimumBasicScenario-49485465 tempest-TestMinimumBasicScenario-49485465-project] Registering scheme swift with {'store': , 'location_class': , 'store_entry': 'swift'} {{(pid=111953) register_scheme_map /usr/local/lib/python3.8/dist-packages/glance_store/location.py:146}}
Aug 06 13:11:02.982691 dv-cinder-851996-3-iscsi devstack@g-api.service[111953]: DEBUG glance_store.location [None req-4f21578c-2053-4739-8315-8e489dae8f20 tempest-TestMinimumBasicScenario-49485465 tempest-TestMinimumBasicScenario-49485465-project] Registering scheme swift+http with {'store': , 'location_class': , 'store_entry': 'swift'} {{(pid=111953) register_scheme_map /usr/local/lib/python3.8/dist-packages/glance_store/location.py:146}}
Aug 06 13:11:02.996468 dv-cinder-851996-3-iscsi devstack@g-api.service[111953]: DEBUG glance_store.location [None req-4f21578c-2053-4739-8315-8e489dae8f20 tempest-TestMinimumBasicScenario-49485465 tempest-TestMinimumBasicScenario-49485465-project] Registering scheme swift+https with {'store': , 'location_class': , 'store_entry': 'swift'} {{(pid=111953) register_scheme_map /usr/local/lib/python3.8/dist-packages/glance_store/location.py:146}}
Aug 06 13:11:02.997675 dv-cinder-851996-3-iscsi devstack@g-api.service[111953]: DEBUG glance_store.location [None req-4f21578c-2053-4739-8315-8e489dae8f20 tempest-TestMinimumBasicScenario-49485465 tempest-TestMinimumBasicScenario-49485465-project] Registering scheme swift with {'store': , 'location_class': , 'store_entry': 'swift'} {{(pid=111953) register_scheme_map /usr/local/lib/python3.8/dist-packages/glance_store/location.py:146}}
Aug 06 13:11:02.998088 dv-cinder-851996-3-iscsi devstack@g-api.service[111953]: DEBUG glance_store.location [None req-4f21578c-2053-4739-8315-8e489dae8f20 tempest-TestMinimumBasicScenario-49485465 tempest-TestMinimumBasicScenario-49485465-project] Registering scheme swift+http with {'store': , 'location_class': , 'store_entry': 'swift'} {{(pid=111953) register_scheme_map /usr/local/lib/python3.8/dist-packages/glance_store/location.py:146}}
Aug 06 13:11:02.998522 dv-cinder-851996-3-iscsi devstack@g-api.service[111953]: DEBUG glance_store.location [None req-4f21578c-2053-4739-8315-8e489dae8f20 tempest-TestMinimumBasicScenario-49485465 tempest-TestMinimumBasicScenario-49485465-project] Registering scheme swift+config with {'store': , 'location_class': , 'store_entry': 'swift'} {{(pid=111953) register_scheme_map /usr/local/lib/python3.8/dist-packages/glance_store/location.py:146}}
Aug 06 13:11:02.999693 dv-cinder-851996-3-iscsi devstack@g-api.service[111953]: DEBUG keystoneclient.auth.identity.v3.base [None req-4f21578c-2053-4739-8315-8e489dae8f20 tempest-TestMinimumBasicScenario-49485465 tempest-TestMinimumBasicScenario-49485465-project] Making authentication request to http://10.222.0.20/identity/v3/auth/tokens {{(pid=111953) get_auth_ref /usr/local/lib/python3.8/dist-packages/keystoneclient/auth/identity/v3/base.py:187}}
Aug 06 13:11:03.173867 dv-cinder-851996-3-iscsi devstack@g-api.service[111953]: DEBUG keystoneclient.auth.identity.v3.base [None req-4f21578c-2053-4739-8315-8e489dae8f20 tempest-TestMinimumBasicScenario-49485465 tempest-TestMinimumBasicScenario-49485465-project] {"token": {"methods": ["password"], "user": {"domain": {"id": "default", "name": "Default"}, "id": "c810b52785b94c0cab4fd9f0d6e65825", "name": "glance-swift", "password_expires_at": null}, "audit_ids": ["zYIvlmCjRZ-rS3Cy-JQUZw"], "expires_at": "2022-08-06T14:11:03.000000Z", "issued_at": "2022-08-06T13:11:03.000000Z", "project": {"domain": {"id": "default", "name": "Default"}, "id": "13fba33c46cf40bbb15a08c690b4c98c", "name": "service"}, "is_domain": false, "roles": [{"id": "ed864363c041447ab55d1795a8c7092b", "name": "ResellerAdmin"}, {"id": "785cca921bad4984a86e45ce6c5601c2", "name": "service"}], "catalog": [{"endpoints": [{"id": "58d5b77d5a0a4a07a6e0322b49fcb410", "interface": "public", "region_id": "RegionOne", "url": "http://10.222.0.20/volume/v3/13fba33c46cf40bbb15a08c690b4c98c", "region": "RegionOne"}], "id": "0050b6979ebe47cdbef64464e091157b", "type": "volumev3", "name": "cinderv3"}, {"endpoints": [{"id": "fafb9518f6734dd9916e80d9771692ad", "interface": "public", "region_id": "RegionOne", "url": "http://10.222.0.20/placement", "region": "RegionOne"}], "id": "0b69e2fe672646289e802562bb1ce49e", "type": "placement", "name": "placement"}, {"endpoints": [{"id": "6042c20fc7f045b28502f6e725316382", "interface": "public", "region_id": "RegionOne", "url": "http://10.222.0.20/identity", "region": "RegionOne"}], "id": "7075966ba9a7406f956dca2a859da607", "type": "identity", "name": "keystone"}, {"endpoints": [{"id": "661c995b543e4a8ca10b739ce7a2acbb", "interface": "public", "region_id": "RegionOne", "url": "http://10.222.0.20/image", "region": "RegionOne"}], "id": "766f6f8299fb462b8504676e1dfd9e6c", "type": "image", "name": "glance"}, {"endpoints": [{"id": "8ff06e475fa94ab39e2e2a1c25383f4e", "interface": "admin", "region_id": "RegionOne", "url": "http://10.222.0.20:8080", "region": "RegionOne"}, {"id": "96cf05dc608e45a6a06ab55eb9eecefa", "interface": "public", "region_id": "RegionOne", "url": "http://10.222.0.20:8080/v1/AUTH_13fba33c46cf40bbb15a08c690b4c98c", "region": "RegionOne"}], "id": "8de0bfb4caab448a8de667770f89657c", "type": "object-store", "name": "swift"}, {"endpoints": [{"id": "7f475cdf47664ed8882cb85bec41ddf1", "interface": "public", "region_id": "RegionOne", "url": "http://10.222.0.20/volume/v3/13fba33c46cf40bbb15a08c690b4c98c", "region": "RegionOne"}], "id": "97ae999b0c7a41a09bf300fd1f7753ad", "type": "block-storage", "name": "cinder"}, {"endpoints": [{"id": "31cdf1da62b14c028a0d17a5066dda88", "interface": "public", "region_id": "RegionOne", "url": "http://10.222.0.20/compute/v2/13fba33c46cf40bbb15a08c690b4c98c", "region": "RegionOne"}], "id": "ab5dd813eec84190b7879311c5650ea3", "type": "compute_legacy", "name": "nova_legacy"}, {"endpoints": [{"id": "61da9bc0c49a450db762c9a86ca03cb1", "interface": "public", "region_id": "RegionOne", "url": "http://10.222.0.20/compute/v2.1", "region": "RegionOne"}], "id": "c3286345778246f8a58882f2c4b8717b", "type": "compute", "name": "nova"}, {"endpoints": [{"id": "8f8497e5cb8d48af9528b3954babd39c", "interface": "public", "region_id": "RegionOne", "url": "http://10.222.0.20:9696/networking", "region": "RegionOne"}], "id": "ed9f74fd26c740f99f293a41998dd98e", "type": "network", "name": "neutron"}]}} {{(pid=111953) get_auth_ref /usr/local/lib/python3.8/dist-packages/keystoneclient/auth/identity/v3/base.py:192}}
Aug 06 13:11:03.174462 dv-cinder-851996-3-iscsi devstack@g-api.service[111953]: DEBUG keystoneclient.httpclient [None req-4f21578c-2053-4739-8315-8e489dae8f20 tempest-TestMinimumBasicScenario-49485465 tempest-TestMinimumBasicScenario-49485465-project] Failed to find endpoint for management url admin endpoint for identity service not found {{(pid=111953) _process_management_url /usr/local/lib/python3.8/dist-packages/keystoneclient/httpclient.py:676}}
Aug 06 13:11:03.547072 dv-cinder-851996-3-iscsi devstack@g-api.service[111953]: DEBUG swiftclient [None req-4f21578c-2053-4739-8315-8e489dae8f20 tempest-TestMinimumBasicScenario-49485465 tempest-TestMinimumBasicScenario-49485465-project] REQ: curl -i http://10.222.0.20:8080/v1/AUTH_13fba33c46cf40bbb15a08c690b4c98c/glance/d34ee234-d5a9-4621-b219-68a3ccfe2346 -I -H "X-Auth-Token: gAAAAABi7mhnP8iD..." {{(pid=111953) http_log /usr/local/lib/python3.8/dist-packages/swiftclient/client.py:157}}
Aug 06 13:11:03.547706 dv-cinder-851996-3-iscsi devstack@g-api.service[111953]: DEBUG swiftclient [None req-4f21578c-2053-4739-8315-8e489dae8f20 tempest-TestMinimumBasicScenario-49485465 tempest-TestMinimumBasicScenario-49485465-project] RESP STATUS: 200 OK {{(pid=111953) http_log /usr/local/lib/python3.8/dist-packages/swiftclient/client.py:158}}
Aug 06 13:11:03.547785 dv-cinder-851996-3-iscsi devstack@g-api.service[111953]: DEBUG swiftclient [None req-4f21578c-2053-4739-8315-8e489dae8f20 tempest-TestMinimumBasicScenario-49485465 tempest-TestMinimumBasicScenario-49485465-project] RESP HEADERS: {'Content-Type': 'application/octet-stream', 'X-Object-Manifest': 'glance/d34ee234-d5a9-4621-b219-68a3ccfe2346-', 'Last-Modified': 'Sat, 06 Aug 2022 13:06:49 GMT', 'X-Timestamp': '1659791208.68568', 'Accept-Ranges': 'bytes', 'Content-Length': '645922816', 'Etag': '"9226ddb8990fb6831800204290dc2fa9"', 'X-Trans-Id': 'txae76a089aeaf4585b3d19-0062ee6867', 'X-Openstack-Request-Id': 'txae76a089aeaf4585b3d19-0062ee6867', 'Date': 'Sat, 06 Aug 2022 13:11:03 GMT'} {{(pid=111953) http_log /usr/local/lib/python3.8/dist-packages/swiftclient/client.py:159}}
Aug 06 13:11:03.575135 dv-cinder-851996-3-iscsi devstack@g-api.service[111953]: DEBUG swiftclient [None req-4f21578c-2053-4739-8315-8e489dae8f20 tempest-TestMinimumBasicScenario-49485465 tempest-TestMinimumBasicScenario-49485465-project] REQ: curl -i http://10.222.0.20:8080/v1/AUTH_13fba33c46cf40bbb15a08c690b4c98c/glance?format=json&prefix=d34ee234-d5a9-4621-b219-68a3ccfe2346- -X GET -H "X-Auth-Token: gAAAAABi7mhnP8iD..." -H "Accept-Encoding: gzip" {{(pid=111953) http_log /usr/local/lib/python3.8/dist-packages/swiftclient/client.py:157}}
Aug 06 13:11:03.575382 dv-cinder-851996-3-iscsi devstack@g-api.service[111953]: DEBUG swiftclient [None req-4f21578c-2053-4739-8315-8e489dae8f20 tempest-TestMinimumBasicScenario-49485465 tempest-TestMinimumBasicScenario-49485465-project] RESP STATUS: 200 OK {{(pid=111953) http_log /usr/local/lib/python3.8/dist-packages/swiftclient/client.py:158}}
Aug 06 13:11:03.575758 dv-cinder-851996-3-iscsi devstack@g-api.service[111953]: DEBUG swiftclient [None req-4f21578c-2053-4739-8315-8e489dae8f20 tempest-TestMinimumBasicScenario-49485465 tempest-TestMinimumBasicScenario-49485465-project] RESP HEADERS: {'Content-Type': 'application/json; charset=utf-8', 'Content-Length': '843', 'X-Container-Object-Count': '6', 'X-Container-Bytes-Used': '1291845632', 'X-Timestamp': '1659788634.83051', 'Last-Modified': 'Sat, 06 Aug 2022 12:23:55 GMT', 'Accept-Ranges': 'bytes', 'X-Storage-Policy': 'Policy-0', 'X-Container-Sharding': 'False', 'X-Trans-Id': 'tx3dc49ddc141041bb8275a-0062ee6867', 'X-Openstack-Request-Id': 'tx3dc49ddc141041bb8275a-0062ee6867', 'Date': 'Sat, 06 Aug 2022 13:11:03 GMT'} {{(pid=111953) http_log /usr/local/lib/python3.8/dist-packages/swiftclient/client.py:159}}
Aug 06 13:11:03.576413 dv-cinder-851996-3-iscsi devstack@g-api.service[111953]: DEBUG swiftclient [None req-4f21578c-2053-4739-8315-8e489dae8f20 tempest-TestMinimumBasicScenario-49485465 tempest-TestMinimumBasicScenario-49485465-project] RESP BODY: b'[{"bytes": 204800000, "hash": "048deade7f6ee243fd159705c19dd024", "name": "d34ee234-d5a9-4621-b219-68a3ccfe2346-00001", "content_type": "application/octet-stream", "last_modified": "2022-08-06T13:06:38.621820"}, {"bytes": 204800000, "hash": "0cac3120b17bb1686ec6c5f9aa93c86d", "name": "d34ee234-d5a9-4621-b219-68a3ccfe2346-00002", "content_type": "application/octet-stream", "last_modified": "2022-08-06T13:06:41.487460"}, {"bytes": 204800000, "hash": "474c454a7d42aa08dc839c761619c10b", "name": "d34ee234-d5a9-4621-b219-68a3ccfe2346-00003", "content_type": "application/octet-stream", "last_modified": "2022-08-06T13:06:44.805610"}, {"bytes": 31522816, "hash": "0be982c76a84f3b50fdfe738452bdba1", "name": "d34ee234-d5a9-4621-b219-68a3ccfe2346-00004", "content_type": "application/octet-stream", "last_modified": "2022-08-06T13:06:48.111860"}]' {{(pid=111953) http_log /usr/local/lib/python3.8/dist-packages/swiftclient/client.py:163}}
Aug 06 13:11:03.625018 dv-cinder-851996-3-iscsi devstack@g-api.service[111953]: DEBUG swiftclient [None req-4f21578c-2053-4739-8315-8e489dae8f20 tempest-TestMinimumBasicScenario-49485465 tempest-TestMinimumBasicScenario-49485465-project] REQ: curl -i http://10.222.0.20:8080/v1/AUTH_13fba33c46cf40bbb15a08c690b4c98c/glance/d34ee234-d5a9-4621-b219-68a3ccfe2346-00001 DELETE -H "X-Auth-Token: gAAAAABi7mhnP8iD..." {{(pid=111953) http_log /usr/local/lib/python3.8/dist-packages/swiftclient/client.py:157}}
Aug 06 13:11:03.625269 dv-cinder-851996-3-iscsi devstack@g-api.service[111953]: DEBUG swiftclient [None req-4f21578c-2053-4739-8315-8e489dae8f20 tempest-TestMinimumBasicScenario-49485465 tempest-TestMinimumBasicScenario-49485465-project] RESP STATUS: 204 No Content {{(pid=111953) http_log /usr/local/lib/python3.8/dist-packages/swiftclient/client.py:158}}
Aug 06 13:11:03.625589 dv-cinder-851996-3-iscsi devstack@g-api.service[111953]: DEBUG swiftclient [None req-4f21578c-2053-4739-8315-8e489dae8f20 tempest-TestMinimumBasicScenario-49485465 tempest-TestMinimumBasicScenario-49485465-project] RESP HEADERS: {'Content-Type': 'text/html; charset=UTF-8', 'Content-Length': '0', 'X-Trans-Id': 'tx38a652399642434d8b577-0062ee6867', 'X-Openstack-Request-Id': 'tx38a652399642434d8b577-0062ee6867', 'Date': 'Sat, 06 Aug 2022 13:11:03 GMT'} {{(pid=111953) http_log /usr/local/lib/python3.8/dist-packages/swiftclient/client.py:159}}
Aug 06 13:11:03.665496 dv-cinder-851996-3-iscsi devstack@g-api.service[111953]: DEBUG swiftclient [None req-4f21578c-2053-4739-8315-8e489dae8f20 tempest-TestMinimumBasicScenario-49485465 tempest-TestMinimumBasicScenario-49485465-project] REQ: curl -i http://10.222.0.20:8080/v1/AUTH_13fba33c46cf40bbb15a08c690b4c98c/glance/d34ee234-d5a9-4621-b219-68a3ccfe2346-00002 DELETE -H "X-Auth-Token: gAAAAABi7mhnP8iD..." {{(pid=111953) http_log /usr/local/lib/python3.8/dist-packages/swiftclient/client.py:157}}
Aug 06 13:11:03.665745 dv-cinder-851996-3-iscsi devstack@g-api.service[111953]: DEBUG swiftclient [None req-4f21578c-2053-4739-8315-8e489dae8f20 tempest-TestMinimumBasicScenario-49485465 tempest-TestMinimumBasicScenario-49485465-project] RESP STATUS: 204 No Content {{(pid=111953) http_log /usr/local/lib/python3.8/dist-packages/swiftclient/client.py:158}}
Aug 06 13:11:03.666067 dv-cinder-851996-3-iscsi devstack@g-api.service[111953]: DEBUG swiftclient [None req-4f21578c-2053-4739-8315-8e489dae8f20 tempest-TestMinimumBasicScenario-49485465 tempest-TestMinimumBasicScenario-49485465-project] RESP HEADERS: {'Content-Type': 'text/html; charset=UTF-8', 'Content-Length': '0', 'X-Trans-Id': 'tx36221b7c18f34d35a5d2b-0062ee6867', 'X-Openstack-Request-Id': 'tx36221b7c18f34d35a5d2b-0062ee6867', 'Date': 'Sat, 06 Aug 2022 13:11:03 GMT'} {{(pid=111953) http_log /usr/local/lib/python3.8/dist-packages/swiftclient/client.py:159}}
Aug 06 13:11:03.703755 dv-cinder-851996-3-iscsi devstack@g-api.service[111953]: DEBUG swiftclient [None req-4f21578c-2053-4739-8315-8e489dae8f20 tempest-TestMinimumBasicScenario-49485465 tempest-TestMinimumBasicScenario-49485465-project] REQ: curl -i http://10.222.0.20:8080/v1/AUTH_13fba33c46cf40bbb15a08c690b4c98c/glance/d34ee234-d5a9-4621-b219-68a3ccfe2346-00003 DELETE -H "X-Auth-Token: gAAAAABi7mhnP8iD..." {{(pid=111953) http_log /usr/local/lib/python3.8/dist-packages/swiftclient/client.py:157}}
Aug 06 13:11:03.704148 dv-cinder-851996-3-iscsi devstack@g-api.service[111953]: DEBUG swiftclient [None req-4f21578c-2053-4739-8315-8e489dae8f20 tempest-TestMinimumBasicScenario-49485465 tempest-TestMinimumBasicScenario-49485465-project] RESP STATUS: 204 No Content {{(pid=111953) http_log /usr/local/lib/python3.8/dist-packages/swiftclient/client.py:158}}
Aug 06 13:11:03.704645 dv-cinder-851996-3-iscsi devstack@g-api.service[111953]: DEBUG swiftclient [None req-4f21578c-2053-4739-8315-8e489dae8f20 tempest-TestMinimumBasicScenario-49485465 tempest-TestMinimumBasicScenario-49485465-project] RESP HEADERS: {'Content-Type': 'text/html; charset=UTF-8', 'Content-Length': '0', 'X-Trans-Id': 'tx4a9f9dff424f4ab5b2dc5-0062ee6867', 'X-Openstack-Request-Id': 'tx4a9f9dff424f4ab5b2dc5-0062ee6867', 'Date': 'Sat, 06 Aug 2022 13:11:03 GMT'} {{(pid=111953) http_log /usr/local/lib/python3.8/dist-packages/swiftclient/client.py:159}}
Aug 06 13:11:03.744176 dv-cinder-851996-3-iscsi devstack@g-api.service[111953]: DEBUG swiftclient [None req-4f21578c-2053-4739-8315-8e489dae8f20 tempest-TestMinimumBasicScenario-49485465 tempest-TestMinimumBasicScenario-49485465-project] REQ: curl -i http://10.222.0.20:8080/v1/AUTH_13fba33c46cf40bbb15a08c690b4c98c/glance/d34ee234-d5a9-4621-b219-68a3ccfe2346-00004 DELETE -H "X-Auth-Token: gAAAAABi7mhnP8iD..." {{(pid=111953) http_log /usr/local/lib/python3.8/dist-packages/swiftclient/client.py:157}}
Aug 06 13:11:03.744656 dv-cinder-851996-3-iscsi devstack@g-api.service[111953]: DEBUG swiftclient [None req-4f21578c-2053-4739-8315-8e489dae8f20 tempest-TestMinimumBasicScenario-49485465 tempest-TestMinimumBasicScenario-49485465-project] RESP STATUS: 204 No Content {{(pid=111953) http_log /usr/local/lib/python3.8/dist-packages/swiftclient/client.py:158}}
Aug 06 13:11:03.745121 dv-cinder-851996-3-iscsi devstack@g-api.service[111953]: DEBUG swiftclient [None req-4f21578c-2053-4739-8315-8e489dae8f20 tempest-TestMinimumBasicScenario-49485465 tempest-TestMinimumBasicScenario-49485465-project] RESP HEADERS: {'Content-Type': 'text/html; charset=UTF-8', 'Content-Length': '0', 'X-Trans-Id': 'txd6168c037cf1410c87522-0062ee6867', 'X-Openstack-Request-Id': 'txd6168c037cf1410c87522-0062ee6867', 'Date': 'Sat, 06 Aug 2022 13:11:03 GMT'} {{(pid=111953) http_log /usr/local/lib/python3.8/dist-packages/swiftclient/client.py:159}}
Aug 06 13:11:03.784345 dv-cinder-851996-3-iscsi devstack@g-api.service[111953]: DEBUG swiftclient [None req-4f21578c-2053-4739-8315-8e489dae8f20 tempest-TestMinimumBasicScenario-49485465 tempest-TestMinimumBasicScenario-49485465-project] REQ: curl -i http://10.222.0.20:8080/v1/AUTH_13fba33c46cf40bbb15a08c690b4c98c/glance/d34ee234-d5a9-4621-b219-68a3ccfe2346 DELETE -H "X-Auth-Token: gAAAAABi7mhnP8iD..." {{(pid=111953) http_log /usr/local/lib/python3.8/dist-packages/swiftclient/client.py:157}}
Aug 06 13:11:03.784596 dv-cinder-851996-3-iscsi devstack@g-api.service[111953]: DEBUG swiftclient [None req-4f21578c-2053-4739-8315-8e489dae8f20 tempest-TestMinimumBasicScenario-49485465 tempest-TestMinimumBasicScenario-49485465-project] RESP STATUS: 204 No Content {{(pid=111953) http_log /usr/local/lib/python3.8/dist-packages/swiftclient/client.py:158}}
Aug 06 13:11:03.784907 dv-cinder-851996-3-iscsi devstack@g-api.service[111953]: DEBUG swiftclient [None req-4f21578c-2053-4739-8315-8e489dae8f20 tempest-TestMinimumBasicScenario-49485465 tempest-TestMinimumBasicScenario-49485465-project] RESP HEADERS: {'Content-Type': 'text/html; charset=UTF-8', 'Content-Length': '0', 'X-Trans-Id': 'txf5bcb1ae4b3f4a8f86c89-0062ee6867', 'X-Openstack-Request-Id': 'txf5bcb1ae4b3f4a8f86c89-0062ee6867', 'Date': 'Sat, 06 Aug 2022 13:11:03 GMT'} {{(pid=111953) http_log /usr/local/lib/python3.8/dist-packages/swiftclient/client.py:159}}
Aug 06 13:11:03.875880 dv-cinder-851996-3-iscsi devstack@g-api.service[111953]: DEBUG glance.api.middleware.cache [None req-4f21578c-2053-4739-8315-8e489dae8f20 tempest-TestMinimumBasicScenario-49485465 tempest-TestMinimumBasicScenario-49485465-project] Removing image d34ee234-d5a9-4621-b219-68a3ccfe2346 from cache {{(pid=111953) _process_DELETE_response /opt/stack/glance/glance/api/middleware/cache.py:264}}
Aug 06 13:11:03.877197 dv-cinder-851996-3-iscsi devstack@g-api.service[111953]: DEBUG glance.image_cache.drivers.sqlite [None req-4f21578c-2053-4739-8315-8e489dae8f20 tempest-TestMinimumBasicScenario-49485465 tempest-TestMinimumBasicScenario-49485465-project] Deleting image cache file '/opt/stack/data/glance/cache/d34ee234-d5a9-4621-b219-68a3ccfe2346' {{(pid=111953) delete_cached_file /opt/stack/glance/glance/image_cache/drivers/sqlite.py:506}}
Aug 06 13:11:04.132345 dv-cinder-851996-3-iscsi devstack@g-api.service[111953]: [pid: 111953|app: 0|req: 150/272] 127.0.0.1 () {38 vars in 791 bytes} [Sat Aug 6 13:11:02 2022] DELETE /v2/images/d34ee234-d5a9-4621-b219-68a3ccfe2346 => generated 0 bytes in 1177 msecs (HTTP/1.1 204) 4 headers in 171 bytes (1 switches on core 0)
Aug 06 13:11:05.674621 dv-cinder-851996-3-iscsi devstack@g-api.service[111951]: DEBUG glance.api.middleware.version_negotiation [None req-25372187-5356-43f1-9ef6-9a5270159b49 tempest-VolumesActionsTest-1886370287 tempest-VolumesActionsTest-1886370287-project] Determining version of request: GET /v2/images/217657d9-68e9-4831-ac3e-444bba105969 Accept: */* {{(pid=111951) process_request /opt/stack/glance/glance/api/middleware/version_negotiation.py:44}}
Aug 06 13:11:05.676009 dv-cinder-851996-3-iscsi devstack@g-api.service[111951]: DEBUG glance.api.middleware.version_negotiation [None req-25372187-5356-43f1-9ef6-9a5270159b49 tempest-VolumesActionsTest-1886370287 tempest-VolumesActionsTest-1886370287-project] Using url versioning {{(pid=111951) process_request /opt/stack/glance/glance/api/middleware/version_negotiation.py:57}}
Aug 06 13:11:05.676356 dv-cinder-851996-3-iscsi devstack@g-api.service[111951]: DEBUG glance.api.middleware.version_negotiation [None req-25372187-5356-43f1-9ef6-9a5270159b49 tempest-VolumesActionsTest-1886370287 tempest-VolumesActionsTest-1886370287-project] Matched version: v2 {{(pid=111951) process_request /opt/stack/glance/glance/api/middleware/version_negotiation.py:69}}
Aug 06 13:11:05.676637 dv-cinder-851996-3-iscsi devstack@g-api.service[111951]: DEBUG glance.api.middleware.version_negotiation [None req-25372187-5356-43f1-9ef6-9a5270159b49 tempest-VolumesActionsTest-1886370287 tempest-VolumesActionsTest-1886370287-project] new path /v2/images/217657d9-68e9-4831-ac3e-444bba105969 {{(pid=111951) process_request /opt/stack/glance/glance/api/middleware/version_negotiation.py:70}}
Aug 06 13:11:05.695672 dv-cinder-851996-3-iscsi devstack@g-api.service[111951]: [pid: 111951|app: 0|req: 123/273] 127.0.0.1 () {40 vars in 856 bytes} [Sat Aug 6 13:11:05 2022] GET /v2/images/217657d9-68e9-4831-ac3e-444bba105969 => generated 946 bytes in 21 msecs (HTTP/1.1 200) 4 headers in 157 bytes (1 switches on core 0)
Aug 06 13:11:05.712643 dv-cinder-851996-3-iscsi devstack@g-api.service[111953]: DEBUG glance.api.middleware.version_negotiation [None req-4f21578c-2053-4739-8315-8e489dae8f20 tempest-TestMinimumBasicScenario-49485465 tempest-TestMinimumBasicScenario-49485465-project] Determining version of request: GET /v2/schemas/image Accept: */* {{(pid=111953) process_request /opt/stack/glance/glance/api/middleware/version_negotiation.py:44}}
