Aug 06 01:06:49.212684 dv-cinder-851996-2-smb devstack@keystone.service[80180]: DEBUG keystone.server.flask.request_processing.middleware.auth_context [None req-abcfb199-afd4-4cf0-856a-f2607dcb804f None None] Authenticating user token {{(pid=80180) process_request /usr/local/lib/python3.8/dist-packages/keystonemiddleware/auth_token/__init__.py:407}}
Aug 06 01:06:49.245937 dv-cinder-851996-2-smb devstack@keystone.service[80181]: DEBUG dbcounter [-] [80181] Writing DB stats keystone:SELECT=100 {{(pid=80181) stat_writer /usr/local/lib/python3.8/dist-packages/dbcounter.py:114}}
Aug 06 01:06:49.252535 dv-cinder-851996-2-smb devstack@keystone.service[80181]: DEBUG keystone.server.flask.request_processing.middleware.auth_context [None req-c13b8dd5-86d6-4845-ab1f-bc2689c09867 None admin] Validating token access rules against request {{(pid=80181) validate_allowed_request /usr/local/lib/python3.8/dist-packages/keystonemiddleware/auth_token/__init__.py:545}}
Aug 06 01:06:49.290116 dv-cinder-851996-2-smb devstack@keystone.service[80181]: DEBUG keystone.server.flask.request_processing.middleware.auth_context [None req-6f98e1a7-f2b3-47fe-ba4d-b73181c64cb1 None admin] RBAC: auth_context: {'token': , 'domain_id': None, 'trust_id': None, 'trustor_id': None, 'trustee_id': None, 'domain_name': None, 'group_ids': [], 'user_id': 'e1e471e155f146cdb2493555b6df58b4', 'user_domain_id': 'default', 'system_scope': 'all', 'project_id': None, 'project_domain_id': None, 'roles': ['admin', 'member', 'reader'], 'is_admin_project': True, 'service_user_id': None, 'service_user_domain_id': None, 'service_project_id': None, 'service_project_domain_id': None, 'service_roles': []} {{(pid=80181) fill_context /opt/stack/keystone/keystone/server/flask/request_processing/middleware/auth_context.py:478}}
Aug 06 01:06:49.290681 dv-cinder-851996-2-smb devstack@keystone.service[80181]: DEBUG keystone.server.flask.request_processing.req_logging [None req-6f98e1a7-f2b3-47fe-ba4d-b73181c64cb1 None admin] REQUEST_METHOD: `POST` {{(pid=80181) log_request_info /opt/stack/keystone/keystone/server/flask/request_processing/req_logging.py:27}}
Aug 06 01:06:49.290967 dv-cinder-851996-2-smb devstack@keystone.service[80181]: DEBUG keystone.server.flask.request_processing.req_logging [None req-6f98e1a7-f2b3-47fe-ba4d-b73181c64cb1 None admin] SCRIPT_NAME: `/identity` {{(pid=80181) log_request_info /opt/stack/keystone/keystone/server/flask/request_processing/req_logging.py:28}}
Aug 06 01:06:49.291242 dv-cinder-851996-2-smb devstack@keystone.service[80181]: DEBUG keystone.server.flask.request_processing.req_logging [None req-6f98e1a7-f2b3-47fe-ba4d-b73181c64cb1 None admin] PATH_INFO: `/v3/roles` {{(pid=80181) log_request_info /opt/stack/keystone/keystone/server/flask/request_processing/req_logging.py:29}}
Aug 06 01:06:49.291966 dv-cinder-851996-2-smb devstack@keystone.service[80181]: DEBUG keystone.common.rbac_enforcer.enforcer [None req-6f98e1a7-f2b3-47fe-ba4d-b73181c64cb1 None admin] RBAC: Authorizing `identity:create_role()` {{(pid=80181) enforce_call /opt/stack/keystone/keystone/common/rbac_enforcer/enforcer.py:449}}
Aug 06 01:06:49.293792 dv-cinder-851996-2-smb devstack@keystone.service[80181]: DEBUG keystone.common.rbac_enforcer.enforcer [None req-6f98e1a7-f2b3-47fe-ba4d-b73181c64cb1 None admin] RBAC: Authorization granted {{(pid=80181) enforce_call /opt/stack/keystone/keystone/common/rbac_enforcer/enforcer.py:457}}
Aug 06 01:06:49.305519 dv-cinder-851996-2-smb devstack@keystone.service[80180]: DEBUG dbcounter [-] [80180] Writing DB stats keystone:SELECT=100 {{(pid=80180) stat_writer /usr/local/lib/python3.8/dist-packages/dbcounter.py:114}}
Aug 06 01:06:49.309051 dv-cinder-851996-2-smb devstack@keystone.service[80181]: [pid: 80181|app: 0|req: 20/43] 10.222.0.17 () {60 vars in 1131 bytes} [Sat Aug 6 01:06:49 2022] POST /identity/v3/roles => generated 223 bytes in 191 msecs (HTTP/1.1 201) 5 headers in 182 bytes (1 switches on core 0)
Aug 06 01:06:49.309857 dv-cinder-851996-2-smb devstack@keystone.service[80181]: DEBUG keystone.server.flask.request_processing.middleware.auth_context [None req-6f98e1a7-f2b3-47fe-ba4d-b73181c64cb1 None admin] Authenticating user token {{(pid=80181) process_request /usr/local/lib/python3.8/dist-packages/keystonemiddleware/auth_token/__init__.py:407}}
Aug 06 01:06:49.325212 dv-cinder-851996-2-smb devstack@keystone.service[80180]: DEBUG keystone.server.flask.request_processing.middleware.auth_context [None req-abcfb199-afd4-4cf0-856a-f2607dcb804f None None] Validating token access rules against request {{(pid=80180) validate_allowed_request /usr/local/lib/python3.8/dist-packages/keystonemiddleware/auth_token/__init__.py:545}}
Aug 06 01:06:49.364847 dv-cinder-851996-2-smb devstack@keystone.service[80180]: DEBUG keystone.server.flask.request_processing.middleware.auth_context [None req-3273eebd-835d-4762-84e9-e9e7d86e4edb None admin] RBAC: auth_context: {'token': , 'domain_id': None, 'trust_id': None, 'trustor_id': None, 'trustee_id': None, 'domain_name': None, 'group_ids': [], 'user_id': 'e1e471e155f146cdb2493555b6df58b4', 'user_domain_id': 'default', 'system_scope': 'all', 'project_id': None, 'project_domain_id': None, 'roles': ['admin', 'member', 'reader'], 'is_admin_project': True, 'service_user_id': None, 'service_user_domain_id': None, 'service_project_id': None, 'service_project_domain_id': None, 'service_roles': []} {{(pid=80180) fill_context /opt/stack/keystone/keystone/server/flask/request_processing/middleware/auth_context.py:478}}
Aug 06 01:06:49.365550 dv-cinder-851996-2-smb devstack@keystone.service[80180]: DEBUG keystone.server.flask.request_processing.req_logging [None req-3273eebd-835d-4762-84e9-e9e7d86e4edb None admin] REQUEST_METHOD: `PUT` {{(pid=80180) log_request_info /opt/stack/keystone/keystone/server/flask/request_processing/req_logging.py:27}}
Aug 06 01:06:49.365845 dv-cinder-851996-2-smb devstack@keystone.service[80180]: DEBUG keystone.server.flask.request_processing.req_logging [None req-3273eebd-835d-4762-84e9-e9e7d86e4edb None admin] SCRIPT_NAME: `/identity` {{(pid=80180) log_request_info /opt/stack/keystone/keystone/server/flask/request_processing/req_logging.py:28}}
Aug 06 01:06:49.366161 dv-cinder-851996-2-smb devstack@keystone.service[80180]: DEBUG keystone.server.flask.request_processing.req_logging [None req-3273eebd-835d-4762-84e9-e9e7d86e4edb None admin] PATH_INFO: `/v3/domains/default/users/e1e471e155f146cdb2493555b6df58b4/roles/1aa37aeab6694470b737775bf433503d` {{(pid=80180) log_request_info /opt/stack/keystone/keystone/server/flask/request_processing/req_logging.py:29}}
Aug 06 01:06:49.368443 dv-cinder-851996-2-smb devstack@keystone.service[80180]: DEBUG keystone.common.rbac_enforcer.enforcer [None req-3273eebd-835d-4762-84e9-e9e7d86e4edb None admin] RBAC: Authorizing `identity:create_grant(domain_id=default, user_id=e1e471e155f146cdb2493555b6df58b4, role_id=1aa37aeab6694470b737775bf433503d)` {{(pid=80180) enforce_call /opt/stack/keystone/keystone/common/rbac_enforcer/enforcer.py:449}}
Aug 06 01:06:49.370171 dv-cinder-851996-2-smb devstack@keystone.service[80180]: DEBUG keystone.common.rbac_enforcer.enforcer [None req-3273eebd-835d-4762-84e9-e9e7d86e4edb None admin] RBAC: Authorization granted {{(pid=80180) enforce_call /opt/stack/keystone/keystone/common/rbac_enforcer/enforcer.py:457}}
Aug 06 01:06:49.388446 dv-cinder-851996-2-smb devstack@keystone.service[80180]: [pid: 80180|app: 0|req: 24/44] 10.222.0.17 () {58 vars in 1361 bytes} [Sat Aug 6 01:06:49 2022] PUT /identity/v3/domains/default/users/e1e471e155f146cdb2493555b6df58b4/roles/1aa37aeab6694470b737775bf433503d => generated 0 bytes in 176 msecs (HTTP/1.1 204) 3 headers in 132 bytes (0 switches on core 0)
Aug 06 01:06:49.430670 dv-cinder-851996-2-smb devstack@keystone.service[80181]: DEBUG keystone.server.flask.request_processing.middleware.auth_context [None req-6f98e1a7-f2b3-47fe-ba4d-b73181c64cb1 None admin] Validating token access rules against request {{(pid=80181) validate_allowed_request /usr/local/lib/python3.8/dist-packages/keystonemiddleware/auth_token/__init__.py:545}}
Aug 06 01:06:49.471273 dv-cinder-851996-2-smb devstack@keystone.service[80181]: DEBUG keystone.server.flask.request_processing.middleware.auth_context [None req-9bcb4cce-94d4-4954-b10d-c3a16d5b6f83 None admin] RBAC: auth_context: {'token': , 'domain_id': None, 'trust_id': None, 'trustor_id': None, 'trustee_id': None, 'domain_name': None, 'group_ids': [], 'user_id': 'e1e471e155f146cdb2493555b6df58b4', 'user_domain_id': 'default', 'system_scope': 'all', 'project_id': None, 'project_domain_id': None, 'roles': ['admin', 'member', 'reader'], 'is_admin_project': True, 'service_user_id': None, 'service_user_domain_id': None, 'service_project_id': None, 'service_project_domain_id': None, 'service_roles': []} {{(pid=80181) fill_context /opt/stack/keystone/keystone/server/flask/request_processing/middleware/auth_context.py:478}}
Aug 06 01:06:49.471944 dv-cinder-851996-2-smb devstack@keystone.service[80181]: DEBUG keystone.server.flask.request_processing.req_logging [None req-9bcb4cce-94d4-4954-b10d-c3a16d5b6f83 None admin] REQUEST_METHOD: `GET` {{(pid=80181) log_request_info /opt/stack/keystone/keystone/server/flask/request_processing/req_logging.py:27}}
Aug 06 01:06:49.472220 dv-cinder-851996-2-smb devstack@keystone.service[80181]: DEBUG keystone.server.flask.request_processing.req_logging [None req-9bcb4cce-94d4-4954-b10d-c3a16d5b6f83 None admin] SCRIPT_NAME: `/identity` {{(pid=80181) log_request_info /opt/stack/keystone/keystone/server/flask/request_processing/req_logging.py:28}}
Aug 06 01:06:49.472498 dv-cinder-851996-2-smb devstack@keystone.service[80181]: DEBUG keystone.server.flask.request_processing.req_logging [None req-9bcb4cce-94d4-4954-b10d-c3a16d5b6f83 None admin] PATH_INFO: `/v3/domains/default` {{(pid=80181) log_request_info /opt/stack/keystone/keystone/server/flask/request_processing/req_logging.py:29}}
Aug 06 01:06:49.473813 dv-cinder-851996-2-smb devstack@keystone.service[80181]: DEBUG keystone.common.rbac_enforcer.enforcer [None req-9bcb4cce-94d4-4954-b10d-c3a16d5b6f83 None admin] RBAC: Authorizing `identity:get_domain(domain_id=default)` {{(pid=80181) enforce_call /opt/stack/keystone/keystone/common/rbac_enforcer/enforcer.py:449}}
Aug 06 01:06:49.475497 dv-cinder-851996-2-smb devstack@keystone.service[80181]: DEBUG keystone.common.rbac_enforcer.enforcer [None req-9bcb4cce-94d4-4954-b10d-c3a16d5b6f83 None admin] RBAC: Authorization granted {{(pid=80181) enforce_call /opt/stack/keystone/keystone/common/rbac_enforcer/enforcer.py:457}}
Aug 06 01:06:49.477663 dv-cinder-851996-2-smb devstack@keystone.service[80181]: [pid: 80181|app: 0|req: 21/45] 10.222.0.17 () {56 vars in 1108 bytes} [Sat Aug 6 01:06:49 2022] GET /identity/v3/domains/default => generated 199 bytes in 168 msecs (HTTP/1.1 200) 5 headers in 177 bytes (1 switches on core 0)
Aug 06 01:06:49.484434 dv-cinder-851996-2-smb devstack@keystone.service[80180]: DEBUG keystone.server.flask.request_processing.middleware.auth_context [None req-3273eebd-835d-4762-84e9-e9e7d86e4edb None admin] Authenticating user token {{(pid=80180) process_request /usr/local/lib/python3.8/dist-packages/keystonemiddleware/auth_token/__init__.py:407}}
Aug 06 01:06:49.604356 dv-cinder-851996-2-smb devstack@keystone.service[80180]: DEBUG keystone.server.flask.request_processing.middleware.auth_context [None req-3273eebd-835d-4762-84e9-e9e7d86e4edb None admin] Validating token access rules against request {{(pid=80180) validate_allowed_request /usr/local/lib/python3.8/dist-packages/keystonemiddleware/auth_token/__init__.py:545}}
Aug 06 01:06:49.639664 dv-cinder-851996-2-smb devstack@keystone.service[80180]: DEBUG keystone.server.flask.request_processing.middleware.auth_context [None req-1cf4e2b4-a547-46f3-af87-b3ffdf57f8ba None admin] RBAC: auth_context: {'token': , 'domain_id': None, 'trust_id': None, 'trustor_id': None, 'trustee_id': None, 'domain_name': None, 'group_ids': [], 'user_id': 'e1e471e155f146cdb2493555b6df58b4', 'user_domain_id': 'default', 'system_scope': 'all', 'project_id': None, 'project_domain_id': None, 'roles': ['admin', 'member', 'reader'], 'is_admin_project': True, 'service_user_id': None, 'service_user_domain_id': None, 'service_project_id': None, 'service_project_domain_id': None, 'service_roles': []} {{(pid=80180) fill_context /opt/stack/keystone/keystone/server/flask/request_processing/middleware/auth_context.py:478}}
Aug 06 01:06:49.640307 dv-cinder-851996-2-smb devstack@keystone.service[80180]: DEBUG keystone.server.flask.request_processing.req_logging [None req-1cf4e2b4-a547-46f3-af87-b3ffdf57f8ba None admin] REQUEST_METHOD: `POST` {{(pid=80180) log_request_info /opt/stack/keystone/keystone/server/flask/request_processing/req_logging.py:27}}
Aug 06 01:06:49.640598 dv-cinder-851996-2-smb devstack@keystone.service[80180]: DEBUG keystone.server.flask.request_processing.req_logging [None req-1cf4e2b4-a547-46f3-af87-b3ffdf57f8ba None admin] SCRIPT_NAME: `/identity` {{(pid=80180) log_request_info /opt/stack/keystone/keystone/server/flask/request_processing/req_logging.py:28}}
Aug 06 01:06:49.640870 dv-cinder-851996-2-smb devstack@keystone.service[80180]: DEBUG keystone.server.flask.request_processing.req_logging [None req-1cf4e2b4-a547-46f3-af87-b3ffdf57f8ba None admin] PATH_INFO: `/v3/projects` {{(pid=80180) log_request_info /opt/stack/keystone/keystone/server/flask/request_processing/req_logging.py:29}}
Aug 06 01:06:49.641560 dv-cinder-851996-2-smb devstack@keystone.service[80180]: DEBUG keystone.common.rbac_enforcer.enforcer [None req-1cf4e2b4-a547-46f3-af87-b3ffdf57f8ba None admin] RBAC: Authorizing `identity:create_project()` {{(pid=80180) enforce_call /opt/stack/keystone/keystone/common/rbac_enforcer/enforcer.py:449}}
Aug 06 01:06:49.643086 dv-cinder-851996-2-smb devstack@keystone.service[80180]: DEBUG keystone.common.rbac_enforcer.enforcer [None req-1cf4e2b4-a547-46f3-af87-b3ffdf57f8ba None admin] RBAC: Authorization granted {{(pid=80180) enforce_call /opt/stack/keystone/keystone/common/rbac_enforcer/enforcer.py:457}}
Aug 06 01:06:49.666750 dv-cinder-851996-2-smb devstack@keystone.service[80180]: DEBUG dbcounter [-] [80180] Writing DB stats keystone:SELECT=98,keystone:INSERT=2 {{(pid=80180) stat_writer /usr/local/lib/python3.8/dist-packages/dbcounter.py:114}}
Aug 06 01:06:49.681968 dv-cinder-851996-2-smb devstack@keystone.service[80180]: [pid: 80180|app: 0|req: 25/46] 10.222.0.17 () {60 vars in 1141 bytes} [Sat Aug 6 01:06:49 2022] POST /identity/v3/projects => generated 312 bytes in 191 msecs (HTTP/1.1 201) 5 headers in 182 bytes (1 switches on core 0)
Aug 06 01:06:51.368543 dv-cinder-851996-2-smb devstack@keystone.service[80181]: DEBUG keystone.server.flask.request_processing.req_logging [None req-1518cc9a-160c-4397-beca-51e20d39a48f None None] REQUEST_METHOD: `GET` {{(pid=80181) log_request_info /opt/stack/keystone/keystone/server/flask/request_processing/req_logging.py:27}}
Aug 06 01:06:51.369104 dv-cinder-851996-2-smb devstack@keystone.service[80181]: DEBUG keystone.server.flask.request_processing.req_logging [None req-1518cc9a-160c-4397-beca-51e20d39a48f None None] SCRIPT_NAME: `/identity` {{(pid=80181) log_request_info /opt/stack/keystone/keystone/server/flask/request_processing/req_logging.py:28}}
Aug 06 01:06:51.369104 dv-cinder-851996-2-smb devstack@keystone.service[80181]: DEBUG keystone.server.flask.request_processing.req_logging [None req-1518cc9a-160c-4397-beca-51e20d39a48f None None] PATH_INFO: `/` {{(pid=80181) log_request_info /opt/stack/keystone/keystone/server/flask/request_processing/req_logging.py:29}}
Aug 06 01:06:51.370542 dv-cinder-851996-2-smb devstack@keystone.service[80181]: [pid: 80181|app: 0|req: 22/47] 10.222.0.17 () {54 vars in 927 bytes} [Sat Aug 6 01:06:51 2022] GET /identity => generated 270 bytes in 3 msecs (HTTP/1.1 300) 6 headers in 234 bytes (1 switches on core 0)
Aug 06 01:06:51.376006 dv-cinder-851996-2-smb devstack@keystone.service[80180]: DEBUG keystone.server.flask.request_processing.req_logging [None req-6d19225d-83fc-4eb8-9cbf-5ffd9f57f622 None None] REQUEST_METHOD: `POST` {{(pid=80180) log_request_info /opt/stack/keystone/keystone/server/flask/request_processing/req_logging.py:27}}
Aug 06 01:06:51.376447 dv-cinder-851996-2-smb devstack@keystone.service[80180]: DEBUG keystone.server.flask.request_processing.req_logging [None req-6d19225d-83fc-4eb8-9cbf-5ffd9f57f622 None None] SCRIPT_NAME: `/identity` {{(pid=80180) log_request_info /opt/stack/keystone/keystone/server/flask/request_processing/req_logging.py:28}}
Aug 06 01:06:51.376587 dv-cinder-851996-2-smb devstack@keystone.service[80180]: DEBUG keystone.server.flask.request_processing.req_logging [None req-6d19225d-83fc-4eb8-9cbf-5ffd9f57f622 None None] PATH_INFO: `/v3/auth/tokens` {{(pid=80180) log_request_info /opt/stack/keystone/keystone/server/flask/request_processing/req_logging.py:29}}
Aug 06 01:06:51.396029 dv-cinder-851996-2-smb devstack@keystone.service[80180]: DEBUG keystone.auth.core [None req-6d19225d-83fc-4eb8-9cbf-5ffd9f57f622 None None] MFA Rules not processed for user `e1e471e155f146cdb2493555b6df58b4`. Rule list: `[]` (Enabled: `True`). {{(pid=80180) check_auth_methods_against_rules /opt/stack/keystone/keystone/auth/core.py:438}}
Aug 06 01:06:51.397253 dv-cinder-851996-2-smb devstack@keystone.service[80180]: DEBUG keystone.common.fernet_utils [None req-6d19225d-83fc-4eb8-9cbf-5ffd9f57f622 None None] Loaded 2 Fernet keys from /etc/keystone/fernet-keys/, but `[fernet_tokens] max_active_keys = 3`; perhaps there have not been enough key rotations to reach `max_active_keys` yet? {{(pid=80180) load_keys /opt/stack/keystone/keystone/common/fernet_utils.py:286}}
Aug 06 01:06:51.467175 dv-cinder-851996-2-smb devstack@keystone.service[80180]: [pid: 80180|app: 0|req: 26/48] 10.222.0.17 () {58 vars in 1024 bytes} [Sat Aug 6 01:06:51 2022] POST /identity/v3/auth/tokens => generated 799 bytes in 92 msecs (HTTP/1.1 201) 6 headers in 363 bytes (1 switches on core 0)
Aug 06 01:06:51.490076 dv-cinder-851996-2-smb devstack@keystone.service[80181]: DEBUG keystone.server.flask.request_processing.middleware.auth_context [None req-1518cc9a-160c-4397-beca-51e20d39a48f None None] Authenticating user token {{(pid=80181) process_request /usr/local/lib/python3.8/dist-packages/keystonemiddleware/auth_token/__init__.py:407}}
Aug 06 01:06:51.517400 dv-cinder-851996-2-smb devstack@keystone.service[80181]: DEBUG dbcounter [-] [80181] Writing DB stats keystone:SELECT=99,keystone:INSERT=1 {{(pid=80181) stat_writer /usr/local/lib/python3.8/dist-packages/dbcounter.py:114}}
Aug 06 01:06:51.597798 dv-cinder-851996-2-smb devstack@keystone.service[80181]: DEBUG keystone.server.flask.request_processing.middleware.auth_context [None req-1518cc9a-160c-4397-beca-51e20d39a48f None None] Validating token access rules against request {{(pid=80181) validate_allowed_request /usr/local/lib/python3.8/dist-packages/keystonemiddleware/auth_token/__init__.py:545}}
Aug 06 01:06:51.624177 dv-cinder-851996-2-smb devstack@keystone.service[80180]: DEBUG keystone.server.flask.request_processing.req_logging [None req-340d7e01-1b1f-4763-b2f0-1d2c370db3f9 None None] REQUEST_METHOD: `GET` {{(pid=80180) log_request_info /opt/stack/keystone/keystone/server/flask/request_processing/req_logging.py:27}}
Aug 06 01:06:51.624355 dv-cinder-851996-2-smb devstack@keystone.service[80180]: DEBUG keystone.server.flask.request_processing.req_logging [None req-340d7e01-1b1f-4763-b2f0-1d2c370db3f9 None None] SCRIPT_NAME: `/identity` {{(pid=80180) log_request_info /opt/stack/keystone/keystone/server/flask/request_processing/req_logging.py:28}}
Aug 06 01:06:51.624623 dv-cinder-851996-2-smb devstack@keystone.service[80180]: DEBUG keystone.server.flask.request_processing.req_logging [None req-340d7e01-1b1f-4763-b2f0-1d2c370db3f9 None None] PATH_INFO: `/` {{(pid=80180) log_request_info /opt/stack/keystone/keystone/server/flask/request_processing/req_logging.py:29}}
Aug 06 01:06:51.626065 dv-cinder-851996-2-smb devstack@keystone.service[80180]: [pid: 80180|app: 0|req: 27/49] 10.222.0.17 () {54 vars in 927 bytes} [Sat Aug 6 01:06:51 2022] GET /identity => generated 270 bytes in 3 msecs (HTTP/1.1 300) 6 headers in 234 bytes (2 switches on core 0)
Aug 06 01:06:51.630995 dv-cinder-851996-2-smb devstack@keystone.service[80180]: DEBUG keystone.server.flask.request_processing.req_logging [None req-77812fb0-4d37-433a-840d-48ff9644bbb5 None None] REQUEST_METHOD: `POST` {{(pid=80180) log_request_info /opt/stack/keystone/keystone/server/flask/request_processing/req_logging.py:27}}
Aug 06 01:06:51.631278 dv-cinder-851996-2-smb devstack@keystone.service[80180]: DEBUG keystone.server.flask.request_processing.req_logging [None req-77812fb0-4d37-433a-840d-48ff9644bbb5 None None] SCRIPT_NAME: `/identity` {{(pid=80180) log_request_info /opt/stack/keystone/keystone/server/flask/request_processing/req_logging.py:28}}
Aug 06 01:06:51.631557 dv-cinder-851996-2-smb devstack@keystone.service[80180]: DEBUG keystone.server.flask.request_processing.req_logging [None req-77812fb0-4d37-433a-840d-48ff9644bbb5 None None] PATH_INFO: `/v3/auth/tokens` {{(pid=80180) log_request_info /opt/stack/keystone/keystone/server/flask/request_processing/req_logging.py:29}}
Aug 06 01:06:51.633390 dv-cinder-851996-2-smb devstack@keystone.service[80181]: DEBUG keystone.server.flask.request_processing.middleware.auth_context [None req-dfb13c2c-623e-4e4f-871a-b8bbb25cd36e None admin] RBAC: auth_context: {'token': , 'domain_id': None, 'trust_id': None, 'trustor_id': None, 'trustee_id': None, 'domain_name': None, 'group_ids': [], 'user_id': 'e1e471e155f146cdb2493555b6df58b4', 'user_domain_id': 'default', 'system_scope': 'all', 'project_id': None, 'project_domain_id': None, 'roles': ['admin', 'member', 'reader'], 'is_admin_project': True, 'service_user_id': None, 'service_user_domain_id': None, 'service_project_id': None, 'service_project_domain_id': None, 'service_roles': []} {{(pid=80181) fill_context /opt/stack/keystone/keystone/server/flask/request_processing/middleware/auth_context.py:478}}
Aug 06 01:06:51.634091 dv-cinder-851996-2-smb devstack@keystone.service[80181]: DEBUG keystone.server.flask.request_processing.req_logging [None req-dfb13c2c-623e-4e4f-871a-b8bbb25cd36e None admin] REQUEST_METHOD: `GET` {{(pid=80181) log_request_info /opt/stack/keystone/keystone/server/flask/request_processing/req_logging.py:27}}
Aug 06 01:06:51.634376 dv-cinder-851996-2-smb devstack@keystone.service[80181]: DEBUG keystone.server.flask.request_processing.req_logging [None req-dfb13c2c-623e-4e4f-871a-b8bbb25cd36e None admin] SCRIPT_NAME: `/identity` {{(pid=80181) log_request_info /opt/stack/keystone/keystone/server/flask/request_processing/req_logging.py:28}}
Aug 06 01:06:51.634655 dv-cinder-851996-2-smb devstack@keystone.service[80181]: DEBUG keystone.server.flask.request_processing.req_logging [None req-dfb13c2c-623e-4e4f-871a-b8bbb25cd36e None admin] PATH_INFO: `/v3/roles/admin` {{(pid=80181) log_request_info /opt/stack/keystone/keystone/server/flask/request_processing/req_logging.py:29}}
Aug 06 01:06:51.646563 dv-cinder-851996-2-smb devstack@keystone.service[80181]: DEBUG keystone.common.rbac_enforcer.enforcer [None req-dfb13c2c-623e-4e4f-871a-b8bbb25cd36e None admin] Extracting inferred target data resulted in "NOT FOUND (404)". {{(pid=80181) enforce_call /opt/stack/keystone/keystone/common/rbac_enforcer/enforcer.py:409}}
Aug 06 01:06:51.649733 dv-cinder-851996-2-smb devstack@keystone.service[80180]: DEBUG keystone.auth.core [None req-77812fb0-4d37-433a-840d-48ff9644bbb5 None None] MFA Rules not processed for user `e1e471e155f146cdb2493555b6df58b4`. Rule list: `[]` (Enabled: `True`). {{(pid=80180) check_auth_methods_against_rules /opt/stack/keystone/keystone/auth/core.py:438}}
Aug 06 01:06:51.650959 dv-cinder-851996-2-smb devstack@keystone.service[80180]: DEBUG keystone.common.fernet_utils [None req-77812fb0-4d37-433a-840d-48ff9644bbb5 None None] Loaded 2 Fernet keys from /etc/keystone/fernet-keys/, but `[fernet_tokens] max_active_keys = 3`; perhaps there have not been enough key rotations to reach `max_active_keys` yet? {{(pid=80180) load_keys /opt/stack/keystone/keystone/common/fernet_utils.py:286}}
Aug 06 01:06:51.651533 dv-cinder-851996-2-smb devstack@keystone.service[80181]: ERROR keystone.server.flask.application [None req-dfb13c2c-623e-4e4f-871a-b8bbb25cd36e None admin] Could not find role: admin.: keystone.exception.RoleNotFound: Could not find role: admin.
Aug 06 01:06:51.651533 dv-cinder-851996-2-smb devstack@keystone.service[80181]: ERROR keystone.server.flask.application
Traceback (most recent call last):
Aug 06 01:06:51.651533 dv-cinder-851996-2-smb devstack@keystone.service[80181]: ERROR keystone.server.flask.application
File "/usr/local/lib/python3.8/dist-packages/flask/app.py", line 1517, in full_dispatch_request
Aug 06 01:06:51.651533 dv-cinder-851996-2-smb devstack@keystone.service[80181]: ERROR keystone.server.flask.application rv = self.dispatch_request()
Aug 06 01:06:51.651533 dv-cinder-851996-2-smb devstack@keystone.service[80181]: ERROR keystone.server.flask.application
File "/usr/local/lib/python3.8/dist-packages/flask/app.py", line 1503, in dispatch_request
Aug 06 01:06:51.651533 dv-cinder-851996-2-smb devstack@keystone.service[80181]: ERROR keystone.server.flask.application return self.ensure_sync(self.view_functions[rule.endpoint])(**req.view_args)
Aug 06 01:06:51.651533 dv-cinder-851996-2-smb devstack@keystone.service[80181]: ERROR keystone.server.flask.application
File "/usr/local/lib/python3.8/dist-packages/flask_restful/__init__.py", line 467, in wrapper
Aug 06 01:06:51.651533 dv-cinder-851996-2-smb devstack@keystone.service[80181]: ERROR keystone.server.flask.application resp = resource(*args, **kwargs)
Aug 06 01:06:51.651533 dv-cinder-851996-2-smb devstack@keystone.service[80181]: ERROR keystone.server.flask.application
File "/usr/local/lib/python3.8/dist-packages/flask/views.py", line 84, in view
Aug 06 01:06:51.651533 dv-cinder-851996-2-smb devstack@keystone.service[80181]: ERROR keystone.server.flask.application return current_app.ensure_sync(self.dispatch_request)(*args, **kwargs)
Aug 06 01:06:51.651533 dv-cinder-851996-2-smb devstack@keystone.service[80181]: ERROR keystone.server.flask.application
File "/usr/local/lib/python3.8/dist-packages/flask_restful/__init__.py", line 582, in dispatch_request
Aug 06 01:06:51.651533 dv-cinder-851996-2-smb devstack@keystone.service[80181]: ERROR keystone.server.flask.application resp = meth(*args, **kwargs)
Aug 06 01:06:51.651533 dv-cinder-851996-2-smb devstack@keystone.service[80181]: ERROR keystone.server.flask.application
File "/opt/stack/keystone/keystone/api/roles.py", line 50, in get
Aug 06 01:06:51.651533 dv-cinder-851996-2-smb devstack@keystone.service[80181]: ERROR keystone.server.flask.application return self._get_role(role_id)
Aug 06 01:06:51.651533 dv-cinder-851996-2-smb devstack@keystone.service[80181]: ERROR keystone.server.flask.application
File "/opt/stack/keystone/keystone/api/roles.py", line 70, in _get_role
Aug 06 01:06:51.651533 dv-cinder-851996-2-smb devstack@keystone.service[80181]: ERROR keystone.server.flask.application ENFORCER.enforce_call(action='identity:get_role')
Aug 06 01:06:51.652555 dv-cinder-851996-2-smb devstack@keystone.service[80181]: ERROR keystone.server.flask.application
File "/opt/stack/keystone/keystone/common/rbac_enforcer/enforcer.py", line 402, in enforce_call
Aug 06 01:06:51.652555 dv-cinder-851996-2-smb devstack@keystone.service[80181]: ERROR keystone.server.flask.application policy_dict.update(cls._extract_member_target_data(
Aug 06 01:06:51.652555 dv-cinder-851996-2-smb devstack@keystone.service[80181]: ERROR keystone.server.flask.application
File "/opt/stack/keystone/keystone/common/rbac_enforcer/enforcer.py", line 234, in _extract_member_target_data
Aug 06 01:06:51.652555 dv-cinder-851996-2-smb devstack@keystone.service[80181]: ERROR keystone.server.flask.application member_name: func(flask.request.view_args[key])
Aug 06 01:06:51.652555 dv-cinder-851996-2-smb devstack@keystone.service[80181]: ERROR keystone.server.flask.application
File "/opt/stack/keystone/keystone/common/manager.py", line 115, in wrapped
Aug 06 01:06:51.652555 dv-cinder-851996-2-smb devstack@keystone.service[80181]: ERROR keystone.server.flask.application __ret_val = __f(*args, **kwargs)
Aug 06 01:06:51.652555 dv-cinder-851996-2-smb devstack@keystone.service[80181]: ERROR keystone.server.flask.application
File "/usr/local/lib/python3.8/dist-packages/decorator.py", line 232, in fun
Aug 06 01:06:51.652555 dv-cinder-851996-2-smb devstack@keystone.service[80181]: ERROR keystone.server.flask.application return caller(func, *(extras + args), **kw)
Aug 06 01:06:51.652555 dv-cinder-851996-2-smb devstack@keystone.service[80181]: ERROR keystone.server.flask.application
File "/usr/local/lib/python3.8/dist-packages/dogpile/cache/region.py", line 1577, in get_or_create_for_user_func
Aug 06 01:06:51.652555 dv-cinder-851996-2-smb devstack@keystone.service[80181]: ERROR keystone.server.flask.application return self.get_or_create(
Aug 06 01:06:51.652555 dv-cinder-851996-2-smb devstack@keystone.service[80181]: ERROR keystone.server.flask.application
File "/usr/local/lib/python3.8/dist-packages/dogpile/cache/region.py", line 1042, in get_or_create
Aug 06 01:06:51.652555 dv-cinder-851996-2-smb devstack@keystone.service[80181]: ERROR keystone.server.flask.application with Lock(
Aug 06 01:06:51.652555 dv-cinder-851996-2-smb devstack@keystone.service[80181]: ERROR keystone.server.flask.application
File "/usr/local/lib/python3.8/dist-packages/dogpile/lock.py", line 185, in __enter__
Aug 06 01:06:51.652555 dv-cinder-851996-2-smb devstack@keystone.service[80181]: ERROR keystone.server.flask.application return self._enter()
Aug 06 01:06:51.652555 dv-cinder-851996-2-smb devstack@keystone.service[80181]: ERROR keystone.server.flask.application
File "/usr/local/lib/python3.8/dist-packages/dogpile/lock.py", line 94, in _enter
Aug 06 01:06:51.652555 dv-cinder-851996-2-smb devstack@keystone.service[80181]: ERROR keystone.server.flask.application generated = self._enter_create(value, createdtime)
Aug 06 01:06:51.653313 dv-cinder-851996-2-smb devstack@keystone.service[80181]: ERROR keystone.server.flask.application
File "/usr/local/lib/python3.8/dist-packages/dogpile/lock.py", line 178, in _enter_create
Aug 06 01:06:51.653313 dv-cinder-851996-2-smb devstack@keystone.service[80181]: ERROR keystone.server.flask.application return self.creator()
Aug 06 01:06:51.653313 dv-cinder-851996-2-smb devstack@keystone.service[80181]: ERROR keystone.server.flask.application
File "/usr/local/lib/python3.8/dist-packages/dogpile/cache/region.py", line 995, in gen_value
Aug 06 01:06:51.653313 dv-cinder-851996-2-smb devstack@keystone.service[80181]: ERROR keystone.server.flask.application created_value = creator(
Aug 06 01:06:51.653313 dv-cinder-851996-2-smb devstack@keystone.service[80181]: ERROR keystone.server.flask.application
File "/opt/stack/keystone/keystone/assignment/core.py", line 1276, in get_role
Aug 06 01:06:51.653313 dv-cinder-851996-2-smb devstack@keystone.service[80181]: ERROR keystone.server.flask.application return self.driver.get_role(role_id)
Aug 06 01:06:51.653313 dv-cinder-851996-2-smb devstack@keystone.service[80181]: ERROR keystone.server.flask.application
File "/opt/stack/keystone/keystone/assignment/role_backends/sql.py", line 70, in get_role
Aug 06 01:06:51.653313 dv-cinder-851996-2-smb devstack@keystone.service[80181]: ERROR keystone.server.flask.application return self._get_role(session, role_id).to_dict()
Aug 06 01:06:51.653313 dv-cinder-851996-2-smb devstack@keystone.service[80181]: ERROR keystone.server.flask.application
File "/opt/stack/keystone/keystone/assignment/role_backends/sql.py", line 65, in _get_role
Aug 06 01:06:51.653313 dv-cinder-851996-2-smb devstack@keystone.service[80181]: ERROR keystone.server.flask.application raise exception.RoleNotFound(role_id=role_id)
Aug 06 01:06:51.653313 dv-cinder-851996-2-smb devstack@keystone.service[80181]: ERROR keystone.server.flask.application keystone.exception.RoleNotFound: Could not find role: admin.
Aug 06 01:06:51.653313 dv-cinder-851996-2-smb devstack@keystone.service[80181]: ERROR keystone.server.flask.application
Aug 06 01:06:51.653313 dv-cinder-851996-2-smb devstack@keystone.service[80181]: [pid: 80181|app: 0|req: 23/50] 10.222.0.17 () {56 vars in 1096 bytes} [Sat Aug 6 01:06:51 2022] GET /identity/v3/roles/admin => generated 83 bytes in 163 msecs (HTTP/1.1 404) 5 headers in 183 bytes (1 switches on core 0)
Aug 06 01:06:51.658398 dv-cinder-851996-2-smb devstack@keystone.service[80181]: DEBUG keystone.server.flask.request_processing.middleware.auth_context [None req-dfb13c2c-623e-4e4f-871a-b8bbb25cd36e None admin] Authenticating user token {{(pid=80181) process_request /usr/local/lib/python3.8/dist-packages/keystonemiddleware/auth_token/__init__.py:407}}
Aug 06 01:06:51.723739 dv-cinder-851996-2-smb devstack@keystone.service[80180]: [pid: 80180|app: 0|req: 28/51] 10.222.0.17 () {58 vars in 1024 bytes} [Sat Aug 6 01:06:51 2022] POST /identity/v3/auth/tokens => generated 799 bytes in 93 msecs (HTTP/1.1 201) 6 headers in 363 bytes (2 switches on core 0)
Aug 06 01:06:51.741883 dv-cinder-851996-2-smb devstack@keystone.service[80181]: DEBUG dbcounter [-] [80181] Writing DB stats keystone:SELECT=100 {{(pid=80181) stat_writer /usr/local/lib/python3.8/dist-packages/dbcounter.py:114}}
Aug 06 01:06:51.746774 dv-cinder-851996-2-smb devstack@keystone.service[80180]: DEBUG keystone.server.flask.request_processing.middleware.auth_context [None req-77812fb0-4d37-433a-840d-48ff9644bbb5 None None] Authenticating user token {{(pid=80180) process_request /usr/local/lib/python3.8/dist-packages/keystonemiddleware/auth_token/__init__.py:407}}
Aug 06 01:06:51.758489 dv-cinder-851996-2-smb devstack@keystone.service[80181]: DEBUG keystone.server.flask.request_processing.middleware.auth_context [None req-dfb13c2c-623e-4e4f-871a-b8bbb25cd36e None admin] Validating token access rules against request {{(pid=80181) validate_allowed_request /usr/local/lib/python3.8/dist-packages/keystonemiddleware/auth_token/__init__.py:545}}
Aug 06 01:06:51.792385 dv-cinder-851996-2-smb devstack@keystone.service[80181]: DEBUG keystone.server.flask.request_processing.middleware.auth_context [None req-71520677-817d-47d2-ac66-354e64af92a5 None admin] RBAC: auth_context: {'token': , 'domain_id': None, 'trust_id': None, 'trustor_id': None, 'trustee_id': None, 'domain_name': None, 'group_ids': [], 'user_id': 'e1e471e155f146cdb2493555b6df58b4', 'user_domain_id': 'default', 'system_scope': 'all', 'project_id': None, 'project_domain_id': None, 'roles': ['admin', 'member', 'reader'], 'is_admin_project': True, 'service_user_id': None, 'service_user_domain_id': None, 'service_project_id': None, 'service_project_domain_id': None, 'service_roles': []} {{(pid=80181) fill_context /opt/stack/keystone/keystone/server/flask/request_processing/middleware/auth_context.py:478}}
Aug 06 01:06:51.793018 dv-cinder-851996-2-smb devstack@keystone.service[80181]: DEBUG keystone.server.flask.request_processing.req_logging [None req-71520677-817d-47d2-ac66-354e64af92a5 None admin] REQUEST_METHOD: `GET` {{(pid=80181) log_request_info /opt/stack/keystone/keystone/server/flask/request_processing/req_logging.py:27}}
Aug 06 01:06:51.793297 dv-cinder-851996-2-smb devstack@keystone.service[80181]: DEBUG keystone.server.flask.request_processing.req_logging [None req-71520677-817d-47d2-ac66-354e64af92a5 None admin] SCRIPT_NAME: `/identity` {{(pid=80181) log_request_info /opt/stack/keystone/keystone/server/flask/request_processing/req_logging.py:28}}
Aug 06 01:06:51.793582 dv-cinder-851996-2-smb devstack@keystone.service[80181]: DEBUG keystone.server.flask.request_processing.req_logging [None req-71520677-817d-47d2-ac66-354e64af92a5 None admin] PATH_INFO: `/v3/roles` {{(pid=80181) log_request_info /opt/stack/keystone/keystone/server/flask/request_processing/req_logging.py:29}}
Aug 06 01:06:51.794348 dv-cinder-851996-2-smb devstack@keystone.service[80181]: DEBUG keystone.common.rbac_enforcer.enforcer [None req-71520677-817d-47d2-ac66-354e64af92a5 None admin] RBAC: Adding query filter params (name=admin) {{(pid=80181) _extract_filter_values /opt/stack/keystone/keystone/common/rbac_enforcer/enforcer.py:167}}
Aug 06 01:06:51.794662 dv-cinder-851996-2-smb devstack@keystone.service[80181]: DEBUG keystone.common.rbac_enforcer.enforcer [None req-71520677-817d-47d2-ac66-354e64af92a5 None admin] RBAC: Authorizing `identity:list_roles()` {{(pid=80181) enforce_call /opt/stack/keystone/keystone/common/rbac_enforcer/enforcer.py:449}}
Aug 06 01:06:51.796084 dv-cinder-851996-2-smb devstack@keystone.service[80181]: DEBUG keystone.common.rbac_enforcer.enforcer [None req-71520677-817d-47d2-ac66-354e64af92a5 None admin] RBAC: Authorization granted {{(pid=80181) enforce_call /opt/stack/keystone/keystone/common/rbac_enforcer/enforcer.py:457}}
Aug 06 01:06:51.803331 dv-cinder-851996-2-smb devstack@keystone.service[80180]: DEBUG dbcounter [-] [80180] Writing DB stats keystone:SELECT=100 {{(pid=80180) stat_writer /usr/local/lib/python3.8/dist-packages/dbcounter.py:114}}
Aug 06 01:06:51.804860 dv-cinder-851996-2-smb devstack@keystone.service[80181]: [pid: 80181|app: 0|req: 24/52] 10.222.0.17 () {56 vars in 1099 bytes} [Sat Aug 6 01:06:51 2022] GET /identity/v3/roles?name=admin => generated 339 bytes in 147 msecs (HTTP/1.1 200) 5 headers in 177 bytes (1 switches on core 0)
Aug 06 01:06:51.810665 dv-cinder-851996-2-smb devstack@keystone.service[80181]: DEBUG keystone.server.flask.request_processing.middleware.auth_context [None req-71520677-817d-47d2-ac66-354e64af92a5 None admin] Authenticating user token {{(pid=80181) process_request /usr/local/lib/python3.8/dist-packages/keystonemiddleware/auth_token/__init__.py:407}}
Aug 06 01:06:51.844578 dv-cinder-851996-2-smb devstack@keystone.service[80180]: DEBUG keystone.server.flask.request_processing.middleware.auth_context [None req-77812fb0-4d37-433a-840d-48ff9644bbb5 None None] Validating token access rules against request {{(pid=80180) validate_allowed_request /usr/local/lib/python3.8/dist-packages/keystonemiddleware/auth_token/__init__.py:545}}
Aug 06 01:06:51.878526 dv-cinder-851996-2-smb devstack@keystone.service[80180]: DEBUG keystone.server.flask.request_processing.middleware.auth_context [None req-2fc997f2-5bbd-4861-8398-6bab6a21bc0c None admin] RBAC: auth_context: {'token': , 'domain_id': None, 'trust_id': None, 'trustor_id': None, 'trustee_id': None, 'domain_name': None, 'group_ids': [], 'user_id': 'e1e471e155f146cdb2493555b6df58b4', 'user_domain_id': 'default', 'system_scope': 'all', 'project_id': None, 'project_domain_id': None, 'roles': ['admin', 'member', 'reader'], 'is_admin_project': True, 'service_user_id': None, 'service_user_domain_id': None, 'service_project_id': None, 'service_project_domain_id': None, 'service_roles': []} {{(pid=80180) fill_context /opt/stack/keystone/keystone/server/flask/request_processing/middleware/auth_context.py:478}}
Aug 06 01:06:51.879103 dv-cinder-851996-2-smb devstack@keystone.service[80180]: DEBUG keystone.server.flask.request_processing.req_logging [None req-2fc997f2-5bbd-4861-8398-6bab6a21bc0c None admin] REQUEST_METHOD: `GET` {{(pid=80180) log_request_info /opt/stack/keystone/keystone/server/flask/request_processing/req_logging.py:27}}
Aug 06 01:06:51.879386 dv-cinder-851996-2-smb devstack@keystone.service[80180]: DEBUG keystone.server.flask.request_processing.req_logging [None req-2fc997f2-5bbd-4861-8398-6bab6a21bc0c None admin] SCRIPT_NAME: `/identity` {{(pid=80180) log_request_info /opt/stack/keystone/keystone/server/flask/request_processing/req_logging.py:28}}
Aug 06 01:06:51.879661 dv-cinder-851996-2-smb devstack@keystone.service[80180]: DEBUG keystone.server.flask.request_processing.req_logging [None req-2fc997f2-5bbd-4861-8398-6bab6a21bc0c None admin] PATH_INFO: `/v3/domains/default` {{(pid=80180) log_request_info /opt/stack/keystone/keystone/server/flask/request_processing/req_logging.py:29}}
Aug 06 01:06:51.880965 dv-cinder-851996-2-smb devstack@keystone.service[80180]: DEBUG keystone.common.rbac_enforcer.enforcer [None req-2fc997f2-5bbd-4861-8398-6bab6a21bc0c None admin] RBAC: Authorizing `identity:get_domain(domain_id=default)` {{(pid=80180) enforce_call /opt/stack/keystone/keystone/common/rbac_enforcer/enforcer.py:449}}
Aug 06 01:06:51.882474 dv-cinder-851996-2-smb devstack@keystone.service[80180]: DEBUG keystone.common.rbac_enforcer.enforcer [None req-2fc997f2-5bbd-4861-8398-6bab6a21bc0c None admin] RBAC: Authorization granted {{(pid=80180) enforce_call /opt/stack/keystone/keystone/common/rbac_enforcer/enforcer.py:457}}
Aug 06 01:06:51.884084 dv-cinder-851996-2-smb devstack@keystone.service[80180]: [pid: 80180|app: 0|req: 29/53] 10.222.0.17 () {56 vars in 1108 bytes} [Sat Aug 6 01:06:51 2022] GET /identity/v3/domains/default => generated 199 bytes in 138 msecs (HTTP/1.1 200) 5 headers in 177 bytes (2 switches on core 0)
Aug 06 01:06:51.889710 dv-cinder-851996-2-smb devstack@keystone.service[80180]: DEBUG keystone.server.flask.request_processing.middleware.auth_context [None req-2fc997f2-5bbd-4861-8398-6bab6a21bc0c None admin] Authenticating user token {{(pid=80180) process_request /usr/local/lib/python3.8/dist-packages/keystonemiddleware/auth_token/__init__.py:407}}
Aug 06 01:06:51.911093 dv-cinder-851996-2-smb devstack@keystone.service[80181]: DEBUG keystone.server.flask.request_processing.middleware.auth_context [None req-71520677-817d-47d2-ac66-354e64af92a5 None admin] Validating token access rules against request {{(pid=80181) validate_allowed_request /usr/local/lib/python3.8/dist-packages/keystonemiddleware/auth_token/__init__.py:545}}
Aug 06 01:06:51.943828 dv-cinder-851996-2-smb devstack@keystone.service[80181]: DEBUG keystone.server.flask.request_processing.middleware.auth_context [None req-c88ec72a-aacc-4614-bce8-9ce043846b8a None admin] RBAC: auth_context: {'token': , 'domain_id': None, 'trust_id': None, 'trustor_id': None, 'trustee_id': None, 'domain_name': None, 'group_ids': [], 'user_id': 'e1e471e155f146cdb2493555b6df58b4', 'user_domain_id': 'default', 'system_scope': 'all', 'project_id': None, 'project_domain_id': None, 'roles': ['admin', 'member', 'reader'], 'is_admin_project': True, 'service_user_id': None, 'service_user_domain_id': None, 'service_project_id': None, 'service_project_domain_id': None, 'service_roles': []} {{(pid=80181) fill_context /opt/stack/keystone/keystone/server/flask/request_processing/middleware/auth_context.py:478}}
Aug 06 01:06:51.944477 dv-cinder-851996-2-smb devstack@keystone.service[80181]: DEBUG keystone.server.flask.request_processing.req_logging [None req-c88ec72a-aacc-4614-bce8-9ce043846b8a None admin] REQUEST_METHOD: `GET` {{(pid=80181) log_request_info /opt/stack/keystone/keystone/server/flask/request_processing/req_logging.py:27}}
Aug 06 01:06:51.944754 dv-cinder-851996-2-smb devstack@keystone.service[80181]: DEBUG keystone.server.flask.request_processing.req_logging [None req-c88ec72a-aacc-4614-bce8-9ce043846b8a None admin] SCRIPT_NAME: `/identity` {{(pid=80181) log_request_info /opt/stack/keystone/keystone/server/flask/request_processing/req_logging.py:28}}
Aug 06 01:06:51.945018 dv-cinder-851996-2-smb devstack@keystone.service[80181]: DEBUG keystone.server.flask.request_processing.req_logging [None req-c88ec72a-aacc-4614-bce8-9ce043846b8a None admin] PATH_INFO: `/v3/users/e1e471e155f146cdb2493555b6df58b4` {{(pid=80181) log_request_info /opt/stack/keystone/keystone/server/flask/request_processing/req_logging.py:29}}
Aug 06 01:06:51.946239 dv-cinder-851996-2-smb devstack@keystone.service[80181]: DEBUG keystone.common.rbac_enforcer.enforcer [None req-c88ec72a-aacc-4614-bce8-9ce043846b8a None admin] RBAC: Authorizing `identity:get_user(user_id=e1e471e155f146cdb2493555b6df58b4)` {{(pid=80181) enforce_call /opt/stack/keystone/keystone/common/rbac_enforcer/enforcer.py:449}}
Aug 06 01:06:51.947761 dv-cinder-851996-2-smb devstack@keystone.service[80181]: DEBUG keystone.common.rbac_enforcer.enforcer [None req-c88ec72a-aacc-4614-bce8-9ce043846b8a None admin] RBAC: Authorization granted {{(pid=80181) enforce_call /opt/stack/keystone/keystone/common/rbac_enforcer/enforcer.py:457}}
Aug 06 01:06:51.949368 dv-cinder-851996-2-smb devstack@keystone.service[80181]: [pid: 80181|app: 0|req: 25/54] 10.222.0.17 () {56 vars in 1177 bytes} [Sat Aug 6 01:06:51 2022] GET /identity/v3/users/e1e471e155f146cdb2493555b6df58b4 => generated 247 bytes in 139 msecs (HTTP/1.1 200) 5 headers in 177 bytes (1 switches on core 0)
Aug 06 01:06:51.954983 dv-cinder-851996-2-smb devstack@keystone.service[80181]: DEBUG keystone.server.flask.request_processing.middleware.auth_context [None req-c88ec72a-aacc-4614-bce8-9ce043846b8a None admin] Authenticating user token {{(pid=80181) process_request /usr/local/lib/python3.8/dist-packages/keystonemiddleware/auth_token/__init__.py:407}}
Aug 06 01:06:51.970518 dv-cinder-851996-2-smb devstack@keystone.service[80181]: DEBUG dbcounter [-] [80181] Writing DB stats keystone:SELECT=100 {{(pid=80181) stat_writer /usr/local/lib/python3.8/dist-packages/dbcounter.py:114}}
Aug 06 01:06:51.994916 dv-cinder-851996-2-smb devstack@keystone.service[80180]: DEBUG keystone.server.flask.request_processing.middleware.auth_context [None req-2fc997f2-5bbd-4861-8398-6bab6a21bc0c None admin] Validating token access rules against request {{(pid=80180) validate_allowed_request /usr/local/lib/python3.8/dist-packages/keystonemiddleware/auth_token/__init__.py:545}}
Aug 06 01:06:52.020166 dv-cinder-851996-2-smb devstack@keystone.service[80180]: DEBUG dbcounter [-] [80180] Writing DB stats keystone:SELECT=100 {{(pid=80180) stat_writer /usr/local/lib/python3.8/dist-packages/dbcounter.py:114}}
Aug 06 01:06:52.029475 dv-cinder-851996-2-smb devstack@keystone.service[80180]: DEBUG keystone.server.flask.request_processing.middleware.auth_context [None req-2d2f4ed5-bf4c-4ff4-861c-626e95c664e9 None admin] RBAC: auth_context: {'token': , 'domain_id': None, 'trust_id': None, 'trustor_id': None, 'trustee_id': None, 'domain_name': None, 'group_ids': [], 'user_id': 'e1e471e155f146cdb2493555b6df58b4', 'user_domain_id': 'default', 'system_scope': 'all', 'project_id': None, 'project_domain_id': None, 'roles': ['admin', 'member', 'reader'], 'is_admin_project': True, 'service_user_id': None, 'service_user_domain_id': None, 'service_project_id': None, 'service_project_domain_id': None, 'service_roles': []} {{(pid=80180) fill_context /opt/stack/keystone/keystone/server/flask/request_processing/middleware/auth_context.py:478}}
Aug 06 01:06:52.030145 dv-cinder-851996-2-smb devstack@keystone.service[80180]: DEBUG keystone.server.flask.request_processing.req_logging [None req-2d2f4ed5-bf4c-4ff4-861c-626e95c664e9 None admin] REQUEST_METHOD: `POST` {{(pid=80180) log_request_info /opt/stack/keystone/keystone/server/flask/request_processing/req_logging.py:27}}
Aug 06 01:06:52.030431 dv-cinder-851996-2-smb devstack@keystone.service[80180]: DEBUG keystone.server.flask.request_processing.req_logging [None req-2d2f4ed5-bf4c-4ff4-861c-626e95c664e9 None admin] SCRIPT_NAME: `/identity` {{(pid=80180) log_request_info /opt/stack/keystone/keystone/server/flask/request_processing/req_logging.py:28}}
Aug 06 01:06:52.030708 dv-cinder-851996-2-smb devstack@keystone.service[80180]: DEBUG keystone.server.flask.request_processing.req_logging [None req-2d2f4ed5-bf4c-4ff4-861c-626e95c664e9 None admin] PATH_INFO: `/v3/projects` {{(pid=80180) log_request_info /opt/stack/keystone/keystone/server/flask/request_processing/req_logging.py:29}}
Aug 06 01:06:52.031421 dv-cinder-851996-2-smb devstack@keystone.service[80180]: DEBUG keystone.common.rbac_enforcer.enforcer [None req-2d2f4ed5-bf4c-4ff4-861c-626e95c664e9 None admin] RBAC: Authorizing `identity:create_project()` {{(pid=80180) enforce_call /opt/stack/keystone/keystone/common/rbac_enforcer/enforcer.py:449}}
Aug 06 01:06:52.032900 dv-cinder-851996-2-smb devstack@keystone.service[80180]: DEBUG keystone.common.rbac_enforcer.enforcer [None req-2d2f4ed5-bf4c-4ff4-861c-626e95c664e9 None admin] RBAC: Authorization granted {{(pid=80180) enforce_call /opt/stack/keystone/keystone/common/rbac_enforcer/enforcer.py:457}}
Aug 06 01:06:52.055011 dv-cinder-851996-2-smb devstack@keystone.service[80181]: DEBUG keystone.server.flask.request_processing.middleware.auth_context [None req-c88ec72a-aacc-4614-bce8-9ce043846b8a None admin] Validating token access rules against request {{(pid=80181) validate_allowed_request /usr/local/lib/python3.8/dist-packages/keystonemiddleware/auth_token/__init__.py:545}}
Aug 06 01:06:52.062404 dv-cinder-851996-2-smb devstack@keystone.service[80180]: [pid: 80180|app: 0|req: 30/55] 10.222.0.17 () {60 vars in 1140 bytes} [Sat Aug 6 01:06:51 2022] POST /identity/v3/projects => generated 298 bytes in 173 msecs (HTTP/1.1 201) 5 headers in 182 bytes (1 switches on core 0)
Aug 06 01:06:52.089277 dv-cinder-851996-2-smb devstack@keystone.service[80181]: DEBUG keystone.server.flask.request_processing.middleware.auth_context [None req-ab3541fe-7556-4360-9f00-fd8eee5ec97c None admin] RBAC: auth_context: {'token': , 'domain_id': None, 'trust_id': None, 'trustor_id': None, 'trustee_id': None, 'domain_name': None, 'group_ids': [], 'user_id': 'e1e471e155f146cdb2493555b6df58b4', 'user_domain_id': 'default', 'system_scope': 'all', 'project_id': None, 'project_domain_id': None, 'roles': ['admin', 'member', 'reader'], 'is_admin_project': True, 'service_user_id': None, 'service_user_domain_id': None, 'service_project_id': None, 'service_project_domain_id': None, 'service_roles': []} {{(pid=80181) fill_context /opt/stack/keystone/keystone/server/flask/request_processing/middleware/auth_context.py:478}}
