Aug 06 01:04:50.634941 dv-cinder-851996-2-iscsi devstack@keystone.service[80525]: DEBUG keystone.server.flask.request_processing.middleware.auth_context [None req-0d9f8b89-3c44-4fc4-b253-8d13837bfc82 None admin] RBAC: auth_context: {'token': , 'domain_id': None, 'trust_id': None, 'trustor_id': None, 'trustee_id': None, 'domain_name': None, 'group_ids': [], 'user_id': 'bb37d398d5fd456aa46fd2b5f5576815', 'user_domain_id': 'default', 'system_scope': 'all', 'project_id': None, 'project_domain_id': None, 'roles': ['admin', 'member', 'reader'], 'is_admin_project': True, 'service_user_id': None, 'service_user_domain_id': None, 'service_project_id': None, 'service_project_domain_id': None, 'service_roles': []} {{(pid=80525) fill_context /opt/stack/keystone/keystone/server/flask/request_processing/middleware/auth_context.py:478}}
Aug 06 01:04:50.635579 dv-cinder-851996-2-iscsi devstack@keystone.service[80525]: DEBUG keystone.server.flask.request_processing.req_logging [None req-0d9f8b89-3c44-4fc4-b253-8d13837bfc82 None admin] REQUEST_METHOD: `GET` {{(pid=80525) log_request_info /opt/stack/keystone/keystone/server/flask/request_processing/req_logging.py:27}}
Aug 06 01:04:50.635902 dv-cinder-851996-2-iscsi devstack@keystone.service[80525]: DEBUG keystone.server.flask.request_processing.req_logging [None req-0d9f8b89-3c44-4fc4-b253-8d13837bfc82 None admin] SCRIPT_NAME: `/identity` {{(pid=80525) log_request_info /opt/stack/keystone/keystone/server/flask/request_processing/req_logging.py:28}}
Aug 06 01:04:50.636184 dv-cinder-851996-2-iscsi devstack@keystone.service[80525]: DEBUG keystone.server.flask.request_processing.req_logging [None req-0d9f8b89-3c44-4fc4-b253-8d13837bfc82 None admin] PATH_INFO: `/v3/auth/tokens` {{(pid=80525) log_request_info /opt/stack/keystone/keystone/server/flask/request_processing/req_logging.py:29}}
Aug 06 01:04:50.639539 dv-cinder-851996-2-iscsi devstack@keystone.service[80524]: DEBUG keystone.server.flask.request_processing.middleware.auth_context [None req-693b6182-d7b1-4a9c-b583-09ef8cbc7d92 None admin] Validating token access rules against request {{(pid=80524) validate_allowed_request /usr/local/lib/python3.8/dist-packages/keystonemiddleware/auth_token/__init__.py:545}}
Aug 06 01:04:50.666274 dv-cinder-851996-2-iscsi devstack@keystone.service[80525]: DEBUG dbcounter [-] [80525] Writing DB stats keystone:SELECT=100 {{(pid=80525) stat_writer /usr/local/lib/python3.8/dist-packages/dbcounter.py:114}}
Aug 06 01:04:50.692584 dv-cinder-851996-2-iscsi devstack@keystone.service[80524]: DEBUG keystone.server.flask.request_processing.middleware.auth_context [None req-07681156-8f63-4fcc-8e4b-69fc23749f37 None admin] RBAC: auth_context: {'token': , 'domain_id': None, 'trust_id': None, 'trustor_id': None, 'trustee_id': None, 'domain_name': None, 'group_ids': [], 'user_id': 'bb37d398d5fd456aa46fd2b5f5576815', 'user_domain_id': 'default', 'system_scope': 'all', 'project_id': None, 'project_domain_id': None, 'roles': ['admin', 'member', 'reader'], 'is_admin_project': True, 'service_user_id': None, 'service_user_domain_id': None, 'service_project_id': None, 'service_project_domain_id': None, 'service_roles': []} {{(pid=80524) fill_context /opt/stack/keystone/keystone/server/flask/request_processing/middleware/auth_context.py:478}}
Aug 06 01:04:50.693776 dv-cinder-851996-2-iscsi devstack@keystone.service[80524]: DEBUG keystone.server.flask.request_processing.req_logging [None req-07681156-8f63-4fcc-8e4b-69fc23749f37 None admin] REQUEST_METHOD: `GET` {{(pid=80524) log_request_info /opt/stack/keystone/keystone/server/flask/request_processing/req_logging.py:27}}
Aug 06 01:04:50.695448 dv-cinder-851996-2-iscsi devstack@keystone.service[80524]: DEBUG keystone.server.flask.request_processing.req_logging [None req-07681156-8f63-4fcc-8e4b-69fc23749f37 None admin] SCRIPT_NAME: `/identity` {{(pid=80524) log_request_info /opt/stack/keystone/keystone/server/flask/request_processing/req_logging.py:28}}
Aug 06 01:04:50.695448 dv-cinder-851996-2-iscsi devstack@keystone.service[80524]: DEBUG keystone.server.flask.request_processing.req_logging [None req-07681156-8f63-4fcc-8e4b-69fc23749f37 None admin] PATH_INFO: `/v3/roles` {{(pid=80524) log_request_info /opt/stack/keystone/keystone/server/flask/request_processing/req_logging.py:29}}
Aug 06 01:04:50.695448 dv-cinder-851996-2-iscsi devstack@keystone.service[80524]: DEBUG keystone.common.rbac_enforcer.enforcer [None req-07681156-8f63-4fcc-8e4b-69fc23749f37 None admin] RBAC: Adding query filter params (name=anotherrole) {{(pid=80524) _extract_filter_values /opt/stack/keystone/keystone/common/rbac_enforcer/enforcer.py:167}}
Aug 06 01:04:50.695448 dv-cinder-851996-2-iscsi devstack@keystone.service[80524]: DEBUG keystone.common.rbac_enforcer.enforcer [None req-07681156-8f63-4fcc-8e4b-69fc23749f37 None admin] RBAC: Authorizing `identity:list_roles()` {{(pid=80524) enforce_call /opt/stack/keystone/keystone/common/rbac_enforcer/enforcer.py:449}}
Aug 06 01:04:50.696861 dv-cinder-851996-2-iscsi devstack@keystone.service[80524]: DEBUG keystone.common.rbac_enforcer.enforcer [None req-07681156-8f63-4fcc-8e4b-69fc23749f37 None admin] RBAC: Authorization granted {{(pid=80524) enforce_call /opt/stack/keystone/keystone/common/rbac_enforcer/enforcer.py:457}}
Aug 06 01:04:50.710671 dv-cinder-851996-2-iscsi devstack@keystone.service[80524]: [pid: 80524|app: 0|req: 171/344] 10.222.0.25 () {56 vars in 1111 bytes} [Sat Aug 6 01:04:50 2022] GET /identity/v3/roles?name=anotherrole => generated 334 bytes in 346 msecs (HTTP/1.1 200) 5 headers in 177 bytes (1 switches on core 0)
Aug 06 01:04:50.711049 dv-cinder-851996-2-iscsi devstack@keystone.service[80525]: DEBUG keystone.common.rbac_enforcer.enforcer [None req-0d9f8b89-3c44-4fc4-b253-8d13837bfc82 None admin] RBAC: Authorizing `identity:validate_token()` {{(pid=80525) enforce_call /opt/stack/keystone/keystone/common/rbac_enforcer/enforcer.py:449}}
Aug 06 01:04:50.711558 dv-cinder-851996-2-iscsi devstack@keystone.service[80524]: DEBUG keystone.server.flask.request_processing.middleware.auth_context [None req-07681156-8f63-4fcc-8e4b-69fc23749f37 None admin] Authenticating user token {{(pid=80524) process_request /usr/local/lib/python3.8/dist-packages/keystonemiddleware/auth_token/__init__.py:407}}
Aug 06 01:04:50.712664 dv-cinder-851996-2-iscsi devstack@keystone.service[80525]: DEBUG keystone.common.rbac_enforcer.enforcer [None req-0d9f8b89-3c44-4fc4-b253-8d13837bfc82 None admin] RBAC: Authorization granted {{(pid=80525) enforce_call /opt/stack/keystone/keystone/common/rbac_enforcer/enforcer.py:457}}
Aug 06 01:04:50.822246 dv-cinder-851996-2-iscsi devstack@keystone.service[80525]: [pid: 80525|app: 0|req: 174/345] 10.222.0.25 () {58 vars in 1282 bytes} [Sat Aug 6 01:04:50 2022] GET /identity/v3/auth/tokens => generated 799 bytes in 352 msecs (HTTP/1.1 200) 6 headers in 358 bytes (1 switches on core 0)
Aug 06 01:04:50.823266 dv-cinder-851996-2-iscsi devstack@keystone.service[80525]: DEBUG keystone.server.flask.request_processing.middleware.auth_context [None req-0d9f8b89-3c44-4fc4-b253-8d13837bfc82 None admin] Authenticating user token {{(pid=80525) process_request /usr/local/lib/python3.8/dist-packages/keystonemiddleware/auth_token/__init__.py:407}}
Aug 06 01:04:50.873851 dv-cinder-851996-2-iscsi devstack@keystone.service[80524]: DEBUG keystone.server.flask.request_processing.middleware.auth_context [None req-07681156-8f63-4fcc-8e4b-69fc23749f37 None admin] Validating token access rules against request {{(pid=80524) validate_allowed_request /usr/local/lib/python3.8/dist-packages/keystonemiddleware/auth_token/__init__.py:545}}
Aug 06 01:04:50.886771 dv-cinder-851996-2-iscsi devstack@keystone.service[80525]: DEBUG dbcounter [-] [80525] Writing DB stats keystone:SELECT=100 {{(pid=80525) stat_writer /usr/local/lib/python3.8/dist-packages/dbcounter.py:114}}
Aug 06 01:04:50.915963 dv-cinder-851996-2-iscsi devstack@keystone.service[80524]: DEBUG keystone.server.flask.request_processing.middleware.auth_context [None req-76950d30-e32f-4968-ac68-82568cc41be8 None admin] RBAC: auth_context: {'token': , 'domain_id': None, 'trust_id': None, 'trustor_id': None, 'trustee_id': None, 'domain_name': None, 'group_ids': [], 'user_id': 'bb37d398d5fd456aa46fd2b5f5576815', 'user_domain_id': 'default', 'system_scope': 'all', 'project_id': None, 'project_domain_id': None, 'roles': ['admin', 'member', 'reader'], 'is_admin_project': True, 'service_user_id': None, 'service_user_domain_id': None, 'service_project_id': None, 'service_project_domain_id': None, 'service_roles': []} {{(pid=80524) fill_context /opt/stack/keystone/keystone/server/flask/request_processing/middleware/auth_context.py:478}}
Aug 06 01:04:50.916627 dv-cinder-851996-2-iscsi devstack@keystone.service[80524]: DEBUG keystone.server.flask.request_processing.req_logging [None req-76950d30-e32f-4968-ac68-82568cc41be8 None admin] REQUEST_METHOD: `GET` {{(pid=80524) log_request_info /opt/stack/keystone/keystone/server/flask/request_processing/req_logging.py:27}}
Aug 06 01:04:50.916915 dv-cinder-851996-2-iscsi devstack@keystone.service[80524]: DEBUG keystone.server.flask.request_processing.req_logging [None req-76950d30-e32f-4968-ac68-82568cc41be8 None admin] SCRIPT_NAME: `/identity` {{(pid=80524) log_request_info /opt/stack/keystone/keystone/server/flask/request_processing/req_logging.py:28}}
Aug 06 01:04:50.917196 dv-cinder-851996-2-iscsi devstack@keystone.service[80524]: DEBUG keystone.server.flask.request_processing.req_logging [None req-76950d30-e32f-4968-ac68-82568cc41be8 None admin] PATH_INFO: `/v3/roles/member` {{(pid=80524) log_request_info /opt/stack/keystone/keystone/server/flask/request_processing/req_logging.py:29}}
Aug 06 01:04:50.929086 dv-cinder-851996-2-iscsi devstack@keystone.service[80524]: DEBUG keystone.common.rbac_enforcer.enforcer [None req-76950d30-e32f-4968-ac68-82568cc41be8 None admin] Extracting inferred target data resulted in "NOT FOUND (404)". {{(pid=80524) enforce_call /opt/stack/keystone/keystone/common/rbac_enforcer/enforcer.py:409}}
Aug 06 01:04:50.934034 dv-cinder-851996-2-iscsi devstack@keystone.service[80525]: DEBUG keystone.server.flask.request_processing.middleware.auth_context [None req-0d9f8b89-3c44-4fc4-b253-8d13837bfc82 None admin] Validating token access rules against request {{(pid=80525) validate_allowed_request /usr/local/lib/python3.8/dist-packages/keystonemiddleware/auth_token/__init__.py:545}}
Aug 06 01:04:50.938584 dv-cinder-851996-2-iscsi devstack@keystone.service[80524]: ERROR keystone.server.flask.application [None req-76950d30-e32f-4968-ac68-82568cc41be8 None admin] Could not find role: member.: keystone.exception.RoleNotFound: Could not find role: member.
Aug 06 01:04:50.938584 dv-cinder-851996-2-iscsi devstack@keystone.service[80524]: ERROR keystone.server.flask.application
Traceback (most recent call last):
Aug 06 01:04:50.938584 dv-cinder-851996-2-iscsi devstack@keystone.service[80524]: ERROR keystone.server.flask.application
File "/usr/local/lib/python3.8/dist-packages/flask/app.py", line 1517, in full_dispatch_request
Aug 06 01:04:50.938584 dv-cinder-851996-2-iscsi devstack@keystone.service[80524]: ERROR keystone.server.flask.application rv = self.dispatch_request()
Aug 06 01:04:50.938584 dv-cinder-851996-2-iscsi devstack@keystone.service[80524]: ERROR keystone.server.flask.application
File "/usr/local/lib/python3.8/dist-packages/flask/app.py", line 1503, in dispatch_request
Aug 06 01:04:50.938584 dv-cinder-851996-2-iscsi devstack@keystone.service[80524]: ERROR keystone.server.flask.application return self.ensure_sync(self.view_functions[rule.endpoint])(**req.view_args)
Aug 06 01:04:50.938584 dv-cinder-851996-2-iscsi devstack@keystone.service[80524]: ERROR keystone.server.flask.application
File "/usr/local/lib/python3.8/dist-packages/flask_restful/__init__.py", line 467, in wrapper
Aug 06 01:04:50.938584 dv-cinder-851996-2-iscsi devstack@keystone.service[80524]: ERROR keystone.server.flask.application resp = resource(*args, **kwargs)
Aug 06 01:04:50.938584 dv-cinder-851996-2-iscsi devstack@keystone.service[80524]: ERROR keystone.server.flask.application
File "/usr/local/lib/python3.8/dist-packages/flask/views.py", line 84, in view
Aug 06 01:04:50.938584 dv-cinder-851996-2-iscsi devstack@keystone.service[80524]: ERROR keystone.server.flask.application return current_app.ensure_sync(self.dispatch_request)(*args, **kwargs)
Aug 06 01:04:50.938584 dv-cinder-851996-2-iscsi devstack@keystone.service[80524]: ERROR keystone.server.flask.application
File "/usr/local/lib/python3.8/dist-packages/flask_restful/__init__.py", line 582, in dispatch_request
Aug 06 01:04:50.938584 dv-cinder-851996-2-iscsi devstack@keystone.service[80524]: ERROR keystone.server.flask.application resp = meth(*args, **kwargs)
Aug 06 01:04:50.938584 dv-cinder-851996-2-iscsi devstack@keystone.service[80524]: ERROR keystone.server.flask.application
File "/opt/stack/keystone/keystone/api/roles.py", line 50, in get
Aug 06 01:04:50.938584 dv-cinder-851996-2-iscsi devstack@keystone.service[80524]: ERROR keystone.server.flask.application return self._get_role(role_id)
Aug 06 01:04:50.938584 dv-cinder-851996-2-iscsi devstack@keystone.service[80524]: ERROR keystone.server.flask.application
File "/opt/stack/keystone/keystone/api/roles.py", line 70, in _get_role
Aug 06 01:04:50.938584 dv-cinder-851996-2-iscsi devstack@keystone.service[80524]: ERROR keystone.server.flask.application ENFORCER.enforce_call(action='identity:get_role')
Aug 06 01:04:50.939537 dv-cinder-851996-2-iscsi devstack@keystone.service[80524]: ERROR keystone.server.flask.application
File "/opt/stack/keystone/keystone/common/rbac_enforcer/enforcer.py", line 402, in enforce_call
Aug 06 01:04:50.939537 dv-cinder-851996-2-iscsi devstack@keystone.service[80524]: ERROR keystone.server.flask.application policy_dict.update(cls._extract_member_target_data(
Aug 06 01:04:50.939537 dv-cinder-851996-2-iscsi devstack@keystone.service[80524]: ERROR keystone.server.flask.application
File "/opt/stack/keystone/keystone/common/rbac_enforcer/enforcer.py", line 234, in _extract_member_target_data
Aug 06 01:04:50.939537 dv-cinder-851996-2-iscsi devstack@keystone.service[80524]: ERROR keystone.server.flask.application member_name: func(flask.request.view_args[key])
Aug 06 01:04:50.939537 dv-cinder-851996-2-iscsi devstack@keystone.service[80524]: ERROR keystone.server.flask.application
File "/opt/stack/keystone/keystone/common/manager.py", line 115, in wrapped
Aug 06 01:04:50.939537 dv-cinder-851996-2-iscsi devstack@keystone.service[80524]: ERROR keystone.server.flask.application __ret_val = __f(*args, **kwargs)
Aug 06 01:04:50.939537 dv-cinder-851996-2-iscsi devstack@keystone.service[80524]: ERROR keystone.server.flask.application
File "/usr/local/lib/python3.8/dist-packages/decorator.py", line 232, in fun
Aug 06 01:04:50.939537 dv-cinder-851996-2-iscsi devstack@keystone.service[80524]: ERROR keystone.server.flask.application return caller(func, *(extras + args), **kw)
Aug 06 01:04:50.939537 dv-cinder-851996-2-iscsi devstack@keystone.service[80524]: ERROR keystone.server.flask.application
File "/usr/local/lib/python3.8/dist-packages/dogpile/cache/region.py", line 1577, in get_or_create_for_user_func
Aug 06 01:04:50.939537 dv-cinder-851996-2-iscsi devstack@keystone.service[80524]: ERROR keystone.server.flask.application return self.get_or_create(
Aug 06 01:04:50.939537 dv-cinder-851996-2-iscsi devstack@keystone.service[80524]: ERROR keystone.server.flask.application
File "/usr/local/lib/python3.8/dist-packages/dogpile/cache/region.py", line 1042, in get_or_create
Aug 06 01:04:50.939537 dv-cinder-851996-2-iscsi devstack@keystone.service[80524]: ERROR keystone.server.flask.application with Lock(
Aug 06 01:04:50.939537 dv-cinder-851996-2-iscsi devstack@keystone.service[80524]: ERROR keystone.server.flask.application
File "/usr/local/lib/python3.8/dist-packages/dogpile/lock.py", line 185, in __enter__
Aug 06 01:04:50.939537 dv-cinder-851996-2-iscsi devstack@keystone.service[80524]: ERROR keystone.server.flask.application return self._enter()
Aug 06 01:04:50.939537 dv-cinder-851996-2-iscsi devstack@keystone.service[80524]: ERROR keystone.server.flask.application
File "/usr/local/lib/python3.8/dist-packages/dogpile/lock.py", line 94, in _enter
Aug 06 01:04:50.939537 dv-cinder-851996-2-iscsi devstack@keystone.service[80524]: ERROR keystone.server.flask.application generated = self._enter_create(value, createdtime)
Aug 06 01:04:50.940476 dv-cinder-851996-2-iscsi devstack@keystone.service[80524]: ERROR keystone.server.flask.application
File "/usr/local/lib/python3.8/dist-packages/dogpile/lock.py", line 178, in _enter_create
Aug 06 01:04:50.940476 dv-cinder-851996-2-iscsi devstack@keystone.service[80524]: ERROR keystone.server.flask.application return self.creator()
Aug 06 01:04:50.940476 dv-cinder-851996-2-iscsi devstack@keystone.service[80524]: ERROR keystone.server.flask.application
File "/usr/local/lib/python3.8/dist-packages/dogpile/cache/region.py", line 995, in gen_value
Aug 06 01:04:50.940476 dv-cinder-851996-2-iscsi devstack@keystone.service[80524]: ERROR keystone.server.flask.application created_value = creator(
Aug 06 01:04:50.940476 dv-cinder-851996-2-iscsi devstack@keystone.service[80524]: ERROR keystone.server.flask.application
File "/opt/stack/keystone/keystone/assignment/core.py", line 1276, in get_role
Aug 06 01:04:50.940476 dv-cinder-851996-2-iscsi devstack@keystone.service[80524]: ERROR keystone.server.flask.application return self.driver.get_role(role_id)
Aug 06 01:04:50.940476 dv-cinder-851996-2-iscsi devstack@keystone.service[80524]: ERROR keystone.server.flask.application
File "/opt/stack/keystone/keystone/assignment/role_backends/sql.py", line 70, in get_role
Aug 06 01:04:50.940476 dv-cinder-851996-2-iscsi devstack@keystone.service[80524]: ERROR keystone.server.flask.application return self._get_role(session, role_id).to_dict()
Aug 06 01:04:50.940476 dv-cinder-851996-2-iscsi devstack@keystone.service[80524]: ERROR keystone.server.flask.application
File "/opt/stack/keystone/keystone/assignment/role_backends/sql.py", line 65, in _get_role
Aug 06 01:04:50.940476 dv-cinder-851996-2-iscsi devstack@keystone.service[80524]: ERROR keystone.server.flask.application raise exception.RoleNotFound(role_id=role_id)
Aug 06 01:04:50.940476 dv-cinder-851996-2-iscsi devstack@keystone.service[80524]: ERROR keystone.server.flask.application keystone.exception.RoleNotFound: Could not find role: member.
Aug 06 01:04:50.940476 dv-cinder-851996-2-iscsi devstack@keystone.service[80524]: ERROR keystone.server.flask.application
Aug 06 01:04:50.940476 dv-cinder-851996-2-iscsi devstack@keystone.service[80524]: [pid: 80524|app: 0|req: 172/346] 10.222.0.25 () {56 vars in 1099 bytes} [Sat Aug 6 01:04:50 2022] GET /identity/v3/roles/member => generated 84 bytes in 229 msecs (HTTP/1.1 404) 5 headers in 183 bytes (1 switches on core 0)
Aug 06 01:04:50.941160 dv-cinder-851996-2-iscsi devstack@keystone.service[80524]: DEBUG keystone.server.flask.request_processing.middleware.auth_context [None req-76950d30-e32f-4968-ac68-82568cc41be8 None admin] Authenticating user token {{(pid=80524) process_request /usr/local/lib/python3.8/dist-packages/keystonemiddleware/auth_token/__init__.py:407}}
Aug 06 01:04:50.958459 dv-cinder-851996-2-iscsi devstack@keystone.service[80524]: DEBUG dbcounter [-] [80524] Writing DB stats keystone:SELECT=100 {{(pid=80524) stat_writer /usr/local/lib/python3.8/dist-packages/dbcounter.py:114}}
Aug 06 01:04:50.973951 dv-cinder-851996-2-iscsi devstack@keystone.service[80525]: DEBUG keystone.server.flask.request_processing.middleware.auth_context [None req-434e5bba-e235-405f-81c5-e56500ffe02c None admin] RBAC: auth_context: {'token': , 'domain_id': None, 'trust_id': None, 'trustor_id': None, 'trustee_id': None, 'domain_name': None, 'group_ids': [], 'user_id': 'bb37d398d5fd456aa46fd2b5f5576815', 'user_domain_id': 'default', 'system_scope': 'all', 'project_id': None, 'project_domain_id': None, 'roles': ['admin', 'member', 'reader'], 'is_admin_project': True, 'service_user_id': None, 'service_user_domain_id': None, 'service_project_id': None, 'service_project_domain_id': None, 'service_roles': []} {{(pid=80525) fill_context /opt/stack/keystone/keystone/server/flask/request_processing/middleware/auth_context.py:478}}
Aug 06 01:04:50.974612 dv-cinder-851996-2-iscsi devstack@keystone.service[80525]: DEBUG keystone.server.flask.request_processing.req_logging [None req-434e5bba-e235-405f-81c5-e56500ffe02c None admin] REQUEST_METHOD: `GET` {{(pid=80525) log_request_info /opt/stack/keystone/keystone/server/flask/request_processing/req_logging.py:27}}
Aug 06 01:04:50.974896 dv-cinder-851996-2-iscsi devstack@keystone.service[80525]: DEBUG keystone.server.flask.request_processing.req_logging [None req-434e5bba-e235-405f-81c5-e56500ffe02c None admin] SCRIPT_NAME: `/identity` {{(pid=80525) log_request_info /opt/stack/keystone/keystone/server/flask/request_processing/req_logging.py:28}}
Aug 06 01:04:50.975171 dv-cinder-851996-2-iscsi devstack@keystone.service[80525]: DEBUG keystone.server.flask.request_processing.req_logging [None req-434e5bba-e235-405f-81c5-e56500ffe02c None admin] PATH_INFO: `/v3/auth/tokens` {{(pid=80525) log_request_info /opt/stack/keystone/keystone/server/flask/request_processing/req_logging.py:29}}
Aug 06 01:04:51.048397 dv-cinder-851996-2-iscsi devstack@keystone.service[80525]: DEBUG keystone.common.rbac_enforcer.enforcer [None req-434e5bba-e235-405f-81c5-e56500ffe02c None admin] RBAC: Authorizing `identity:validate_token()` {{(pid=80525) enforce_call /opt/stack/keystone/keystone/common/rbac_enforcer/enforcer.py:449}}
Aug 06 01:04:51.049867 dv-cinder-851996-2-iscsi devstack@keystone.service[80524]: DEBUG keystone.server.flask.request_processing.middleware.auth_context [None req-76950d30-e32f-4968-ac68-82568cc41be8 None admin] Validating token access rules against request {{(pid=80524) validate_allowed_request /usr/local/lib/python3.8/dist-packages/keystonemiddleware/auth_token/__init__.py:545}}
Aug 06 01:04:51.050006 dv-cinder-851996-2-iscsi devstack@keystone.service[80525]: DEBUG keystone.common.rbac_enforcer.enforcer [None req-434e5bba-e235-405f-81c5-e56500ffe02c None admin] RBAC: Authorization granted {{(pid=80525) enforce_call /opt/stack/keystone/keystone/common/rbac_enforcer/enforcer.py:457}}
Aug 06 01:04:51.089808 dv-cinder-851996-2-iscsi devstack@keystone.service[80524]: DEBUG keystone.server.flask.request_processing.middleware.auth_context [None req-fc317ffa-fbfb-4e73-816b-68da8a4cfe3a None admin] RBAC: auth_context: {'token': , 'domain_id': None, 'trust_id': None, 'trustor_id': None, 'trustee_id': None, 'domain_name': None, 'group_ids': [], 'user_id': 'bb37d398d5fd456aa46fd2b5f5576815', 'user_domain_id': 'default', 'system_scope': 'all', 'project_id': None, 'project_domain_id': None, 'roles': ['admin', 'member', 'reader'], 'is_admin_project': True, 'service_user_id': None, 'service_user_domain_id': None, 'service_project_id': None, 'service_project_domain_id': None, 'service_roles': []} {{(pid=80524) fill_context /opt/stack/keystone/keystone/server/flask/request_processing/middleware/auth_context.py:478}}
Aug 06 01:04:51.090463 dv-cinder-851996-2-iscsi devstack@keystone.service[80524]: DEBUG keystone.server.flask.request_processing.req_logging [None req-fc317ffa-fbfb-4e73-816b-68da8a4cfe3a None admin] REQUEST_METHOD: `GET` {{(pid=80524) log_request_info /opt/stack/keystone/keystone/server/flask/request_processing/req_logging.py:27}}
Aug 06 01:04:51.090747 dv-cinder-851996-2-iscsi devstack@keystone.service[80524]: DEBUG keystone.server.flask.request_processing.req_logging [None req-fc317ffa-fbfb-4e73-816b-68da8a4cfe3a None admin] SCRIPT_NAME: `/identity` {{(pid=80524) log_request_info /opt/stack/keystone/keystone/server/flask/request_processing/req_logging.py:28}}
Aug 06 01:04:51.091027 dv-cinder-851996-2-iscsi devstack@keystone.service[80524]: DEBUG keystone.server.flask.request_processing.req_logging [None req-fc317ffa-fbfb-4e73-816b-68da8a4cfe3a None admin] PATH_INFO: `/v3/projects/7fa1f9bede2243f0ba30c5f573dc695b` {{(pid=80524) log_request_info /opt/stack/keystone/keystone/server/flask/request_processing/req_logging.py:29}}
Aug 06 01:04:51.092409 dv-cinder-851996-2-iscsi devstack@keystone.service[80524]: DEBUG keystone.common.rbac_enforcer.enforcer [None req-fc317ffa-fbfb-4e73-816b-68da8a4cfe3a None admin] RBAC: Authorizing `identity:get_project(project_id=7fa1f9bede2243f0ba30c5f573dc695b)` {{(pid=80524) enforce_call /opt/stack/keystone/keystone/common/rbac_enforcer/enforcer.py:449}}
Aug 06 01:04:51.093883 dv-cinder-851996-2-iscsi devstack@keystone.service[80524]: DEBUG keystone.common.rbac_enforcer.enforcer [None req-fc317ffa-fbfb-4e73-816b-68da8a4cfe3a None admin] RBAC: Authorization granted {{(pid=80524) enforce_call /opt/stack/keystone/keystone/common/rbac_enforcer/enforcer.py:457}}
Aug 06 01:04:51.095730 dv-cinder-851996-2-iscsi devstack@keystone.service[80524]: [pid: 80524|app: 0|req: 173/347] 10.222.0.25 () {56 vars in 1186 bytes} [Sat Aug 6 01:04:50 2022] GET /identity/v3/projects/7fa1f9bede2243f0ba30c5f573dc695b => generated 298 bytes in 155 msecs (HTTP/1.1 200) 5 headers in 177 bytes (1 switches on core 0)
Aug 06 01:04:51.096947 dv-cinder-851996-2-iscsi devstack@keystone.service[80524]: DEBUG keystone.server.flask.request_processing.middleware.auth_context [None req-fc317ffa-fbfb-4e73-816b-68da8a4cfe3a None admin] Authenticating user token {{(pid=80524) process_request /usr/local/lib/python3.8/dist-packages/keystonemiddleware/auth_token/__init__.py:407}}
Aug 06 01:04:51.113399 dv-cinder-851996-2-iscsi devstack@keystone.service[80525]: DEBUG dbcounter [-] [80525] Writing DB stats keystone:SELECT=100 {{(pid=80525) stat_writer /usr/local/lib/python3.8/dist-packages/dbcounter.py:114}}
Aug 06 01:04:51.158999 dv-cinder-851996-2-iscsi devstack@keystone.service[80525]: [pid: 80525|app: 0|req: 175/348] 10.222.0.25 () {58 vars in 1282 bytes} [Sat Aug 6 01:04:50 2022] GET /identity/v3/auth/tokens => generated 799 bytes in 336 msecs (HTTP/1.1 200) 6 headers in 358 bytes (1 switches on core 0)
Aug 06 01:04:51.159865 dv-cinder-851996-2-iscsi devstack@keystone.service[80525]: DEBUG keystone.server.flask.request_processing.middleware.auth_context [None req-434e5bba-e235-405f-81c5-e56500ffe02c None admin] Authenticating user token {{(pid=80525) process_request /usr/local/lib/python3.8/dist-packages/keystonemiddleware/auth_token/__init__.py:407}}
Aug 06 01:04:51.188421 dv-cinder-851996-2-iscsi devstack@keystone.service[80524]: DEBUG dbcounter [-] [80524] Writing DB stats keystone:SELECT=100 {{(pid=80524) stat_writer /usr/local/lib/python3.8/dist-packages/dbcounter.py:114}}
Aug 06 01:04:51.207330 dv-cinder-851996-2-iscsi devstack@keystone.service[80524]: DEBUG keystone.server.flask.request_processing.middleware.auth_context [None req-fc317ffa-fbfb-4e73-816b-68da8a4cfe3a None admin] Validating token access rules against request {{(pid=80524) validate_allowed_request /usr/local/lib/python3.8/dist-packages/keystonemiddleware/auth_token/__init__.py:545}}
Aug 06 01:04:51.243527 dv-cinder-851996-2-iscsi devstack@keystone.service[80524]: DEBUG keystone.server.flask.request_processing.middleware.auth_context [None req-d2fec8b8-ccf2-4b14-a64d-4c04756e6df2 None admin] RBAC: auth_context: {'token': , 'domain_id': None, 'trust_id': None, 'trustor_id': None, 'trustee_id': None, 'domain_name': None, 'group_ids': [], 'user_id': 'bb37d398d5fd456aa46fd2b5f5576815', 'user_domain_id': 'default', 'system_scope': 'all', 'project_id': None, 'project_domain_id': None, 'roles': ['admin', 'member', 'reader'], 'is_admin_project': True, 'service_user_id': None, 'service_user_domain_id': None, 'service_project_id': None, 'service_project_domain_id': None, 'service_roles': []} {{(pid=80524) fill_context /opt/stack/keystone/keystone/server/flask/request_processing/middleware/auth_context.py:478}}
Aug 06 01:04:51.245267 dv-cinder-851996-2-iscsi devstack@keystone.service[80524]: DEBUG keystone.server.flask.request_processing.req_logging [None req-d2fec8b8-ccf2-4b14-a64d-4c04756e6df2 None admin] REQUEST_METHOD: `GET` {{(pid=80524) log_request_info /opt/stack/keystone/keystone/server/flask/request_processing/req_logging.py:27}}
Aug 06 01:04:51.245553 dv-cinder-851996-2-iscsi devstack@keystone.service[80524]: DEBUG keystone.server.flask.request_processing.req_logging [None req-d2fec8b8-ccf2-4b14-a64d-4c04756e6df2 None admin] SCRIPT_NAME: `/identity` {{(pid=80524) log_request_info /opt/stack/keystone/keystone/server/flask/request_processing/req_logging.py:28}}
Aug 06 01:04:51.245827 dv-cinder-851996-2-iscsi devstack@keystone.service[80524]: DEBUG keystone.server.flask.request_processing.req_logging [None req-d2fec8b8-ccf2-4b14-a64d-4c04756e6df2 None admin] PATH_INFO: `/v3/roles` {{(pid=80524) log_request_info /opt/stack/keystone/keystone/server/flask/request_processing/req_logging.py:29}}
Aug 06 01:04:51.246558 dv-cinder-851996-2-iscsi devstack@keystone.service[80524]: DEBUG keystone.common.rbac_enforcer.enforcer [None req-d2fec8b8-ccf2-4b14-a64d-4c04756e6df2 None admin] RBAC: Adding query filter params (name=member) {{(pid=80524) _extract_filter_values /opt/stack/keystone/keystone/common/rbac_enforcer/enforcer.py:167}}
Aug 06 01:04:51.246869 dv-cinder-851996-2-iscsi devstack@keystone.service[80524]: DEBUG keystone.common.rbac_enforcer.enforcer [None req-d2fec8b8-ccf2-4b14-a64d-4c04756e6df2 None admin] RBAC: Authorizing `identity:list_roles()` {{(pid=80524) enforce_call /opt/stack/keystone/keystone/common/rbac_enforcer/enforcer.py:449}}
Aug 06 01:04:51.248289 dv-cinder-851996-2-iscsi devstack@keystone.service[80524]: DEBUG keystone.common.rbac_enforcer.enforcer [None req-d2fec8b8-ccf2-4b14-a64d-4c04756e6df2 None admin] RBAC: Authorization granted {{(pid=80524) enforce_call /opt/stack/keystone/keystone/common/rbac_enforcer/enforcer.py:457}}
Aug 06 01:04:51.257564 dv-cinder-851996-2-iscsi devstack@keystone.service[80524]: [pid: 80524|app: 0|req: 174/349] 10.222.0.25 () {56 vars in 1101 bytes} [Sat Aug 6 01:04:51 2022] GET /identity/v3/roles?name=member => generated 341 bytes in 161 msecs (HTTP/1.1 200) 5 headers in 177 bytes (1 switches on core 0)
Aug 06 01:04:51.258918 dv-cinder-851996-2-iscsi devstack@keystone.service[80524]: DEBUG keystone.server.flask.request_processing.req_logging [None req-3fbe9e4e-3394-4695-ac49-0c76be017060 None None] REQUEST_METHOD: `GET` {{(pid=80524) log_request_info /opt/stack/keystone/keystone/server/flask/request_processing/req_logging.py:27}}
Aug 06 01:04:51.259467 dv-cinder-851996-2-iscsi devstack@keystone.service[80524]: DEBUG keystone.server.flask.request_processing.req_logging [None req-3fbe9e4e-3394-4695-ac49-0c76be017060 None None] SCRIPT_NAME: `/identity` {{(pid=80524) log_request_info /opt/stack/keystone/keystone/server/flask/request_processing/req_logging.py:28}}
Aug 06 01:04:51.259820 dv-cinder-851996-2-iscsi devstack@keystone.service[80524]: DEBUG keystone.server.flask.request_processing.req_logging [None req-3fbe9e4e-3394-4695-ac49-0c76be017060 None None] PATH_INFO: `/` {{(pid=80524) log_request_info /opt/stack/keystone/keystone/server/flask/request_processing/req_logging.py:29}}
Aug 06 01:04:51.261316 dv-cinder-851996-2-iscsi devstack@keystone.service[80524]: [pid: 80524|app: 0|req: 175/350] 10.222.0.25 () {54 vars in 927 bytes} [Sat Aug 6 01:04:51 2022] GET /identity => generated 270 bytes in 3 msecs (HTTP/1.1 300) 6 headers in 234 bytes (1 switches on core 0)
Aug 06 01:04:51.262042 dv-cinder-851996-2-iscsi devstack@keystone.service[80524]: DEBUG keystone.server.flask.request_processing.middleware.auth_context [None req-3fbe9e4e-3394-4695-ac49-0c76be017060 None None] Authenticating user token {{(pid=80524) process_request /usr/local/lib/python3.8/dist-packages/keystonemiddleware/auth_token/__init__.py:407}}
Aug 06 01:04:51.266343 dv-cinder-851996-2-iscsi devstack@keystone.service[80525]: DEBUG keystone.server.flask.request_processing.middleware.auth_context [None req-434e5bba-e235-405f-81c5-e56500ffe02c None admin] Validating token access rules against request {{(pid=80525) validate_allowed_request /usr/local/lib/python3.8/dist-packages/keystonemiddleware/auth_token/__init__.py:545}}
Aug 06 01:04:51.310409 dv-cinder-851996-2-iscsi devstack@keystone.service[80525]: DEBUG keystone.server.flask.request_processing.middleware.auth_context [None req-c6080d1c-5d34-4dc7-8e53-14c2258e0847 None admin] RBAC: auth_context: {'token': , 'domain_id': None, 'trust_id': None, 'trustor_id': None, 'trustee_id': None, 'domain_name': None, 'group_ids': [], 'user_id': 'bb37d398d5fd456aa46fd2b5f5576815', 'user_domain_id': 'default', 'system_scope': 'all', 'project_id': None, 'project_domain_id': None, 'roles': ['admin', 'member', 'reader'], 'is_admin_project': True, 'service_user_id': None, 'service_user_domain_id': None, 'service_project_id': None, 'service_project_domain_id': None, 'service_roles': []} {{(pid=80525) fill_context /opt/stack/keystone/keystone/server/flask/request_processing/middleware/auth_context.py:478}}
Aug 06 01:04:51.311153 dv-cinder-851996-2-iscsi devstack@keystone.service[80525]: DEBUG keystone.server.flask.request_processing.req_logging [None req-c6080d1c-5d34-4dc7-8e53-14c2258e0847 None admin] REQUEST_METHOD: `GET` {{(pid=80525) log_request_info /opt/stack/keystone/keystone/server/flask/request_processing/req_logging.py:27}}
Aug 06 01:04:51.311507 dv-cinder-851996-2-iscsi devstack@keystone.service[80525]: DEBUG keystone.server.flask.request_processing.req_logging [None req-c6080d1c-5d34-4dc7-8e53-14c2258e0847 None admin] SCRIPT_NAME: `/identity` {{(pid=80525) log_request_info /opt/stack/keystone/keystone/server/flask/request_processing/req_logging.py:28}}
Aug 06 01:04:51.311806 dv-cinder-851996-2-iscsi devstack@keystone.service[80525]: DEBUG keystone.server.flask.request_processing.req_logging [None req-c6080d1c-5d34-4dc7-8e53-14c2258e0847 None admin] PATH_INFO: `/v3/groups/1e2af7c4177844c3a10e4d4665ecfff8` {{(pid=80525) log_request_info /opt/stack/keystone/keystone/server/flask/request_processing/req_logging.py:29}}
Aug 06 01:04:51.321362 dv-cinder-851996-2-iscsi devstack@keystone.service[80525]: DEBUG keystone.common.rbac_enforcer.enforcer [None req-c6080d1c-5d34-4dc7-8e53-14c2258e0847 None admin] RBAC: Authorizing `identity:get_group(group_id=1e2af7c4177844c3a10e4d4665ecfff8)` {{(pid=80525) enforce_call /opt/stack/keystone/keystone/common/rbac_enforcer/enforcer.py:449}}
Aug 06 01:04:51.322957 dv-cinder-851996-2-iscsi devstack@keystone.service[80525]: DEBUG keystone.common.rbac_enforcer.enforcer [None req-c6080d1c-5d34-4dc7-8e53-14c2258e0847 None admin] RBAC: Authorization granted {{(pid=80525) enforce_call /opt/stack/keystone/keystone/common/rbac_enforcer/enforcer.py:457}}
Aug 06 01:04:51.324807 dv-cinder-851996-2-iscsi devstack@keystone.service[80525]: [pid: 80525|app: 0|req: 176/351] 10.222.0.25 () {56 vars in 1180 bytes} [Sat Aug 6 01:04:51 2022] GET /identity/v3/groups/1e2af7c4177844c3a10e4d4665ecfff8 => generated 226 bytes in 165 msecs (HTTP/1.1 200) 5 headers in 177 bytes (1 switches on core 0)
Aug 06 01:04:51.326246 dv-cinder-851996-2-iscsi devstack@keystone.service[80525]: DEBUG keystone.server.flask.request_processing.req_logging [None req-16d94117-09b9-4628-bf0d-ee6a220206bc None None] REQUEST_METHOD: `GET` {{(pid=80525) log_request_info /opt/stack/keystone/keystone/server/flask/request_processing/req_logging.py:27}}
Aug 06 01:04:51.326568 dv-cinder-851996-2-iscsi devstack@keystone.service[80525]: DEBUG keystone.server.flask.request_processing.req_logging [None req-16d94117-09b9-4628-bf0d-ee6a220206bc None None] SCRIPT_NAME: `/identity` {{(pid=80525) log_request_info /opt/stack/keystone/keystone/server/flask/request_processing/req_logging.py:28}}
Aug 06 01:04:51.326927 dv-cinder-851996-2-iscsi devstack@keystone.service[80525]: DEBUG keystone.server.flask.request_processing.req_logging [None req-16d94117-09b9-4628-bf0d-ee6a220206bc None None] PATH_INFO: `/` {{(pid=80525) log_request_info /opt/stack/keystone/keystone/server/flask/request_processing/req_logging.py:29}}
Aug 06 01:04:51.329372 dv-cinder-851996-2-iscsi devstack@keystone.service[80525]: [pid: 80525|app: 0|req: 177/352] 10.222.0.25 () {54 vars in 927 bytes} [Sat Aug 6 01:04:51 2022] GET /identity => generated 270 bytes in 4 msecs (HTTP/1.1 300) 6 headers in 234 bytes (1 switches on core 0)
Aug 06 01:04:51.330531 dv-cinder-851996-2-iscsi devstack@keystone.service[80525]: DEBUG keystone.server.flask.request_processing.req_logging [None req-a86f4ca3-b637-4ad7-9111-6c9ef32a2074 None None] REQUEST_METHOD: `POST` {{(pid=80525) log_request_info /opt/stack/keystone/keystone/server/flask/request_processing/req_logging.py:27}}
Aug 06 01:04:51.330817 dv-cinder-851996-2-iscsi devstack@keystone.service[80525]: DEBUG keystone.server.flask.request_processing.req_logging [None req-a86f4ca3-b637-4ad7-9111-6c9ef32a2074 None None] SCRIPT_NAME: `/identity` {{(pid=80525) log_request_info /opt/stack/keystone/keystone/server/flask/request_processing/req_logging.py:28}}
Aug 06 01:04:51.331090 dv-cinder-851996-2-iscsi devstack@keystone.service[80525]: DEBUG keystone.server.flask.request_processing.req_logging [None req-a86f4ca3-b637-4ad7-9111-6c9ef32a2074 None None] PATH_INFO: `/v3/auth/tokens` {{(pid=80525) log_request_info /opt/stack/keystone/keystone/server/flask/request_processing/req_logging.py:29}}
Aug 06 01:04:51.350145 dv-cinder-851996-2-iscsi devstack@keystone.service[80525]: DEBUG keystone.auth.core [None req-a86f4ca3-b637-4ad7-9111-6c9ef32a2074 None None] MFA Rules not processed for user `bb37d398d5fd456aa46fd2b5f5576815`. Rule list: `[]` (Enabled: `True`). {{(pid=80525) check_auth_methods_against_rules /opt/stack/keystone/keystone/auth/core.py:438}}
Aug 06 01:04:51.351360 dv-cinder-851996-2-iscsi devstack@keystone.service[80525]: DEBUG keystone.common.fernet_utils [None req-a86f4ca3-b637-4ad7-9111-6c9ef32a2074 None None] Loaded 2 Fernet keys from /etc/keystone/fernet-keys/, but `[fernet_tokens] max_active_keys = 3`; perhaps there have not been enough key rotations to reach `max_active_keys` yet? {{(pid=80525) load_keys /opt/stack/keystone/keystone/common/fernet_utils.py:286}}
Aug 06 01:04:51.372826 dv-cinder-851996-2-iscsi devstack@keystone.service[80525]: DEBUG dbcounter [-] [80525] Writing DB stats keystone:SELECT=100 {{(pid=80525) stat_writer /usr/local/lib/python3.8/dist-packages/dbcounter.py:114}}
Aug 06 01:04:51.394566 dv-cinder-851996-2-iscsi devstack@keystone.service[80524]: DEBUG keystone.server.flask.request_processing.middleware.auth_context [None req-3fbe9e4e-3394-4695-ac49-0c76be017060 None None] Validating token access rules against request {{(pid=80524) validate_allowed_request /usr/local/lib/python3.8/dist-packages/keystonemiddleware/auth_token/__init__.py:545}}
Aug 06 01:04:51.445763 dv-cinder-851996-2-iscsi devstack@keystone.service[80524]: DEBUG keystone.server.flask.request_processing.middleware.auth_context [None req-c0220f66-cb94-4f9c-b049-96a2b89b25f7 None admin] RBAC: auth_context: {'token': , 'domain_id': None, 'trust_id': None, 'trustor_id': None, 'trustee_id': None, 'domain_name': None, 'group_ids': [], 'user_id': 'bb37d398d5fd456aa46fd2b5f5576815', 'user_domain_id': 'default', 'system_scope': 'all', 'project_id': None, 'project_domain_id': None, 'roles': ['admin', 'member', 'reader'], 'is_admin_project': True, 'service_user_id': None, 'service_user_domain_id': None, 'service_project_id': None, 'service_project_domain_id': None, 'service_roles': []} {{(pid=80524) fill_context /opt/stack/keystone/keystone/server/flask/request_processing/middleware/auth_context.py:478}}
Aug 06 01:04:51.446583 dv-cinder-851996-2-iscsi devstack@keystone.service[80524]: DEBUG keystone.server.flask.request_processing.req_logging [None req-c0220f66-cb94-4f9c-b049-96a2b89b25f7 None admin] REQUEST_METHOD: `GET` {{(pid=80524) log_request_info /opt/stack/keystone/keystone/server/flask/request_processing/req_logging.py:27}}
Aug 06 01:04:51.446863 dv-cinder-851996-2-iscsi devstack@keystone.service[80524]: DEBUG keystone.server.flask.request_processing.req_logging [None req-c0220f66-cb94-4f9c-b049-96a2b89b25f7 None admin] SCRIPT_NAME: `/identity` {{(pid=80524) log_request_info /opt/stack/keystone/keystone/server/flask/request_processing/req_logging.py:28}}
Aug 06 01:04:51.447136 dv-cinder-851996-2-iscsi devstack@keystone.service[80524]: DEBUG keystone.server.flask.request_processing.req_logging [None req-c0220f66-cb94-4f9c-b049-96a2b89b25f7 None admin] PATH_INFO: `/v3/projects/7fa1f9bede2243f0ba30c5f573dc695b` {{(pid=80524) log_request_info /opt/stack/keystone/keystone/server/flask/request_processing/req_logging.py:29}}
Aug 06 01:04:51.447665 dv-cinder-851996-2-iscsi devstack@keystone.service[80525]: [pid: 80525|app: 0|req: 178/353] 10.222.0.25 () {58 vars in 1024 bytes} [Sat Aug 6 01:04:51 2022] POST /identity/v3/auth/tokens => generated 799 bytes in 118 msecs (HTTP/1.1 201) 6 headers in 363 bytes (1 switches on core 0)
Aug 06 01:04:51.448488 dv-cinder-851996-2-iscsi devstack@keystone.service[80525]: DEBUG keystone.server.flask.request_processing.middleware.auth_context [None req-a86f4ca3-b637-4ad7-9111-6c9ef32a2074 None None] Authenticating user token {{(pid=80525) process_request /usr/local/lib/python3.8/dist-packages/keystonemiddleware/auth_token/__init__.py:407}}
Aug 06 01:04:51.449509 dv-cinder-851996-2-iscsi devstack@keystone.service[80524]: DEBUG keystone.common.rbac_enforcer.enforcer [None req-c0220f66-cb94-4f9c-b049-96a2b89b25f7 None admin] RBAC: Authorizing `identity:get_project(project_id=7fa1f9bede2243f0ba30c5f573dc695b)` {{(pid=80524) enforce_call /opt/stack/keystone/keystone/common/rbac_enforcer/enforcer.py:449}}
Aug 06 01:04:51.452048 dv-cinder-851996-2-iscsi devstack@keystone.service[80524]: DEBUG keystone.common.rbac_enforcer.enforcer [None req-c0220f66-cb94-4f9c-b049-96a2b89b25f7 None admin] RBAC: Authorization granted {{(pid=80524) enforce_call /opt/stack/keystone/keystone/common/rbac_enforcer/enforcer.py:457}}
Aug 06 01:04:51.454565 dv-cinder-851996-2-iscsi devstack@keystone.service[80524]: [pid: 80524|app: 0|req: 176/354] 10.222.0.25 () {56 vars in 1186 bytes} [Sat Aug 6 01:04:51 2022] GET /identity/v3/projects/7fa1f9bede2243f0ba30c5f573dc695b => generated 298 bytes in 191 msecs (HTTP/1.1 200) 5 headers in 177 bytes (1 switches on core 0)
Aug 06 01:04:51.454565 dv-cinder-851996-2-iscsi devstack@keystone.service[80524]: DEBUG keystone.server.flask.request_processing.req_logging [None req-e9eab56d-d5ba-4a1f-bf0a-734d9d610e2e None None] REQUEST_METHOD: `POST` {{(pid=80524) log_request_info /opt/stack/keystone/keystone/server/flask/request_processing/req_logging.py:27}}
Aug 06 01:04:51.454761 dv-cinder-851996-2-iscsi devstack@keystone.service[80524]: DEBUG keystone.server.flask.request_processing.req_logging [None req-e9eab56d-d5ba-4a1f-bf0a-734d9d610e2e None None] SCRIPT_NAME: `/identity` {{(pid=80524) log_request_info /opt/stack/keystone/keystone/server/flask/request_processing/req_logging.py:28}}
Aug 06 01:04:51.459771 dv-cinder-851996-2-iscsi devstack@keystone.service[80524]: DEBUG keystone.server.flask.request_processing.req_logging [None req-e9eab56d-d5ba-4a1f-bf0a-734d9d610e2e None None] PATH_INFO: `/v3/auth/tokens` {{(pid=80524) log_request_info /opt/stack/keystone/keystone/server/flask/request_processing/req_logging.py:29}}
Aug 06 01:04:51.484158 dv-cinder-851996-2-iscsi devstack@keystone.service[80524]: DEBUG keystone.auth.core [None req-e9eab56d-d5ba-4a1f-bf0a-734d9d610e2e None None] MFA Rules not processed for user `bb37d398d5fd456aa46fd2b5f5576815`. Rule list: `[]` (Enabled: `True`). {{(pid=80524) check_auth_methods_against_rules /opt/stack/keystone/keystone/auth/core.py:438}}
Aug 06 01:04:51.485548 dv-cinder-851996-2-iscsi devstack@keystone.service[80524]: DEBUG keystone.common.fernet_utils [None req-e9eab56d-d5ba-4a1f-bf0a-734d9d610e2e None None] Loaded 2 Fernet keys from /etc/keystone/fernet-keys/, but `[fernet_tokens] max_active_keys = 3`; perhaps there have not been enough key rotations to reach `max_active_keys` yet? {{(pid=80524) load_keys /opt/stack/keystone/keystone/common/fernet_utils.py:286}}
Aug 06 01:04:51.494728 dv-cinder-851996-2-iscsi devstack@keystone.service[80524]: DEBUG dbcounter [-] [80524] Writing DB stats keystone:SELECT=100 {{(pid=80524) stat_writer /usr/local/lib/python3.8/dist-packages/dbcounter.py:114}}
Aug 06 01:04:51.580387 dv-cinder-851996-2-iscsi devstack@keystone.service[80524]: [pid: 80524|app: 0|req: 177/355] 10.222.0.25 () {58 vars in 1024 bytes} [Sat Aug 6 01:04:51 2022] POST /identity/v3/auth/tokens => generated 799 bytes in 126 msecs (HTTP/1.1 201) 6 headers in 363 bytes (1 switches on core 0)
Aug 06 01:04:51.580757 dv-cinder-851996-2-iscsi devstack@keystone.service[80525]: DEBUG keystone.server.flask.request_processing.middleware.auth_context [None req-a86f4ca3-b637-4ad7-9111-6c9ef32a2074 None None] Validating token access rules against request {{(pid=80525) validate_allowed_request /usr/local/lib/python3.8/dist-packages/keystonemiddleware/auth_token/__init__.py:545}}
Aug 06 01:04:51.581355 dv-cinder-851996-2-iscsi devstack@keystone.service[80524]: DEBUG keystone.server.flask.request_processing.middleware.auth_context [None req-e9eab56d-d5ba-4a1f-bf0a-734d9d610e2e None None] Authenticating user token {{(pid=80524) process_request /usr/local/lib/python3.8/dist-packages/keystonemiddleware/auth_token/__init__.py:407}}
Aug 06 01:04:51.627200 dv-cinder-851996-2-iscsi devstack@keystone.service[80525]: DEBUG keystone.server.flask.request_processing.middleware.auth_context [None req-990d9ce7-afd2-40b1-96dc-cfaa3c947564 None admin] RBAC: auth_context: {'token': , 'domain_id': None, 'trust_id': None, 'trustor_id': None, 'trustee_id': None, 'domain_name': None, 'group_ids': [], 'user_id': 'bb37d398d5fd456aa46fd2b5f5576815', 'user_domain_id': 'default', 'system_scope': 'all', 'project_id': None, 'project_domain_id': None, 'roles': ['admin', 'member', 'reader'], 'is_admin_project': True, 'service_user_id': None, 'service_user_domain_id': None, 'service_project_id': None, 'service_project_domain_id': None, 'service_roles': []} {{(pid=80525) fill_context /opt/stack/keystone/keystone/server/flask/request_processing/middleware/auth_context.py:478}}
Aug 06 01:04:51.627861 dv-cinder-851996-2-iscsi devstack@keystone.service[80525]: DEBUG keystone.server.flask.request_processing.req_logging [None req-990d9ce7-afd2-40b1-96dc-cfaa3c947564 None admin] REQUEST_METHOD: `GET` {{(pid=80525) log_request_info /opt/stack/keystone/keystone/server/flask/request_processing/req_logging.py:27}}
Aug 06 01:04:51.628134 dv-cinder-851996-2-iscsi devstack@keystone.service[80525]: DEBUG keystone.server.flask.request_processing.req_logging [None req-990d9ce7-afd2-40b1-96dc-cfaa3c947564 None admin] SCRIPT_NAME: `/identity` {{(pid=80525) log_request_info /opt/stack/keystone/keystone/server/flask/request_processing/req_logging.py:28}}
Aug 06 01:04:51.628407 dv-cinder-851996-2-iscsi devstack@keystone.service[80525]: DEBUG keystone.server.flask.request_processing.req_logging [None req-990d9ce7-afd2-40b1-96dc-cfaa3c947564 None admin] PATH_INFO: `/v3/auth/tokens` {{(pid=80525) log_request_info /opt/stack/keystone/keystone/server/flask/request_processing/req_logging.py:29}}
Aug 06 01:04:51.654433 dv-cinder-851996-2-iscsi devstack@keystone.service[80525]: DEBUG dbcounter [-] [80525] Writing DB stats keystone:SELECT=100 {{(pid=80525) stat_writer /usr/local/lib/python3.8/dist-packages/dbcounter.py:114}}
Aug 06 01:04:51.702364 dv-cinder-851996-2-iscsi devstack@keystone.service[80524]: DEBUG keystone.server.flask.request_processing.middleware.auth_context [None req-e9eab56d-d5ba-4a1f-bf0a-734d9d610e2e None None] Validating token access rules against request {{(pid=80524) validate_allowed_request /usr/local/lib/python3.8/dist-packages/keystonemiddleware/auth_token/__init__.py:545}}
Aug 06 01:04:51.713701 dv-cinder-851996-2-iscsi devstack@keystone.service[80525]: DEBUG keystone.common.rbac_enforcer.enforcer [None req-990d9ce7-afd2-40b1-96dc-cfaa3c947564 None admin] RBAC: Authorizing `identity:validate_token()` {{(pid=80525) enforce_call /opt/stack/keystone/keystone/common/rbac_enforcer/enforcer.py:449}}
Aug 06 01:04:51.715736 dv-cinder-851996-2-iscsi devstack@keystone.service[80525]: DEBUG keystone.common.rbac_enforcer.enforcer [None req-990d9ce7-afd2-40b1-96dc-cfaa3c947564 None admin] RBAC: Authorization granted {{(pid=80525) enforce_call /opt/stack/keystone/keystone/common/rbac_enforcer/enforcer.py:457}}
Aug 06 01:04:51.749402 dv-cinder-851996-2-iscsi devstack@keystone.service[80524]: DEBUG keystone.server.flask.request_processing.middleware.auth_context [None req-78033d53-a316-46b4-8cc5-1302ca21b5e8 None admin] RBAC: auth_context: {'token': , 'domain_id': None, 'trust_id': None, 'trustor_id': None, 'trustee_id': None, 'domain_name': None, 'group_ids': [], 'user_id': 'bb37d398d5fd456aa46fd2b5f5576815', 'user_domain_id': 'default', 'system_scope': 'all', 'project_id': None, 'project_domain_id': None, 'roles': ['admin', 'member', 'reader'], 'is_admin_project': True, 'service_user_id': None, 'service_user_domain_id': None, 'service_project_id': None, 'service_project_domain_id': None, 'service_roles': []} {{(pid=80524) fill_context /opt/stack/keystone/keystone/server/flask/request_processing/middleware/auth_context.py:478}}
Aug 06 01:04:51.750041 dv-cinder-851996-2-iscsi devstack@keystone.service[80524]: DEBUG keystone.server.flask.request_processing.req_logging [None req-78033d53-a316-46b4-8cc5-1302ca21b5e8 None admin] REQUEST_METHOD: `GET` {{(pid=80524) log_request_info /opt/stack/keystone/keystone/server/flask/request_processing/req_logging.py:27}}
