Aug 08 00:13:18.597534 dv-cinder-851640-3-iscsi devstack@keystone.service[91988]: DEBUG keystone.server.flask.request_processing.middleware.auth_context [None req-4ec0fde0-b0b9-4104-bd53-2dbe4070805d None None] Authenticating user token {{(pid=91988) process_request /usr/local/lib/python3.8/dist-packages/keystonemiddleware/auth_token/__init__.py:407}}
Aug 08 00:13:18.616394 dv-cinder-851640-3-iscsi devstack@keystone.service[91987]: [pid: 91987|app: 0|req: 20/41] 10.222.0.15 () {58 vars in 1024 bytes} [Mon Aug 8 00:13:18 2022] POST /identity/v3/auth/tokens => generated 799 bytes in 134 msecs (HTTP/1.1 201) 6 headers in 363 bytes (1 switches on core 0)
Aug 08 00:13:18.616394 dv-cinder-851640-3-iscsi devstack@keystone.service[91987]: DEBUG keystone.server.flask.request_processing.req_logging [None req-fff92076-39c8-4411-b114-e0a4886f7c2c None None] REQUEST_METHOD: `POST` {{(pid=91987) log_request_info /opt/stack/keystone/keystone/server/flask/request_processing/req_logging.py:27}}
Aug 08 00:13:18.616394 dv-cinder-851640-3-iscsi devstack@keystone.service[91987]: DEBUG keystone.server.flask.request_processing.req_logging [None req-fff92076-39c8-4411-b114-e0a4886f7c2c None None] SCRIPT_NAME: `/identity` {{(pid=91987) log_request_info /opt/stack/keystone/keystone/server/flask/request_processing/req_logging.py:28}}
Aug 08 00:13:18.616394 dv-cinder-851640-3-iscsi devstack@keystone.service[91987]: DEBUG keystone.server.flask.request_processing.req_logging [None req-fff92076-39c8-4411-b114-e0a4886f7c2c None None] PATH_INFO: `/v3/auth/tokens` {{(pid=91987) log_request_info /opt/stack/keystone/keystone/server/flask/request_processing/req_logging.py:29}}
Aug 08 00:13:18.639032 dv-cinder-851640-3-iscsi devstack@keystone.service[91987]: DEBUG keystone.auth.core [None req-fff92076-39c8-4411-b114-e0a4886f7c2c None None] MFA Rules not processed for user `de917b8f456944dc9d27423048f81375`. Rule list: `[]` (Enabled: `True`). {{(pid=91987) check_auth_methods_against_rules /opt/stack/keystone/keystone/auth/core.py:438}}
Aug 08 00:13:18.640607 dv-cinder-851640-3-iscsi devstack@keystone.service[91987]: DEBUG keystone.common.fernet_utils [None req-fff92076-39c8-4411-b114-e0a4886f7c2c None None] Loaded 2 Fernet keys from /etc/keystone/fernet-keys/, but `[fernet_tokens] max_active_keys = 3`; perhaps there have not been enough key rotations to reach `max_active_keys` yet? {{(pid=91987) load_keys /opt/stack/keystone/keystone/common/fernet_utils.py:286}}
Aug 08 00:13:18.720028 dv-cinder-851640-3-iscsi devstack@keystone.service[91987]: [pid: 91987|app: 0|req: 21/42] 10.222.0.15 () {58 vars in 1024 bytes} [Mon Aug 8 00:13:18 2022] POST /identity/v3/auth/tokens => generated 799 bytes in 106 msecs (HTTP/1.1 201) 6 headers in 363 bytes (1 switches on core 0)
Aug 08 00:13:18.720870 dv-cinder-851640-3-iscsi devstack@keystone.service[91987]: DEBUG keystone.server.flask.request_processing.middleware.auth_context [None req-fff92076-39c8-4411-b114-e0a4886f7c2c None None] Authenticating user token {{(pid=91987) process_request /usr/local/lib/python3.8/dist-packages/keystonemiddleware/auth_token/__init__.py:407}}
Aug 08 00:13:18.739804 dv-cinder-851640-3-iscsi devstack@keystone.service[91988]: DEBUG keystone.server.flask.request_processing.middleware.auth_context [None req-4ec0fde0-b0b9-4104-bd53-2dbe4070805d None None] Validating token access rules against request {{(pid=91988) validate_allowed_request /usr/local/lib/python3.8/dist-packages/keystonemiddleware/auth_token/__init__.py:545}}
Aug 08 00:13:18.768851 dv-cinder-851640-3-iscsi devstack@keystone.service[91987]: DEBUG dbcounter [-] [91987] Writing DB stats keystone:SELECT=99,keystone:INSERT=1 {{(pid=91987) stat_writer /usr/local/lib/python3.8/dist-packages/dbcounter.py:114}}
Aug 08 00:13:18.776188 dv-cinder-851640-3-iscsi devstack@keystone.service[91988]: DEBUG keystone.server.flask.request_processing.middleware.auth_context [None req-0de8c7c7-53c5-41e7-81d0-8b04b4b98ebc None admin] RBAC: auth_context: {'token': , 'domain_id': None, 'trust_id': None, 'trustor_id': None, 'trustee_id': None, 'domain_name': None, 'group_ids': [], 'user_id': 'de917b8f456944dc9d27423048f81375', 'user_domain_id': 'default', 'system_scope': 'all', 'project_id': None, 'project_domain_id': None, 'roles': ['admin', 'member', 'reader'], 'is_admin_project': True, 'service_user_id': None, 'service_user_domain_id': None, 'service_project_id': None, 'service_project_domain_id': None, 'service_roles': []} {{(pid=91988) fill_context /opt/stack/keystone/keystone/server/flask/request_processing/middleware/auth_context.py:478}}
Aug 08 00:13:18.781697 dv-cinder-851640-3-iscsi devstack@keystone.service[91988]: DEBUG keystone.server.flask.request_processing.req_logging [None req-0de8c7c7-53c5-41e7-81d0-8b04b4b98ebc None admin] REQUEST_METHOD: `PUT` {{(pid=91988) log_request_info /opt/stack/keystone/keystone/server/flask/request_processing/req_logging.py:27}}
Aug 08 00:13:18.781697 dv-cinder-851640-3-iscsi devstack@keystone.service[91988]: DEBUG keystone.server.flask.request_processing.req_logging [None req-0de8c7c7-53c5-41e7-81d0-8b04b4b98ebc None admin] SCRIPT_NAME: `/identity` {{(pid=91988) log_request_info /opt/stack/keystone/keystone/server/flask/request_processing/req_logging.py:28}}
Aug 08 00:13:18.781697 dv-cinder-851640-3-iscsi devstack@keystone.service[91988]: DEBUG keystone.server.flask.request_processing.req_logging [None req-0de8c7c7-53c5-41e7-81d0-8b04b4b98ebc None admin] PATH_INFO: `/v3/domains/default/users/de917b8f456944dc9d27423048f81375/roles/ad68083fe37d48cba8726cfd30e43fb0` {{(pid=91988) log_request_info /opt/stack/keystone/keystone/server/flask/request_processing/req_logging.py:29}}
Aug 08 00:13:18.781697 dv-cinder-851640-3-iscsi devstack@keystone.service[91988]: DEBUG keystone.common.rbac_enforcer.enforcer [None req-0de8c7c7-53c5-41e7-81d0-8b04b4b98ebc None admin] RBAC: Authorizing `identity:create_grant(domain_id=default, user_id=de917b8f456944dc9d27423048f81375, role_id=ad68083fe37d48cba8726cfd30e43fb0)` {{(pid=91988) enforce_call /opt/stack/keystone/keystone/common/rbac_enforcer/enforcer.py:449}}
Aug 08 00:13:18.781697 dv-cinder-851640-3-iscsi devstack@keystone.service[91988]: DEBUG keystone.common.rbac_enforcer.enforcer [None req-0de8c7c7-53c5-41e7-81d0-8b04b4b98ebc None admin] RBAC: Authorization granted {{(pid=91988) enforce_call /opt/stack/keystone/keystone/common/rbac_enforcer/enforcer.py:457}}
Aug 08 00:13:18.824825 dv-cinder-851640-3-iscsi devstack@keystone.service[91987]: DEBUG keystone.server.flask.request_processing.middleware.auth_context [None req-fff92076-39c8-4411-b114-e0a4886f7c2c None None] Validating token access rules against request {{(pid=91987) validate_allowed_request /usr/local/lib/python3.8/dist-packages/keystonemiddleware/auth_token/__init__.py:545}}
Aug 08 00:13:18.857403 dv-cinder-851640-3-iscsi devstack@keystone.service[91987]: DEBUG keystone.server.flask.request_processing.middleware.auth_context [None req-c28d8891-6c28-41e0-a149-fb67fce036c0 None admin] RBAC: auth_context: {'token': , 'domain_id': None, 'trust_id': None, 'trustor_id': None, 'trustee_id': None, 'domain_name': None, 'group_ids': [], 'user_id': 'de917b8f456944dc9d27423048f81375', 'user_domain_id': 'default', 'system_scope': 'all', 'project_id': None, 'project_domain_id': None, 'roles': ['admin', 'member', 'reader'], 'is_admin_project': True, 'service_user_id': None, 'service_user_domain_id': None, 'service_project_id': None, 'service_project_domain_id': None, 'service_roles': []} {{(pid=91987) fill_context /opt/stack/keystone/keystone/server/flask/request_processing/middleware/auth_context.py:478}}
Aug 08 00:13:18.858040 dv-cinder-851640-3-iscsi devstack@keystone.service[91987]: DEBUG keystone.server.flask.request_processing.req_logging [None req-c28d8891-6c28-41e0-a149-fb67fce036c0 None admin] REQUEST_METHOD: `POST` {{(pid=91987) log_request_info /opt/stack/keystone/keystone/server/flask/request_processing/req_logging.py:27}}
Aug 08 00:13:18.858316 dv-cinder-851640-3-iscsi devstack@keystone.service[91987]: DEBUG keystone.server.flask.request_processing.req_logging [None req-c28d8891-6c28-41e0-a149-fb67fce036c0 None admin] SCRIPT_NAME: `/identity` {{(pid=91987) log_request_info /opt/stack/keystone/keystone/server/flask/request_processing/req_logging.py:28}}
Aug 08 00:13:18.858588 dv-cinder-851640-3-iscsi devstack@keystone.service[91987]: DEBUG keystone.server.flask.request_processing.req_logging [None req-c28d8891-6c28-41e0-a149-fb67fce036c0 None admin] PATH_INFO: `/v3/roles` {{(pid=91987) log_request_info /opt/stack/keystone/keystone/server/flask/request_processing/req_logging.py:29}}
Aug 08 00:13:18.859257 dv-cinder-851640-3-iscsi devstack@keystone.service[91987]: DEBUG keystone.common.rbac_enforcer.enforcer [None req-c28d8891-6c28-41e0-a149-fb67fce036c0 None admin] RBAC: Authorizing `identity:create_role()` {{(pid=91987) enforce_call /opt/stack/keystone/keystone/common/rbac_enforcer/enforcer.py:449}}
Aug 08 00:13:18.860649 dv-cinder-851640-3-iscsi devstack@keystone.service[91987]: DEBUG keystone.common.rbac_enforcer.enforcer [None req-c28d8891-6c28-41e0-a149-fb67fce036c0 None admin] RBAC: Authorization granted {{(pid=91987) enforce_call /opt/stack/keystone/keystone/common/rbac_enforcer/enforcer.py:457}}
Aug 08 00:13:18.878702 dv-cinder-851640-3-iscsi devstack@keystone.service[91988]: DEBUG dbcounter [-] [91988] Writing DB stats keystone:SELECT=99,keystone:INSERT=1 {{(pid=91988) stat_writer /usr/local/lib/python3.8/dist-packages/dbcounter.py:114}}
Aug 08 00:13:18.882607 dv-cinder-851640-3-iscsi devstack@keystone.service[91988]: [pid: 91988|app: 0|req: 22/43] 10.222.0.15 () {58 vars in 1361 bytes} [Mon Aug 8 00:13:18 2022] PUT /identity/v3/domains/default/users/de917b8f456944dc9d27423048f81375/roles/ad68083fe37d48cba8726cfd30e43fb0 => generated 0 bytes in 285 msecs (HTTP/1.1 204) 3 headers in 132 bytes (0 switches on core 0)
Aug 08 00:13:18.883462 dv-cinder-851640-3-iscsi devstack@keystone.service[91988]: DEBUG keystone.server.flask.request_processing.middleware.auth_context [None req-0de8c7c7-53c5-41e7-81d0-8b04b4b98ebc None admin] Authenticating user token {{(pid=91988) process_request /usr/local/lib/python3.8/dist-packages/keystonemiddleware/auth_token/__init__.py:407}}
Aug 08 00:13:18.975367 dv-cinder-851640-3-iscsi devstack@keystone.service[91987]: [pid: 91987|app: 0|req: 22/44] 10.222.0.15 () {60 vars in 1131 bytes} [Mon Aug 8 00:13:18 2022] POST /identity/v3/roles => generated 223 bytes in 254 msecs (HTTP/1.1 201) 5 headers in 182 bytes (1 switches on core 0)
Aug 08 00:13:18.991181 dv-cinder-851640-3-iscsi devstack@keystone.service[91988]: DEBUG keystone.server.flask.request_processing.middleware.auth_context [None req-0de8c7c7-53c5-41e7-81d0-8b04b4b98ebc None admin] Validating token access rules against request {{(pid=91988) validate_allowed_request /usr/local/lib/python3.8/dist-packages/keystonemiddleware/auth_token/__init__.py:545}}
Aug 08 00:13:19.036768 dv-cinder-851640-3-iscsi devstack@keystone.service[91988]: DEBUG keystone.server.flask.request_processing.middleware.auth_context [None req-6d0329ba-caad-4b60-b2cc-117dc5e5e3c6 None admin] RBAC: auth_context: {'token': , 'domain_id': None, 'trust_id': None, 'trustor_id': None, 'trustee_id': None, 'domain_name': None, 'group_ids': [], 'user_id': 'de917b8f456944dc9d27423048f81375', 'user_domain_id': 'default', 'system_scope': 'all', 'project_id': None, 'project_domain_id': None, 'roles': ['admin', 'member', 'reader'], 'is_admin_project': True, 'service_user_id': None, 'service_user_domain_id': None, 'service_project_id': None, 'service_project_domain_id': None, 'service_roles': []} {{(pid=91988) fill_context /opt/stack/keystone/keystone/server/flask/request_processing/middleware/auth_context.py:478}}
Aug 08 00:13:19.037725 dv-cinder-851640-3-iscsi devstack@keystone.service[91988]: DEBUG keystone.server.flask.request_processing.req_logging [None req-6d0329ba-caad-4b60-b2cc-117dc5e5e3c6 None admin] REQUEST_METHOD: `GET` {{(pid=91988) log_request_info /opt/stack/keystone/keystone/server/flask/request_processing/req_logging.py:27}}
Aug 08 00:13:19.037725 dv-cinder-851640-3-iscsi devstack@keystone.service[91988]: DEBUG keystone.server.flask.request_processing.req_logging [None req-6d0329ba-caad-4b60-b2cc-117dc5e5e3c6 None admin] SCRIPT_NAME: `/identity` {{(pid=91988) log_request_info /opt/stack/keystone/keystone/server/flask/request_processing/req_logging.py:28}}
Aug 08 00:13:19.037908 dv-cinder-851640-3-iscsi devstack@keystone.service[91988]: DEBUG keystone.server.flask.request_processing.req_logging [None req-6d0329ba-caad-4b60-b2cc-117dc5e5e3c6 None admin] PATH_INFO: `/v3/domains/default` {{(pid=91988) log_request_info /opt/stack/keystone/keystone/server/flask/request_processing/req_logging.py:29}}
Aug 08 00:13:19.038992 dv-cinder-851640-3-iscsi devstack@keystone.service[91988]: DEBUG keystone.common.rbac_enforcer.enforcer [None req-6d0329ba-caad-4b60-b2cc-117dc5e5e3c6 None admin] RBAC: Authorizing `identity:get_domain(domain_id=default)` {{(pid=91988) enforce_call /opt/stack/keystone/keystone/common/rbac_enforcer/enforcer.py:449}}
Aug 08 00:13:19.040640 dv-cinder-851640-3-iscsi devstack@keystone.service[91988]: DEBUG keystone.common.rbac_enforcer.enforcer [None req-6d0329ba-caad-4b60-b2cc-117dc5e5e3c6 None admin] RBAC: Authorization granted {{(pid=91988) enforce_call /opt/stack/keystone/keystone/common/rbac_enforcer/enforcer.py:457}}
Aug 08 00:13:19.042592 dv-cinder-851640-3-iscsi devstack@keystone.service[91988]: [pid: 91988|app: 0|req: 23/45] 10.222.0.15 () {56 vars in 1108 bytes} [Mon Aug 8 00:13:18 2022] GET /identity/v3/domains/default => generated 199 bytes in 159 msecs (HTTP/1.1 200) 5 headers in 177 bytes (1 switches on core 0)
Aug 08 00:13:19.049752 dv-cinder-851640-3-iscsi devstack@keystone.service[91987]: DEBUG keystone.server.flask.request_processing.middleware.auth_context [None req-c28d8891-6c28-41e0-a149-fb67fce036c0 None admin] Authenticating user token {{(pid=91987) process_request /usr/local/lib/python3.8/dist-packages/keystonemiddleware/auth_token/__init__.py:407}}
Aug 08 00:13:19.160596 dv-cinder-851640-3-iscsi devstack@keystone.service[91987]: DEBUG keystone.server.flask.request_processing.middleware.auth_context [None req-c28d8891-6c28-41e0-a149-fb67fce036c0 None admin] Validating token access rules against request {{(pid=91987) validate_allowed_request /usr/local/lib/python3.8/dist-packages/keystonemiddleware/auth_token/__init__.py:545}}
Aug 08 00:13:19.162165 dv-cinder-851640-3-iscsi devstack@keystone.service[91987]: DEBUG dbcounter [-] [91987] Writing DB stats keystone:SELECT=99,keystone:INSERT=1 {{(pid=91987) stat_writer /usr/local/lib/python3.8/dist-packages/dbcounter.py:114}}
Aug 08 00:13:19.200159 dv-cinder-851640-3-iscsi devstack@keystone.service[91987]: DEBUG keystone.server.flask.request_processing.middleware.auth_context [None req-a06a9ebf-d3ad-438d-bcac-baaf94bdee41 None admin] RBAC: auth_context: {'token': , 'domain_id': None, 'trust_id': None, 'trustor_id': None, 'trustee_id': None, 'domain_name': None, 'group_ids': [], 'user_id': 'de917b8f456944dc9d27423048f81375', 'user_domain_id': 'default', 'system_scope': 'all', 'project_id': None, 'project_domain_id': None, 'roles': ['admin', 'member', 'reader'], 'is_admin_project': True, 'service_user_id': None, 'service_user_domain_id': None, 'service_project_id': None, 'service_project_domain_id': None, 'service_roles': []} {{(pid=91987) fill_context /opt/stack/keystone/keystone/server/flask/request_processing/middleware/auth_context.py:478}}
Aug 08 00:13:19.200778 dv-cinder-851640-3-iscsi devstack@keystone.service[91987]: DEBUG keystone.server.flask.request_processing.req_logging [None req-a06a9ebf-d3ad-438d-bcac-baaf94bdee41 None admin] REQUEST_METHOD: `POST` {{(pid=91987) log_request_info /opt/stack/keystone/keystone/server/flask/request_processing/req_logging.py:27}}
Aug 08 00:13:19.201060 dv-cinder-851640-3-iscsi devstack@keystone.service[91987]: DEBUG keystone.server.flask.request_processing.req_logging [None req-a06a9ebf-d3ad-438d-bcac-baaf94bdee41 None admin] SCRIPT_NAME: `/identity` {{(pid=91987) log_request_info /opt/stack/keystone/keystone/server/flask/request_processing/req_logging.py:28}}
Aug 08 00:13:19.201346 dv-cinder-851640-3-iscsi devstack@keystone.service[91987]: DEBUG keystone.server.flask.request_processing.req_logging [None req-a06a9ebf-d3ad-438d-bcac-baaf94bdee41 None admin] PATH_INFO: `/v3/projects` {{(pid=91987) log_request_info /opt/stack/keystone/keystone/server/flask/request_processing/req_logging.py:29}}
Aug 08 00:13:19.201994 dv-cinder-851640-3-iscsi devstack@keystone.service[91987]: DEBUG keystone.common.rbac_enforcer.enforcer [None req-a06a9ebf-d3ad-438d-bcac-baaf94bdee41 None admin] RBAC: Authorizing `identity:create_project()` {{(pid=91987) enforce_call /opt/stack/keystone/keystone/common/rbac_enforcer/enforcer.py:449}}
Aug 08 00:13:19.203533 dv-cinder-851640-3-iscsi devstack@keystone.service[91987]: DEBUG keystone.common.rbac_enforcer.enforcer [None req-a06a9ebf-d3ad-438d-bcac-baaf94bdee41 None admin] RBAC: Authorization granted {{(pid=91987) enforce_call /opt/stack/keystone/keystone/common/rbac_enforcer/enforcer.py:457}}
Aug 08 00:13:19.278299 dv-cinder-851640-3-iscsi devstack@keystone.service[91987]: [pid: 91987|app: 0|req: 23/46] 10.222.0.15 () {60 vars in 1141 bytes} [Mon Aug 8 00:13:19 2022] POST /identity/v3/projects => generated 312 bytes in 229 msecs (HTTP/1.1 201) 5 headers in 182 bytes (1 switches on core 0)
Aug 08 00:13:20.932091 dv-cinder-851640-3-iscsi devstack@keystone.service[91988]: DEBUG keystone.server.flask.request_processing.req_logging [None req-e4345b47-c978-44eb-ba43-1ddeb2b884d5 None None] REQUEST_METHOD: `GET` {{(pid=91988) log_request_info /opt/stack/keystone/keystone/server/flask/request_processing/req_logging.py:27}}
Aug 08 00:13:20.932587 dv-cinder-851640-3-iscsi devstack@keystone.service[91988]: DEBUG keystone.server.flask.request_processing.req_logging [None req-e4345b47-c978-44eb-ba43-1ddeb2b884d5 None None] SCRIPT_NAME: `/identity` {{(pid=91988) log_request_info /opt/stack/keystone/keystone/server/flask/request_processing/req_logging.py:28}}
Aug 08 00:13:20.932587 dv-cinder-851640-3-iscsi devstack@keystone.service[91988]: DEBUG keystone.server.flask.request_processing.req_logging [None req-e4345b47-c978-44eb-ba43-1ddeb2b884d5 None None] PATH_INFO: `/` {{(pid=91988) log_request_info /opt/stack/keystone/keystone/server/flask/request_processing/req_logging.py:29}}
Aug 08 00:13:20.934186 dv-cinder-851640-3-iscsi devstack@keystone.service[91988]: [pid: 91988|app: 0|req: 24/47] 10.222.0.15 () {54 vars in 927 bytes} [Mon Aug 8 00:13:20 2022] GET /identity => generated 270 bytes in 3 msecs (HTTP/1.1 300) 6 headers in 234 bytes (1 switches on core 0)
Aug 08 00:13:20.939777 dv-cinder-851640-3-iscsi devstack@keystone.service[91987]: DEBUG keystone.server.flask.request_processing.req_logging [None req-bc34c1a9-b097-46b9-b064-a20f4bb50fcc None None] REQUEST_METHOD: `POST` {{(pid=91987) log_request_info /opt/stack/keystone/keystone/server/flask/request_processing/req_logging.py:27}}
Aug 08 00:13:20.940183 dv-cinder-851640-3-iscsi devstack@keystone.service[91987]: DEBUG keystone.server.flask.request_processing.req_logging [None req-bc34c1a9-b097-46b9-b064-a20f4bb50fcc None None] SCRIPT_NAME: `/identity` {{(pid=91987) log_request_info /opt/stack/keystone/keystone/server/flask/request_processing/req_logging.py:28}}
Aug 08 00:13:20.940404 dv-cinder-851640-3-iscsi devstack@keystone.service[91987]: DEBUG keystone.server.flask.request_processing.req_logging [None req-bc34c1a9-b097-46b9-b064-a20f4bb50fcc None None] PATH_INFO: `/v3/auth/tokens` {{(pid=91987) log_request_info /opt/stack/keystone/keystone/server/flask/request_processing/req_logging.py:29}}
Aug 08 00:13:20.959212 dv-cinder-851640-3-iscsi devstack@keystone.service[91987]: DEBUG keystone.auth.core [None req-bc34c1a9-b097-46b9-b064-a20f4bb50fcc None None] MFA Rules not processed for user `de917b8f456944dc9d27423048f81375`. Rule list: `[]` (Enabled: `True`). {{(pid=91987) check_auth_methods_against_rules /opt/stack/keystone/keystone/auth/core.py:438}}
Aug 08 00:13:20.960432 dv-cinder-851640-3-iscsi devstack@keystone.service[91987]: DEBUG keystone.common.fernet_utils [None req-bc34c1a9-b097-46b9-b064-a20f4bb50fcc None None] Loaded 2 Fernet keys from /etc/keystone/fernet-keys/, but `[fernet_tokens] max_active_keys = 3`; perhaps there have not been enough key rotations to reach `max_active_keys` yet? {{(pid=91987) load_keys /opt/stack/keystone/keystone/common/fernet_utils.py:286}}
Aug 08 00:13:21.024983 dv-cinder-851640-3-iscsi devstack@keystone.service[91987]: [pid: 91987|app: 0|req: 24/48] 10.222.0.15 () {58 vars in 1024 bytes} [Mon Aug 8 00:13:20 2022] POST /identity/v3/auth/tokens => generated 799 bytes in 86 msecs (HTTP/1.1 201) 6 headers in 363 bytes (1 switches on core 0)
Aug 08 00:13:21.047918 dv-cinder-851640-3-iscsi devstack@keystone.service[91988]: DEBUG keystone.server.flask.request_processing.middleware.auth_context [None req-e4345b47-c978-44eb-ba43-1ddeb2b884d5 None None] Authenticating user token {{(pid=91988) process_request /usr/local/lib/python3.8/dist-packages/keystonemiddleware/auth_token/__init__.py:407}}
Aug 08 00:13:21.115507 dv-cinder-851640-3-iscsi devstack@keystone.service[91988]: DEBUG dbcounter [-] [91988] Writing DB stats keystone:SELECT=100 {{(pid=91988) stat_writer /usr/local/lib/python3.8/dist-packages/dbcounter.py:114}}
Aug 08 00:13:21.149145 dv-cinder-851640-3-iscsi devstack@keystone.service[91988]: DEBUG keystone.server.flask.request_processing.middleware.auth_context [None req-e4345b47-c978-44eb-ba43-1ddeb2b884d5 None None] Validating token access rules against request {{(pid=91988) validate_allowed_request /usr/local/lib/python3.8/dist-packages/keystonemiddleware/auth_token/__init__.py:545}}
Aug 08 00:13:21.182714 dv-cinder-851640-3-iscsi devstack@keystone.service[91988]: DEBUG keystone.server.flask.request_processing.middleware.auth_context [None req-2fc2180a-ac57-4027-b978-69cb48ddaf78 None admin] RBAC: auth_context: {'token': , 'domain_id': None, 'trust_id': None, 'trustor_id': None, 'trustee_id': None, 'domain_name': None, 'group_ids': [], 'user_id': 'de917b8f456944dc9d27423048f81375', 'user_domain_id': 'default', 'system_scope': 'all', 'project_id': None, 'project_domain_id': None, 'roles': ['admin', 'member', 'reader'], 'is_admin_project': True, 'service_user_id': None, 'service_user_domain_id': None, 'service_project_id': None, 'service_project_domain_id': None, 'service_roles': []} {{(pid=91988) fill_context /opt/stack/keystone/keystone/server/flask/request_processing/middleware/auth_context.py:478}}
Aug 08 00:13:21.183427 dv-cinder-851640-3-iscsi devstack@keystone.service[91988]: DEBUG keystone.server.flask.request_processing.req_logging [None req-2fc2180a-ac57-4027-b978-69cb48ddaf78 None admin] REQUEST_METHOD: `GET` {{(pid=91988) log_request_info /opt/stack/keystone/keystone/server/flask/request_processing/req_logging.py:27}}
Aug 08 00:13:21.183721 dv-cinder-851640-3-iscsi devstack@keystone.service[91988]: DEBUG keystone.server.flask.request_processing.req_logging [None req-2fc2180a-ac57-4027-b978-69cb48ddaf78 None admin] SCRIPT_NAME: `/identity` {{(pid=91988) log_request_info /opt/stack/keystone/keystone/server/flask/request_processing/req_logging.py:28}}
Aug 08 00:13:21.183993 dv-cinder-851640-3-iscsi devstack@keystone.service[91988]: DEBUG keystone.server.flask.request_processing.req_logging [None req-2fc2180a-ac57-4027-b978-69cb48ddaf78 None admin] PATH_INFO: `/v3/roles/admin` {{(pid=91988) log_request_info /opt/stack/keystone/keystone/server/flask/request_processing/req_logging.py:29}}
Aug 08 00:13:21.194165 dv-cinder-851640-3-iscsi devstack@keystone.service[91988]: DEBUG keystone.common.rbac_enforcer.enforcer [None req-2fc2180a-ac57-4027-b978-69cb48ddaf78 None admin] Extracting inferred target data resulted in "NOT FOUND (404)". {{(pid=91988) enforce_call /opt/stack/keystone/keystone/common/rbac_enforcer/enforcer.py:409}}
Aug 08 00:13:21.199444 dv-cinder-851640-3-iscsi devstack@keystone.service[91988]: ERROR keystone.server.flask.application [None req-2fc2180a-ac57-4027-b978-69cb48ddaf78 None admin] Could not find role: admin.: keystone.exception.RoleNotFound: Could not find role: admin.
Aug 08 00:13:21.199444 dv-cinder-851640-3-iscsi devstack@keystone.service[91988]: ERROR keystone.server.flask.application
Traceback (most recent call last):
Aug 08 00:13:21.199444 dv-cinder-851640-3-iscsi devstack@keystone.service[91988]: ERROR keystone.server.flask.application
File "/usr/local/lib/python3.8/dist-packages/flask/app.py", line 1820, in full_dispatch_request
Aug 08 00:13:21.199444 dv-cinder-851640-3-iscsi devstack@keystone.service[91988]: ERROR keystone.server.flask.application rv = self.dispatch_request()
Aug 08 00:13:21.199444 dv-cinder-851640-3-iscsi devstack@keystone.service[91988]: ERROR keystone.server.flask.application
File "/usr/local/lib/python3.8/dist-packages/flask/app.py", line 1796, in dispatch_request
Aug 08 00:13:21.199444 dv-cinder-851640-3-iscsi devstack@keystone.service[91988]: ERROR keystone.server.flask.application return self.ensure_sync(self.view_functions[rule.endpoint])(**view_args)
Aug 08 00:13:21.199444 dv-cinder-851640-3-iscsi devstack@keystone.service[91988]: ERROR keystone.server.flask.application
File "/usr/local/lib/python3.8/dist-packages/flask_restful/__init__.py", line 467, in wrapper
Aug 08 00:13:21.199444 dv-cinder-851640-3-iscsi devstack@keystone.service[91988]: ERROR keystone.server.flask.application resp = resource(*args, **kwargs)
Aug 08 00:13:21.199444 dv-cinder-851640-3-iscsi devstack@keystone.service[91988]: ERROR keystone.server.flask.application
File "/usr/local/lib/python3.8/dist-packages/flask/views.py", line 107, in view
Aug 08 00:13:21.199444 dv-cinder-851640-3-iscsi devstack@keystone.service[91988]: ERROR keystone.server.flask.application return current_app.ensure_sync(self.dispatch_request)(**kwargs)
Aug 08 00:13:21.199444 dv-cinder-851640-3-iscsi devstack@keystone.service[91988]: ERROR keystone.server.flask.application
File "/usr/local/lib/python3.8/dist-packages/flask_restful/__init__.py", line 582, in dispatch_request
Aug 08 00:13:21.199444 dv-cinder-851640-3-iscsi devstack@keystone.service[91988]: ERROR keystone.server.flask.application resp = meth(*args, **kwargs)
Aug 08 00:13:21.199444 dv-cinder-851640-3-iscsi devstack@keystone.service[91988]: ERROR keystone.server.flask.application
File "/opt/stack/keystone/keystone/api/roles.py", line 50, in get
Aug 08 00:13:21.199444 dv-cinder-851640-3-iscsi devstack@keystone.service[91988]: ERROR keystone.server.flask.application return self._get_role(role_id)
Aug 08 00:13:21.199444 dv-cinder-851640-3-iscsi devstack@keystone.service[91988]: ERROR keystone.server.flask.application
File "/opt/stack/keystone/keystone/api/roles.py", line 70, in _get_role
Aug 08 00:13:21.199444 dv-cinder-851640-3-iscsi devstack@keystone.service[91988]: ERROR keystone.server.flask.application ENFORCER.enforce_call(action='identity:get_role')
Aug 08 00:13:21.205674 dv-cinder-851640-3-iscsi devstack@keystone.service[91988]: ERROR keystone.server.flask.application
File "/opt/stack/keystone/keystone/common/rbac_enforcer/enforcer.py", line 402, in enforce_call
Aug 08 00:13:21.205674 dv-cinder-851640-3-iscsi devstack@keystone.service[91988]: ERROR keystone.server.flask.application policy_dict.update(cls._extract_member_target_data(
Aug 08 00:13:21.205674 dv-cinder-851640-3-iscsi devstack@keystone.service[91988]: ERROR keystone.server.flask.application
File "/opt/stack/keystone/keystone/common/rbac_enforcer/enforcer.py", line 234, in _extract_member_target_data
Aug 08 00:13:21.205674 dv-cinder-851640-3-iscsi devstack@keystone.service[91988]: ERROR keystone.server.flask.application member_name: func(flask.request.view_args[key])
Aug 08 00:13:21.205674 dv-cinder-851640-3-iscsi devstack@keystone.service[91988]: ERROR keystone.server.flask.application
File "/opt/stack/keystone/keystone/common/manager.py", line 115, in wrapped
Aug 08 00:13:21.205674 dv-cinder-851640-3-iscsi devstack@keystone.service[91988]: ERROR keystone.server.flask.application __ret_val = __f(*args, **kwargs)
Aug 08 00:13:21.205674 dv-cinder-851640-3-iscsi devstack@keystone.service[91988]: ERROR keystone.server.flask.application
File "/usr/local/lib/python3.8/dist-packages/decorator.py", line 232, in fun
Aug 08 00:13:21.205674 dv-cinder-851640-3-iscsi devstack@keystone.service[91988]: ERROR keystone.server.flask.application return caller(func, *(extras + args), **kw)
Aug 08 00:13:21.205674 dv-cinder-851640-3-iscsi devstack@keystone.service[91988]: ERROR keystone.server.flask.application
File "/usr/local/lib/python3.8/dist-packages/dogpile/cache/region.py", line 1577, in get_or_create_for_user_func
Aug 08 00:13:21.205674 dv-cinder-851640-3-iscsi devstack@keystone.service[91988]: ERROR keystone.server.flask.application return self.get_or_create(
Aug 08 00:13:21.205674 dv-cinder-851640-3-iscsi devstack@keystone.service[91988]: ERROR keystone.server.flask.application
File "/usr/local/lib/python3.8/dist-packages/dogpile/cache/region.py", line 1042, in get_or_create
Aug 08 00:13:21.205674 dv-cinder-851640-3-iscsi devstack@keystone.service[91988]: ERROR keystone.server.flask.application with Lock(
Aug 08 00:13:21.205674 dv-cinder-851640-3-iscsi devstack@keystone.service[91988]: ERROR keystone.server.flask.application
File "/usr/local/lib/python3.8/dist-packages/dogpile/lock.py", line 185, in __enter__
Aug 08 00:13:21.205674 dv-cinder-851640-3-iscsi devstack@keystone.service[91988]: ERROR keystone.server.flask.application return self._enter()
Aug 08 00:13:21.205674 dv-cinder-851640-3-iscsi devstack@keystone.service[91988]: ERROR keystone.server.flask.application
File "/usr/local/lib/python3.8/dist-packages/dogpile/lock.py", line 94, in _enter
Aug 08 00:13:21.205674 dv-cinder-851640-3-iscsi devstack@keystone.service[91988]: ERROR keystone.server.flask.application generated = self._enter_create(value, createdtime)
Aug 08 00:13:21.206445 dv-cinder-851640-3-iscsi devstack@keystone.service[91988]: ERROR keystone.server.flask.application
File "/usr/local/lib/python3.8/dist-packages/dogpile/lock.py", line 178, in _enter_create
Aug 08 00:13:21.206445 dv-cinder-851640-3-iscsi devstack@keystone.service[91988]: ERROR keystone.server.flask.application return self.creator()
Aug 08 00:13:21.206445 dv-cinder-851640-3-iscsi devstack@keystone.service[91988]: ERROR keystone.server.flask.application
File "/usr/local/lib/python3.8/dist-packages/dogpile/cache/region.py", line 995, in gen_value
Aug 08 00:13:21.206445 dv-cinder-851640-3-iscsi devstack@keystone.service[91988]: ERROR keystone.server.flask.application created_value = creator(
Aug 08 00:13:21.206445 dv-cinder-851640-3-iscsi devstack@keystone.service[91988]: ERROR keystone.server.flask.application
File "/opt/stack/keystone/keystone/assignment/core.py", line 1276, in get_role
Aug 08 00:13:21.206445 dv-cinder-851640-3-iscsi devstack@keystone.service[91988]: ERROR keystone.server.flask.application return self.driver.get_role(role_id)
Aug 08 00:13:21.206445 dv-cinder-851640-3-iscsi devstack@keystone.service[91988]: ERROR keystone.server.flask.application
File "/opt/stack/keystone/keystone/assignment/role_backends/sql.py", line 70, in get_role
Aug 08 00:13:21.206445 dv-cinder-851640-3-iscsi devstack@keystone.service[91988]: ERROR keystone.server.flask.application return self._get_role(session, role_id).to_dict()
Aug 08 00:13:21.206445 dv-cinder-851640-3-iscsi devstack@keystone.service[91988]: ERROR keystone.server.flask.application
File "/opt/stack/keystone/keystone/assignment/role_backends/sql.py", line 65, in _get_role
Aug 08 00:13:21.206445 dv-cinder-851640-3-iscsi devstack@keystone.service[91988]: ERROR keystone.server.flask.application raise exception.RoleNotFound(role_id=role_id)
Aug 08 00:13:21.206445 dv-cinder-851640-3-iscsi devstack@keystone.service[91988]: ERROR keystone.server.flask.application keystone.exception.RoleNotFound: Could not find role: admin.
Aug 08 00:13:21.206445 dv-cinder-851640-3-iscsi devstack@keystone.service[91988]: ERROR keystone.server.flask.application
Aug 08 00:13:21.206445 dv-cinder-851640-3-iscsi devstack@keystone.service[91988]: [pid: 91988|app: 0|req: 25/49] 10.222.0.15 () {56 vars in 1096 bytes} [Mon Aug 8 00:13:21 2022] GET /identity/v3/roles/admin => generated 83 bytes in 153 msecs (HTTP/1.1 404) 5 headers in 183 bytes (1 switches on core 0)
Aug 08 00:13:21.207079 dv-cinder-851640-3-iscsi devstack@keystone.service[91987]: DEBUG keystone.server.flask.request_processing.middleware.auth_context [None req-bc34c1a9-b097-46b9-b064-a20f4bb50fcc None None] Authenticating user token {{(pid=91987) process_request /usr/local/lib/python3.8/dist-packages/keystonemiddleware/auth_token/__init__.py:407}}
Aug 08 00:13:21.268807 dv-cinder-851640-3-iscsi devstack@keystone.service[91988]: DEBUG keystone.server.flask.request_processing.req_logging [None req-724c6dc1-b566-49cd-920c-eec0d784a661 None None] REQUEST_METHOD: `GET` {{(pid=91988) log_request_info /opt/stack/keystone/keystone/server/flask/request_processing/req_logging.py:27}}
Aug 08 00:13:21.269089 dv-cinder-851640-3-iscsi devstack@keystone.service[91988]: DEBUG keystone.server.flask.request_processing.req_logging [None req-724c6dc1-b566-49cd-920c-eec0d784a661 None None] SCRIPT_NAME: `/identity` {{(pid=91988) log_request_info /opt/stack/keystone/keystone/server/flask/request_processing/req_logging.py:28}}
Aug 08 00:13:21.269374 dv-cinder-851640-3-iscsi devstack@keystone.service[91988]: DEBUG keystone.server.flask.request_processing.req_logging [None req-724c6dc1-b566-49cd-920c-eec0d784a661 None None] PATH_INFO: `/` {{(pid=91988) log_request_info /opt/stack/keystone/keystone/server/flask/request_processing/req_logging.py:29}}
Aug 08 00:13:21.270707 dv-cinder-851640-3-iscsi devstack@keystone.service[91988]: [pid: 91988|app: 0|req: 26/50] 10.222.0.15 () {54 vars in 927 bytes} [Mon Aug 8 00:13:21 2022] GET /identity => generated 270 bytes in 3 msecs (HTTP/1.1 300) 6 headers in 234 bytes (2 switches on core 0)
Aug 08 00:13:21.275710 dv-cinder-851640-3-iscsi devstack@keystone.service[91988]: DEBUG keystone.server.flask.request_processing.req_logging [None req-24650d4d-788c-46f6-8cdf-faff82db4d74 None None] REQUEST_METHOD: `POST` {{(pid=91988) log_request_info /opt/stack/keystone/keystone/server/flask/request_processing/req_logging.py:27}}
Aug 08 00:13:21.276005 dv-cinder-851640-3-iscsi devstack@keystone.service[91988]: DEBUG keystone.server.flask.request_processing.req_logging [None req-24650d4d-788c-46f6-8cdf-faff82db4d74 None None] SCRIPT_NAME: `/identity` {{(pid=91988) log_request_info /opt/stack/keystone/keystone/server/flask/request_processing/req_logging.py:28}}
Aug 08 00:13:21.276277 dv-cinder-851640-3-iscsi devstack@keystone.service[91988]: DEBUG keystone.server.flask.request_processing.req_logging [None req-24650d4d-788c-46f6-8cdf-faff82db4d74 None None] PATH_INFO: `/v3/auth/tokens` {{(pid=91988) log_request_info /opt/stack/keystone/keystone/server/flask/request_processing/req_logging.py:29}}
Aug 08 00:13:21.290022 dv-cinder-851640-3-iscsi devstack@keystone.service[91987]: DEBUG dbcounter [-] [91987] Writing DB stats keystone:SELECT=99,keystone:INSERT=1 {{(pid=91987) stat_writer /usr/local/lib/python3.8/dist-packages/dbcounter.py:114}}
Aug 08 00:13:21.294420 dv-cinder-851640-3-iscsi devstack@keystone.service[91988]: DEBUG keystone.auth.core [None req-24650d4d-788c-46f6-8cdf-faff82db4d74 None None] MFA Rules not processed for user `de917b8f456944dc9d27423048f81375`. Rule list: `[]` (Enabled: `True`). {{(pid=91988) check_auth_methods_against_rules /opt/stack/keystone/keystone/auth/core.py:438}}
Aug 08 00:13:21.295994 dv-cinder-851640-3-iscsi devstack@keystone.service[91988]: DEBUG keystone.common.fernet_utils [None req-24650d4d-788c-46f6-8cdf-faff82db4d74 None None] Loaded 2 Fernet keys from /etc/keystone/fernet-keys/, but `[fernet_tokens] max_active_keys = 3`; perhaps there have not been enough key rotations to reach `max_active_keys` yet? {{(pid=91988) load_keys /opt/stack/keystone/keystone/common/fernet_utils.py:286}}
Aug 08 00:13:21.305694 dv-cinder-851640-3-iscsi devstack@keystone.service[91987]: DEBUG keystone.server.flask.request_processing.middleware.auth_context [None req-bc34c1a9-b097-46b9-b064-a20f4bb50fcc None None] Validating token access rules against request {{(pid=91987) validate_allowed_request /usr/local/lib/python3.8/dist-packages/keystonemiddleware/auth_token/__init__.py:545}}
Aug 08 00:13:21.341230 dv-cinder-851640-3-iscsi devstack@keystone.service[91987]: DEBUG keystone.server.flask.request_processing.middleware.auth_context [None req-892ed62c-5df7-4d31-81a1-0376abe69bbd None admin] RBAC: auth_context: {'token': , 'domain_id': None, 'trust_id': None, 'trustor_id': None, 'trustee_id': None, 'domain_name': None, 'group_ids': [], 'user_id': 'de917b8f456944dc9d27423048f81375', 'user_domain_id': 'default', 'system_scope': 'all', 'project_id': None, 'project_domain_id': None, 'roles': ['admin', 'member', 'reader'], 'is_admin_project': True, 'service_user_id': None, 'service_user_domain_id': None, 'service_project_id': None, 'service_project_domain_id': None, 'service_roles': []} {{(pid=91987) fill_context /opt/stack/keystone/keystone/server/flask/request_processing/middleware/auth_context.py:478}}
Aug 08 00:13:21.341839 dv-cinder-851640-3-iscsi devstack@keystone.service[91987]: DEBUG keystone.server.flask.request_processing.req_logging [None req-892ed62c-5df7-4d31-81a1-0376abe69bbd None admin] REQUEST_METHOD: `GET` {{(pid=91987) log_request_info /opt/stack/keystone/keystone/server/flask/request_processing/req_logging.py:27}}
Aug 08 00:13:21.342118 dv-cinder-851640-3-iscsi devstack@keystone.service[91987]: DEBUG keystone.server.flask.request_processing.req_logging [None req-892ed62c-5df7-4d31-81a1-0376abe69bbd None admin] SCRIPT_NAME: `/identity` {{(pid=91987) log_request_info /opt/stack/keystone/keystone/server/flask/request_processing/req_logging.py:28}}
Aug 08 00:13:21.342395 dv-cinder-851640-3-iscsi devstack@keystone.service[91987]: DEBUG keystone.server.flask.request_processing.req_logging [None req-892ed62c-5df7-4d31-81a1-0376abe69bbd None admin] PATH_INFO: `/v3/roles` {{(pid=91987) log_request_info /opt/stack/keystone/keystone/server/flask/request_processing/req_logging.py:29}}
Aug 08 00:13:21.343061 dv-cinder-851640-3-iscsi devstack@keystone.service[91987]: DEBUG keystone.common.rbac_enforcer.enforcer [None req-892ed62c-5df7-4d31-81a1-0376abe69bbd None admin] RBAC: Adding query filter params (name=admin) {{(pid=91987) _extract_filter_values /opt/stack/keystone/keystone/common/rbac_enforcer/enforcer.py:167}}
Aug 08 00:13:21.343397 dv-cinder-851640-3-iscsi devstack@keystone.service[91987]: DEBUG keystone.common.rbac_enforcer.enforcer [None req-892ed62c-5df7-4d31-81a1-0376abe69bbd None admin] RBAC: Authorizing `identity:list_roles()` {{(pid=91987) enforce_call /opt/stack/keystone/keystone/common/rbac_enforcer/enforcer.py:449}}
Aug 08 00:13:21.344782 dv-cinder-851640-3-iscsi devstack@keystone.service[91987]: DEBUG keystone.common.rbac_enforcer.enforcer [None req-892ed62c-5df7-4d31-81a1-0376abe69bbd None admin] RBAC: Authorization granted {{(pid=91987) enforce_call /opt/stack/keystone/keystone/common/rbac_enforcer/enforcer.py:457}}
Aug 08 00:13:21.352718 dv-cinder-851640-3-iscsi devstack@keystone.service[91987]: [pid: 91987|app: 0|req: 25/51] 10.222.0.15 () {56 vars in 1099 bytes} [Mon Aug 8 00:13:21 2022] GET /identity/v3/roles?name=admin => generated 339 bytes in 147 msecs (HTTP/1.1 200) 5 headers in 177 bytes (2 switches on core 0)
Aug 08 00:13:21.358250 dv-cinder-851640-3-iscsi devstack@keystone.service[91987]: DEBUG keystone.server.flask.request_processing.middleware.auth_context [None req-892ed62c-5df7-4d31-81a1-0376abe69bbd None admin] Authenticating user token {{(pid=91987) process_request /usr/local/lib/python3.8/dist-packages/keystonemiddleware/auth_token/__init__.py:407}}
Aug 08 00:13:21.362887 dv-cinder-851640-3-iscsi devstack@keystone.service[91988]: [pid: 91988|app: 0|req: 27/52] 10.222.0.15 () {58 vars in 1024 bytes} [Mon Aug 8 00:13:21 2022] POST /identity/v3/auth/tokens => generated 799 bytes in 88 msecs (HTTP/1.1 201) 6 headers in 363 bytes (2 switches on core 0)
Aug 08 00:13:21.385145 dv-cinder-851640-3-iscsi devstack@keystone.service[91988]: DEBUG keystone.server.flask.request_processing.middleware.auth_context [None req-24650d4d-788c-46f6-8cdf-faff82db4d74 None None] Authenticating user token {{(pid=91988) process_request /usr/local/lib/python3.8/dist-packages/keystonemiddleware/auth_token/__init__.py:407}}
Aug 08 00:13:21.440908 dv-cinder-851640-3-iscsi devstack@keystone.service[91988]: DEBUG dbcounter [-] [91988] Writing DB stats keystone:SELECT=100 {{(pid=91988) stat_writer /usr/local/lib/python3.8/dist-packages/dbcounter.py:114}}
Aug 08 00:13:21.457441 dv-cinder-851640-3-iscsi devstack@keystone.service[91987]: DEBUG keystone.server.flask.request_processing.middleware.auth_context [None req-892ed62c-5df7-4d31-81a1-0376abe69bbd None admin] Validating token access rules against request {{(pid=91987) validate_allowed_request /usr/local/lib/python3.8/dist-packages/keystonemiddleware/auth_token/__init__.py:545}}
Aug 08 00:13:21.482845 dv-cinder-851640-3-iscsi devstack@keystone.service[91988]: DEBUG keystone.server.flask.request_processing.middleware.auth_context [None req-24650d4d-788c-46f6-8cdf-faff82db4d74 None None] Validating token access rules against request {{(pid=91988) validate_allowed_request /usr/local/lib/python3.8/dist-packages/keystonemiddleware/auth_token/__init__.py:545}}
Aug 08 00:13:21.491780 dv-cinder-851640-3-iscsi devstack@keystone.service[91987]: DEBUG keystone.server.flask.request_processing.middleware.auth_context [None req-19afad8f-4d47-420c-9660-49ffb023918f None admin] RBAC: auth_context: {'token': , 'domain_id': None, 'trust_id': None, 'trustor_id': None, 'trustee_id': None, 'domain_name': None, 'group_ids': [], 'user_id': 'de917b8f456944dc9d27423048f81375', 'user_domain_id': 'default', 'system_scope': 'all', 'project_id': None, 'project_domain_id': None, 'roles': ['admin', 'member', 'reader'], 'is_admin_project': True, 'service_user_id': None, 'service_user_domain_id': None, 'service_project_id': None, 'service_project_domain_id': None, 'service_roles': []} {{(pid=91987) fill_context /opt/stack/keystone/keystone/server/flask/request_processing/middleware/auth_context.py:478}}
Aug 08 00:13:21.492413 dv-cinder-851640-3-iscsi devstack@keystone.service[91987]: DEBUG keystone.server.flask.request_processing.req_logging [None req-19afad8f-4d47-420c-9660-49ffb023918f None admin] REQUEST_METHOD: `GET` {{(pid=91987) log_request_info /opt/stack/keystone/keystone/server/flask/request_processing/req_logging.py:27}}
Aug 08 00:13:21.492690 dv-cinder-851640-3-iscsi devstack@keystone.service[91987]: DEBUG keystone.server.flask.request_processing.req_logging [None req-19afad8f-4d47-420c-9660-49ffb023918f None admin] SCRIPT_NAME: `/identity` {{(pid=91987) log_request_info /opt/stack/keystone/keystone/server/flask/request_processing/req_logging.py:28}}
Aug 08 00:13:21.492963 dv-cinder-851640-3-iscsi devstack@keystone.service[91987]: DEBUG keystone.server.flask.request_processing.req_logging [None req-19afad8f-4d47-420c-9660-49ffb023918f None admin] PATH_INFO: `/v3/users/de917b8f456944dc9d27423048f81375` {{(pid=91987) log_request_info /opt/stack/keystone/keystone/server/flask/request_processing/req_logging.py:29}}
Aug 08 00:13:21.494105 dv-cinder-851640-3-iscsi devstack@keystone.service[91987]: DEBUG keystone.common.rbac_enforcer.enforcer [None req-19afad8f-4d47-420c-9660-49ffb023918f None admin] RBAC: Authorizing `identity:get_user(user_id=de917b8f456944dc9d27423048f81375)` {{(pid=91987) enforce_call /opt/stack/keystone/keystone/common/rbac_enforcer/enforcer.py:449}}
Aug 08 00:13:21.495591 dv-cinder-851640-3-iscsi devstack@keystone.service[91987]: DEBUG keystone.common.rbac_enforcer.enforcer [None req-19afad8f-4d47-420c-9660-49ffb023918f None admin] RBAC: Authorization granted {{(pid=91987) enforce_call /opt/stack/keystone/keystone/common/rbac_enforcer/enforcer.py:457}}
Aug 08 00:13:21.497422 dv-cinder-851640-3-iscsi devstack@keystone.service[91987]: [pid: 91987|app: 0|req: 26/53] 10.222.0.15 () {56 vars in 1177 bytes} [Mon Aug 8 00:13:21 2022] GET /identity/v3/users/de917b8f456944dc9d27423048f81375 => generated 247 bytes in 139 msecs (HTTP/1.1 200) 5 headers in 177 bytes (2 switches on core 0)
Aug 08 00:13:21.502593 dv-cinder-851640-3-iscsi devstack@keystone.service[91987]: DEBUG keystone.server.flask.request_processing.middleware.auth_context [None req-19afad8f-4d47-420c-9660-49ffb023918f None admin] Authenticating user token {{(pid=91987) process_request /usr/local/lib/python3.8/dist-packages/keystonemiddleware/auth_token/__init__.py:407}}
Aug 08 00:13:21.516633 dv-cinder-851640-3-iscsi devstack@keystone.service[91988]: DEBUG keystone.server.flask.request_processing.middleware.auth_context [None req-6ca36d59-17f9-4ab4-81ff-9e6ac3fbc00f None admin] RBAC: auth_context: {'token': , 'domain_id': None, 'trust_id': None, 'trustor_id': None, 'trustee_id': None, 'domain_name': None, 'group_ids': [], 'user_id': 'de917b8f456944dc9d27423048f81375', 'user_domain_id': 'default', 'system_scope': 'all', 'project_id': None, 'project_domain_id': None, 'roles': ['admin', 'member', 'reader'], 'is_admin_project': True, 'service_user_id': None, 'service_user_domain_id': None, 'service_project_id': None, 'service_project_domain_id': None, 'service_roles': []} {{(pid=91988) fill_context /opt/stack/keystone/keystone/server/flask/request_processing/middleware/auth_context.py:478}}
Aug 08 00:13:21.517264 dv-cinder-851640-3-iscsi devstack@keystone.service[91988]: DEBUG keystone.server.flask.request_processing.req_logging [None req-6ca36d59-17f9-4ab4-81ff-9e6ac3fbc00f None admin] REQUEST_METHOD: `GET` {{(pid=91988) log_request_info /opt/stack/keystone/keystone/server/flask/request_processing/req_logging.py:27}}
Aug 08 00:13:21.517545 dv-cinder-851640-3-iscsi devstack@keystone.service[91988]: DEBUG keystone.server.flask.request_processing.req_logging [None req-6ca36d59-17f9-4ab4-81ff-9e6ac3fbc00f None admin] SCRIPT_NAME: `/identity` {{(pid=91988) log_request_info /opt/stack/keystone/keystone/server/flask/request_processing/req_logging.py:28}}
Aug 08 00:13:21.517818 dv-cinder-851640-3-iscsi devstack@keystone.service[91988]: DEBUG keystone.server.flask.request_processing.req_logging [None req-6ca36d59-17f9-4ab4-81ff-9e6ac3fbc00f None admin] PATH_INFO: `/v3/domains/default` {{(pid=91988) log_request_info /opt/stack/keystone/keystone/server/flask/request_processing/req_logging.py:29}}
Aug 08 00:13:21.518185 dv-cinder-851640-3-iscsi devstack@keystone.service[91987]: DEBUG dbcounter [-] [91987] Writing DB stats keystone:SELECT=100 {{(pid=91987) stat_writer /usr/local/lib/python3.8/dist-packages/dbcounter.py:114}}
Aug 08 00:13:21.519007 dv-cinder-851640-3-iscsi devstack@keystone.service[91988]: DEBUG keystone.common.rbac_enforcer.enforcer [None req-6ca36d59-17f9-4ab4-81ff-9e6ac3fbc00f None admin] RBAC: Authorizing `identity:get_domain(domain_id=default)` {{(pid=91988) enforce_call /opt/stack/keystone/keystone/common/rbac_enforcer/enforcer.py:449}}
Aug 08 00:13:21.520473 dv-cinder-851640-3-iscsi devstack@keystone.service[91988]: DEBUG keystone.common.rbac_enforcer.enforcer [None req-6ca36d59-17f9-4ab4-81ff-9e6ac3fbc00f None admin] RBAC: Authorization granted {{(pid=91988) enforce_call /opt/stack/keystone/keystone/common/rbac_enforcer/enforcer.py:457}}
Aug 08 00:13:21.522035 dv-cinder-851640-3-iscsi devstack@keystone.service[91988]: [pid: 91988|app: 0|req: 28/54] 10.222.0.15 () {56 vars in 1108 bytes} [Mon Aug 8 00:13:21 2022] GET /identity/v3/domains/default => generated 199 bytes in 137 msecs (HTTP/1.1 200) 5 headers in 177 bytes (2 switches on core 0)
Aug 08 00:13:21.528306 dv-cinder-851640-3-iscsi devstack@keystone.service[91988]: DEBUG keystone.server.flask.request_processing.middleware.auth_context [None req-6ca36d59-17f9-4ab4-81ff-9e6ac3fbc00f None admin] Authenticating user token {{(pid=91988) process_request /usr/local/lib/python3.8/dist-packages/keystonemiddleware/auth_token/__init__.py:407}}
Aug 08 00:13:21.601591 dv-cinder-851640-3-iscsi devstack@keystone.service[91987]: DEBUG keystone.server.flask.request_processing.middleware.auth_context [None req-19afad8f-4d47-420c-9660-49ffb023918f None admin] Validating token access rules against request {{(pid=91987) validate_allowed_request /usr/local/lib/python3.8/dist-packages/keystonemiddleware/auth_token/__init__.py:545}}
Aug 08 00:13:21.626959 dv-cinder-851640-3-iscsi devstack@keystone.service[91988]: DEBUG keystone.server.flask.request_processing.middleware.auth_context [None req-6ca36d59-17f9-4ab4-81ff-9e6ac3fbc00f None admin] Validating token access rules against request {{(pid=91988) validate_allowed_request /usr/local/lib/python3.8/dist-packages/keystonemiddleware/auth_token/__init__.py:545}}
Aug 08 00:13:21.635375 dv-cinder-851640-3-iscsi devstack@keystone.service[91987]: DEBUG keystone.server.flask.request_processing.middleware.auth_context [None req-a6b4a2a6-78b4-4c3b-be6e-0fef65ad8245 None admin] RBAC: auth_context: {'token': , 'domain_id': None, 'trust_id': None, 'trustor_id': None, 'trustee_id': None, 'domain_name': None, 'group_ids': [], 'user_id': 'de917b8f456944dc9d27423048f81375', 'user_domain_id': 'default', 'system_scope': 'all', 'project_id': None, 'project_domain_id': None, 'roles': ['admin', 'member', 'reader'], 'is_admin_project': True, 'service_user_id': None, 'service_user_domain_id': None, 'service_project_id': None, 'service_project_domain_id': None, 'service_roles': []} {{(pid=91987) fill_context /opt/stack/keystone/keystone/server/flask/request_processing/middleware/auth_context.py:478}}
