Aug 08 00:13:13.907947 dv-cinder-851640-3-iscsi devstack@keystone.service[91988]: DEBUG dbcounter [-] [91988] Writing DB stats keystone:SELECT=100 {{(pid=91988) stat_writer /usr/local/lib/python3.8/dist-packages/dbcounter.py:114}}
Aug 08 00:13:13.941696 dv-cinder-851640-3-iscsi devstack@keystone.service[91987]: DEBUG dbcounter [-] [91987] Writing DB stats keystone:SELECT=100 {{(pid=91987) stat_writer /usr/local/lib/python3.8/dist-packages/dbcounter.py:114}}
Aug 08 00:13:13.944046 dv-cinder-851640-3-iscsi devstack@keystone.service[91988]: DEBUG keystone.server.flask.request_processing.middleware.auth_context [None req-2d6cbe37-1109-41f0-a7f5-8604b3e9578c None admin] RBAC: auth_context: {'token': , 'domain_id': None, 'trust_id': None, 'trustor_id': None, 'trustee_id': None, 'domain_name': None, 'group_ids': [], 'user_id': 'de917b8f456944dc9d27423048f81375', 'user_domain_id': 'default', 'system_scope': 'all', 'project_id': None, 'project_domain_id': None, 'roles': ['admin', 'member', 'reader'], 'is_admin_project': True, 'service_user_id': None, 'service_user_domain_id': None, 'service_project_id': None, 'service_project_domain_id': None, 'service_roles': []} {{(pid=91988) fill_context /opt/stack/keystone/keystone/server/flask/request_processing/middleware/auth_context.py:478}}
Aug 08 00:13:13.944909 dv-cinder-851640-3-iscsi devstack@keystone.service[91988]: DEBUG keystone.server.flask.request_processing.req_logging [None req-2d6cbe37-1109-41f0-a7f5-8604b3e9578c None admin] REQUEST_METHOD: `GET` {{(pid=91988) log_request_info /opt/stack/keystone/keystone/server/flask/request_processing/req_logging.py:27}}
Aug 08 00:13:13.945220 dv-cinder-851640-3-iscsi devstack@keystone.service[91988]: DEBUG keystone.server.flask.request_processing.req_logging [None req-2d6cbe37-1109-41f0-a7f5-8604b3e9578c None admin] SCRIPT_NAME: `/identity` {{(pid=91988) log_request_info /opt/stack/keystone/keystone/server/flask/request_processing/req_logging.py:28}}
Aug 08 00:13:13.945494 dv-cinder-851640-3-iscsi devstack@keystone.service[91988]: DEBUG keystone.server.flask.request_processing.req_logging [None req-2d6cbe37-1109-41f0-a7f5-8604b3e9578c None admin] PATH_INFO: `/v3/auth/tokens` {{(pid=91988) log_request_info /opt/stack/keystone/keystone/server/flask/request_processing/req_logging.py:29}}
Aug 08 00:13:13.959911 dv-cinder-851640-3-iscsi devstack@keystone.service[91987]: DEBUG keystone.server.flask.request_processing.middleware.auth_context [None req-afb79a84-f1a6-4521-95f2-20d742c03fd9 None admin] Validating token access rules against request {{(pid=91987) validate_allowed_request /usr/local/lib/python3.8/dist-packages/keystonemiddleware/auth_token/__init__.py:545}}
Aug 08 00:13:13.994901 dv-cinder-851640-3-iscsi devstack@keystone.service[91987]: DEBUG keystone.server.flask.request_processing.middleware.auth_context [None req-36f4b69d-b2a6-4c86-ab65-b155529a7d7c None admin] RBAC: auth_context: {'token': , 'domain_id': None, 'trust_id': None, 'trustor_id': None, 'trustee_id': None, 'domain_name': None, 'group_ids': [], 'user_id': 'de917b8f456944dc9d27423048f81375', 'user_domain_id': 'default', 'system_scope': 'all', 'project_id': None, 'project_domain_id': None, 'roles': ['admin', 'member', 'reader'], 'is_admin_project': True, 'service_user_id': None, 'service_user_domain_id': None, 'service_project_id': None, 'service_project_domain_id': None, 'service_roles': []} {{(pid=91987) fill_context /opt/stack/keystone/keystone/server/flask/request_processing/middleware/auth_context.py:478}}
Aug 08 00:13:13.995644 dv-cinder-851640-3-iscsi devstack@keystone.service[91987]: DEBUG keystone.server.flask.request_processing.req_logging [None req-36f4b69d-b2a6-4c86-ab65-b155529a7d7c None admin] REQUEST_METHOD: `GET` {{(pid=91987) log_request_info /opt/stack/keystone/keystone/server/flask/request_processing/req_logging.py:27}}
Aug 08 00:13:13.996442 dv-cinder-851640-3-iscsi devstack@keystone.service[91987]: DEBUG keystone.server.flask.request_processing.req_logging [None req-36f4b69d-b2a6-4c86-ab65-b155529a7d7c None admin] SCRIPT_NAME: `/identity` {{(pid=91987) log_request_info /opt/stack/keystone/keystone/server/flask/request_processing/req_logging.py:28}}
Aug 08 00:13:13.996715 dv-cinder-851640-3-iscsi devstack@keystone.service[91987]: DEBUG keystone.server.flask.request_processing.req_logging [None req-36f4b69d-b2a6-4c86-ab65-b155529a7d7c None admin] PATH_INFO: `/v3/roles` {{(pid=91987) log_request_info /opt/stack/keystone/keystone/server/flask/request_processing/req_logging.py:29}}
Aug 08 00:13:13.997380 dv-cinder-851640-3-iscsi devstack@keystone.service[91987]: DEBUG keystone.common.rbac_enforcer.enforcer [None req-36f4b69d-b2a6-4c86-ab65-b155529a7d7c None admin] RBAC: Adding query filter params (name=admin) {{(pid=91987) _extract_filter_values /opt/stack/keystone/keystone/common/rbac_enforcer/enforcer.py:167}}
Aug 08 00:13:13.997682 dv-cinder-851640-3-iscsi devstack@keystone.service[91987]: DEBUG keystone.common.rbac_enforcer.enforcer [None req-36f4b69d-b2a6-4c86-ab65-b155529a7d7c None admin] RBAC: Authorizing `identity:list_roles()` {{(pid=91987) enforce_call /opt/stack/keystone/keystone/common/rbac_enforcer/enforcer.py:449}}
Aug 08 00:13:13.999072 dv-cinder-851640-3-iscsi devstack@keystone.service[91987]: DEBUG keystone.common.rbac_enforcer.enforcer [None req-36f4b69d-b2a6-4c86-ab65-b155529a7d7c None admin] RBAC: Authorization granted {{(pid=91987) enforce_call /opt/stack/keystone/keystone/common/rbac_enforcer/enforcer.py:457}}
Aug 08 00:13:14.010439 dv-cinder-851640-3-iscsi devstack@keystone.service[91987]: [pid: 91987|app: 0|req: 7/15] 10.222.0.15 () {56 vars in 1099 bytes} [Mon Aug 8 00:13:13 2022] GET /identity/v3/roles?name=admin => generated 339 bytes in 151 msecs (HTTP/1.1 200) 5 headers in 177 bytes (2 switches on core 0)
Aug 08 00:13:14.013841 dv-cinder-851640-3-iscsi devstack@keystone.service[91988]: DEBUG keystone.common.rbac_enforcer.enforcer [None req-2d6cbe37-1109-41f0-a7f5-8604b3e9578c None admin] RBAC: Authorizing `identity:validate_token()` {{(pid=91988) enforce_call /opt/stack/keystone/keystone/common/rbac_enforcer/enforcer.py:449}}
Aug 08 00:13:14.015401 dv-cinder-851640-3-iscsi devstack@keystone.service[91988]: DEBUG keystone.common.rbac_enforcer.enforcer [None req-2d6cbe37-1109-41f0-a7f5-8604b3e9578c None admin] RBAC: Authorization granted {{(pid=91988) enforce_call /opt/stack/keystone/keystone/common/rbac_enforcer/enforcer.py:457}}
Aug 08 00:13:14.016706 dv-cinder-851640-3-iscsi devstack@keystone.service[91987]: DEBUG keystone.server.flask.request_processing.middleware.auth_context [None req-36f4b69d-b2a6-4c86-ab65-b155529a7d7c None admin] Authenticating user token {{(pid=91987) process_request /usr/local/lib/python3.8/dist-packages/keystonemiddleware/auth_token/__init__.py:407}}
Aug 08 00:13:14.119396 dv-cinder-851640-3-iscsi devstack@keystone.service[91988]: [pid: 91988|app: 0|req: 9/16] 10.222.0.15 () {58 vars in 1282 bytes} [Mon Aug 8 00:13:13 2022] GET /identity/v3/auth/tokens => generated 799 bytes in 319 msecs (HTTP/1.1 200) 6 headers in 358 bytes (2 switches on core 0)
Aug 08 00:13:14.125997 dv-cinder-851640-3-iscsi devstack@keystone.service[91988]: DEBUG keystone.server.flask.request_processing.middleware.auth_context [None req-2d6cbe37-1109-41f0-a7f5-8604b3e9578c None admin] Authenticating user token {{(pid=91988) process_request /usr/local/lib/python3.8/dist-packages/keystonemiddleware/auth_token/__init__.py:407}}
Aug 08 00:13:14.129099 dv-cinder-851640-3-iscsi devstack@keystone.service[91988]: DEBUG dbcounter [-] [91988] Writing DB stats keystone:SELECT=100 {{(pid=91988) stat_writer /usr/local/lib/python3.8/dist-packages/dbcounter.py:114}}
Aug 08 00:13:14.221882 dv-cinder-851640-3-iscsi devstack@keystone.service[91987]: DEBUG keystone.server.flask.request_processing.middleware.auth_context [None req-36f4b69d-b2a6-4c86-ab65-b155529a7d7c None admin] Validating token access rules against request {{(pid=91987) validate_allowed_request /usr/local/lib/python3.8/dist-packages/keystonemiddleware/auth_token/__init__.py:545}}
Aug 08 00:13:14.224561 dv-cinder-851640-3-iscsi devstack@keystone.service[91988]: DEBUG keystone.server.flask.request_processing.middleware.auth_context [None req-2d6cbe37-1109-41f0-a7f5-8604b3e9578c None admin] Validating token access rules against request {{(pid=91988) validate_allowed_request /usr/local/lib/python3.8/dist-packages/keystonemiddleware/auth_token/__init__.py:545}}
Aug 08 00:13:14.259593 dv-cinder-851640-3-iscsi devstack@keystone.service[91987]: DEBUG keystone.server.flask.request_processing.middleware.auth_context [None req-0f055449-5e77-41ea-b338-2347a62cfef9 None admin] RBAC: auth_context: {'token': , 'domain_id': None, 'trust_id': None, 'trustor_id': None, 'trustee_id': None, 'domain_name': None, 'group_ids': [], 'user_id': 'de917b8f456944dc9d27423048f81375', 'user_domain_id': 'default', 'system_scope': 'all', 'project_id': None, 'project_domain_id': None, 'roles': ['admin', 'member', 'reader'], 'is_admin_project': True, 'service_user_id': None, 'service_user_domain_id': None, 'service_project_id': None, 'service_project_domain_id': None, 'service_roles': []} {{(pid=91987) fill_context /opt/stack/keystone/keystone/server/flask/request_processing/middleware/auth_context.py:478}}
Aug 08 00:13:14.260587 dv-cinder-851640-3-iscsi devstack@keystone.service[91987]: DEBUG keystone.server.flask.request_processing.req_logging [None req-0f055449-5e77-41ea-b338-2347a62cfef9 None admin] REQUEST_METHOD: `GET` {{(pid=91987) log_request_info /opt/stack/keystone/keystone/server/flask/request_processing/req_logging.py:27}}
Aug 08 00:13:14.261053 dv-cinder-851640-3-iscsi devstack@keystone.service[91987]: DEBUG keystone.server.flask.request_processing.req_logging [None req-0f055449-5e77-41ea-b338-2347a62cfef9 None admin] SCRIPT_NAME: `/identity` {{(pid=91987) log_request_info /opt/stack/keystone/keystone/server/flask/request_processing/req_logging.py:28}}
Aug 08 00:13:14.261797 dv-cinder-851640-3-iscsi devstack@keystone.service[91987]: DEBUG keystone.server.flask.request_processing.req_logging [None req-0f055449-5e77-41ea-b338-2347a62cfef9 None admin] PATH_INFO: `/v3/users/de917b8f456944dc9d27423048f81375` {{(pid=91987) log_request_info /opt/stack/keystone/keystone/server/flask/request_processing/req_logging.py:29}}
Aug 08 00:13:14.263573 dv-cinder-851640-3-iscsi devstack@keystone.service[91987]: DEBUG keystone.common.rbac_enforcer.enforcer [None req-0f055449-5e77-41ea-b338-2347a62cfef9 None admin] RBAC: Authorizing `identity:get_user(user_id=de917b8f456944dc9d27423048f81375)` {{(pid=91987) enforce_call /opt/stack/keystone/keystone/common/rbac_enforcer/enforcer.py:449}}
Aug 08 00:13:14.264254 dv-cinder-851640-3-iscsi devstack@keystone.service[91988]: DEBUG keystone.server.flask.request_processing.middleware.auth_context [None req-22a0e394-0628-41d2-9901-79ead3110744 None admin] RBAC: auth_context: {'token': , 'domain_id': None, 'trust_id': None, 'trustor_id': None, 'trustee_id': None, 'domain_name': None, 'group_ids': [], 'user_id': 'de917b8f456944dc9d27423048f81375', 'user_domain_id': 'default', 'system_scope': 'all', 'project_id': None, 'project_domain_id': None, 'roles': ['admin', 'member', 'reader'], 'is_admin_project': True, 'service_user_id': None, 'service_user_domain_id': None, 'service_project_id': None, 'service_project_domain_id': None, 'service_roles': []} {{(pid=91988) fill_context /opt/stack/keystone/keystone/server/flask/request_processing/middleware/auth_context.py:478}}
Aug 08 00:13:14.265541 dv-cinder-851640-3-iscsi devstack@keystone.service[91988]: DEBUG keystone.server.flask.request_processing.req_logging [None req-22a0e394-0628-41d2-9901-79ead3110744 None admin] REQUEST_METHOD: `GET` {{(pid=91988) log_request_info /opt/stack/keystone/keystone/server/flask/request_processing/req_logging.py:27}}
Aug 08 00:13:14.265990 dv-cinder-851640-3-iscsi devstack@keystone.service[91987]: DEBUG keystone.common.rbac_enforcer.enforcer [None req-0f055449-5e77-41ea-b338-2347a62cfef9 None admin] RBAC: Authorization granted {{(pid=91987) enforce_call /opt/stack/keystone/keystone/common/rbac_enforcer/enforcer.py:457}}
Aug 08 00:13:14.266079 dv-cinder-851640-3-iscsi devstack@keystone.service[91988]: DEBUG keystone.server.flask.request_processing.req_logging [None req-22a0e394-0628-41d2-9901-79ead3110744 None admin] SCRIPT_NAME: `/identity` {{(pid=91988) log_request_info /opt/stack/keystone/keystone/server/flask/request_processing/req_logging.py:28}}
Aug 08 00:13:14.266441 dv-cinder-851640-3-iscsi devstack@keystone.service[91988]: DEBUG keystone.server.flask.request_processing.req_logging [None req-22a0e394-0628-41d2-9901-79ead3110744 None admin] PATH_INFO: `/v3/domains/Default` {{(pid=91988) log_request_info /opt/stack/keystone/keystone/server/flask/request_processing/req_logging.py:29}}
Aug 08 00:13:14.273013 dv-cinder-851640-3-iscsi devstack@keystone.service[91987]: [pid: 91987|app: 0|req: 8/17] 10.222.0.15 () {56 vars in 1177 bytes} [Mon Aug 8 00:13:14 2022] GET /identity/v3/users/de917b8f456944dc9d27423048f81375 => generated 247 bytes in 252 msecs (HTTP/1.1 200) 5 headers in 177 bytes (2 switches on core 0)
Aug 08 00:13:14.274006 dv-cinder-851640-3-iscsi devstack@keystone.service[91987]: DEBUG keystone.server.flask.request_processing.middleware.auth_context [None req-0f055449-5e77-41ea-b338-2347a62cfef9 None admin] Authenticating user token {{(pid=91987) process_request /usr/local/lib/python3.8/dist-packages/keystonemiddleware/auth_token/__init__.py:407}}
Aug 08 00:13:14.285456 dv-cinder-851640-3-iscsi devstack@keystone.service[91988]: DEBUG keystone.common.rbac_enforcer.enforcer [None req-22a0e394-0628-41d2-9901-79ead3110744 None admin] RBAC: Authorizing `identity:get_domain(domain_id=Default)` {{(pid=91988) enforce_call /opt/stack/keystone/keystone/common/rbac_enforcer/enforcer.py:449}}
Aug 08 00:13:14.286927 dv-cinder-851640-3-iscsi devstack@keystone.service[91988]: DEBUG keystone.common.rbac_enforcer.enforcer [None req-22a0e394-0628-41d2-9901-79ead3110744 None admin] RBAC: Authorization granted {{(pid=91988) enforce_call /opt/stack/keystone/keystone/common/rbac_enforcer/enforcer.py:457}}
Aug 08 00:13:14.288238 dv-cinder-851640-3-iscsi devstack@keystone.service[91987]: DEBUG dbcounter [-] [91987] Writing DB stats keystone:SELECT=100 {{(pid=91987) stat_writer /usr/local/lib/python3.8/dist-packages/dbcounter.py:114}}
Aug 08 00:13:14.305114 dv-cinder-851640-3-iscsi devstack@keystone.service[91988]: ERROR keystone.server.flask.application [None req-22a0e394-0628-41d2-9901-79ead3110744 None admin] Could not find domain: Default.: keystone.exception.DomainNotFound: Could not find domain: Default.
Aug 08 00:13:14.305114 dv-cinder-851640-3-iscsi devstack@keystone.service[91988]: ERROR keystone.server.flask.application
Traceback (most recent call last):
Aug 08 00:13:14.305114 dv-cinder-851640-3-iscsi devstack@keystone.service[91988]: ERROR keystone.server.flask.application
File "/usr/local/lib/python3.8/dist-packages/flask/app.py", line 1820, in full_dispatch_request
Aug 08 00:13:14.305114 dv-cinder-851640-3-iscsi devstack@keystone.service[91988]: ERROR keystone.server.flask.application rv = self.dispatch_request()
Aug 08 00:13:14.305114 dv-cinder-851640-3-iscsi devstack@keystone.service[91988]: ERROR keystone.server.flask.application
File "/usr/local/lib/python3.8/dist-packages/flask/app.py", line 1796, in dispatch_request
Aug 08 00:13:14.305114 dv-cinder-851640-3-iscsi devstack@keystone.service[91988]: ERROR keystone.server.flask.application return self.ensure_sync(self.view_functions[rule.endpoint])(**view_args)
Aug 08 00:13:14.305114 dv-cinder-851640-3-iscsi devstack@keystone.service[91988]: ERROR keystone.server.flask.application
File "/usr/local/lib/python3.8/dist-packages/flask_restful/__init__.py", line 467, in wrapper
Aug 08 00:13:14.305114 dv-cinder-851640-3-iscsi devstack@keystone.service[91988]: ERROR keystone.server.flask.application resp = resource(*args, **kwargs)
Aug 08 00:13:14.305114 dv-cinder-851640-3-iscsi devstack@keystone.service[91988]: ERROR keystone.server.flask.application
File "/usr/local/lib/python3.8/dist-packages/flask/views.py", line 107, in view
Aug 08 00:13:14.305114 dv-cinder-851640-3-iscsi devstack@keystone.service[91988]: ERROR keystone.server.flask.application return current_app.ensure_sync(self.dispatch_request)(**kwargs)
Aug 08 00:13:14.305114 dv-cinder-851640-3-iscsi devstack@keystone.service[91988]: ERROR keystone.server.flask.application
File "/usr/local/lib/python3.8/dist-packages/flask_restful/__init__.py", line 582, in dispatch_request
Aug 08 00:13:14.305114 dv-cinder-851640-3-iscsi devstack@keystone.service[91988]: ERROR keystone.server.flask.application resp = meth(*args, **kwargs)
Aug 08 00:13:14.305114 dv-cinder-851640-3-iscsi devstack@keystone.service[91988]: ERROR keystone.server.flask.application
File "/opt/stack/keystone/keystone/api/domains.py", line 89, in get
Aug 08 00:13:14.305114 dv-cinder-851640-3-iscsi devstack@keystone.service[91988]: ERROR keystone.server.flask.application return self._get_domain(domain_id)
Aug 08 00:13:14.305114 dv-cinder-851640-3-iscsi devstack@keystone.service[91988]: ERROR keystone.server.flask.application
File "/opt/stack/keystone/keystone/api/domains.py", line 97, in _get_domain
Aug 08 00:13:14.305114 dv-cinder-851640-3-iscsi devstack@keystone.service[91988]: ERROR keystone.server.flask.application domain = PROVIDERS.resource_api.get_domain(domain_id)
Aug 08 00:13:14.317888 dv-cinder-851640-3-iscsi devstack@keystone.service[91988]: ERROR keystone.server.flask.application
File "/opt/stack/keystone/keystone/common/manager.py", line 115, in wrapped
Aug 08 00:13:14.317888 dv-cinder-851640-3-iscsi devstack@keystone.service[91988]: ERROR keystone.server.flask.application __ret_val = __f(*args, **kwargs)
Aug 08 00:13:14.317888 dv-cinder-851640-3-iscsi devstack@keystone.service[91988]: ERROR keystone.server.flask.application
File "/usr/local/lib/python3.8/dist-packages/decorator.py", line 232, in fun
Aug 08 00:13:14.317888 dv-cinder-851640-3-iscsi devstack@keystone.service[91988]: ERROR keystone.server.flask.application return caller(func, *(extras + args), **kw)
Aug 08 00:13:14.317888 dv-cinder-851640-3-iscsi devstack@keystone.service[91988]: ERROR keystone.server.flask.application
File "/usr/local/lib/python3.8/dist-packages/dogpile/cache/region.py", line 1577, in get_or_create_for_user_func
Aug 08 00:13:14.317888 dv-cinder-851640-3-iscsi devstack@keystone.service[91988]: ERROR keystone.server.flask.application return self.get_or_create(
Aug 08 00:13:14.317888 dv-cinder-851640-3-iscsi devstack@keystone.service[91988]: ERROR keystone.server.flask.application
File "/usr/local/lib/python3.8/dist-packages/dogpile/cache/region.py", line 1042, in get_or_create
Aug 08 00:13:14.317888 dv-cinder-851640-3-iscsi devstack@keystone.service[91988]: ERROR keystone.server.flask.application with Lock(
Aug 08 00:13:14.317888 dv-cinder-851640-3-iscsi devstack@keystone.service[91988]: ERROR keystone.server.flask.application
File "/usr/local/lib/python3.8/dist-packages/dogpile/lock.py", line 185, in __enter__
Aug 08 00:13:14.317888 dv-cinder-851640-3-iscsi devstack@keystone.service[91988]: ERROR keystone.server.flask.application return self._enter()
Aug 08 00:13:14.317888 dv-cinder-851640-3-iscsi devstack@keystone.service[91988]: ERROR keystone.server.flask.application
File "/usr/local/lib/python3.8/dist-packages/dogpile/lock.py", line 94, in _enter
Aug 08 00:13:14.317888 dv-cinder-851640-3-iscsi devstack@keystone.service[91988]: ERROR keystone.server.flask.application generated = self._enter_create(value, createdtime)
Aug 08 00:13:14.317888 dv-cinder-851640-3-iscsi devstack@keystone.service[91988]: ERROR keystone.server.flask.application
File "/usr/local/lib/python3.8/dist-packages/dogpile/lock.py", line 178, in _enter_create
Aug 08 00:13:14.317888 dv-cinder-851640-3-iscsi devstack@keystone.service[91988]: ERROR keystone.server.flask.application return self.creator()
Aug 08 00:13:14.317888 dv-cinder-851640-3-iscsi devstack@keystone.service[91988]: ERROR keystone.server.flask.application
File "/usr/local/lib/python3.8/dist-packages/dogpile/cache/region.py", line 995, in gen_value
Aug 08 00:13:14.317888 dv-cinder-851640-3-iscsi devstack@keystone.service[91988]: ERROR keystone.server.flask.application created_value = creator(
Aug 08 00:13:14.317888 dv-cinder-851640-3-iscsi devstack@keystone.service[91988]: ERROR keystone.server.flask.application
File "/opt/stack/keystone/keystone/resource/core.py", line 716, in get_domain
Aug 08 00:13:14.318698 dv-cinder-851640-3-iscsi devstack@keystone.service[91988]: ERROR keystone.server.flask.application raise exception.DomainNotFound(domain_id=domain_id)
Aug 08 00:13:14.318698 dv-cinder-851640-3-iscsi devstack@keystone.service[91988]: ERROR keystone.server.flask.application keystone.exception.DomainNotFound: Could not find domain: Default.
Aug 08 00:13:14.318698 dv-cinder-851640-3-iscsi devstack@keystone.service[91988]: ERROR keystone.server.flask.application
Aug 08 00:13:14.318698 dv-cinder-851640-3-iscsi devstack@keystone.service[91988]: [pid: 91988|app: 0|req: 10/18] 10.222.0.15 () {56 vars in 1108 bytes} [Mon Aug 8 00:13:14 2022] GET /identity/v3/domains/Default => generated 87 bytes in 181 msecs (HTTP/1.1 404) 5 headers in 183 bytes (2 switches on core 0)
Aug 08 00:13:14.318698 dv-cinder-851640-3-iscsi devstack@keystone.service[91988]: DEBUG keystone.server.flask.request_processing.middleware.auth_context [None req-22a0e394-0628-41d2-9901-79ead3110744 None admin] Authenticating user token {{(pid=91988) process_request /usr/local/lib/python3.8/dist-packages/keystonemiddleware/auth_token/__init__.py:407}}
Aug 08 00:13:14.366755 dv-cinder-851640-3-iscsi devstack@keystone.service[91988]: DEBUG dbcounter [-] [91988] Writing DB stats keystone:SELECT=100 {{(pid=91988) stat_writer /usr/local/lib/python3.8/dist-packages/dbcounter.py:114}}
Aug 08 00:13:14.374664 dv-cinder-851640-3-iscsi devstack@keystone.service[91987]: DEBUG keystone.server.flask.request_processing.middleware.auth_context [None req-0f055449-5e77-41ea-b338-2347a62cfef9 None admin] Validating token access rules against request {{(pid=91987) validate_allowed_request /usr/local/lib/python3.8/dist-packages/keystonemiddleware/auth_token/__init__.py:545}}
Aug 08 00:13:14.408626 dv-cinder-851640-3-iscsi devstack@keystone.service[91987]: DEBUG keystone.server.flask.request_processing.middleware.auth_context [None req-10c48b9e-1521-4644-b1a4-8cd5053aa33a None admin] RBAC: auth_context: {'token': , 'domain_id': None, 'trust_id': None, 'trustor_id': None, 'trustee_id': None, 'domain_name': None, 'group_ids': [], 'user_id': 'de917b8f456944dc9d27423048f81375', 'user_domain_id': 'default', 'system_scope': 'all', 'project_id': None, 'project_domain_id': None, 'roles': ['admin', 'member', 'reader'], 'is_admin_project': True, 'service_user_id': None, 'service_user_domain_id': None, 'service_project_id': None, 'service_project_domain_id': None, 'service_roles': []} {{(pid=91987) fill_context /opt/stack/keystone/keystone/server/flask/request_processing/middleware/auth_context.py:478}}
Aug 08 00:13:14.409255 dv-cinder-851640-3-iscsi devstack@keystone.service[91987]: DEBUG keystone.server.flask.request_processing.req_logging [None req-10c48b9e-1521-4644-b1a4-8cd5053aa33a None admin] REQUEST_METHOD: `GET` {{(pid=91987) log_request_info /opt/stack/keystone/keystone/server/flask/request_processing/req_logging.py:27}}
Aug 08 00:13:14.409532 dv-cinder-851640-3-iscsi devstack@keystone.service[91987]: DEBUG keystone.server.flask.request_processing.req_logging [None req-10c48b9e-1521-4644-b1a4-8cd5053aa33a None admin] SCRIPT_NAME: `/identity` {{(pid=91987) log_request_info /opt/stack/keystone/keystone/server/flask/request_processing/req_logging.py:28}}
Aug 08 00:13:14.409805 dv-cinder-851640-3-iscsi devstack@keystone.service[91987]: DEBUG keystone.server.flask.request_processing.req_logging [None req-10c48b9e-1521-4644-b1a4-8cd5053aa33a None admin] PATH_INFO: `/v3/domains/default` {{(pid=91987) log_request_info /opt/stack/keystone/keystone/server/flask/request_processing/req_logging.py:29}}
Aug 08 00:13:14.410915 dv-cinder-851640-3-iscsi devstack@keystone.service[91987]: DEBUG keystone.common.rbac_enforcer.enforcer [None req-10c48b9e-1521-4644-b1a4-8cd5053aa33a None admin] RBAC: Authorizing `identity:get_domain(domain_id=default)` {{(pid=91987) enforce_call /opt/stack/keystone/keystone/common/rbac_enforcer/enforcer.py:449}}
Aug 08 00:13:14.411014 dv-cinder-851640-3-iscsi devstack@keystone.service[91988]: DEBUG keystone.server.flask.request_processing.middleware.auth_context [None req-22a0e394-0628-41d2-9901-79ead3110744 None admin] Validating token access rules against request {{(pid=91988) validate_allowed_request /usr/local/lib/python3.8/dist-packages/keystonemiddleware/auth_token/__init__.py:545}}
Aug 08 00:13:14.412419 dv-cinder-851640-3-iscsi devstack@keystone.service[91987]: DEBUG keystone.common.rbac_enforcer.enforcer [None req-10c48b9e-1521-4644-b1a4-8cd5053aa33a None admin] RBAC: Authorization granted {{(pid=91987) enforce_call /opt/stack/keystone/keystone/common/rbac_enforcer/enforcer.py:457}}
Aug 08 00:13:14.413957 dv-cinder-851640-3-iscsi devstack@keystone.service[91987]: [pid: 91987|app: 0|req: 9/19] 10.222.0.15 () {56 vars in 1108 bytes} [Mon Aug 8 00:13:14 2022] GET /identity/v3/domains/default => generated 199 bytes in 140 msecs (HTTP/1.1 200) 5 headers in 177 bytes (2 switches on core 0)
Aug 08 00:13:14.419671 dv-cinder-851640-3-iscsi devstack@keystone.service[91987]: DEBUG keystone.server.flask.request_processing.middleware.auth_context [None req-10c48b9e-1521-4644-b1a4-8cd5053aa33a None admin] Authenticating user token {{(pid=91987) process_request /usr/local/lib/python3.8/dist-packages/keystonemiddleware/auth_token/__init__.py:407}}
Aug 08 00:13:14.444619 dv-cinder-851640-3-iscsi devstack@keystone.service[91988]: DEBUG keystone.server.flask.request_processing.middleware.auth_context [None req-cc56032d-7af6-4cf2-b119-7ec4ed6deea5 None admin] RBAC: auth_context: {'token': , 'domain_id': None, 'trust_id': None, 'trustor_id': None, 'trustee_id': None, 'domain_name': None, 'group_ids': [], 'user_id': 'de917b8f456944dc9d27423048f81375', 'user_domain_id': 'default', 'system_scope': 'all', 'project_id': None, 'project_domain_id': None, 'roles': ['admin', 'member', 'reader'], 'is_admin_project': True, 'service_user_id': None, 'service_user_domain_id': None, 'service_project_id': None, 'service_project_domain_id': None, 'service_roles': []} {{(pid=91988) fill_context /opt/stack/keystone/keystone/server/flask/request_processing/middleware/auth_context.py:478}}
Aug 08 00:13:14.445246 dv-cinder-851640-3-iscsi devstack@keystone.service[91988]: DEBUG keystone.server.flask.request_processing.req_logging [None req-cc56032d-7af6-4cf2-b119-7ec4ed6deea5 None admin] REQUEST_METHOD: `GET` {{(pid=91988) log_request_info /opt/stack/keystone/keystone/server/flask/request_processing/req_logging.py:27}}
Aug 08 00:13:14.445525 dv-cinder-851640-3-iscsi devstack@keystone.service[91988]: DEBUG keystone.server.flask.request_processing.req_logging [None req-cc56032d-7af6-4cf2-b119-7ec4ed6deea5 None admin] SCRIPT_NAME: `/identity` {{(pid=91988) log_request_info /opt/stack/keystone/keystone/server/flask/request_processing/req_logging.py:28}}
Aug 08 00:13:14.445800 dv-cinder-851640-3-iscsi devstack@keystone.service[91988]: DEBUG keystone.server.flask.request_processing.req_logging [None req-cc56032d-7af6-4cf2-b119-7ec4ed6deea5 None admin] PATH_INFO: `/v3/domains` {{(pid=91988) log_request_info /opt/stack/keystone/keystone/server/flask/request_processing/req_logging.py:29}}
Aug 08 00:13:14.446438 dv-cinder-851640-3-iscsi devstack@keystone.service[91988]: DEBUG keystone.common.rbac_enforcer.enforcer [None req-cc56032d-7af6-4cf2-b119-7ec4ed6deea5 None admin] RBAC: Adding query filter params (name=Default) {{(pid=91988) _extract_filter_values /opt/stack/keystone/keystone/common/rbac_enforcer/enforcer.py:167}}
Aug 08 00:13:14.446743 dv-cinder-851640-3-iscsi devstack@keystone.service[91988]: DEBUG keystone.common.rbac_enforcer.enforcer [None req-cc56032d-7af6-4cf2-b119-7ec4ed6deea5 None admin] RBAC: Authorizing `identity:list_domains()` {{(pid=91988) enforce_call /opt/stack/keystone/keystone/common/rbac_enforcer/enforcer.py:449}}
Aug 08 00:13:14.448175 dv-cinder-851640-3-iscsi devstack@keystone.service[91988]: DEBUG keystone.common.rbac_enforcer.enforcer [None req-cc56032d-7af6-4cf2-b119-7ec4ed6deea5 None admin] RBAC: Authorization granted {{(pid=91988) enforce_call /opt/stack/keystone/keystone/common/rbac_enforcer/enforcer.py:457}}
Aug 08 00:13:14.466125 dv-cinder-851640-3-iscsi devstack@keystone.service[91988]: [pid: 91988|app: 0|req: 11/20] 10.222.0.15 () {56 vars in 1109 bytes} [Mon Aug 8 00:13:14 2022] GET /identity/v3/domains?name=Default => generated 308 bytes in 154 msecs (HTTP/1.1 200) 5 headers in 177 bytes (2 switches on core 0)
Aug 08 00:13:14.502661 dv-cinder-851640-3-iscsi devstack@keystone.service[91987]: DEBUG dbcounter [-] [91987] Writing DB stats keystone:SELECT=100 {{(pid=91987) stat_writer /usr/local/lib/python3.8/dist-packages/dbcounter.py:114}}
Aug 08 00:13:14.523635 dv-cinder-851640-3-iscsi devstack@keystone.service[91987]: DEBUG keystone.server.flask.request_processing.middleware.auth_context [None req-10c48b9e-1521-4644-b1a4-8cd5053aa33a None admin] Validating token access rules against request {{(pid=91987) validate_allowed_request /usr/local/lib/python3.8/dist-packages/keystonemiddleware/auth_token/__init__.py:545}}
Aug 08 00:13:14.560451 dv-cinder-851640-3-iscsi devstack@keystone.service[91987]: DEBUG keystone.server.flask.request_processing.middleware.auth_context [None req-99a5d9bd-a20d-450c-bac1-feceb0741d99 None admin] RBAC: auth_context: {'token': , 'domain_id': None, 'trust_id': None, 'trustor_id': None, 'trustee_id': None, 'domain_name': None, 'group_ids': [], 'user_id': 'de917b8f456944dc9d27423048f81375', 'user_domain_id': 'default', 'system_scope': 'all', 'project_id': None, 'project_domain_id': None, 'roles': ['admin', 'member', 'reader'], 'is_admin_project': True, 'service_user_id': None, 'service_user_domain_id': None, 'service_project_id': None, 'service_project_domain_id': None, 'service_roles': []} {{(pid=91987) fill_context /opt/stack/keystone/keystone/server/flask/request_processing/middleware/auth_context.py:478}}
Aug 08 00:13:14.561070 dv-cinder-851640-3-iscsi devstack@keystone.service[91987]: DEBUG keystone.server.flask.request_processing.req_logging [None req-99a5d9bd-a20d-450c-bac1-feceb0741d99 None admin] REQUEST_METHOD: `GET` {{(pid=91987) log_request_info /opt/stack/keystone/keystone/server/flask/request_processing/req_logging.py:27}}
Aug 08 00:13:14.561347 dv-cinder-851640-3-iscsi devstack@keystone.service[91987]: DEBUG keystone.server.flask.request_processing.req_logging [None req-99a5d9bd-a20d-450c-bac1-feceb0741d99 None admin] SCRIPT_NAME: `/identity` {{(pid=91987) log_request_info /opt/stack/keystone/keystone/server/flask/request_processing/req_logging.py:28}}
Aug 08 00:13:14.561620 dv-cinder-851640-3-iscsi devstack@keystone.service[91987]: DEBUG keystone.server.flask.request_processing.req_logging [None req-99a5d9bd-a20d-450c-bac1-feceb0741d99 None admin] PATH_INFO: `/v3/role_assignments` {{(pid=91987) log_request_info /opt/stack/keystone/keystone/server/flask/request_processing/req_logging.py:29}}
Aug 08 00:13:14.562356 dv-cinder-851640-3-iscsi devstack@keystone.service[91987]: DEBUG keystone.common.rbac_enforcer.enforcer [None req-99a5d9bd-a20d-450c-bac1-feceb0741d99 None admin] RBAC: Adding query filter params (role.id=ad68083fe37d48cba8726cfd30e43fb0, scope.domain.id=default, user.id=de917b8f456944dc9d27423048f81375) {{(pid=91987) _extract_filter_values /opt/stack/keystone/keystone/common/rbac_enforcer/enforcer.py:167}}
Aug 08 00:13:14.562663 dv-cinder-851640-3-iscsi devstack@keystone.service[91987]: DEBUG keystone.common.rbac_enforcer.enforcer [None req-99a5d9bd-a20d-450c-bac1-feceb0741d99 None admin] RBAC: Authorizing `identity:list_role_assignments()` {{(pid=91987) enforce_call /opt/stack/keystone/keystone/common/rbac_enforcer/enforcer.py:449}}
Aug 08 00:13:14.564436 dv-cinder-851640-3-iscsi devstack@keystone.service[91987]: DEBUG keystone.common.rbac_enforcer.enforcer [None req-99a5d9bd-a20d-450c-bac1-feceb0741d99 None admin] RBAC: Authorization granted {{(pid=91987) enforce_call /opt/stack/keystone/keystone/common/rbac_enforcer/enforcer.py:457}}
Aug 08 00:13:14.572135 dv-cinder-851640-3-iscsi devstack@keystone.service[91987]: [pid: 91987|app: 0|req: 10/21] 10.222.0.15 () {56 vars in 1322 bytes} [Mon Aug 8 00:13:14 2022] GET /identity/v3/role_assignments?user.id=de917b8f456944dc9d27423048f81375&scope.domain.id=default&role.id=ad68083fe37d48cba8726cfd30e43fb0 => generated 233 bytes in 153 msecs (HTTP/1.1 200) 5 headers in 177 bytes (2 switches on core 0)
Aug 08 00:13:16.927572 dv-cinder-851640-3-iscsi devstack@keystone.service[91988]: DEBUG keystone.server.flask.request_processing.req_logging [None req-a1c6a779-5d93-4ad4-9569-e8c17b00d899 None None] REQUEST_METHOD: `GET` {{(pid=91988) log_request_info /opt/stack/keystone/keystone/server/flask/request_processing/req_logging.py:27}}
Aug 08 00:13:16.928061 dv-cinder-851640-3-iscsi devstack@keystone.service[91988]: DEBUG keystone.server.flask.request_processing.req_logging [None req-a1c6a779-5d93-4ad4-9569-e8c17b00d899 None None] SCRIPT_NAME: `/identity` {{(pid=91988) log_request_info /opt/stack/keystone/keystone/server/flask/request_processing/req_logging.py:28}}
Aug 08 00:13:16.928061 dv-cinder-851640-3-iscsi devstack@keystone.service[91988]: DEBUG keystone.server.flask.request_processing.req_logging [None req-a1c6a779-5d93-4ad4-9569-e8c17b00d899 None None] PATH_INFO: `/` {{(pid=91988) log_request_info /opt/stack/keystone/keystone/server/flask/request_processing/req_logging.py:29}}
Aug 08 00:13:16.929553 dv-cinder-851640-3-iscsi devstack@keystone.service[91988]: [pid: 91988|app: 0|req: 12/22] 10.222.0.15 () {54 vars in 927 bytes} [Mon Aug 8 00:13:16 2022] GET /identity => generated 270 bytes in 3 msecs (HTTP/1.1 300) 6 headers in 234 bytes (1 switches on core 0)
Aug 08 00:13:16.940550 dv-cinder-851640-3-iscsi devstack@keystone.service[91987]: DEBUG keystone.server.flask.request_processing.req_logging [None req-c2181bb4-5642-49a3-a152-c841a2cb632d None None] REQUEST_METHOD: `POST` {{(pid=91987) log_request_info /opt/stack/keystone/keystone/server/flask/request_processing/req_logging.py:27}}
Aug 08 00:13:16.941564 dv-cinder-851640-3-iscsi devstack@keystone.service[91987]: DEBUG keystone.server.flask.request_processing.req_logging [None req-c2181bb4-5642-49a3-a152-c841a2cb632d None None] SCRIPT_NAME: `/identity` {{(pid=91987) log_request_info /opt/stack/keystone/keystone/server/flask/request_processing/req_logging.py:28}}
Aug 08 00:13:16.942084 dv-cinder-851640-3-iscsi devstack@keystone.service[91987]: DEBUG keystone.server.flask.request_processing.req_logging [None req-c2181bb4-5642-49a3-a152-c841a2cb632d None None] PATH_INFO: `/v3/auth/tokens` {{(pid=91987) log_request_info /opt/stack/keystone/keystone/server/flask/request_processing/req_logging.py:29}}
Aug 08 00:13:16.969152 dv-cinder-851640-3-iscsi devstack@keystone.service[91987]: DEBUG keystone.auth.core [None req-c2181bb4-5642-49a3-a152-c841a2cb632d None None] MFA Rules not processed for user `de917b8f456944dc9d27423048f81375`. Rule list: `[]` (Enabled: `True`). {{(pid=91987) check_auth_methods_against_rules /opt/stack/keystone/keystone/auth/core.py:438}}
Aug 08 00:13:16.970707 dv-cinder-851640-3-iscsi devstack@keystone.service[91987]: DEBUG keystone.common.fernet_utils [None req-c2181bb4-5642-49a3-a152-c841a2cb632d None None] Loaded 2 Fernet keys from /etc/keystone/fernet-keys/, but `[fernet_tokens] max_active_keys = 3`; perhaps there have not been enough key rotations to reach `max_active_keys` yet? {{(pid=91987) load_keys /opt/stack/keystone/keystone/common/fernet_utils.py:286}}
Aug 08 00:13:17.047255 dv-cinder-851640-3-iscsi devstack@keystone.service[91988]: DEBUG keystone.server.flask.request_processing.req_logging [None req-0a3538ec-54c2-4594-ad28-5638326563eb None None] REQUEST_METHOD: `GET` {{(pid=91988) log_request_info /opt/stack/keystone/keystone/server/flask/request_processing/req_logging.py:27}}
Aug 08 00:13:17.047255 dv-cinder-851640-3-iscsi devstack@keystone.service[91988]: DEBUG keystone.server.flask.request_processing.req_logging [None req-0a3538ec-54c2-4594-ad28-5638326563eb None None] SCRIPT_NAME: `/identity` {{(pid=91988) log_request_info /opt/stack/keystone/keystone/server/flask/request_processing/req_logging.py:28}}
Aug 08 00:13:17.047255 dv-cinder-851640-3-iscsi devstack@keystone.service[91988]: DEBUG keystone.server.flask.request_processing.req_logging [None req-0a3538ec-54c2-4594-ad28-5638326563eb None None] PATH_INFO: `/` {{(pid=91988) log_request_info /opt/stack/keystone/keystone/server/flask/request_processing/req_logging.py:29}}
Aug 08 00:13:17.048166 dv-cinder-851640-3-iscsi devstack@keystone.service[91988]: [pid: 91988|app: 0|req: 13/23] 10.222.0.15 () {54 vars in 927 bytes} [Mon Aug 8 00:13:17 2022] GET /identity => generated 270 bytes in 3 msecs (HTTP/1.1 300) 6 headers in 234 bytes (2 switches on core 0)
Aug 08 00:13:17.055056 dv-cinder-851640-3-iscsi devstack@keystone.service[91988]: DEBUG keystone.server.flask.request_processing.req_logging [None req-9e95010a-700e-4222-9a68-9b4aa6d4d8f1 None None] REQUEST_METHOD: `POST` {{(pid=91988) log_request_info /opt/stack/keystone/keystone/server/flask/request_processing/req_logging.py:27}}
Aug 08 00:13:17.055626 dv-cinder-851640-3-iscsi devstack@keystone.service[91988]: DEBUG keystone.server.flask.request_processing.req_logging [None req-9e95010a-700e-4222-9a68-9b4aa6d4d8f1 None None] SCRIPT_NAME: `/identity` {{(pid=91988) log_request_info /opt/stack/keystone/keystone/server/flask/request_processing/req_logging.py:28}}
Aug 08 00:13:17.056102 dv-cinder-851640-3-iscsi devstack@keystone.service[91988]: DEBUG keystone.server.flask.request_processing.req_logging [None req-9e95010a-700e-4222-9a68-9b4aa6d4d8f1 None None] PATH_INFO: `/v3/auth/tokens` {{(pid=91988) log_request_info /opt/stack/keystone/keystone/server/flask/request_processing/req_logging.py:29}}
Aug 08 00:13:17.069487 dv-cinder-851640-3-iscsi devstack@keystone.service[91987]: [pid: 91987|app: 0|req: 11/24] 10.222.0.15 () {58 vars in 1024 bytes} [Mon Aug 8 00:13:16 2022] POST /identity/v3/auth/tokens => generated 799 bytes in 130 msecs (HTTP/1.1 201) 6 headers in 363 bytes (1 switches on core 0)
Aug 08 00:13:17.094910 dv-cinder-851640-3-iscsi devstack@keystone.service[91987]: DEBUG keystone.server.flask.request_processing.req_logging [None req-91c29bc8-7bef-4177-9f7d-ee29d5d5f7ba None None] REQUEST_METHOD: `GET` {{(pid=91987) log_request_info /opt/stack/keystone/keystone/server/flask/request_processing/req_logging.py:27}}
Aug 08 00:13:17.095191 dv-cinder-851640-3-iscsi devstack@keystone.service[91987]: DEBUG keystone.server.flask.request_processing.req_logging [None req-91c29bc8-7bef-4177-9f7d-ee29d5d5f7ba None None] SCRIPT_NAME: `/identity` {{(pid=91987) log_request_info /opt/stack/keystone/keystone/server/flask/request_processing/req_logging.py:28}}
Aug 08 00:13:17.095671 dv-cinder-851640-3-iscsi devstack@keystone.service[91987]: DEBUG keystone.server.flask.request_processing.req_logging [None req-91c29bc8-7bef-4177-9f7d-ee29d5d5f7ba None None] PATH_INFO: `/` {{(pid=91987) log_request_info /opt/stack/keystone/keystone/server/flask/request_processing/req_logging.py:29}}
Aug 08 00:13:17.097137 dv-cinder-851640-3-iscsi devstack@keystone.service[91987]: [pid: 91987|app: 0|req: 12/25] 10.222.0.15 () {54 vars in 927 bytes} [Mon Aug 8 00:13:17 2022] GET /identity => generated 270 bytes in 3 msecs (HTTP/1.1 300) 6 headers in 234 bytes (2 switches on core 0)
Aug 08 00:13:17.099429 dv-cinder-851640-3-iscsi devstack@keystone.service[91988]: DEBUG keystone.auth.core [None req-9e95010a-700e-4222-9a68-9b4aa6d4d8f1 None None] MFA Rules not processed for user `de917b8f456944dc9d27423048f81375`. Rule list: `[]` (Enabled: `True`). {{(pid=91988) check_auth_methods_against_rules /opt/stack/keystone/keystone/auth/core.py:438}}
Aug 08 00:13:17.100654 dv-cinder-851640-3-iscsi devstack@keystone.service[91988]: DEBUG keystone.common.fernet_utils [None req-9e95010a-700e-4222-9a68-9b4aa6d4d8f1 None None] Loaded 2 Fernet keys from /etc/keystone/fernet-keys/, but `[fernet_tokens] max_active_keys = 3`; perhaps there have not been enough key rotations to reach `max_active_keys` yet? {{(pid=91988) load_keys /opt/stack/keystone/keystone/common/fernet_utils.py:286}}
Aug 08 00:13:17.101936 dv-cinder-851640-3-iscsi devstack@keystone.service[91987]: DEBUG keystone.server.flask.request_processing.req_logging [None req-87fb98a0-4695-4c2f-b3ca-5b5db26fba3f None None] REQUEST_METHOD: `POST` {{(pid=91987) log_request_info /opt/stack/keystone/keystone/server/flask/request_processing/req_logging.py:27}}
Aug 08 00:13:17.102431 dv-cinder-851640-3-iscsi devstack@keystone.service[91987]: DEBUG keystone.server.flask.request_processing.req_logging [None req-87fb98a0-4695-4c2f-b3ca-5b5db26fba3f None None] SCRIPT_NAME: `/identity` {{(pid=91987) log_request_info /opt/stack/keystone/keystone/server/flask/request_processing/req_logging.py:28}}
Aug 08 00:13:17.102908 dv-cinder-851640-3-iscsi devstack@keystone.service[91987]: DEBUG keystone.server.flask.request_processing.req_logging [None req-87fb98a0-4695-4c2f-b3ca-5b5db26fba3f None None] PATH_INFO: `/v3/auth/tokens` {{(pid=91987) log_request_info /opt/stack/keystone/keystone/server/flask/request_processing/req_logging.py:29}}
Aug 08 00:13:17.136332 dv-cinder-851640-3-iscsi devstack@keystone.service[91987]: DEBUG keystone.auth.core [None req-87fb98a0-4695-4c2f-b3ca-5b5db26fba3f None None] MFA Rules not processed for user `de917b8f456944dc9d27423048f81375`. Rule list: `[]` (Enabled: `True`). {{(pid=91987) check_auth_methods_against_rules /opt/stack/keystone/keystone/auth/core.py:438}}
Aug 08 00:13:17.137908 dv-cinder-851640-3-iscsi devstack@keystone.service[91987]: DEBUG keystone.common.fernet_utils [None req-87fb98a0-4695-4c2f-b3ca-5b5db26fba3f None None] Loaded 2 Fernet keys from /etc/keystone/fernet-keys/, but `[fernet_tokens] max_active_keys = 3`; perhaps there have not been enough key rotations to reach `max_active_keys` yet? {{(pid=91987) load_keys /opt/stack/keystone/keystone/common/fernet_utils.py:286}}
Aug 08 00:13:17.211145 dv-cinder-851640-3-iscsi devstack@keystone.service[91988]: [pid: 91988|app: 0|req: 14/26] 10.222.0.15 () {58 vars in 1024 bytes} [Mon Aug 8 00:13:17 2022] POST /identity/v3/auth/tokens => generated 799 bytes in 156 msecs (HTTP/1.1 201) 6 headers in 363 bytes (2 switches on core 0)
Aug 08 00:13:17.212013 dv-cinder-851640-3-iscsi devstack@keystone.service[91988]: DEBUG keystone.server.flask.request_processing.middleware.auth_context [None req-9e95010a-700e-4222-9a68-9b4aa6d4d8f1 None None] Authenticating user token {{(pid=91988) process_request /usr/local/lib/python3.8/dist-packages/keystonemiddleware/auth_token/__init__.py:407}}
Aug 08 00:13:17.229677 dv-cinder-851640-3-iscsi devstack@keystone.service[91987]: [pid: 91987|app: 0|req: 13/27] 10.222.0.15 () {58 vars in 1024 bytes} [Mon Aug 8 00:13:17 2022] POST /identity/v3/auth/tokens => generated 799 bytes in 128 msecs (HTTP/1.1 201) 6 headers in 363 bytes (2 switches on core 0)
Aug 08 00:13:17.264016 dv-cinder-851640-3-iscsi devstack@keystone.service[91988]: DEBUG dbcounter [-] [91988] Writing DB stats keystone:SELECT=100 {{(pid=91988) stat_writer /usr/local/lib/python3.8/dist-packages/dbcounter.py:114}}
Aug 08 00:13:17.268980 dv-cinder-851640-3-iscsi devstack@keystone.service[91987]: DEBUG keystone.server.flask.request_processing.middleware.auth_context [None req-87fb98a0-4695-4c2f-b3ca-5b5db26fba3f None None] Authenticating user token {{(pid=91987) process_request /usr/local/lib/python3.8/dist-packages/keystonemiddleware/auth_token/__init__.py:407}}
Aug 08 00:13:17.278518 dv-cinder-851640-3-iscsi devstack@keystone.service[91987]: DEBUG dbcounter [-] [91987] Writing DB stats keystone:SELECT=100 {{(pid=91987) stat_writer /usr/local/lib/python3.8/dist-packages/dbcounter.py:114}}
Aug 08 00:13:17.321446 dv-cinder-851640-3-iscsi devstack@keystone.service[91988]: DEBUG keystone.server.flask.request_processing.middleware.auth_context [None req-9e95010a-700e-4222-9a68-9b4aa6d4d8f1 None None] Validating token access rules against request {{(pid=91988) validate_allowed_request /usr/local/lib/python3.8/dist-packages/keystonemiddleware/auth_token/__init__.py:545}}
Aug 08 00:13:17.365263 dv-cinder-851640-3-iscsi devstack@keystone.service[91988]: DEBUG keystone.server.flask.request_processing.middleware.auth_context [None req-6f0cbd9e-681e-4068-a34f-274f00133564 None admin] RBAC: auth_context: {'token': , 'domain_id': None, 'trust_id': None, 'trustor_id': None, 'trustee_id': None, 'domain_name': None, 'group_ids': [], 'user_id': 'de917b8f456944dc9d27423048f81375', 'user_domain_id': 'default', 'system_scope': 'all', 'project_id': None, 'project_domain_id': None, 'roles': ['admin', 'member', 'reader'], 'is_admin_project': True, 'service_user_id': None, 'service_user_domain_id': None, 'service_project_id': None, 'service_project_domain_id': None, 'service_roles': []} {{(pid=91988) fill_context /opt/stack/keystone/keystone/server/flask/request_processing/middleware/auth_context.py:478}}
Aug 08 00:13:17.366247 dv-cinder-851640-3-iscsi devstack@keystone.service[91988]: DEBUG keystone.server.flask.request_processing.req_logging [None req-6f0cbd9e-681e-4068-a34f-274f00133564 None admin] REQUEST_METHOD: `GET` {{(pid=91988) log_request_info /opt/stack/keystone/keystone/server/flask/request_processing/req_logging.py:27}}
Aug 08 00:13:17.366666 dv-cinder-851640-3-iscsi devstack@keystone.service[91988]: DEBUG keystone.server.flask.request_processing.req_logging [None req-6f0cbd9e-681e-4068-a34f-274f00133564 None admin] SCRIPT_NAME: `/identity` {{(pid=91988) log_request_info /opt/stack/keystone/keystone/server/flask/request_processing/req_logging.py:28}}
Aug 08 00:13:17.367094 dv-cinder-851640-3-iscsi devstack@keystone.service[91988]: DEBUG keystone.server.flask.request_processing.req_logging [None req-6f0cbd9e-681e-4068-a34f-274f00133564 None admin] PATH_INFO: `/v3/domains/Default` {{(pid=91988) log_request_info /opt/stack/keystone/keystone/server/flask/request_processing/req_logging.py:29}}
Aug 08 00:13:17.379378 dv-cinder-851640-3-iscsi devstack@keystone.service[91988]: DEBUG keystone.common.rbac_enforcer.enforcer [None req-6f0cbd9e-681e-4068-a34f-274f00133564 None admin] RBAC: Authorizing `identity:get_domain(domain_id=Default)` {{(pid=91988) enforce_call /opt/stack/keystone/keystone/common/rbac_enforcer/enforcer.py:449}}
Aug 08 00:13:17.381098 dv-cinder-851640-3-iscsi devstack@keystone.service[91988]: DEBUG keystone.common.rbac_enforcer.enforcer [None req-6f0cbd9e-681e-4068-a34f-274f00133564 None admin] RBAC: Authorization granted {{(pid=91988) enforce_call /opt/stack/keystone/keystone/common/rbac_enforcer/enforcer.py:457}}
Aug 08 00:13:17.396488 dv-cinder-851640-3-iscsi devstack@keystone.service[91988]: ERROR keystone.server.flask.application [None req-6f0cbd9e-681e-4068-a34f-274f00133564 None admin] Could not find domain: Default.: keystone.exception.DomainNotFound: Could not find domain: Default.
Aug 08 00:13:17.396488 dv-cinder-851640-3-iscsi devstack@keystone.service[91988]: ERROR keystone.server.flask.application
Traceback (most recent call last):
Aug 08 00:13:17.396488 dv-cinder-851640-3-iscsi devstack@keystone.service[91988]: ERROR keystone.server.flask.application
File "/usr/local/lib/python3.8/dist-packages/flask/app.py", line 1820, in full_dispatch_request
Aug 08 00:13:17.396488 dv-cinder-851640-3-iscsi devstack@keystone.service[91988]: ERROR keystone.server.flask.application rv = self.dispatch_request()
Aug 08 00:13:17.396488 dv-cinder-851640-3-iscsi devstack@keystone.service[91988]: ERROR keystone.server.flask.application
File "/usr/local/lib/python3.8/dist-packages/flask/app.py", line 1796, in dispatch_request
Aug 08 00:13:17.396488 dv-cinder-851640-3-iscsi devstack@keystone.service[91988]: ERROR keystone.server.flask.application return self.ensure_sync(self.view_functions[rule.endpoint])(**view_args)
Aug 08 00:13:17.396488 dv-cinder-851640-3-iscsi devstack@keystone.service[91988]: ERROR keystone.server.flask.application
File "/usr/local/lib/python3.8/dist-packages/flask_restful/__init__.py", line 467, in wrapper
Aug 08 00:13:17.396488 dv-cinder-851640-3-iscsi devstack@keystone.service[91988]: ERROR keystone.server.flask.application resp = resource(*args, **kwargs)
Aug 08 00:13:17.396488 dv-cinder-851640-3-iscsi devstack@keystone.service[91988]: ERROR keystone.server.flask.application
File "/usr/local/lib/python3.8/dist-packages/flask/views.py", line 107, in view
Aug 08 00:13:17.396488 dv-cinder-851640-3-iscsi devstack@keystone.service[91988]: ERROR keystone.server.flask.application return current_app.ensure_sync(self.dispatch_request)(**kwargs)
Aug 08 00:13:17.396488 dv-cinder-851640-3-iscsi devstack@keystone.service[91988]: ERROR keystone.server.flask.application
File "/usr/local/lib/python3.8/dist-packages/flask_restful/__init__.py", line 582, in dispatch_request
Aug 08 00:13:17.396488 dv-cinder-851640-3-iscsi devstack@keystone.service[91988]: ERROR keystone.server.flask.application resp = meth(*args, **kwargs)
Aug 08 00:13:17.396488 dv-cinder-851640-3-iscsi devstack@keystone.service[91988]: ERROR keystone.server.flask.application
File "/opt/stack/keystone/keystone/api/domains.py", line 89, in get
Aug 08 00:13:17.396488 dv-cinder-851640-3-iscsi devstack@keystone.service[91988]: ERROR keystone.server.flask.application return self._get_domain(domain_id)
