Aug 10 22:41:04.770202 dv-cinder-851449-5-smb devstack@keystone.service[93407]: DEBUG keystone.server.flask.request_processing.req_logging [None req-0b3fa66b-1b21-47b6-b951-adb4ec79de50 None admin] REQUEST_METHOD: `GET` {{(pid=93407) log_request_info /opt/stack/keystone/keystone/server/flask/request_processing/req_logging.py:27}}
Aug 10 22:41:04.770474 dv-cinder-851449-5-smb devstack@keystone.service[93407]: DEBUG keystone.server.flask.request_processing.req_logging [None req-0b3fa66b-1b21-47b6-b951-adb4ec79de50 None admin] SCRIPT_NAME: `/identity` {{(pid=93407) log_request_info /opt/stack/keystone/keystone/server/flask/request_processing/req_logging.py:28}}
Aug 10 22:41:04.770737 dv-cinder-851449-5-smb devstack@keystone.service[93407]: DEBUG keystone.server.flask.request_processing.req_logging [None req-0b3fa66b-1b21-47b6-b951-adb4ec79de50 None admin] PATH_INFO: `/v3/roles` {{(pid=93407) log_request_info /opt/stack/keystone/keystone/server/flask/request_processing/req_logging.py:29}}
Aug 10 22:41:04.771441 dv-cinder-851449-5-smb devstack@keystone.service[93407]: DEBUG keystone.common.rbac_enforcer.enforcer [None req-0b3fa66b-1b21-47b6-b951-adb4ec79de50 None admin] RBAC: Adding query filter params (name=member) {{(pid=93407) _extract_filter_values /opt/stack/keystone/keystone/common/rbac_enforcer/enforcer.py:167}}
Aug 10 22:41:04.771732 dv-cinder-851449-5-smb devstack@keystone.service[93407]: DEBUG keystone.common.rbac_enforcer.enforcer [None req-0b3fa66b-1b21-47b6-b951-adb4ec79de50 None admin] RBAC: Authorizing `identity:list_roles()` {{(pid=93407) enforce_call /opt/stack/keystone/keystone/common/rbac_enforcer/enforcer.py:449}}
Aug 10 22:41:04.773095 dv-cinder-851449-5-smb devstack@keystone.service[93407]: DEBUG keystone.common.rbac_enforcer.enforcer [None req-0b3fa66b-1b21-47b6-b951-adb4ec79de50 None admin] RBAC: Authorization granted {{(pid=93407) enforce_call /opt/stack/keystone/keystone/common/rbac_enforcer/enforcer.py:457}}
Aug 10 22:41:04.782016 dv-cinder-851449-5-smb devstack@keystone.service[93407]: [pid: 93407|app: 0|req: 163/322] 10.222.0.77 () {56 vars in 1101 bytes} [Wed Aug 10 22:41:04 2022] GET /identity/v3/roles?name=member => generated 341 bytes in 149 msecs (HTTP/1.1 200) 5 headers in 177 bytes (1 switches on core 0)
Aug 10 22:41:04.788039 dv-cinder-851449-5-smb devstack@keystone.service[93408]: DEBUG keystone.server.flask.request_processing.middleware.auth_context [None req-b8e9e161-701f-4ec8-9a6e-c24a72c9a19f None admin] Authenticating user token {{(pid=93408) process_request /usr/local/lib/python3.8/dist-packages/keystonemiddleware/auth_token/__init__.py:407}}
Aug 10 22:41:04.835758 dv-cinder-851449-5-smb devstack@keystone.service[93408]: DEBUG dbcounter [-] [93408] Writing DB stats keystone:SELECT=99,keystone:INSERT=1 {{(pid=93408) stat_writer /usr/local/lib/python3.8/dist-packages/dbcounter.py:114}}
Aug 10 22:41:04.892438 dv-cinder-851449-5-smb devstack@keystone.service[93408]: DEBUG keystone.server.flask.request_processing.middleware.auth_context [None req-b8e9e161-701f-4ec8-9a6e-c24a72c9a19f None admin] Validating token access rules against request {{(pid=93408) validate_allowed_request /usr/local/lib/python3.8/dist-packages/keystonemiddleware/auth_token/__init__.py:545}}
Aug 10 22:41:04.926806 dv-cinder-851449-5-smb devstack@keystone.service[93408]: DEBUG keystone.server.flask.request_processing.middleware.auth_context [None req-c5d7687d-0904-40c6-9fc6-2ff9ed6cd4eb None admin] RBAC: auth_context: {'token': , 'domain_id': None, 'trust_id': None, 'trustor_id': None, 'trustee_id': None, 'domain_name': None, 'group_ids': [], 'user_id': '8525de726b7c407fab4fe9cbff320061', 'user_domain_id': 'default', 'system_scope': 'all', 'project_id': None, 'project_domain_id': None, 'roles': ['admin', 'member', 'reader'], 'is_admin_project': True, 'service_user_id': None, 'service_user_domain_id': None, 'service_project_id': None, 'service_project_domain_id': None, 'service_roles': []} {{(pid=93408) fill_context /opt/stack/keystone/keystone/server/flask/request_processing/middleware/auth_context.py:478}}
Aug 10 22:41:04.928049 dv-cinder-851449-5-smb devstack@keystone.service[93408]: DEBUG keystone.server.flask.request_processing.req_logging [None req-c5d7687d-0904-40c6-9fc6-2ff9ed6cd4eb None admin] REQUEST_METHOD: `GET` {{(pid=93408) log_request_info /opt/stack/keystone/keystone/server/flask/request_processing/req_logging.py:27}}
Aug 10 22:41:04.928321 dv-cinder-851449-5-smb devstack@keystone.service[93408]: DEBUG keystone.server.flask.request_processing.req_logging [None req-c5d7687d-0904-40c6-9fc6-2ff9ed6cd4eb None admin] SCRIPT_NAME: `/identity` {{(pid=93408) log_request_info /opt/stack/keystone/keystone/server/flask/request_processing/req_logging.py:28}}
Aug 10 22:41:04.928591 dv-cinder-851449-5-smb devstack@keystone.service[93408]: DEBUG keystone.server.flask.request_processing.req_logging [None req-c5d7687d-0904-40c6-9fc6-2ff9ed6cd4eb None admin] PATH_INFO: `/v3/users/38b4c736ccd649fea497a5f8f31c8dca` {{(pid=93408) log_request_info /opt/stack/keystone/keystone/server/flask/request_processing/req_logging.py:29}}
Aug 10 22:41:04.929733 dv-cinder-851449-5-smb devstack@keystone.service[93408]: DEBUG keystone.common.rbac_enforcer.enforcer [None req-c5d7687d-0904-40c6-9fc6-2ff9ed6cd4eb None admin] RBAC: Authorizing `identity:get_user(user_id=38b4c736ccd649fea497a5f8f31c8dca)` {{(pid=93408) enforce_call /opt/stack/keystone/keystone/common/rbac_enforcer/enforcer.py:449}}
Aug 10 22:41:04.931188 dv-cinder-851449-5-smb devstack@keystone.service[93408]: DEBUG keystone.common.rbac_enforcer.enforcer [None req-c5d7687d-0904-40c6-9fc6-2ff9ed6cd4eb None admin] RBAC: Authorization granted {{(pid=93408) enforce_call /opt/stack/keystone/keystone/common/rbac_enforcer/enforcer.py:457}}
Aug 10 22:41:04.937510 dv-cinder-851449-5-smb devstack@keystone.service[93408]: [pid: 93408|app: 0|req: 160/323] 10.222.0.77 () {56 vars in 1177 bytes} [Wed Aug 10 22:41:04 2022] GET /identity/v3/users/38b4c736ccd649fea497a5f8f31c8dca => generated 293 bytes in 146 msecs (HTTP/1.1 200) 5 headers in 177 bytes (1 switches on core 0)
Aug 10 22:41:04.939013 dv-cinder-851449-5-smb devstack@keystone.service[93407]: DEBUG keystone.server.flask.request_processing.middleware.auth_context [None req-0b3fa66b-1b21-47b6-b951-adb4ec79de50 None admin] Authenticating user token {{(pid=93407) process_request /usr/local/lib/python3.8/dist-packages/keystonemiddleware/auth_token/__init__.py:407}}
Aug 10 22:41:05.007557 dv-cinder-851449-5-smb devstack@keystone.service[93407]: DEBUG dbcounter [-] [93407] Writing DB stats keystone:SELECT=100 {{(pid=93407) stat_writer /usr/local/lib/python3.8/dist-packages/dbcounter.py:114}}
Aug 10 22:41:05.043470 dv-cinder-851449-5-smb devstack@keystone.service[93407]: DEBUG keystone.server.flask.request_processing.middleware.auth_context [None req-0b3fa66b-1b21-47b6-b951-adb4ec79de50 None admin] Validating token access rules against request {{(pid=93407) validate_allowed_request /usr/local/lib/python3.8/dist-packages/keystonemiddleware/auth_token/__init__.py:545}}
Aug 10 22:41:05.077325 dv-cinder-851449-5-smb devstack@keystone.service[93407]: DEBUG keystone.server.flask.request_processing.middleware.auth_context [None req-2ee1ca0c-666b-416a-b012-08f94f3db08f None admin] RBAC: auth_context: {'token': , 'domain_id': None, 'trust_id': None, 'trustor_id': None, 'trustee_id': None, 'domain_name': None, 'group_ids': [], 'user_id': '8525de726b7c407fab4fe9cbff320061', 'user_domain_id': 'default', 'system_scope': 'all', 'project_id': None, 'project_domain_id': None, 'roles': ['admin', 'member', 'reader'], 'is_admin_project': True, 'service_user_id': None, 'service_user_domain_id': None, 'service_project_id': None, 'service_project_domain_id': None, 'service_roles': []} {{(pid=93407) fill_context /opt/stack/keystone/keystone/server/flask/request_processing/middleware/auth_context.py:478}}
Aug 10 22:41:05.077930 dv-cinder-851449-5-smb devstack@keystone.service[93407]: DEBUG keystone.server.flask.request_processing.req_logging [None req-2ee1ca0c-666b-416a-b012-08f94f3db08f None admin] REQUEST_METHOD: `GET` {{(pid=93407) log_request_info /opt/stack/keystone/keystone/server/flask/request_processing/req_logging.py:27}}
Aug 10 22:41:05.078204 dv-cinder-851449-5-smb devstack@keystone.service[93407]: DEBUG keystone.server.flask.request_processing.req_logging [None req-2ee1ca0c-666b-416a-b012-08f94f3db08f None admin] SCRIPT_NAME: `/identity` {{(pid=93407) log_request_info /opt/stack/keystone/keystone/server/flask/request_processing/req_logging.py:28}}
Aug 10 22:41:05.078471 dv-cinder-851449-5-smb devstack@keystone.service[93407]: DEBUG keystone.server.flask.request_processing.req_logging [None req-2ee1ca0c-666b-416a-b012-08f94f3db08f None admin] PATH_INFO: `/v3/role_assignments` {{(pid=93407) log_request_info /opt/stack/keystone/keystone/server/flask/request_processing/req_logging.py:29}}
Aug 10 22:41:05.079183 dv-cinder-851449-5-smb devstack@keystone.service[93407]: DEBUG keystone.common.rbac_enforcer.enforcer [None req-2ee1ca0c-666b-416a-b012-08f94f3db08f None admin] RBAC: Adding query filter params (role.id=ec8d0b12e5324b00bca50fea232c8690, user.id=38b4c736ccd649fea497a5f8f31c8dca, scope.system=all) {{(pid=93407) _extract_filter_values /opt/stack/keystone/keystone/common/rbac_enforcer/enforcer.py:167}}
Aug 10 22:41:05.079488 dv-cinder-851449-5-smb devstack@keystone.service[93407]: DEBUG keystone.common.rbac_enforcer.enforcer [None req-2ee1ca0c-666b-416a-b012-08f94f3db08f None admin] RBAC: Authorizing `identity:list_role_assignments()` {{(pid=93407) enforce_call /opt/stack/keystone/keystone/common/rbac_enforcer/enforcer.py:449}}
Aug 10 22:41:05.080899 dv-cinder-851449-5-smb devstack@keystone.service[93407]: DEBUG keystone.common.rbac_enforcer.enforcer [None req-2ee1ca0c-666b-416a-b012-08f94f3db08f None admin] RBAC: Authorization granted {{(pid=93407) enforce_call /opt/stack/keystone/keystone/common/rbac_enforcer/enforcer.py:457}}
Aug 10 22:41:05.092758 dv-cinder-851449-5-smb devstack@keystone.service[93407]: [pid: 93407|app: 0|req: 164/324] 10.222.0.77 () {56 vars in 1308 bytes} [Wed Aug 10 22:41:04 2022] GET /identity/v3/role_assignments?user.id=38b4c736ccd649fea497a5f8f31c8dca&scope.system=all&role.id=ec8d0b12e5324b00bca50fea232c8690 => generated 510 bytes in 154 msecs (HTTP/1.1 200) 5 headers in 177 bytes (2 switches on core 0)
Aug 10 22:41:05.108202 dv-cinder-851449-5-smb devstack@keystone.service[93408]: DEBUG keystone.server.flask.request_processing.req_logging [None req-9875ced6-fe1c-4444-9bad-54499b3c8189 None None] REQUEST_METHOD: `GET` {{(pid=93408) log_request_info /opt/stack/keystone/keystone/server/flask/request_processing/req_logging.py:27}}
Aug 10 22:41:05.108536 dv-cinder-851449-5-smb devstack@keystone.service[93408]: DEBUG keystone.server.flask.request_processing.req_logging [None req-9875ced6-fe1c-4444-9bad-54499b3c8189 None None] SCRIPT_NAME: `/identity` {{(pid=93408) log_request_info /opt/stack/keystone/keystone/server/flask/request_processing/req_logging.py:28}}
Aug 10 22:41:05.108759 dv-cinder-851449-5-smb devstack@keystone.service[93408]: DEBUG keystone.server.flask.request_processing.req_logging [None req-9875ced6-fe1c-4444-9bad-54499b3c8189 None None] PATH_INFO: `/` {{(pid=93408) log_request_info /opt/stack/keystone/keystone/server/flask/request_processing/req_logging.py:29}}
Aug 10 22:41:05.110438 dv-cinder-851449-5-smb devstack@keystone.service[93408]: [pid: 93408|app: 0|req: 161/325] 10.222.0.77 () {54 vars in 927 bytes} [Wed Aug 10 22:41:05 2022] GET /identity => generated 270 bytes in 3 msecs (HTTP/1.1 300) 6 headers in 234 bytes (1 switches on core 0)
Aug 10 22:41:05.116601 dv-cinder-851449-5-smb devstack@keystone.service[93407]: DEBUG keystone.server.flask.request_processing.req_logging [None req-523a5129-cb3e-4f63-b9cc-a09331472ab9 None None] REQUEST_METHOD: `POST` {{(pid=93407) log_request_info /opt/stack/keystone/keystone/server/flask/request_processing/req_logging.py:27}}
Aug 10 22:41:05.116895 dv-cinder-851449-5-smb devstack@keystone.service[93407]: DEBUG keystone.server.flask.request_processing.req_logging [None req-523a5129-cb3e-4f63-b9cc-a09331472ab9 None None] SCRIPT_NAME: `/identity` {{(pid=93407) log_request_info /opt/stack/keystone/keystone/server/flask/request_processing/req_logging.py:28}}
Aug 10 22:41:05.117156 dv-cinder-851449-5-smb devstack@keystone.service[93407]: DEBUG keystone.server.flask.request_processing.req_logging [None req-523a5129-cb3e-4f63-b9cc-a09331472ab9 None None] PATH_INFO: `/v3/auth/tokens` {{(pid=93407) log_request_info /opt/stack/keystone/keystone/server/flask/request_processing/req_logging.py:29}}
Aug 10 22:41:05.134938 dv-cinder-851449-5-smb devstack@keystone.service[93408]: DEBUG keystone.server.flask.request_processing.req_logging [None req-61ba3963-dd8b-4b7b-9531-94baef3b2f70 None None] REQUEST_METHOD: `GET` {{(pid=93408) log_request_info /opt/stack/keystone/keystone/server/flask/request_processing/req_logging.py:27}}
Aug 10 22:41:05.135227 dv-cinder-851449-5-smb devstack@keystone.service[93408]: DEBUG keystone.server.flask.request_processing.req_logging [None req-61ba3963-dd8b-4b7b-9531-94baef3b2f70 None None] SCRIPT_NAME: `/identity` {{(pid=93408) log_request_info /opt/stack/keystone/keystone/server/flask/request_processing/req_logging.py:28}}
Aug 10 22:41:05.135496 dv-cinder-851449-5-smb devstack@keystone.service[93408]: DEBUG keystone.server.flask.request_processing.req_logging [None req-61ba3963-dd8b-4b7b-9531-94baef3b2f70 None None] PATH_INFO: `/` {{(pid=93408) log_request_info /opt/stack/keystone/keystone/server/flask/request_processing/req_logging.py:29}}
Aug 10 22:41:05.136481 dv-cinder-851449-5-smb devstack@keystone.service[93407]: DEBUG keystone.auth.core [None req-523a5129-cb3e-4f63-b9cc-a09331472ab9 None None] MFA Rules not processed for user `8525de726b7c407fab4fe9cbff320061`. Rule list: `[]` (Enabled: `True`). {{(pid=93407) check_auth_methods_against_rules /opt/stack/keystone/keystone/auth/core.py:438}}
Aug 10 22:41:05.136822 dv-cinder-851449-5-smb devstack@keystone.service[93408]: [pid: 93408|app: 0|req: 162/326] 10.222.0.77 () {54 vars in 927 bytes} [Wed Aug 10 22:41:05 2022] GET /identity => generated 270 bytes in 3 msecs (HTTP/1.1 300) 6 headers in 234 bytes (2 switches on core 0)
Aug 10 22:41:05.138013 dv-cinder-851449-5-smb devstack@keystone.service[93407]: DEBUG keystone.common.fernet_utils [None req-523a5129-cb3e-4f63-b9cc-a09331472ab9 None None] Loaded 2 Fernet keys from /etc/keystone/fernet-keys/, but `[fernet_tokens] max_active_keys = 3`; perhaps there have not been enough key rotations to reach `max_active_keys` yet? {{(pid=93407) load_keys /opt/stack/keystone/keystone/common/fernet_utils.py:286}}
Aug 10 22:41:05.142316 dv-cinder-851449-5-smb devstack@keystone.service[93408]: DEBUG keystone.server.flask.request_processing.req_logging [None req-14849509-2841-43ad-9d05-24fc086b317d None None] REQUEST_METHOD: `POST` {{(pid=93408) log_request_info /opt/stack/keystone/keystone/server/flask/request_processing/req_logging.py:27}}
Aug 10 22:41:05.142650 dv-cinder-851449-5-smb devstack@keystone.service[93408]: DEBUG keystone.server.flask.request_processing.req_logging [None req-14849509-2841-43ad-9d05-24fc086b317d None None] SCRIPT_NAME: `/identity` {{(pid=93408) log_request_info /opt/stack/keystone/keystone/server/flask/request_processing/req_logging.py:28}}
Aug 10 22:41:05.142866 dv-cinder-851449-5-smb devstack@keystone.service[93408]: DEBUG keystone.server.flask.request_processing.req_logging [None req-14849509-2841-43ad-9d05-24fc086b317d None None] PATH_INFO: `/v3/auth/tokens` {{(pid=93408) log_request_info /opt/stack/keystone/keystone/server/flask/request_processing/req_logging.py:29}}
Aug 10 22:41:05.162924 dv-cinder-851449-5-smb devstack@keystone.service[93408]: DEBUG keystone.auth.core [None req-14849509-2841-43ad-9d05-24fc086b317d None None] MFA Rules not processed for user `8525de726b7c407fab4fe9cbff320061`. Rule list: `[]` (Enabled: `True`). {{(pid=93408) check_auth_methods_against_rules /opt/stack/keystone/keystone/auth/core.py:438}}
Aug 10 22:41:05.164175 dv-cinder-851449-5-smb devstack@keystone.service[93408]: DEBUG keystone.common.fernet_utils [None req-14849509-2841-43ad-9d05-24fc086b317d None None] Loaded 2 Fernet keys from /etc/keystone/fernet-keys/, but `[fernet_tokens] max_active_keys = 3`; perhaps there have not been enough key rotations to reach `max_active_keys` yet? {{(pid=93408) load_keys /opt/stack/keystone/keystone/common/fernet_utils.py:286}}
Aug 10 22:41:05.226787 dv-cinder-851449-5-smb devstack@keystone.service[93407]: [pid: 93407|app: 0|req: 165/327] 10.222.0.77 () {58 vars in 1024 bytes} [Wed Aug 10 22:41:05 2022] POST /identity/v3/auth/tokens => generated 799 bytes in 112 msecs (HTTP/1.1 201) 6 headers in 363 bytes (1 switches on core 0)
Aug 10 22:41:05.240678 dv-cinder-851449-5-smb devstack@keystone.service[93408]: [pid: 93408|app: 0|req: 163/328] 10.222.0.77 () {58 vars in 1024 bytes} [Wed Aug 10 22:41:05 2022] POST /identity/v3/auth/tokens => generated 799 bytes in 99 msecs (HTTP/1.1 201) 6 headers in 363 bytes (2 switches on core 0)
Aug 10 22:41:05.249237 dv-cinder-851449-5-smb devstack@keystone.service[93407]: DEBUG keystone.server.flask.request_processing.middleware.auth_context [None req-523a5129-cb3e-4f63-b9cc-a09331472ab9 None None] Authenticating user token {{(pid=93407) process_request /usr/local/lib/python3.8/dist-packages/keystonemiddleware/auth_token/__init__.py:407}}
Aug 10 22:41:05.262623 dv-cinder-851449-5-smb devstack@keystone.service[93408]: DEBUG keystone.server.flask.request_processing.middleware.auth_context [None req-14849509-2841-43ad-9d05-24fc086b317d None None] Authenticating user token {{(pid=93408) process_request /usr/local/lib/python3.8/dist-packages/keystonemiddleware/auth_token/__init__.py:407}}
Aug 10 22:41:05.310989 dv-cinder-851449-5-smb devstack@keystone.service[93408]: DEBUG dbcounter [-] [93408] Writing DB stats keystone:SELECT=100 {{(pid=93408) stat_writer /usr/local/lib/python3.8/dist-packages/dbcounter.py:114}}
Aug 10 22:41:05.318002 dv-cinder-851449-5-smb devstack@keystone.service[93407]: DEBUG dbcounter [-] [93407] Writing DB stats keystone:SELECT=100 {{(pid=93407) stat_writer /usr/local/lib/python3.8/dist-packages/dbcounter.py:114}}
Aug 10 22:41:05.363847 dv-cinder-851449-5-smb devstack@keystone.service[93407]: DEBUG keystone.server.flask.request_processing.middleware.auth_context [None req-523a5129-cb3e-4f63-b9cc-a09331472ab9 None None] Validating token access rules against request {{(pid=93407) validate_allowed_request /usr/local/lib/python3.8/dist-packages/keystonemiddleware/auth_token/__init__.py:545}}
Aug 10 22:41:05.370972 dv-cinder-851449-5-smb devstack@keystone.service[93408]: DEBUG keystone.server.flask.request_processing.middleware.auth_context [None req-14849509-2841-43ad-9d05-24fc086b317d None None] Validating token access rules against request {{(pid=93408) validate_allowed_request /usr/local/lib/python3.8/dist-packages/keystonemiddleware/auth_token/__init__.py:545}}
Aug 10 22:41:05.399184 dv-cinder-851449-5-smb devstack@keystone.service[93407]: DEBUG keystone.server.flask.request_processing.middleware.auth_context [None req-406e0846-062d-4ee0-ba2e-ba47d2b61314 None admin] RBAC: auth_context: {'token': , 'domain_id': None, 'trust_id': None, 'trustor_id': None, 'trustee_id': None, 'domain_name': None, 'group_ids': [], 'user_id': '8525de726b7c407fab4fe9cbff320061', 'user_domain_id': 'default', 'system_scope': 'all', 'project_id': None, 'project_domain_id': None, 'roles': ['admin', 'member', 'reader'], 'is_admin_project': True, 'service_user_id': None, 'service_user_domain_id': None, 'service_project_id': None, 'service_project_domain_id': None, 'service_roles': []} {{(pid=93407) fill_context /opt/stack/keystone/keystone/server/flask/request_processing/middleware/auth_context.py:478}}
Aug 10 22:41:05.399741 dv-cinder-851449-5-smb devstack@keystone.service[93407]: DEBUG keystone.server.flask.request_processing.req_logging [None req-406e0846-062d-4ee0-ba2e-ba47d2b61314 None admin] REQUEST_METHOD: `GET` {{(pid=93407) log_request_info /opt/stack/keystone/keystone/server/flask/request_processing/req_logging.py:27}}
Aug 10 22:41:05.400014 dv-cinder-851449-5-smb devstack@keystone.service[93407]: DEBUG keystone.server.flask.request_processing.req_logging [None req-406e0846-062d-4ee0-ba2e-ba47d2b61314 None admin] SCRIPT_NAME: `/identity` {{(pid=93407) log_request_info /opt/stack/keystone/keystone/server/flask/request_processing/req_logging.py:28}}
Aug 10 22:41:05.400537 dv-cinder-851449-5-smb devstack@keystone.service[93407]: DEBUG keystone.server.flask.request_processing.req_logging [None req-406e0846-062d-4ee0-ba2e-ba47d2b61314 None admin] PATH_INFO: `/v3/domains/default` {{(pid=93407) log_request_info /opt/stack/keystone/keystone/server/flask/request_processing/req_logging.py:29}}
Aug 10 22:41:05.401426 dv-cinder-851449-5-smb devstack@keystone.service[93407]: DEBUG keystone.common.rbac_enforcer.enforcer [None req-406e0846-062d-4ee0-ba2e-ba47d2b61314 None admin] RBAC: Authorizing `identity:get_domain(domain_id=default)` {{(pid=93407) enforce_call /opt/stack/keystone/keystone/common/rbac_enforcer/enforcer.py:449}}
Aug 10 22:41:05.402850 dv-cinder-851449-5-smb devstack@keystone.service[93407]: DEBUG keystone.common.rbac_enforcer.enforcer [None req-406e0846-062d-4ee0-ba2e-ba47d2b61314 None admin] RBAC: Authorization granted {{(pid=93407) enforce_call /opt/stack/keystone/keystone/common/rbac_enforcer/enforcer.py:457}}
Aug 10 22:41:05.404412 dv-cinder-851449-5-smb devstack@keystone.service[93407]: [pid: 93407|app: 0|req: 166/329] 10.222.0.77 () {56 vars in 1108 bytes} [Wed Aug 10 22:41:05 2022] GET /identity/v3/domains/default => generated 199 bytes in 156 msecs (HTTP/1.1 200) 5 headers in 177 bytes (1 switches on core 0)
Aug 10 22:41:05.410107 dv-cinder-851449-5-smb devstack@keystone.service[93408]: DEBUG keystone.server.flask.request_processing.middleware.auth_context [None req-d609c640-7f2b-4f03-bed4-79c821047d24 None admin] RBAC: auth_context: {'token': , 'domain_id': None, 'trust_id': None, 'trustor_id': None, 'trustee_id': None, 'domain_name': None, 'group_ids': [], 'user_id': '8525de726b7c407fab4fe9cbff320061', 'user_domain_id': 'default', 'system_scope': 'all', 'project_id': None, 'project_domain_id': None, 'roles': ['admin', 'member', 'reader'], 'is_admin_project': True, 'service_user_id': None, 'service_user_domain_id': None, 'service_project_id': None, 'service_project_domain_id': None, 'service_roles': []} {{(pid=93408) fill_context /opt/stack/keystone/keystone/server/flask/request_processing/middleware/auth_context.py:478}}
Aug 10 22:41:05.410607 dv-cinder-851449-5-smb devstack@keystone.service[93407]: DEBUG keystone.server.flask.request_processing.middleware.auth_context [None req-406e0846-062d-4ee0-ba2e-ba47d2b61314 None admin] Authenticating user token {{(pid=93407) process_request /usr/local/lib/python3.8/dist-packages/keystonemiddleware/auth_token/__init__.py:407}}
Aug 10 22:41:05.412789 dv-cinder-851449-5-smb devstack@keystone.service[93408]: DEBUG keystone.server.flask.request_processing.req_logging [None req-d609c640-7f2b-4f03-bed4-79c821047d24 None admin] REQUEST_METHOD: `GET` {{(pid=93408) log_request_info /opt/stack/keystone/keystone/server/flask/request_processing/req_logging.py:27}}
Aug 10 22:41:05.412789 dv-cinder-851449-5-smb devstack@keystone.service[93408]: DEBUG keystone.server.flask.request_processing.req_logging [None req-d609c640-7f2b-4f03-bed4-79c821047d24 None admin] SCRIPT_NAME: `/identity` {{(pid=93408) log_request_info /opt/stack/keystone/keystone/server/flask/request_processing/req_logging.py:28}}
Aug 10 22:41:05.412789 dv-cinder-851449-5-smb devstack@keystone.service[93408]: DEBUG keystone.server.flask.request_processing.req_logging [None req-d609c640-7f2b-4f03-bed4-79c821047d24 None admin] PATH_INFO: `/v3/roles/reader` {{(pid=93408) log_request_info /opt/stack/keystone/keystone/server/flask/request_processing/req_logging.py:29}}
Aug 10 22:41:05.422372 dv-cinder-851449-5-smb devstack@keystone.service[93408]: DEBUG keystone.common.rbac_enforcer.enforcer [None req-d609c640-7f2b-4f03-bed4-79c821047d24 None admin] Extracting inferred target data resulted in "NOT FOUND (404)". {{(pid=93408) enforce_call /opt/stack/keystone/keystone/common/rbac_enforcer/enforcer.py:409}}
Aug 10 22:41:05.427063 dv-cinder-851449-5-smb devstack@keystone.service[93408]: ERROR keystone.server.flask.application [None req-d609c640-7f2b-4f03-bed4-79c821047d24 None admin] Could not find role: reader.: keystone.exception.RoleNotFound: Could not find role: reader.
Aug 10 22:41:05.427063 dv-cinder-851449-5-smb devstack@keystone.service[93408]: ERROR keystone.server.flask.application
Traceback (most recent call last):
Aug 10 22:41:05.427063 dv-cinder-851449-5-smb devstack@keystone.service[93408]: ERROR keystone.server.flask.application
File "/usr/local/lib/python3.8/dist-packages/flask/app.py", line 1820, in full_dispatch_request
Aug 10 22:41:05.427063 dv-cinder-851449-5-smb devstack@keystone.service[93408]: ERROR keystone.server.flask.application rv = self.dispatch_request()
Aug 10 22:41:05.427063 dv-cinder-851449-5-smb devstack@keystone.service[93408]: ERROR keystone.server.flask.application
File "/usr/local/lib/python3.8/dist-packages/flask/app.py", line 1796, in dispatch_request
Aug 10 22:41:05.427063 dv-cinder-851449-5-smb devstack@keystone.service[93408]: ERROR keystone.server.flask.application return self.ensure_sync(self.view_functions[rule.endpoint])(**view_args)
Aug 10 22:41:05.427063 dv-cinder-851449-5-smb devstack@keystone.service[93408]: ERROR keystone.server.flask.application
File "/usr/local/lib/python3.8/dist-packages/flask_restful/__init__.py", line 467, in wrapper
Aug 10 22:41:05.427063 dv-cinder-851449-5-smb devstack@keystone.service[93408]: ERROR keystone.server.flask.application resp = resource(*args, **kwargs)
Aug 10 22:41:05.427063 dv-cinder-851449-5-smb devstack@keystone.service[93408]: ERROR keystone.server.flask.application
File "/usr/local/lib/python3.8/dist-packages/flask/views.py", line 107, in view
Aug 10 22:41:05.427063 dv-cinder-851449-5-smb devstack@keystone.service[93408]: ERROR keystone.server.flask.application return current_app.ensure_sync(self.dispatch_request)(**kwargs)
Aug 10 22:41:05.427063 dv-cinder-851449-5-smb devstack@keystone.service[93408]: ERROR keystone.server.flask.application
File "/usr/local/lib/python3.8/dist-packages/flask_restful/__init__.py", line 582, in dispatch_request
Aug 10 22:41:05.427063 dv-cinder-851449-5-smb devstack@keystone.service[93408]: ERROR keystone.server.flask.application resp = meth(*args, **kwargs)
Aug 10 22:41:05.427063 dv-cinder-851449-5-smb devstack@keystone.service[93408]: ERROR keystone.server.flask.application
File "/opt/stack/keystone/keystone/api/roles.py", line 50, in get
Aug 10 22:41:05.427063 dv-cinder-851449-5-smb devstack@keystone.service[93408]: ERROR keystone.server.flask.application return self._get_role(role_id)
Aug 10 22:41:05.427063 dv-cinder-851449-5-smb devstack@keystone.service[93408]: ERROR keystone.server.flask.application
File "/opt/stack/keystone/keystone/api/roles.py", line 70, in _get_role
Aug 10 22:41:05.427063 dv-cinder-851449-5-smb devstack@keystone.service[93408]: ERROR keystone.server.flask.application ENFORCER.enforce_call(action='identity:get_role')
Aug 10 22:41:05.437159 dv-cinder-851449-5-smb devstack@keystone.service[93408]: ERROR keystone.server.flask.application
File "/opt/stack/keystone/keystone/common/rbac_enforcer/enforcer.py", line 402, in enforce_call
Aug 10 22:41:05.437159 dv-cinder-851449-5-smb devstack@keystone.service[93408]: ERROR keystone.server.flask.application policy_dict.update(cls._extract_member_target_data(
Aug 10 22:41:05.437159 dv-cinder-851449-5-smb devstack@keystone.service[93408]: ERROR keystone.server.flask.application
File "/opt/stack/keystone/keystone/common/rbac_enforcer/enforcer.py", line 234, in _extract_member_target_data
Aug 10 22:41:05.437159 dv-cinder-851449-5-smb devstack@keystone.service[93408]: ERROR keystone.server.flask.application member_name: func(flask.request.view_args[key])
Aug 10 22:41:05.437159 dv-cinder-851449-5-smb devstack@keystone.service[93408]: ERROR keystone.server.flask.application
File "/opt/stack/keystone/keystone/common/manager.py", line 115, in wrapped
Aug 10 22:41:05.437159 dv-cinder-851449-5-smb devstack@keystone.service[93408]: ERROR keystone.server.flask.application __ret_val = __f(*args, **kwargs)
Aug 10 22:41:05.437159 dv-cinder-851449-5-smb devstack@keystone.service[93408]: ERROR keystone.server.flask.application
File "/usr/local/lib/python3.8/dist-packages/decorator.py", line 232, in fun
Aug 10 22:41:05.437159 dv-cinder-851449-5-smb devstack@keystone.service[93408]: ERROR keystone.server.flask.application return caller(func, *(extras + args), **kw)
Aug 10 22:41:05.437159 dv-cinder-851449-5-smb devstack@keystone.service[93408]: ERROR keystone.server.flask.application
File "/usr/local/lib/python3.8/dist-packages/dogpile/cache/region.py", line 1577, in get_or_create_for_user_func
Aug 10 22:41:05.437159 dv-cinder-851449-5-smb devstack@keystone.service[93408]: ERROR keystone.server.flask.application return self.get_or_create(
Aug 10 22:41:05.437159 dv-cinder-851449-5-smb devstack@keystone.service[93408]: ERROR keystone.server.flask.application
File "/usr/local/lib/python3.8/dist-packages/dogpile/cache/region.py", line 1042, in get_or_create
Aug 10 22:41:05.437159 dv-cinder-851449-5-smb devstack@keystone.service[93408]: ERROR keystone.server.flask.application with Lock(
Aug 10 22:41:05.437159 dv-cinder-851449-5-smb devstack@keystone.service[93408]: ERROR keystone.server.flask.application
File "/usr/local/lib/python3.8/dist-packages/dogpile/lock.py", line 185, in __enter__
Aug 10 22:41:05.437159 dv-cinder-851449-5-smb devstack@keystone.service[93408]: ERROR keystone.server.flask.application return self._enter()
Aug 10 22:41:05.437159 dv-cinder-851449-5-smb devstack@keystone.service[93408]: ERROR keystone.server.flask.application
File "/usr/local/lib/python3.8/dist-packages/dogpile/lock.py", line 94, in _enter
Aug 10 22:41:05.437159 dv-cinder-851449-5-smb devstack@keystone.service[93408]: ERROR keystone.server.flask.application generated = self._enter_create(value, createdtime)
Aug 10 22:41:05.437987 dv-cinder-851449-5-smb devstack@keystone.service[93408]: ERROR keystone.server.flask.application
File "/usr/local/lib/python3.8/dist-packages/dogpile/lock.py", line 178, in _enter_create
Aug 10 22:41:05.437987 dv-cinder-851449-5-smb devstack@keystone.service[93408]: ERROR keystone.server.flask.application return self.creator()
Aug 10 22:41:05.437987 dv-cinder-851449-5-smb devstack@keystone.service[93408]: ERROR keystone.server.flask.application
File "/usr/local/lib/python3.8/dist-packages/dogpile/cache/region.py", line 995, in gen_value
Aug 10 22:41:05.437987 dv-cinder-851449-5-smb devstack@keystone.service[93408]: ERROR keystone.server.flask.application created_value = creator(
Aug 10 22:41:05.437987 dv-cinder-851449-5-smb devstack@keystone.service[93408]: ERROR keystone.server.flask.application
File "/opt/stack/keystone/keystone/assignment/core.py", line 1276, in get_role
Aug 10 22:41:05.437987 dv-cinder-851449-5-smb devstack@keystone.service[93408]: ERROR keystone.server.flask.application return self.driver.get_role(role_id)
Aug 10 22:41:05.437987 dv-cinder-851449-5-smb devstack@keystone.service[93408]: ERROR keystone.server.flask.application
File "/opt/stack/keystone/keystone/assignment/role_backends/sql.py", line 70, in get_role
Aug 10 22:41:05.437987 dv-cinder-851449-5-smb devstack@keystone.service[93408]: ERROR keystone.server.flask.application return self._get_role(session, role_id).to_dict()
Aug 10 22:41:05.437987 dv-cinder-851449-5-smb devstack@keystone.service[93408]: ERROR keystone.server.flask.application
File "/opt/stack/keystone/keystone/assignment/role_backends/sql.py", line 65, in _get_role
Aug 10 22:41:05.437987 dv-cinder-851449-5-smb devstack@keystone.service[93408]: ERROR keystone.server.flask.application raise exception.RoleNotFound(role_id=role_id)
Aug 10 22:41:05.437987 dv-cinder-851449-5-smb devstack@keystone.service[93408]: ERROR keystone.server.flask.application keystone.exception.RoleNotFound: Could not find role: reader.
Aug 10 22:41:05.437987 dv-cinder-851449-5-smb devstack@keystone.service[93408]: ERROR keystone.server.flask.application
Aug 10 22:41:05.437987 dv-cinder-851449-5-smb devstack@keystone.service[93408]: [pid: 93408|app: 0|req: 164/330] 10.222.0.77 () {56 vars in 1099 bytes} [Wed Aug 10 22:41:05 2022] GET /identity/v3/roles/reader => generated 84 bytes in 167 msecs (HTTP/1.1 404) 5 headers in 183 bytes (2 switches on core 0)
Aug 10 22:41:05.437987 dv-cinder-851449-5-smb devstack@keystone.service[93408]: DEBUG keystone.server.flask.request_processing.middleware.auth_context [None req-d609c640-7f2b-4f03-bed4-79c821047d24 None admin] Authenticating user token {{(pid=93408) process_request /usr/local/lib/python3.8/dist-packages/keystonemiddleware/auth_token/__init__.py:407}}
Aug 10 22:41:05.509069 dv-cinder-851449-5-smb devstack@keystone.service[93407]: DEBUG keystone.server.flask.request_processing.middleware.auth_context [None req-406e0846-062d-4ee0-ba2e-ba47d2b61314 None admin] Validating token access rules against request {{(pid=93407) validate_allowed_request /usr/local/lib/python3.8/dist-packages/keystonemiddleware/auth_token/__init__.py:545}}
Aug 10 22:41:05.533199 dv-cinder-851449-5-smb devstack@keystone.service[93407]: DEBUG dbcounter [-] [93407] Writing DB stats keystone:SELECT=100 {{(pid=93407) stat_writer /usr/local/lib/python3.8/dist-packages/dbcounter.py:114}}
Aug 10 22:41:05.535663 dv-cinder-851449-5-smb devstack@keystone.service[93408]: DEBUG keystone.server.flask.request_processing.middleware.auth_context [None req-d609c640-7f2b-4f03-bed4-79c821047d24 None admin] Validating token access rules against request {{(pid=93408) validate_allowed_request /usr/local/lib/python3.8/dist-packages/keystonemiddleware/auth_token/__init__.py:545}}
Aug 10 22:41:05.539689 dv-cinder-851449-5-smb devstack@keystone.service[93408]: DEBUG dbcounter [-] [93408] Writing DB stats keystone:SELECT=100 {{(pid=93408) stat_writer /usr/local/lib/python3.8/dist-packages/dbcounter.py:114}}
Aug 10 22:41:05.543845 dv-cinder-851449-5-smb devstack@keystone.service[93407]: DEBUG keystone.server.flask.request_processing.middleware.auth_context [None req-d8cbef3f-25d0-40c9-a3e4-6f3aea0a0854 None admin] RBAC: auth_context: {'token': , 'domain_id': None, 'trust_id': None, 'trustor_id': None, 'trustee_id': None, 'domain_name': None, 'group_ids': [], 'user_id': '8525de726b7c407fab4fe9cbff320061', 'user_domain_id': 'default', 'system_scope': 'all', 'project_id': None, 'project_domain_id': None, 'roles': ['admin', 'member', 'reader'], 'is_admin_project': True, 'service_user_id': None, 'service_user_domain_id': None, 'service_project_id': None, 'service_project_domain_id': None, 'service_roles': []} {{(pid=93407) fill_context /opt/stack/keystone/keystone/server/flask/request_processing/middleware/auth_context.py:478}}
Aug 10 22:41:05.544482 dv-cinder-851449-5-smb devstack@keystone.service[93407]: DEBUG keystone.server.flask.request_processing.req_logging [None req-d8cbef3f-25d0-40c9-a3e4-6f3aea0a0854 None admin] REQUEST_METHOD: `POST` {{(pid=93407) log_request_info /opt/stack/keystone/keystone/server/flask/request_processing/req_logging.py:27}}
Aug 10 22:41:05.544735 dv-cinder-851449-5-smb devstack@keystone.service[93407]: DEBUG keystone.server.flask.request_processing.req_logging [None req-d8cbef3f-25d0-40c9-a3e4-6f3aea0a0854 None admin] SCRIPT_NAME: `/identity` {{(pid=93407) log_request_info /opt/stack/keystone/keystone/server/flask/request_processing/req_logging.py:28}}
Aug 10 22:41:05.544998 dv-cinder-851449-5-smb devstack@keystone.service[93407]: DEBUG keystone.server.flask.request_processing.req_logging [None req-d8cbef3f-25d0-40c9-a3e4-6f3aea0a0854 None admin] PATH_INFO: `/v3/groups` {{(pid=93407) log_request_info /opt/stack/keystone/keystone/server/flask/request_processing/req_logging.py:29}}
Aug 10 22:41:05.545654 dv-cinder-851449-5-smb devstack@keystone.service[93407]: DEBUG keystone.common.rbac_enforcer.enforcer [None req-d8cbef3f-25d0-40c9-a3e4-6f3aea0a0854 None admin] RBAC: Authorizing `identity:create_group()` {{(pid=93407) enforce_call /opt/stack/keystone/keystone/common/rbac_enforcer/enforcer.py:449}}
Aug 10 22:41:05.547131 dv-cinder-851449-5-smb devstack@keystone.service[93407]: DEBUG keystone.common.rbac_enforcer.enforcer [None req-d8cbef3f-25d0-40c9-a3e4-6f3aea0a0854 None admin] RBAC: Authorization granted {{(pid=93407) enforce_call /opt/stack/keystone/keystone/common/rbac_enforcer/enforcer.py:457}}
Aug 10 22:41:05.575235 dv-cinder-851449-5-smb devstack@keystone.service[93408]: DEBUG keystone.server.flask.request_processing.middleware.auth_context [None req-bf419c6d-6f86-4516-977e-6a30c72f53c6 None admin] RBAC: auth_context: {'token': , 'domain_id': None, 'trust_id': None, 'trustor_id': None, 'trustee_id': None, 'domain_name': None, 'group_ids': [], 'user_id': '8525de726b7c407fab4fe9cbff320061', 'user_domain_id': 'default', 'system_scope': 'all', 'project_id': None, 'project_domain_id': None, 'roles': ['admin', 'member', 'reader'], 'is_admin_project': True, 'service_user_id': None, 'service_user_domain_id': None, 'service_project_id': None, 'service_project_domain_id': None, 'service_roles': []} {{(pid=93408) fill_context /opt/stack/keystone/keystone/server/flask/request_processing/middleware/auth_context.py:478}}
Aug 10 22:41:05.575857 dv-cinder-851449-5-smb devstack@keystone.service[93408]: DEBUG keystone.server.flask.request_processing.req_logging [None req-bf419c6d-6f86-4516-977e-6a30c72f53c6 None admin] REQUEST_METHOD: `GET` {{(pid=93408) log_request_info /opt/stack/keystone/keystone/server/flask/request_processing/req_logging.py:27}}
Aug 10 22:41:05.576135 dv-cinder-851449-5-smb devstack@keystone.service[93408]: DEBUG keystone.server.flask.request_processing.req_logging [None req-bf419c6d-6f86-4516-977e-6a30c72f53c6 None admin] SCRIPT_NAME: `/identity` {{(pid=93408) log_request_info /opt/stack/keystone/keystone/server/flask/request_processing/req_logging.py:28}}
Aug 10 22:41:05.576410 dv-cinder-851449-5-smb devstack@keystone.service[93408]: DEBUG keystone.server.flask.request_processing.req_logging [None req-bf419c6d-6f86-4516-977e-6a30c72f53c6 None admin] PATH_INFO: `/v3/roles` {{(pid=93408) log_request_info /opt/stack/keystone/keystone/server/flask/request_processing/req_logging.py:29}}
Aug 10 22:41:05.577187 dv-cinder-851449-5-smb devstack@keystone.service[93408]: DEBUG keystone.common.rbac_enforcer.enforcer [None req-bf419c6d-6f86-4516-977e-6a30c72f53c6 None admin] RBAC: Adding query filter params (name=reader) {{(pid=93408) _extract_filter_values /opt/stack/keystone/keystone/common/rbac_enforcer/enforcer.py:167}}
Aug 10 22:41:05.577524 dv-cinder-851449-5-smb devstack@keystone.service[93408]: DEBUG keystone.common.rbac_enforcer.enforcer [None req-bf419c6d-6f86-4516-977e-6a30c72f53c6 None admin] RBAC: Authorizing `identity:list_roles()` {{(pid=93408) enforce_call /opt/stack/keystone/keystone/common/rbac_enforcer/enforcer.py:449}}
Aug 10 22:41:05.578899 dv-cinder-851449-5-smb devstack@keystone.service[93408]: DEBUG keystone.common.rbac_enforcer.enforcer [None req-bf419c6d-6f86-4516-977e-6a30c72f53c6 None admin] RBAC: Authorization granted {{(pid=93408) enforce_call /opt/stack/keystone/keystone/common/rbac_enforcer/enforcer.py:457}}
Aug 10 22:41:05.588012 dv-cinder-851449-5-smb devstack@keystone.service[93408]: [pid: 93408|app: 0|req: 165/331] 10.222.0.77 () {56 vars in 1101 bytes} [Wed Aug 10 22:41:05 2022] GET /identity/v3/roles?name=reader => generated 341 bytes in 154 msecs (HTTP/1.1 200) 5 headers in 177 bytes (2 switches on core 0)
Aug 10 22:41:05.593703 dv-cinder-851449-5-smb devstack@keystone.service[93408]: DEBUG keystone.server.flask.request_processing.middleware.auth_context [None req-bf419c6d-6f86-4516-977e-6a30c72f53c6 None admin] Authenticating user token {{(pid=93408) process_request /usr/local/lib/python3.8/dist-packages/keystonemiddleware/auth_token/__init__.py:407}}
Aug 10 22:41:05.639777 dv-cinder-851449-5-smb devstack@keystone.service[93407]: [pid: 93407|app: 0|req: 167/332] 10.222.0.77 () {60 vars in 1134 bytes} [Wed Aug 10 22:41:05 2022] POST /identity/v3/groups => generated 226 bytes in 229 msecs (HTTP/1.1 201) 5 headers in 182 bytes (2 switches on core 0)
Aug 10 22:41:05.706935 dv-cinder-851449-5-smb devstack@keystone.service[93408]: DEBUG keystone.server.flask.request_processing.middleware.auth_context [None req-bf419c6d-6f86-4516-977e-6a30c72f53c6 None admin] Validating token access rules against request {{(pid=93408) validate_allowed_request /usr/local/lib/python3.8/dist-packages/keystonemiddleware/auth_token/__init__.py:545}}
Aug 10 22:41:05.743942 dv-cinder-851449-5-smb devstack@keystone.service[93408]: DEBUG keystone.server.flask.request_processing.middleware.auth_context [None req-20b8489b-18ca-4321-b13e-98dc95bf8089 None admin] RBAC: auth_context: {'token': , 'domain_id': None, 'trust_id': None, 'trustor_id': None, 'trustee_id': None, 'domain_name': None, 'group_ids': [], 'user_id': '8525de726b7c407fab4fe9cbff320061', 'user_domain_id': 'default', 'system_scope': 'all', 'project_id': None, 'project_domain_id': None, 'roles': ['admin', 'member', 'reader'], 'is_admin_project': True, 'service_user_id': None, 'service_user_domain_id': None, 'service_project_id': None, 'service_project_domain_id': None, 'service_roles': []} {{(pid=93408) fill_context /opt/stack/keystone/keystone/server/flask/request_processing/middleware/auth_context.py:478}}
Aug 10 22:41:05.744582 dv-cinder-851449-5-smb devstack@keystone.service[93408]: DEBUG keystone.server.flask.request_processing.req_logging [None req-20b8489b-18ca-4321-b13e-98dc95bf8089 None admin] REQUEST_METHOD: `GET` {{(pid=93408) log_request_info /opt/stack/keystone/keystone/server/flask/request_processing/req_logging.py:27}}
Aug 10 22:41:05.744860 dv-cinder-851449-5-smb devstack@keystone.service[93408]: DEBUG keystone.server.flask.request_processing.req_logging [None req-20b8489b-18ca-4321-b13e-98dc95bf8089 None admin] SCRIPT_NAME: `/identity` {{(pid=93408) log_request_info /opt/stack/keystone/keystone/server/flask/request_processing/req_logging.py:28}}
Aug 10 22:41:05.745130 dv-cinder-851449-5-smb devstack@keystone.service[93408]: DEBUG keystone.server.flask.request_processing.req_logging [None req-20b8489b-18ca-4321-b13e-98dc95bf8089 None admin] PATH_INFO: `/v3/users/3b2b18b5e2f94234b4bdd400ac3c7a2f` {{(pid=93408) log_request_info /opt/stack/keystone/keystone/server/flask/request_processing/req_logging.py:29}}
Aug 10 22:41:05.746326 dv-cinder-851449-5-smb devstack@keystone.service[93408]: DEBUG keystone.common.rbac_enforcer.enforcer [None req-20b8489b-18ca-4321-b13e-98dc95bf8089 None admin] RBAC: Authorizing `identity:get_user(user_id=3b2b18b5e2f94234b4bdd400ac3c7a2f)` {{(pid=93408) enforce_call /opt/stack/keystone/keystone/common/rbac_enforcer/enforcer.py:449}}
Aug 10 22:41:05.747799 dv-cinder-851449-5-smb devstack@keystone.service[93408]: DEBUG keystone.common.rbac_enforcer.enforcer [None req-20b8489b-18ca-4321-b13e-98dc95bf8089 None admin] RBAC: Authorization granted {{(pid=93408) enforce_call /opt/stack/keystone/keystone/common/rbac_enforcer/enforcer.py:457}}
Aug 10 22:41:05.749459 dv-cinder-851449-5-smb devstack@keystone.service[93408]: [pid: 93408|app: 0|req: 166/333] 10.222.0.77 () {56 vars in 1177 bytes} [Wed Aug 10 22:41:05 2022] GET /identity/v3/users/3b2b18b5e2f94234b4bdd400ac3c7a2f => generated 293 bytes in 156 msecs (HTTP/1.1 200) 5 headers in 177 bytes (2 switches on core 0)
Aug 10 22:41:05.755896 dv-cinder-851449-5-smb devstack@keystone.service[93407]: DEBUG keystone.server.flask.request_processing.middleware.auth_context [None req-d8cbef3f-25d0-40c9-a3e4-6f3aea0a0854 None admin] Authenticating user token {{(pid=93407) process_request /usr/local/lib/python3.8/dist-packages/keystonemiddleware/auth_token/__init__.py:407}}
Aug 10 22:41:05.863473 dv-cinder-851449-5-smb devstack@keystone.service[93407]: DEBUG keystone.server.flask.request_processing.middleware.auth_context [None req-d8cbef3f-25d0-40c9-a3e4-6f3aea0a0854 None admin] Validating token access rules against request {{(pid=93407) validate_allowed_request /usr/local/lib/python3.8/dist-packages/keystonemiddleware/auth_token/__init__.py:545}}
Aug 10 22:41:05.900314 dv-cinder-851449-5-smb devstack@keystone.service[93407]: DEBUG keystone.server.flask.request_processing.middleware.auth_context [None req-e68e9759-babb-4ab2-9147-af897d8ea1cb None admin] RBAC: auth_context: {'token': , 'domain_id': None, 'trust_id': None, 'trustor_id': None, 'trustee_id': None, 'domain_name': None, 'group_ids': [], 'user_id': '8525de726b7c407fab4fe9cbff320061', 'user_domain_id': 'default', 'system_scope': 'all', 'project_id': None, 'project_domain_id': None, 'roles': ['admin', 'member', 'reader'], 'is_admin_project': True, 'service_user_id': None, 'service_user_domain_id': None, 'service_project_id': None, 'service_project_domain_id': None, 'service_roles': []} {{(pid=93407) fill_context /opt/stack/keystone/keystone/server/flask/request_processing/middleware/auth_context.py:478}}
Aug 10 22:41:05.901077 dv-cinder-851449-5-smb devstack@keystone.service[93407]: DEBUG keystone.server.flask.request_processing.req_logging [None req-e68e9759-babb-4ab2-9147-af897d8ea1cb None admin] REQUEST_METHOD: `PUT` {{(pid=93407) log_request_info /opt/stack/keystone/keystone/server/flask/request_processing/req_logging.py:27}}
Aug 10 22:41:05.901472 dv-cinder-851449-5-smb devstack@keystone.service[93407]: DEBUG keystone.server.flask.request_processing.req_logging [None req-e68e9759-babb-4ab2-9147-af897d8ea1cb None admin] SCRIPT_NAME: `/identity` {{(pid=93407) log_request_info /opt/stack/keystone/keystone/server/flask/request_processing/req_logging.py:28}}
Aug 10 22:41:05.901752 dv-cinder-851449-5-smb devstack@keystone.service[93407]: DEBUG keystone.server.flask.request_processing.req_logging [None req-e68e9759-babb-4ab2-9147-af897d8ea1cb None admin] PATH_INFO: `/v3/system/users/3b2b18b5e2f94234b4bdd400ac3c7a2f/roles/7a14ec7cc43c4b5fa0516c5d46f059db` {{(pid=93407) log_request_info /opt/stack/keystone/keystone/server/flask/request_processing/req_logging.py:29}}
Aug 10 22:41:05.903199 dv-cinder-851449-5-smb devstack@keystone.service[93407]: DEBUG keystone.common.rbac_enforcer.enforcer [None req-e68e9759-babb-4ab2-9147-af897d8ea1cb None admin] RBAC: Authorizing `identity:create_system_grant_for_user(user_id=3b2b18b5e2f94234b4bdd400ac3c7a2f, role_id=7a14ec7cc43c4b5fa0516c5d46f059db)` {{(pid=93407) enforce_call /opt/stack/keystone/keystone/common/rbac_enforcer/enforcer.py:449}}
Aug 10 22:41:05.904616 dv-cinder-851449-5-smb devstack@keystone.service[93407]: DEBUG keystone.common.rbac_enforcer.enforcer [None req-e68e9759-babb-4ab2-9147-af897d8ea1cb None admin] RBAC: Authorization granted {{(pid=93407) enforce_call /opt/stack/keystone/keystone/common/rbac_enforcer/enforcer.py:457}}
Aug 10 22:41:05.948768 dv-cinder-851449-5-smb devstack@keystone.service[93407]: [pid: 93407|app: 0|req: 168/334] 10.222.0.77 () {58 vars in 1334 bytes} [Wed Aug 10 22:41:05 2022] PUT /identity/v3/system/users/3b2b18b5e2f94234b4bdd400ac3c7a2f/roles/7a14ec7cc43c4b5fa0516c5d46f059db => generated 0 bytes in 194 msecs (HTTP/1.1 204) 3 headers in 132 bytes (0 switches on core 0)
Aug 10 22:41:08.004292 dv-cinder-851449-5-smb devstack@keystone.service[93408]: DEBUG keystone.server.flask.request_processing.req_logging [None req-f50d84d5-f376-457b-9c72-146905bcb8b9 None None] REQUEST_METHOD: `GET` {{(pid=93408) log_request_info /opt/stack/keystone/keystone/server/flask/request_processing/req_logging.py:27}}
Aug 10 22:41:08.005325 dv-cinder-851449-5-smb devstack@keystone.service[93408]: DEBUG keystone.server.flask.request_processing.req_logging [None req-f50d84d5-f376-457b-9c72-146905bcb8b9 None None] SCRIPT_NAME: `/identity` {{(pid=93408) log_request_info /opt/stack/keystone/keystone/server/flask/request_processing/req_logging.py:28}}
Aug 10 22:41:08.005805 dv-cinder-851449-5-smb devstack@keystone.service[93408]: DEBUG keystone.server.flask.request_processing.req_logging [None req-f50d84d5-f376-457b-9c72-146905bcb8b9 None None] PATH_INFO: `/` {{(pid=93408) log_request_info /opt/stack/keystone/keystone/server/flask/request_processing/req_logging.py:29}}
Aug 10 22:41:08.007626 dv-cinder-851449-5-smb devstack@keystone.service[93408]: [pid: 93408|app: 0|req: 167/335] 10.222.0.77 () {54 vars in 927 bytes} [Wed Aug 10 22:41:08 2022] GET /identity => generated 270 bytes in 4 msecs (HTTP/1.1 300) 6 headers in 234 bytes (1 switches on core 0)
Aug 10 22:41:08.013241 dv-cinder-851449-5-smb devstack@keystone.service[93407]: DEBUG keystone.server.flask.request_processing.req_logging [None req-574b93f7-31b6-4594-a087-95073355493a None None] REQUEST_METHOD: `POST` {{(pid=93407) log_request_info /opt/stack/keystone/keystone/server/flask/request_processing/req_logging.py:27}}
Aug 10 22:41:08.014152 dv-cinder-851449-5-smb devstack@keystone.service[93407]: DEBUG keystone.server.flask.request_processing.req_logging [None req-574b93f7-31b6-4594-a087-95073355493a None None] SCRIPT_NAME: `/identity` {{(pid=93407) log_request_info /opt/stack/keystone/keystone/server/flask/request_processing/req_logging.py:28}}
Aug 10 22:41:08.014613 dv-cinder-851449-5-smb devstack@keystone.service[93407]: DEBUG keystone.server.flask.request_processing.req_logging [None req-574b93f7-31b6-4594-a087-95073355493a None None] PATH_INFO: `/v3/auth/tokens` {{(pid=93407) log_request_info /opt/stack/keystone/keystone/server/flask/request_processing/req_logging.py:29}}
