Aug 10 22:40:53.782473 dv-cinder-851449-5-smb devstack@keystone.service[93407]: ERROR keystone.server.flask.application raise exception.RoleNotFound(role_id=role_id)
Aug 10 22:40:53.782473 dv-cinder-851449-5-smb devstack@keystone.service[93407]: ERROR keystone.server.flask.application keystone.exception.RoleNotFound: Could not find role: reader.
Aug 10 22:40:53.782473 dv-cinder-851449-5-smb devstack@keystone.service[93407]: ERROR keystone.server.flask.application
Aug 10 22:40:53.785132 dv-cinder-851449-5-smb devstack@keystone.service[93407]: [pid: 93407|app: 0|req: 118/237] 10.222.0.77 () {56 vars in 1099 bytes} [Wed Aug 10 22:40:53 2022] GET /identity/v3/roles/reader => generated 84 bytes in 187 msecs (HTTP/1.1 404) 5 headers in 183 bytes (1 switches on core 0)
Aug 10 22:40:53.792624 dv-cinder-851449-5-smb devstack@keystone.service[93408]: DEBUG keystone.server.flask.request_processing.middleware.auth_context [None req-c86c50c9-9064-44b1-bd6c-c26bcca9671d None None] Authenticating user token {{(pid=93408) process_request /usr/local/lib/python3.8/dist-packages/keystonemiddleware/auth_token/__init__.py:407}}
Aug 10 22:40:53.916374 dv-cinder-851449-5-smb devstack@keystone.service[93408]: DEBUG keystone.server.flask.request_processing.middleware.auth_context [None req-c86c50c9-9064-44b1-bd6c-c26bcca9671d None None] Validating token access rules against request {{(pid=93408) validate_allowed_request /usr/local/lib/python3.8/dist-packages/keystonemiddleware/auth_token/__init__.py:545}}
Aug 10 22:40:53.945813 dv-cinder-851449-5-smb devstack@keystone.service[93407]: DEBUG keystone.server.flask.request_processing.req_logging [None req-a803217c-9862-4464-9f89-a0418f2a4ec8 None None] REQUEST_METHOD: `GET` {{(pid=93407) log_request_info /opt/stack/keystone/keystone/server/flask/request_processing/req_logging.py:27}}
Aug 10 22:40:53.946095 dv-cinder-851449-5-smb devstack@keystone.service[93407]: DEBUG keystone.server.flask.request_processing.req_logging [None req-a803217c-9862-4464-9f89-a0418f2a4ec8 None None] SCRIPT_NAME: `/identity` {{(pid=93407) log_request_info /opt/stack/keystone/keystone/server/flask/request_processing/req_logging.py:28}}
Aug 10 22:40:53.946520 dv-cinder-851449-5-smb devstack@keystone.service[93407]: DEBUG keystone.server.flask.request_processing.req_logging [None req-a803217c-9862-4464-9f89-a0418f2a4ec8 None None] PATH_INFO: `/` {{(pid=93407) log_request_info /opt/stack/keystone/keystone/server/flask/request_processing/req_logging.py:29}}
Aug 10 22:40:53.948044 dv-cinder-851449-5-smb devstack@keystone.service[93407]: [pid: 93407|app: 0|req: 119/238] 10.222.0.77 () {54 vars in 927 bytes} [Wed Aug 10 22:40:53 2022] GET /identity => generated 270 bytes in 3 msecs (HTTP/1.1 300) 6 headers in 234 bytes (2 switches on core 0)
Aug 10 22:40:53.957524 dv-cinder-851449-5-smb devstack@keystone.service[93408]: DEBUG keystone.server.flask.request_processing.middleware.auth_context [None req-8ee46499-732c-4abc-bd17-f46faed7b0aa None admin] RBAC: auth_context: {'token': , 'domain_id': None, 'trust_id': None, 'trustor_id': None, 'trustee_id': None, 'domain_name': None, 'group_ids': [], 'user_id': '8525de726b7c407fab4fe9cbff320061', 'user_domain_id': 'default', 'system_scope': 'all', 'project_id': None, 'project_domain_id': None, 'roles': ['admin', 'member', 'reader'], 'is_admin_project': True, 'service_user_id': None, 'service_user_domain_id': None, 'service_project_id': None, 'service_project_domain_id': None, 'service_roles': []} {{(pid=93408) fill_context /opt/stack/keystone/keystone/server/flask/request_processing/middleware/auth_context.py:478}}
Aug 10 22:40:53.958469 dv-cinder-851449-5-smb devstack@keystone.service[93408]: DEBUG keystone.server.flask.request_processing.req_logging [None req-8ee46499-732c-4abc-bd17-f46faed7b0aa None admin] REQUEST_METHOD: `GET` {{(pid=93408) log_request_info /opt/stack/keystone/keystone/server/flask/request_processing/req_logging.py:27}}
Aug 10 22:40:53.958929 dv-cinder-851449-5-smb devstack@keystone.service[93408]: DEBUG keystone.server.flask.request_processing.req_logging [None req-8ee46499-732c-4abc-bd17-f46faed7b0aa None admin] SCRIPT_NAME: `/identity` {{(pid=93408) log_request_info /opt/stack/keystone/keystone/server/flask/request_processing/req_logging.py:28}}
Aug 10 22:40:53.959373 dv-cinder-851449-5-smb devstack@keystone.service[93408]: DEBUG keystone.server.flask.request_processing.req_logging [None req-8ee46499-732c-4abc-bd17-f46faed7b0aa None admin] PATH_INFO: `/v3/roles` {{(pid=93408) log_request_info /opt/stack/keystone/keystone/server/flask/request_processing/req_logging.py:29}}
Aug 10 22:40:53.960218 dv-cinder-851449-5-smb devstack@keystone.service[93408]: DEBUG keystone.common.rbac_enforcer.enforcer [None req-8ee46499-732c-4abc-bd17-f46faed7b0aa None admin] RBAC: Adding query filter params (name=reader) {{(pid=93408) _extract_filter_values /opt/stack/keystone/keystone/common/rbac_enforcer/enforcer.py:167}}
Aug 10 22:40:53.960692 dv-cinder-851449-5-smb devstack@keystone.service[93408]: DEBUG keystone.common.rbac_enforcer.enforcer [None req-8ee46499-732c-4abc-bd17-f46faed7b0aa None admin] RBAC: Authorizing `identity:list_roles()` {{(pid=93408) enforce_call /opt/stack/keystone/keystone/common/rbac_enforcer/enforcer.py:449}}
Aug 10 22:40:53.962973 dv-cinder-851449-5-smb devstack@keystone.service[93408]: DEBUG keystone.common.rbac_enforcer.enforcer [None req-8ee46499-732c-4abc-bd17-f46faed7b0aa None admin] RBAC: Authorization granted {{(pid=93408) enforce_call /opt/stack/keystone/keystone/common/rbac_enforcer/enforcer.py:457}}
Aug 10 22:40:53.968806 dv-cinder-851449-5-smb devstack@keystone.service[93407]: DEBUG keystone.server.flask.request_processing.req_logging [None req-7b4abaf3-1cb2-4420-a278-b4d94a39473b None None] REQUEST_METHOD: `POST` {{(pid=93407) log_request_info /opt/stack/keystone/keystone/server/flask/request_processing/req_logging.py:27}}
Aug 10 22:40:53.969216 dv-cinder-851449-5-smb devstack@keystone.service[93407]: DEBUG keystone.server.flask.request_processing.req_logging [None req-7b4abaf3-1cb2-4420-a278-b4d94a39473b None None] SCRIPT_NAME: `/identity` {{(pid=93407) log_request_info /opt/stack/keystone/keystone/server/flask/request_processing/req_logging.py:28}}
Aug 10 22:40:53.969527 dv-cinder-851449-5-smb devstack@keystone.service[93407]: DEBUG keystone.server.flask.request_processing.req_logging [None req-7b4abaf3-1cb2-4420-a278-b4d94a39473b None None] PATH_INFO: `/v3/auth/tokens` {{(pid=93407) log_request_info /opt/stack/keystone/keystone/server/flask/request_processing/req_logging.py:29}}
Aug 10 22:40:53.975174 dv-cinder-851449-5-smb devstack@keystone.service[93408]: [pid: 93408|app: 0|req: 120/239] 10.222.0.77 () {56 vars in 1101 bytes} [Wed Aug 10 22:40:53 2022] GET /identity/v3/roles?name=reader => generated 341 bytes in 185 msecs (HTTP/1.1 200) 5 headers in 177 bytes (1 switches on core 0)
Aug 10 22:40:53.980772 dv-cinder-851449-5-smb devstack@keystone.service[93408]: DEBUG keystone.server.flask.request_processing.middleware.auth_context [None req-8ee46499-732c-4abc-bd17-f46faed7b0aa None admin] Authenticating user token {{(pid=93408) process_request /usr/local/lib/python3.8/dist-packages/keystonemiddleware/auth_token/__init__.py:407}}
Aug 10 22:40:54.001636 dv-cinder-851449-5-smb devstack@keystone.service[93408]: DEBUG dbcounter [-] [93408] Writing DB stats keystone:SELECT=100 {{(pid=93408) stat_writer /usr/local/lib/python3.8/dist-packages/dbcounter.py:114}}
Aug 10 22:40:54.002205 dv-cinder-851449-5-smb devstack@keystone.service[93407]: DEBUG keystone.auth.core [None req-7b4abaf3-1cb2-4420-a278-b4d94a39473b None None] MFA Rules not processed for user `8525de726b7c407fab4fe9cbff320061`. Rule list: `[]` (Enabled: `True`). {{(pid=93407) check_auth_methods_against_rules /opt/stack/keystone/keystone/auth/core.py:438}}
Aug 10 22:40:54.003417 dv-cinder-851449-5-smb devstack@keystone.service[93407]: DEBUG keystone.common.fernet_utils [None req-7b4abaf3-1cb2-4420-a278-b4d94a39473b None None] Loaded 2 Fernet keys from /etc/keystone/fernet-keys/, but `[fernet_tokens] max_active_keys = 3`; perhaps there have not been enough key rotations to reach `max_active_keys` yet? {{(pid=93407) load_keys /opt/stack/keystone/keystone/common/fernet_utils.py:286}}
Aug 10 22:40:54.091744 dv-cinder-851449-5-smb devstack@keystone.service[93407]: [pid: 93407|app: 0|req: 120/240] 10.222.0.77 () {58 vars in 1024 bytes} [Wed Aug 10 22:40:53 2022] POST /identity/v3/auth/tokens => generated 799 bytes in 124 msecs (HTTP/1.1 201) 6 headers in 363 bytes (1 switches on core 0)
Aug 10 22:40:54.108500 dv-cinder-851449-5-smb devstack@keystone.service[93407]: DEBUG keystone.server.flask.request_processing.req_logging [None req-a2290273-4210-446a-8182-c2c4d37ee0c7 None None] REQUEST_METHOD: `GET` {{(pid=93407) log_request_info /opt/stack/keystone/keystone/server/flask/request_processing/req_logging.py:27}}
Aug 10 22:40:54.108822 dv-cinder-851449-5-smb devstack@keystone.service[93407]: DEBUG keystone.server.flask.request_processing.req_logging [None req-a2290273-4210-446a-8182-c2c4d37ee0c7 None None] SCRIPT_NAME: `/identity` {{(pid=93407) log_request_info /opt/stack/keystone/keystone/server/flask/request_processing/req_logging.py:28}}
Aug 10 22:40:54.109046 dv-cinder-851449-5-smb devstack@keystone.service[93407]: DEBUG keystone.server.flask.request_processing.req_logging [None req-a2290273-4210-446a-8182-c2c4d37ee0c7 None None] PATH_INFO: `/` {{(pid=93407) log_request_info /opt/stack/keystone/keystone/server/flask/request_processing/req_logging.py:29}}
Aug 10 22:40:54.110561 dv-cinder-851449-5-smb devstack@keystone.service[93407]: [pid: 93407|app: 0|req: 121/241] 10.222.0.77 () {54 vars in 927 bytes} [Wed Aug 10 22:40:54 2022] GET /identity => generated 270 bytes in 3 msecs (HTTP/1.1 300) 6 headers in 234 bytes (2 switches on core 0)
Aug 10 22:40:54.115856 dv-cinder-851449-5-smb devstack@keystone.service[93407]: DEBUG keystone.server.flask.request_processing.req_logging [None req-8dfe7d3f-16a2-4295-8a96-56a0535a3727 None None] REQUEST_METHOD: `POST` {{(pid=93407) log_request_info /opt/stack/keystone/keystone/server/flask/request_processing/req_logging.py:27}}
Aug 10 22:40:54.116137 dv-cinder-851449-5-smb devstack@keystone.service[93407]: DEBUG keystone.server.flask.request_processing.req_logging [None req-8dfe7d3f-16a2-4295-8a96-56a0535a3727 None None] SCRIPT_NAME: `/identity` {{(pid=93407) log_request_info /opt/stack/keystone/keystone/server/flask/request_processing/req_logging.py:28}}
Aug 10 22:40:54.116409 dv-cinder-851449-5-smb devstack@keystone.service[93407]: DEBUG keystone.server.flask.request_processing.req_logging [None req-8dfe7d3f-16a2-4295-8a96-56a0535a3727 None None] PATH_INFO: `/v3/auth/tokens` {{(pid=93407) log_request_info /opt/stack/keystone/keystone/server/flask/request_processing/req_logging.py:29}}
Aug 10 22:40:54.134734 dv-cinder-851449-5-smb devstack@keystone.service[93407]: DEBUG keystone.auth.core [None req-8dfe7d3f-16a2-4295-8a96-56a0535a3727 None None] MFA Rules not processed for user `8525de726b7c407fab4fe9cbff320061`. Rule list: `[]` (Enabled: `True`). {{(pid=93407) check_auth_methods_against_rules /opt/stack/keystone/keystone/auth/core.py:438}}
Aug 10 22:40:54.135916 dv-cinder-851449-5-smb devstack@keystone.service[93407]: DEBUG keystone.common.fernet_utils [None req-8dfe7d3f-16a2-4295-8a96-56a0535a3727 None None] Loaded 2 Fernet keys from /etc/keystone/fernet-keys/, but `[fernet_tokens] max_active_keys = 3`; perhaps there have not been enough key rotations to reach `max_active_keys` yet? {{(pid=93407) load_keys /opt/stack/keystone/keystone/common/fernet_utils.py:286}}
Aug 10 22:40:54.162527 dv-cinder-851449-5-smb devstack@keystone.service[93408]: DEBUG keystone.server.flask.request_processing.middleware.auth_context [None req-8ee46499-732c-4abc-bd17-f46faed7b0aa None admin] Validating token access rules against request {{(pid=93408) validate_allowed_request /usr/local/lib/python3.8/dist-packages/keystonemiddleware/auth_token/__init__.py:545}}
Aug 10 22:40:54.202178 dv-cinder-851449-5-smb devstack@keystone.service[93408]: DEBUG keystone.server.flask.request_processing.middleware.auth_context [None req-d9f3c964-540d-4370-9af4-5187f0c29a9e None admin] RBAC: auth_context: {'token': , 'domain_id': None, 'trust_id': None, 'trustor_id': None, 'trustee_id': None, 'domain_name': None, 'group_ids': [], 'user_id': '8525de726b7c407fab4fe9cbff320061', 'user_domain_id': 'default', 'system_scope': 'all', 'project_id': None, 'project_domain_id': None, 'roles': ['admin', 'member', 'reader'], 'is_admin_project': True, 'service_user_id': None, 'service_user_domain_id': None, 'service_project_id': None, 'service_project_domain_id': None, 'service_roles': []} {{(pid=93408) fill_context /opt/stack/keystone/keystone/server/flask/request_processing/middleware/auth_context.py:478}}
Aug 10 22:40:54.202811 dv-cinder-851449-5-smb devstack@keystone.service[93408]: DEBUG keystone.server.flask.request_processing.req_logging [None req-d9f3c964-540d-4370-9af4-5187f0c29a9e None admin] REQUEST_METHOD: `GET` {{(pid=93408) log_request_info /opt/stack/keystone/keystone/server/flask/request_processing/req_logging.py:27}}
Aug 10 22:40:54.203089 dv-cinder-851449-5-smb devstack@keystone.service[93408]: DEBUG keystone.server.flask.request_processing.req_logging [None req-d9f3c964-540d-4370-9af4-5187f0c29a9e None admin] SCRIPT_NAME: `/identity` {{(pid=93408) log_request_info /opt/stack/keystone/keystone/server/flask/request_processing/req_logging.py:28}}
Aug 10 22:40:54.203361 dv-cinder-851449-5-smb devstack@keystone.service[93408]: DEBUG keystone.server.flask.request_processing.req_logging [None req-d9f3c964-540d-4370-9af4-5187f0c29a9e None admin] PATH_INFO: `/v3/users/8036b5e4fcce4a6a9d29b329bd4cd9e3` {{(pid=93408) log_request_info /opt/stack/keystone/keystone/server/flask/request_processing/req_logging.py:29}}
Aug 10 22:40:54.217463 dv-cinder-851449-5-smb devstack@keystone.service[93408]: DEBUG keystone.common.rbac_enforcer.enforcer [None req-d9f3c964-540d-4370-9af4-5187f0c29a9e None admin] RBAC: Authorizing `identity:get_user(user_id=8036b5e4fcce4a6a9d29b329bd4cd9e3)` {{(pid=93408) enforce_call /opt/stack/keystone/keystone/common/rbac_enforcer/enforcer.py:449}}
Aug 10 22:40:54.218755 dv-cinder-851449-5-smb devstack@keystone.service[93407]: [pid: 93407|app: 0|req: 122/242] 10.222.0.77 () {58 vars in 1024 bytes} [Wed Aug 10 22:40:54 2022] POST /identity/v3/auth/tokens => generated 799 bytes in 104 msecs (HTTP/1.1 201) 6 headers in 363 bytes (2 switches on core 0)
Aug 10 22:40:54.218973 dv-cinder-851449-5-smb devstack@keystone.service[93408]: DEBUG keystone.common.rbac_enforcer.enforcer [None req-d9f3c964-540d-4370-9af4-5187f0c29a9e None admin] RBAC: Authorization granted {{(pid=93408) enforce_call /opt/stack/keystone/keystone/common/rbac_enforcer/enforcer.py:457}}
Aug 10 22:40:54.219800 dv-cinder-851449-5-smb devstack@keystone.service[93407]: DEBUG keystone.server.flask.request_processing.middleware.auth_context [None req-8dfe7d3f-16a2-4295-8a96-56a0535a3727 None None] Authenticating user token {{(pid=93407) process_request /usr/local/lib/python3.8/dist-packages/keystonemiddleware/auth_token/__init__.py:407}}
Aug 10 22:40:54.225864 dv-cinder-851449-5-smb devstack@keystone.service[93408]: [pid: 93408|app: 0|req: 121/243] 10.222.0.77 () {56 vars in 1177 bytes} [Wed Aug 10 22:40:53 2022] GET /identity/v3/users/8036b5e4fcce4a6a9d29b329bd4cd9e3 => generated 297 bytes in 245 msecs (HTTP/1.1 200) 5 headers in 177 bytes (2 switches on core 0)
Aug 10 22:40:54.231180 dv-cinder-851449-5-smb devstack@keystone.service[93408]: DEBUG keystone.server.flask.request_processing.middleware.auth_context [None req-d9f3c964-540d-4370-9af4-5187f0c29a9e None admin] Authenticating user token {{(pid=93408) process_request /usr/local/lib/python3.8/dist-packages/keystonemiddleware/auth_token/__init__.py:407}}
Aug 10 22:40:54.265672 dv-cinder-851449-5-smb devstack@keystone.service[93407]: DEBUG dbcounter [-] [93407] Writing DB stats keystone:SELECT=100 {{(pid=93407) stat_writer /usr/local/lib/python3.8/dist-packages/dbcounter.py:114}}
Aug 10 22:40:54.294640 dv-cinder-851449-5-smb devstack@keystone.service[93408]: DEBUG dbcounter [-] [93408] Writing DB stats keystone:SELECT=100 {{(pid=93408) stat_writer /usr/local/lib/python3.8/dist-packages/dbcounter.py:114}}
Aug 10 22:40:54.332582 dv-cinder-851449-5-smb devstack@keystone.service[93408]: DEBUG keystone.server.flask.request_processing.middleware.auth_context [None req-d9f3c964-540d-4370-9af4-5187f0c29a9e None admin] Validating token access rules against request {{(pid=93408) validate_allowed_request /usr/local/lib/python3.8/dist-packages/keystonemiddleware/auth_token/__init__.py:545}}
Aug 10 22:40:54.340289 dv-cinder-851449-5-smb devstack@keystone.service[93407]: DEBUG keystone.server.flask.request_processing.middleware.auth_context [None req-8dfe7d3f-16a2-4295-8a96-56a0535a3727 None None] Validating token access rules against request {{(pid=93407) validate_allowed_request /usr/local/lib/python3.8/dist-packages/keystonemiddleware/auth_token/__init__.py:545}}
Aug 10 22:40:54.369712 dv-cinder-851449-5-smb devstack@keystone.service[93408]: DEBUG keystone.server.flask.request_processing.middleware.auth_context [None req-35462fb5-9fd0-4909-9e51-d6fe0d73c678 None admin] RBAC: auth_context: {'token': , 'domain_id': None, 'trust_id': None, 'trustor_id': None, 'trustee_id': None, 'domain_name': None, 'group_ids': [], 'user_id': '8525de726b7c407fab4fe9cbff320061', 'user_domain_id': 'default', 'system_scope': 'all', 'project_id': None, 'project_domain_id': None, 'roles': ['admin', 'member', 'reader'], 'is_admin_project': True, 'service_user_id': None, 'service_user_domain_id': None, 'service_project_id': None, 'service_project_domain_id': None, 'service_roles': []} {{(pid=93408) fill_context /opt/stack/keystone/keystone/server/flask/request_processing/middleware/auth_context.py:478}}
Aug 10 22:40:54.370094 dv-cinder-851449-5-smb devstack@keystone.service[93408]: DEBUG keystone.server.flask.request_processing.req_logging [None req-35462fb5-9fd0-4909-9e51-d6fe0d73c678 None admin] REQUEST_METHOD: `GET` {{(pid=93408) log_request_info /opt/stack/keystone/keystone/server/flask/request_processing/req_logging.py:27}}
Aug 10 22:40:54.370370 dv-cinder-851449-5-smb devstack@keystone.service[93408]: DEBUG keystone.server.flask.request_processing.req_logging [None req-35462fb5-9fd0-4909-9e51-d6fe0d73c678 None admin] SCRIPT_NAME: `/identity` {{(pid=93408) log_request_info /opt/stack/keystone/keystone/server/flask/request_processing/req_logging.py:28}}
Aug 10 22:40:54.370641 dv-cinder-851449-5-smb devstack@keystone.service[93408]: DEBUG keystone.server.flask.request_processing.req_logging [None req-35462fb5-9fd0-4909-9e51-d6fe0d73c678 None admin] PATH_INFO: `/v3/auth/tokens` {{(pid=93408) log_request_info /opt/stack/keystone/keystone/server/flask/request_processing/req_logging.py:29}}
Aug 10 22:40:54.381621 dv-cinder-851449-5-smb devstack@keystone.service[93407]: DEBUG keystone.server.flask.request_processing.middleware.auth_context [None req-5b22962e-e6e5-40bd-9f9c-3577c2557fa1 None admin] RBAC: auth_context: {'token': , 'domain_id': None, 'trust_id': None, 'trustor_id': None, 'trustee_id': None, 'domain_name': None, 'group_ids': [], 'user_id': '8525de726b7c407fab4fe9cbff320061', 'user_domain_id': 'default', 'system_scope': 'all', 'project_id': None, 'project_domain_id': None, 'roles': ['admin', 'member', 'reader'], 'is_admin_project': True, 'service_user_id': None, 'service_user_domain_id': None, 'service_project_id': None, 'service_project_domain_id': None, 'service_roles': []} {{(pid=93407) fill_context /opt/stack/keystone/keystone/server/flask/request_processing/middleware/auth_context.py:478}}
Aug 10 22:40:54.382603 dv-cinder-851449-5-smb devstack@keystone.service[93407]: DEBUG keystone.server.flask.request_processing.req_logging [None req-5b22962e-e6e5-40bd-9f9c-3577c2557fa1 None admin] REQUEST_METHOD: `GET` {{(pid=93407) log_request_info /opt/stack/keystone/keystone/server/flask/request_processing/req_logging.py:27}}
Aug 10 22:40:54.383067 dv-cinder-851449-5-smb devstack@keystone.service[93407]: DEBUG keystone.server.flask.request_processing.req_logging [None req-5b22962e-e6e5-40bd-9f9c-3577c2557fa1 None admin] SCRIPT_NAME: `/identity` {{(pid=93407) log_request_info /opt/stack/keystone/keystone/server/flask/request_processing/req_logging.py:28}}
Aug 10 22:40:54.383565 dv-cinder-851449-5-smb devstack@keystone.service[93407]: DEBUG keystone.server.flask.request_processing.req_logging [None req-5b22962e-e6e5-40bd-9f9c-3577c2557fa1 None admin] PATH_INFO: `/v3/domains/default` {{(pid=93407) log_request_info /opt/stack/keystone/keystone/server/flask/request_processing/req_logging.py:29}}
Aug 10 22:40:54.384876 dv-cinder-851449-5-smb devstack@keystone.service[93407]: DEBUG keystone.common.rbac_enforcer.enforcer [None req-5b22962e-e6e5-40bd-9f9c-3577c2557fa1 None admin] RBAC: Authorizing `identity:get_domain(domain_id=default)` {{(pid=93407) enforce_call /opt/stack/keystone/keystone/common/rbac_enforcer/enforcer.py:449}}
Aug 10 22:40:54.387443 dv-cinder-851449-5-smb devstack@keystone.service[93407]: DEBUG keystone.common.rbac_enforcer.enforcer [None req-5b22962e-e6e5-40bd-9f9c-3577c2557fa1 None admin] RBAC: Authorization granted {{(pid=93407) enforce_call /opt/stack/keystone/keystone/common/rbac_enforcer/enforcer.py:457}}
Aug 10 22:40:54.390449 dv-cinder-851449-5-smb devstack@keystone.service[93407]: [pid: 93407|app: 0|req: 123/244] 10.222.0.77 () {56 vars in 1108 bytes} [Wed Aug 10 22:40:54 2022] GET /identity/v3/domains/default => generated 199 bytes in 171 msecs (HTTP/1.1 200) 5 headers in 177 bytes (1 switches on core 0)
Aug 10 22:40:54.391480 dv-cinder-851449-5-smb devstack@keystone.service[93407]: DEBUG keystone.server.flask.request_processing.middleware.auth_context [None req-5b22962e-e6e5-40bd-9f9c-3577c2557fa1 None admin] Authenticating user token {{(pid=93407) process_request /usr/local/lib/python3.8/dist-packages/keystonemiddleware/auth_token/__init__.py:407}}
Aug 10 22:40:54.449282 dv-cinder-851449-5-smb devstack@keystone.service[93408]: DEBUG keystone.common.rbac_enforcer.enforcer [None req-35462fb5-9fd0-4909-9e51-d6fe0d73c678 None admin] RBAC: Authorizing `identity:validate_token()` {{(pid=93408) enforce_call /opt/stack/keystone/keystone/common/rbac_enforcer/enforcer.py:449}}
Aug 10 22:40:54.450841 dv-cinder-851449-5-smb devstack@keystone.service[93408]: DEBUG keystone.common.rbac_enforcer.enforcer [None req-35462fb5-9fd0-4909-9e51-d6fe0d73c678 None admin] RBAC: Authorization granted {{(pid=93408) enforce_call /opt/stack/keystone/keystone/common/rbac_enforcer/enforcer.py:457}}
Aug 10 22:40:54.503901 dv-cinder-851449-5-smb devstack@keystone.service[93407]: DEBUG keystone.server.flask.request_processing.middleware.auth_context [None req-5b22962e-e6e5-40bd-9f9c-3577c2557fa1 None admin] Validating token access rules against request {{(pid=93407) validate_allowed_request /usr/local/lib/python3.8/dist-packages/keystonemiddleware/auth_token/__init__.py:545}}
Aug 10 22:40:54.517104 dv-cinder-851449-5-smb devstack@keystone.service[93408]: DEBUG dbcounter [-] [93408] Writing DB stats keystone:SELECT=100 {{(pid=93408) stat_writer /usr/local/lib/python3.8/dist-packages/dbcounter.py:114}}
Aug 10 22:40:54.521762 dv-cinder-851449-5-smb devstack@keystone.service[93407]: DEBUG dbcounter [-] [93407] Writing DB stats keystone:SELECT=100 {{(pid=93407) stat_writer /usr/local/lib/python3.8/dist-packages/dbcounter.py:114}}
Aug 10 22:40:54.542880 dv-cinder-851449-5-smb devstack@keystone.service[93407]: DEBUG keystone.server.flask.request_processing.middleware.auth_context [None req-eefdcbb4-03d7-4b2b-8d3e-b251c97173c5 None admin] RBAC: auth_context: {'token': , 'domain_id': None, 'trust_id': None, 'trustor_id': None, 'trustee_id': None, 'domain_name': None, 'group_ids': [], 'user_id': '8525de726b7c407fab4fe9cbff320061', 'user_domain_id': 'default', 'system_scope': 'all', 'project_id': None, 'project_domain_id': None, 'roles': ['admin', 'member', 'reader'], 'is_admin_project': True, 'service_user_id': None, 'service_user_domain_id': None, 'service_project_id': None, 'service_project_domain_id': None, 'service_roles': []} {{(pid=93407) fill_context /opt/stack/keystone/keystone/server/flask/request_processing/middleware/auth_context.py:478}}
Aug 10 22:40:54.543913 dv-cinder-851449-5-smb devstack@keystone.service[93407]: DEBUG keystone.server.flask.request_processing.req_logging [None req-eefdcbb4-03d7-4b2b-8d3e-b251c97173c5 None admin] REQUEST_METHOD: `GET` {{(pid=93407) log_request_info /opt/stack/keystone/keystone/server/flask/request_processing/req_logging.py:27}}
Aug 10 22:40:54.556192 dv-cinder-851449-5-smb devstack@keystone.service[93407]: DEBUG keystone.server.flask.request_processing.req_logging [None req-eefdcbb4-03d7-4b2b-8d3e-b251c97173c5 None admin] SCRIPT_NAME: `/identity` {{(pid=93407) log_request_info /opt/stack/keystone/keystone/server/flask/request_processing/req_logging.py:28}}
Aug 10 22:40:54.556669 dv-cinder-851449-5-smb devstack@keystone.service[93407]: DEBUG keystone.server.flask.request_processing.req_logging [None req-eefdcbb4-03d7-4b2b-8d3e-b251c97173c5 None admin] PATH_INFO: `/v3/roles/member` {{(pid=93407) log_request_info /opt/stack/keystone/keystone/server/flask/request_processing/req_logging.py:29}}
Aug 10 22:40:54.562891 dv-cinder-851449-5-smb devstack@keystone.service[93408]: [pid: 93408|app: 0|req: 122/245] 10.222.0.77 () {58 vars in 1282 bytes} [Wed Aug 10 22:40:54 2022] GET /identity/v3/auth/tokens => generated 799 bytes in 332 msecs (HTTP/1.1 200) 6 headers in 358 bytes (1 switches on core 0)
Aug 10 22:40:54.563817 dv-cinder-851449-5-smb devstack@keystone.service[93408]: DEBUG keystone.server.flask.request_processing.middleware.auth_context [None req-35462fb5-9fd0-4909-9e51-d6fe0d73c678 None admin] Authenticating user token {{(pid=93408) process_request /usr/local/lib/python3.8/dist-packages/keystonemiddleware/auth_token/__init__.py:407}}
Aug 10 22:40:54.571667 dv-cinder-851449-5-smb devstack@keystone.service[93407]: DEBUG keystone.common.rbac_enforcer.enforcer [None req-eefdcbb4-03d7-4b2b-8d3e-b251c97173c5 None admin] Extracting inferred target data resulted in "NOT FOUND (404)". {{(pid=93407) enforce_call /opt/stack/keystone/keystone/common/rbac_enforcer/enforcer.py:409}}
Aug 10 22:40:54.577043 dv-cinder-851449-5-smb devstack@keystone.service[93407]: ERROR keystone.server.flask.application [None req-eefdcbb4-03d7-4b2b-8d3e-b251c97173c5 None admin] Could not find role: member.: keystone.exception.RoleNotFound: Could not find role: member.
Aug 10 22:40:54.577043 dv-cinder-851449-5-smb devstack@keystone.service[93407]: ERROR keystone.server.flask.application
Traceback (most recent call last):
Aug 10 22:40:54.577043 dv-cinder-851449-5-smb devstack@keystone.service[93407]: ERROR keystone.server.flask.application
File "/usr/local/lib/python3.8/dist-packages/flask/app.py", line 1820, in full_dispatch_request
Aug 10 22:40:54.577043 dv-cinder-851449-5-smb devstack@keystone.service[93407]: ERROR keystone.server.flask.application rv = self.dispatch_request()
Aug 10 22:40:54.577043 dv-cinder-851449-5-smb devstack@keystone.service[93407]: ERROR keystone.server.flask.application
File "/usr/local/lib/python3.8/dist-packages/flask/app.py", line 1796, in dispatch_request
Aug 10 22:40:54.577043 dv-cinder-851449-5-smb devstack@keystone.service[93407]: ERROR keystone.server.flask.application return self.ensure_sync(self.view_functions[rule.endpoint])(**view_args)
Aug 10 22:40:54.577043 dv-cinder-851449-5-smb devstack@keystone.service[93407]: ERROR keystone.server.flask.application
File "/usr/local/lib/python3.8/dist-packages/flask_restful/__init__.py", line 467, in wrapper
Aug 10 22:40:54.577043 dv-cinder-851449-5-smb devstack@keystone.service[93407]: ERROR keystone.server.flask.application resp = resource(*args, **kwargs)
Aug 10 22:40:54.577043 dv-cinder-851449-5-smb devstack@keystone.service[93407]: ERROR keystone.server.flask.application
File "/usr/local/lib/python3.8/dist-packages/flask/views.py", line 107, in view
Aug 10 22:40:54.577043 dv-cinder-851449-5-smb devstack@keystone.service[93407]: ERROR keystone.server.flask.application return current_app.ensure_sync(self.dispatch_request)(**kwargs)
Aug 10 22:40:54.577043 dv-cinder-851449-5-smb devstack@keystone.service[93407]: ERROR keystone.server.flask.application
File "/usr/local/lib/python3.8/dist-packages/flask_restful/__init__.py", line 582, in dispatch_request
Aug 10 22:40:54.577043 dv-cinder-851449-5-smb devstack@keystone.service[93407]: ERROR keystone.server.flask.application resp = meth(*args, **kwargs)
Aug 10 22:40:54.577043 dv-cinder-851449-5-smb devstack@keystone.service[93407]: ERROR keystone.server.flask.application
File "/opt/stack/keystone/keystone/api/roles.py", line 50, in get
Aug 10 22:40:54.577043 dv-cinder-851449-5-smb devstack@keystone.service[93407]: ERROR keystone.server.flask.application return self._get_role(role_id)
Aug 10 22:40:54.577043 dv-cinder-851449-5-smb devstack@keystone.service[93407]: ERROR keystone.server.flask.application
File "/opt/stack/keystone/keystone/api/roles.py", line 70, in _get_role
Aug 10 22:40:54.577043 dv-cinder-851449-5-smb devstack@keystone.service[93407]: ERROR keystone.server.flask.application ENFORCER.enforce_call(action='identity:get_role')
Aug 10 22:40:54.577941 dv-cinder-851449-5-smb devstack@keystone.service[93407]: ERROR keystone.server.flask.application
File "/opt/stack/keystone/keystone/common/rbac_enforcer/enforcer.py", line 402, in enforce_call
Aug 10 22:40:54.577941 dv-cinder-851449-5-smb devstack@keystone.service[93407]: ERROR keystone.server.flask.application policy_dict.update(cls._extract_member_target_data(
Aug 10 22:40:54.577941 dv-cinder-851449-5-smb devstack@keystone.service[93407]: ERROR keystone.server.flask.application
File "/opt/stack/keystone/keystone/common/rbac_enforcer/enforcer.py", line 234, in _extract_member_target_data
Aug 10 22:40:54.577941 dv-cinder-851449-5-smb devstack@keystone.service[93407]: ERROR keystone.server.flask.application member_name: func(flask.request.view_args[key])
Aug 10 22:40:54.577941 dv-cinder-851449-5-smb devstack@keystone.service[93407]: ERROR keystone.server.flask.application
File "/opt/stack/keystone/keystone/common/manager.py", line 115, in wrapped
Aug 10 22:40:54.577941 dv-cinder-851449-5-smb devstack@keystone.service[93407]: ERROR keystone.server.flask.application __ret_val = __f(*args, **kwargs)
Aug 10 22:40:54.577941 dv-cinder-851449-5-smb devstack@keystone.service[93407]: ERROR keystone.server.flask.application
File "/usr/local/lib/python3.8/dist-packages/decorator.py", line 232, in fun
Aug 10 22:40:54.577941 dv-cinder-851449-5-smb devstack@keystone.service[93407]: ERROR keystone.server.flask.application return caller(func, *(extras + args), **kw)
Aug 10 22:40:54.577941 dv-cinder-851449-5-smb devstack@keystone.service[93407]: ERROR keystone.server.flask.application
File "/usr/local/lib/python3.8/dist-packages/dogpile/cache/region.py", line 1577, in get_or_create_for_user_func
Aug 10 22:40:54.577941 dv-cinder-851449-5-smb devstack@keystone.service[93407]: ERROR keystone.server.flask.application return self.get_or_create(
Aug 10 22:40:54.577941 dv-cinder-851449-5-smb devstack@keystone.service[93407]: ERROR keystone.server.flask.application
File "/usr/local/lib/python3.8/dist-packages/dogpile/cache/region.py", line 1042, in get_or_create
Aug 10 22:40:54.577941 dv-cinder-851449-5-smb devstack@keystone.service[93407]: ERROR keystone.server.flask.application with Lock(
Aug 10 22:40:54.577941 dv-cinder-851449-5-smb devstack@keystone.service[93407]: ERROR keystone.server.flask.application
File "/usr/local/lib/python3.8/dist-packages/dogpile/lock.py", line 185, in __enter__
Aug 10 22:40:54.577941 dv-cinder-851449-5-smb devstack@keystone.service[93407]: ERROR keystone.server.flask.application return self._enter()
Aug 10 22:40:54.577941 dv-cinder-851449-5-smb devstack@keystone.service[93407]: ERROR keystone.server.flask.application
File "/usr/local/lib/python3.8/dist-packages/dogpile/lock.py", line 94, in _enter
Aug 10 22:40:54.577941 dv-cinder-851449-5-smb devstack@keystone.service[93407]: ERROR keystone.server.flask.application generated = self._enter_create(value, createdtime)
Aug 10 22:40:54.578804 dv-cinder-851449-5-smb devstack@keystone.service[93407]: ERROR keystone.server.flask.application
File "/usr/local/lib/python3.8/dist-packages/dogpile/lock.py", line 178, in _enter_create
Aug 10 22:40:54.578804 dv-cinder-851449-5-smb devstack@keystone.service[93407]: ERROR keystone.server.flask.application return self.creator()
Aug 10 22:40:54.578804 dv-cinder-851449-5-smb devstack@keystone.service[93407]: ERROR keystone.server.flask.application
File "/usr/local/lib/python3.8/dist-packages/dogpile/cache/region.py", line 995, in gen_value
Aug 10 22:40:54.578804 dv-cinder-851449-5-smb devstack@keystone.service[93407]: ERROR keystone.server.flask.application created_value = creator(
Aug 10 22:40:54.578804 dv-cinder-851449-5-smb devstack@keystone.service[93407]: ERROR keystone.server.flask.application
File "/opt/stack/keystone/keystone/assignment/core.py", line 1276, in get_role
Aug 10 22:40:54.578804 dv-cinder-851449-5-smb devstack@keystone.service[93407]: ERROR keystone.server.flask.application return self.driver.get_role(role_id)
Aug 10 22:40:54.578804 dv-cinder-851449-5-smb devstack@keystone.service[93407]: ERROR keystone.server.flask.application
File "/opt/stack/keystone/keystone/assignment/role_backends/sql.py", line 70, in get_role
Aug 10 22:40:54.578804 dv-cinder-851449-5-smb devstack@keystone.service[93407]: ERROR keystone.server.flask.application return self._get_role(session, role_id).to_dict()
Aug 10 22:40:54.578804 dv-cinder-851449-5-smb devstack@keystone.service[93407]: ERROR keystone.server.flask.application
File "/opt/stack/keystone/keystone/assignment/role_backends/sql.py", line 65, in _get_role
Aug 10 22:40:54.578804 dv-cinder-851449-5-smb devstack@keystone.service[93407]: ERROR keystone.server.flask.application raise exception.RoleNotFound(role_id=role_id)
Aug 10 22:40:54.578804 dv-cinder-851449-5-smb devstack@keystone.service[93407]: ERROR keystone.server.flask.application keystone.exception.RoleNotFound: Could not find role: member.
Aug 10 22:40:54.578804 dv-cinder-851449-5-smb devstack@keystone.service[93407]: ERROR keystone.server.flask.application
Aug 10 22:40:54.586225 dv-cinder-851449-5-smb devstack@keystone.service[93407]: [pid: 93407|app: 0|req: 124/246] 10.222.0.77 () {56 vars in 1099 bytes} [Wed Aug 10 22:40:54 2022] GET /identity/v3/roles/member => generated 84 bytes in 190 msecs (HTTP/1.1 404) 5 headers in 183 bytes (1 switches on core 0)
Aug 10 22:40:54.587609 dv-cinder-851449-5-smb devstack@keystone.service[93407]: DEBUG keystone.server.flask.request_processing.middleware.auth_context [None req-eefdcbb4-03d7-4b2b-8d3e-b251c97173c5 None admin] Authenticating user token {{(pid=93407) process_request /usr/local/lib/python3.8/dist-packages/keystonemiddleware/auth_token/__init__.py:407}}
Aug 10 22:40:54.667790 dv-cinder-851449-5-smb devstack@keystone.service[93408]: DEBUG keystone.server.flask.request_processing.middleware.auth_context [None req-35462fb5-9fd0-4909-9e51-d6fe0d73c678 None admin] Validating token access rules against request {{(pid=93408) validate_allowed_request /usr/local/lib/python3.8/dist-packages/keystonemiddleware/auth_token/__init__.py:545}}
Aug 10 22:40:54.696381 dv-cinder-851449-5-smb devstack@keystone.service[93407]: DEBUG keystone.server.flask.request_processing.middleware.auth_context [None req-eefdcbb4-03d7-4b2b-8d3e-b251c97173c5 None admin] Validating token access rules against request {{(pid=93407) validate_allowed_request /usr/local/lib/python3.8/dist-packages/keystonemiddleware/auth_token/__init__.py:545}}
Aug 10 22:40:54.702429 dv-cinder-851449-5-smb devstack@keystone.service[93408]: DEBUG keystone.server.flask.request_processing.middleware.auth_context [None req-de8510d8-16f2-4ebd-848d-9ca3fa319f26 None admin] RBAC: auth_context: {'token': , 'domain_id': None, 'trust_id': None, 'trustor_id': None, 'trustee_id': None, 'domain_name': None, 'group_ids': [], 'user_id': '8525de726b7c407fab4fe9cbff320061', 'user_domain_id': 'default', 'system_scope': 'all', 'project_id': None, 'project_domain_id': None, 'roles': ['admin', 'member', 'reader'], 'is_admin_project': True, 'service_user_id': None, 'service_user_domain_id': None, 'service_project_id': None, 'service_project_domain_id': None, 'service_roles': []} {{(pid=93408) fill_context /opt/stack/keystone/keystone/server/flask/request_processing/middleware/auth_context.py:478}}
Aug 10 22:40:54.703040 dv-cinder-851449-5-smb devstack@keystone.service[93408]: DEBUG keystone.server.flask.request_processing.req_logging [None req-de8510d8-16f2-4ebd-848d-9ca3fa319f26 None admin] REQUEST_METHOD: `POST` {{(pid=93408) log_request_info /opt/stack/keystone/keystone/server/flask/request_processing/req_logging.py:27}}
Aug 10 22:40:54.703313 dv-cinder-851449-5-smb devstack@keystone.service[93408]: DEBUG keystone.server.flask.request_processing.req_logging [None req-de8510d8-16f2-4ebd-848d-9ca3fa319f26 None admin] SCRIPT_NAME: `/identity` {{(pid=93408) log_request_info /opt/stack/keystone/keystone/server/flask/request_processing/req_logging.py:28}}
Aug 10 22:40:54.703580 dv-cinder-851449-5-smb devstack@keystone.service[93408]: DEBUG keystone.server.flask.request_processing.req_logging [None req-de8510d8-16f2-4ebd-848d-9ca3fa319f26 None admin] PATH_INFO: `/v3/users` {{(pid=93408) log_request_info /opt/stack/keystone/keystone/server/flask/request_processing/req_logging.py:29}}
Aug 10 22:40:54.704282 dv-cinder-851449-5-smb devstack@keystone.service[93408]: DEBUG keystone.common.rbac_enforcer.enforcer [None req-de8510d8-16f2-4ebd-848d-9ca3fa319f26 None admin] RBAC: Authorizing `identity:create_user()` {{(pid=93408) enforce_call /opt/stack/keystone/keystone/common/rbac_enforcer/enforcer.py:449}}
Aug 10 22:40:54.705786 dv-cinder-851449-5-smb devstack@keystone.service[93408]: DEBUG keystone.common.rbac_enforcer.enforcer [None req-de8510d8-16f2-4ebd-848d-9ca3fa319f26 None admin] RBAC: Authorization granted {{(pid=93408) enforce_call /opt/stack/keystone/keystone/common/rbac_enforcer/enforcer.py:457}}
Aug 10 22:40:54.735320 dv-cinder-851449-5-smb devstack@keystone.service[93407]: DEBUG keystone.server.flask.request_processing.middleware.auth_context [None req-df24ae1c-4e0f-4766-b71f-391004cd2921 None admin] RBAC: auth_context: {'token': , 'domain_id': None, 'trust_id': None, 'trustor_id': None, 'trustee_id': None, 'domain_name': None, 'group_ids': [], 'user_id': '8525de726b7c407fab4fe9cbff320061', 'user_domain_id': 'default', 'system_scope': 'all', 'project_id': None, 'project_domain_id': None, 'roles': ['admin', 'member', 'reader'], 'is_admin_project': True, 'service_user_id': None, 'service_user_domain_id': None, 'service_project_id': None, 'service_project_domain_id': None, 'service_roles': []} {{(pid=93407) fill_context /opt/stack/keystone/keystone/server/flask/request_processing/middleware/auth_context.py:478}}
Aug 10 22:40:54.736026 dv-cinder-851449-5-smb devstack@keystone.service[93407]: DEBUG keystone.server.flask.request_processing.req_logging [None req-df24ae1c-4e0f-4766-b71f-391004cd2921 None admin] REQUEST_METHOD: `GET` {{(pid=93407) log_request_info /opt/stack/keystone/keystone/server/flask/request_processing/req_logging.py:27}}
Aug 10 22:40:54.736362 dv-cinder-851449-5-smb devstack@keystone.service[93407]: DEBUG keystone.server.flask.request_processing.req_logging [None req-df24ae1c-4e0f-4766-b71f-391004cd2921 None admin] SCRIPT_NAME: `/identity` {{(pid=93407) log_request_info /opt/stack/keystone/keystone/server/flask/request_processing/req_logging.py:28}}
Aug 10 22:40:54.736695 dv-cinder-851449-5-smb devstack@keystone.service[93407]: DEBUG keystone.server.flask.request_processing.req_logging [None req-df24ae1c-4e0f-4766-b71f-391004cd2921 None admin] PATH_INFO: `/v3/projects/a25b4d45c4d04b1caa0854b2777fecbf` {{(pid=93407) log_request_info /opt/stack/keystone/keystone/server/flask/request_processing/req_logging.py:29}}
Aug 10 22:40:54.737876 dv-cinder-851449-5-smb devstack@keystone.service[93407]: DEBUG keystone.common.rbac_enforcer.enforcer [None req-df24ae1c-4e0f-4766-b71f-391004cd2921 None admin] RBAC: Authorizing `identity:get_project(project_id=a25b4d45c4d04b1caa0854b2777fecbf)` {{(pid=93407) enforce_call /opt/stack/keystone/keystone/common/rbac_enforcer/enforcer.py:449}}
Aug 10 22:40:54.739409 dv-cinder-851449-5-smb devstack@keystone.service[93407]: DEBUG keystone.common.rbac_enforcer.enforcer [None req-df24ae1c-4e0f-4766-b71f-391004cd2921 None admin] RBAC: Authorization granted {{(pid=93407) enforce_call /opt/stack/keystone/keystone/common/rbac_enforcer/enforcer.py:457}}
Aug 10 22:40:54.745432 dv-cinder-851449-5-smb devstack@keystone.service[93407]: [pid: 93407|app: 0|req: 125/247] 10.222.0.77 () {56 vars in 1186 bytes} [Wed Aug 10 22:40:54 2022] GET /identity/v3/projects/a25b4d45c4d04b1caa0854b2777fecbf => generated 302 bytes in 154 msecs (HTTP/1.1 200) 5 headers in 177 bytes (1 switches on core 0)
Aug 10 22:40:54.745432 dv-cinder-851449-5-smb devstack@keystone.service[93407]: DEBUG keystone.server.flask.request_processing.middleware.auth_context [None req-df24ae1c-4e0f-4766-b71f-391004cd2921 None admin] Authenticating user token {{(pid=93407) process_request /usr/local/lib/python3.8/dist-packages/keystonemiddleware/auth_token/__init__.py:407}}
Aug 10 22:40:54.769695 dv-cinder-851449-5-smb devstack@keystone.service[93407]: DEBUG dbcounter [-] [93407] Writing DB stats keystone:SELECT=100 {{(pid=93407) stat_writer /usr/local/lib/python3.8/dist-packages/dbcounter.py:114}}
Aug 10 22:40:54.796922 dv-cinder-851449-5-smb devstack@keystone.service[93408]: [pid: 93408|app: 0|req: 123/248] 10.222.0.77 () {60 vars in 1132 bytes} [Wed Aug 10 22:40:54 2022] POST /identity/v3/users => generated 293 bytes in 233 msecs (HTTP/1.1 201) 5 headers in 182 bytes (1 switches on core 0)
Aug 10 22:40:54.798186 dv-cinder-851449-5-smb devstack@keystone.service[93408]: DEBUG keystone.server.flask.request_processing.middleware.auth_context [None req-de8510d8-16f2-4ebd-848d-9ca3fa319f26 None admin] Authenticating user token {{(pid=93408) process_request /usr/local/lib/python3.8/dist-packages/keystonemiddleware/auth_token/__init__.py:407}}
Aug 10 22:40:54.829779 dv-cinder-851449-5-smb devstack@keystone.service[93408]: DEBUG dbcounter [-] [93408] Writing DB stats keystone:SELECT=97,keystone:INSERT=3 {{(pid=93408) stat_writer /usr/local/lib/python3.8/dist-packages/dbcounter.py:114}}
Aug 10 22:40:54.866782 dv-cinder-851449-5-smb devstack@keystone.service[93407]: DEBUG keystone.server.flask.request_processing.middleware.auth_context [None req-df24ae1c-4e0f-4766-b71f-391004cd2921 None admin] Validating token access rules against request {{(pid=93407) validate_allowed_request /usr/local/lib/python3.8/dist-packages/keystonemiddleware/auth_token/__init__.py:545}}
Aug 10 22:40:54.911283 dv-cinder-851449-5-smb devstack@keystone.service[93407]: DEBUG keystone.server.flask.request_processing.middleware.auth_context [None req-9914cfd8-4c07-442c-abe1-9eec53588dd7 None admin] RBAC: auth_context: {'token': , 'domain_id': None, 'trust_id': None, 'trustor_id': None, 'trustee_id': None, 'domain_name': None, 'group_ids': [], 'user_id': '8525de726b7c407fab4fe9cbff320061', 'user_domain_id': 'default', 'system_scope': 'all', 'project_id': None, 'project_domain_id': None, 'roles': ['admin', 'member', 'reader'], 'is_admin_project': True, 'service_user_id': None, 'service_user_domain_id': None, 'service_project_id': None, 'service_project_domain_id': None, 'service_roles': []} {{(pid=93407) fill_context /opt/stack/keystone/keystone/server/flask/request_processing/middleware/auth_context.py:478}}
Aug 10 22:40:54.912992 dv-cinder-851449-5-smb devstack@keystone.service[93407]: DEBUG keystone.server.flask.request_processing.req_logging [None req-9914cfd8-4c07-442c-abe1-9eec53588dd7 None admin] REQUEST_METHOD: `GET` {{(pid=93407) log_request_info /opt/stack/keystone/keystone/server/flask/request_processing/req_logging.py:27}}
Aug 10 22:40:54.913497 dv-cinder-851449-5-smb devstack@keystone.service[93407]: DEBUG keystone.server.flask.request_processing.req_logging [None req-9914cfd8-4c07-442c-abe1-9eec53588dd7 None admin] SCRIPT_NAME: `/identity` {{(pid=93407) log_request_info /opt/stack/keystone/keystone/server/flask/request_processing/req_logging.py:28}}
Aug 10 22:40:54.913981 dv-cinder-851449-5-smb devstack@keystone.service[93407]: DEBUG keystone.server.flask.request_processing.req_logging [None req-9914cfd8-4c07-442c-abe1-9eec53588dd7 None admin] PATH_INFO: `/v3/roles` {{(pid=93407) log_request_info /opt/stack/keystone/keystone/server/flask/request_processing/req_logging.py:29}}
Aug 10 22:40:54.914943 dv-cinder-851449-5-smb devstack@keystone.service[93407]: DEBUG keystone.common.rbac_enforcer.enforcer [None req-9914cfd8-4c07-442c-abe1-9eec53588dd7 None admin] RBAC: Adding query filter params (name=member) {{(pid=93407) _extract_filter_values /opt/stack/keystone/keystone/common/rbac_enforcer/enforcer.py:167}}
Aug 10 22:40:54.915492 dv-cinder-851449-5-smb devstack@keystone.service[93407]: DEBUG keystone.common.rbac_enforcer.enforcer [None req-9914cfd8-4c07-442c-abe1-9eec53588dd7 None admin] RBAC: Authorizing `identity:list_roles()` {{(pid=93407) enforce_call /opt/stack/keystone/keystone/common/rbac_enforcer/enforcer.py:449}}
Aug 10 22:40:54.917217 dv-cinder-851449-5-smb devstack@keystone.service[93407]: DEBUG keystone.common.rbac_enforcer.enforcer [None req-9914cfd8-4c07-442c-abe1-9eec53588dd7 None admin] RBAC: Authorization granted {{(pid=93407) enforce_call /opt/stack/keystone/keystone/common/rbac_enforcer/enforcer.py:457}}
Aug 10 22:40:54.927372 dv-cinder-851449-5-smb devstack@keystone.service[93407]: [pid: 93407|app: 0|req: 126/249] 10.222.0.77 () {56 vars in 1101 bytes} [Wed Aug 10 22:40:54 2022] GET /identity/v3/roles?name=member => generated 341 bytes in 186 msecs (HTTP/1.1 200) 5 headers in 177 bytes (1 switches on core 0)
Aug 10 22:40:54.932821 dv-cinder-851449-5-smb devstack@keystone.service[93408]: DEBUG keystone.server.flask.request_processing.middleware.auth_context [None req-de8510d8-16f2-4ebd-848d-9ca3fa319f26 None admin] Validating token access rules against request {{(pid=93408) validate_allowed_request /usr/local/lib/python3.8/dist-packages/keystonemiddleware/auth_token/__init__.py:545}}
Aug 10 22:40:54.933413 dv-cinder-851449-5-smb devstack@keystone.service[93407]: DEBUG keystone.server.flask.request_processing.middleware.auth_context [None req-9914cfd8-4c07-442c-abe1-9eec53588dd7 None admin] Authenticating user token {{(pid=93407) process_request /usr/local/lib/python3.8/dist-packages/keystonemiddleware/auth_token/__init__.py:407}}
Aug 10 22:40:54.979128 dv-cinder-851449-5-smb devstack@keystone.service[93408]: DEBUG keystone.server.flask.request_processing.middleware.auth_context [None req-a15c84c2-8b99-4992-abfe-a8ceced980db None admin] RBAC: auth_context: {'token': , 'domain_id': None, 'trust_id': None, 'trustor_id': None, 'trustee_id': None, 'domain_name': None, 'group_ids': [], 'user_id': '8525de726b7c407fab4fe9cbff320061', 'user_domain_id': 'default', 'system_scope': 'all', 'project_id': None, 'project_domain_id': None, 'roles': ['admin', 'member', 'reader'], 'is_admin_project': True, 'service_user_id': None, 'service_user_domain_id': None, 'service_project_id': None, 'service_project_domain_id': None, 'service_roles': []} {{(pid=93408) fill_context /opt/stack/keystone/keystone/server/flask/request_processing/middleware/auth_context.py:478}}
Aug 10 22:40:54.979946 dv-cinder-851449-5-smb devstack@keystone.service[93408]: DEBUG keystone.server.flask.request_processing.req_logging [None req-a15c84c2-8b99-4992-abfe-a8ceced980db None admin] REQUEST_METHOD: `GET` {{(pid=93408) log_request_info /opt/stack/keystone/keystone/server/flask/request_processing/req_logging.py:27}}
Aug 10 22:40:54.980323 dv-cinder-851449-5-smb devstack@keystone.service[93408]: DEBUG keystone.server.flask.request_processing.req_logging [None req-a15c84c2-8b99-4992-abfe-a8ceced980db None admin] SCRIPT_NAME: `/identity` {{(pid=93408) log_request_info /opt/stack/keystone/keystone/server/flask/request_processing/req_logging.py:28}}
Aug 10 22:40:54.980698 dv-cinder-851449-5-smb devstack@keystone.service[93408]: DEBUG keystone.server.flask.request_processing.req_logging [None req-a15c84c2-8b99-4992-abfe-a8ceced980db None admin] PATH_INFO: `/v3/role_assignments` {{(pid=93408) log_request_info /opt/stack/keystone/keystone/server/flask/request_processing/req_logging.py:29}}
Aug 10 22:40:54.981584 dv-cinder-851449-5-smb devstack@keystone.service[93408]: DEBUG keystone.common.rbac_enforcer.enforcer [None req-a15c84c2-8b99-4992-abfe-a8ceced980db None admin] RBAC: Adding query filter params (role.id=7a14ec7cc43c4b5fa0516c5d46f059db, scope.project.id=a25b4d45c4d04b1caa0854b2777fecbf, user.id=8036b5e4fcce4a6a9d29b329bd4cd9e3) {{(pid=93408) _extract_filter_values /opt/stack/keystone/keystone/common/rbac_enforcer/enforcer.py:167}}
Aug 10 22:40:54.981994 dv-cinder-851449-5-smb devstack@keystone.service[93408]: DEBUG keystone.common.rbac_enforcer.enforcer [None req-a15c84c2-8b99-4992-abfe-a8ceced980db None admin] RBAC: Authorizing `identity:list_role_assignments()` {{(pid=93408) enforce_call /opt/stack/keystone/keystone/common/rbac_enforcer/enforcer.py:449}}
Aug 10 22:40:54.983585 dv-cinder-851449-5-smb devstack@keystone.service[93408]: DEBUG keystone.common.rbac_enforcer.enforcer [None req-a15c84c2-8b99-4992-abfe-a8ceced980db None admin] RBAC: Authorization granted {{(pid=93408) enforce_call /opt/stack/keystone/keystone/common/rbac_enforcer/enforcer.py:457}}
