Aug 10 23:14:23.810099 dv-cinder-851449-5-iscsi devstack@c-api.service[114141]: DEBUG cinder.api.v3.groups [None req-8a249fad-7eb4-4bfe-a006-be05c8b153de tempest-GroupsV320Test-1131635425 tempest-GroupsV320Test-1131635425-project] Creating new group {'group': {'group_type': 'fbf1454a-0230-43fa-bd9a-f551826ec49a', 'volume_types': ['0fc1f739-2aef-4729-b506-825deeb4bfed'], 'name': 'tempest-GroupsV320Test-Group-1881640148'}} {{(pid=114141) create /opt/stack/cinder/cinder/api/v3/groups.py:190}}
Aug 10 23:14:23.826358 dv-cinder-851449-5-iscsi devstack@c-api.service[114141]: INFO cinder.api.v3.groups [None req-8a249fad-7eb4-4bfe-a006-be05c8b153de tempest-GroupsV320Test-1131635425 tempest-GroupsV320Test-1131635425-project] Creating group tempest-GroupsV320Test-Group-1881640148.
Aug 10 23:14:23.859497 dv-cinder-851449-5-iscsi devstack@c-api.service[114141]: INFO cinder.volume.api [None req-8a249fad-7eb4-4bfe-a006-be05c8b153de tempest-GroupsV320Test-1131635425 tempest-GroupsV320Test-1131635425-project] Availability Zones retrieved successfully.
Aug 10 23:14:23.863944 dv-cinder-851449-5-iscsi devstack@c-api.service[114141]: DEBUG dbcounter [-] [114141] Writing DB stats cinder:SELECT=87,cinder:UPDATE=11,cinder:INSERT=2 {{(pid=114141) stat_writer /usr/local/lib/python3.8/dist-packages/dbcounter.py:114}}
Aug 10 23:14:23.980142 dv-cinder-851449-5-iscsi devstack@c-api.service[114142]: DEBUG cinder.api.middleware.request_id [None req-2aeffa95-dcd0-402f-99c3-55ee46bd449e None None] RequestId filter calling following filter/app {{(pid=114142) _context_setter /opt/stack/cinder/cinder/api/middleware/request_id.py:62}}
Aug 10 23:14:24.003864 dv-cinder-851449-5-iscsi devstack@c-api.service[114142]: INFO cinder.api.openstack.wsgi [None req-2aeffa95-dcd0-402f-99c3-55ee46bd449e tempest-VolumesActionsTest-513231693 tempest-VolumesActionsTest-513231693-project] GET http://10.222.0.78/volume/v3/369e8ab9aa8742c790d227e781105f11/volumes/a642be4b-5fbc-4fed-82c1-14fd2c2901f2
Aug 10 23:14:24.004847 dv-cinder-851449-5-iscsi devstack@c-api.service[114142]: DEBUG cinder.api.openstack.wsgi [None req-2aeffa95-dcd0-402f-99c3-55ee46bd449e tempest-VolumesActionsTest-513231693 tempest-VolumesActionsTest-513231693-project] Empty body provided in request {{(pid=114142) get_body /opt/stack/cinder/cinder/api/openstack/wsgi.py:715}}
Aug 10 23:14:24.005312 dv-cinder-851449-5-iscsi devstack@c-api.service[114142]: DEBUG cinder.api.openstack.wsgi [None req-2aeffa95-dcd0-402f-99c3-55ee46bd449e tempest-VolumesActionsTest-513231693 tempest-VolumesActionsTest-513231693-project] Calling method 'show' {{(pid=114142) _process_stack /opt/stack/cinder/cinder/api/openstack/wsgi.py:868}}
Aug 10 23:14:24.037671 dv-cinder-851449-5-iscsi devstack@c-api.service[114142]: /usr/local/lib/python3.8/dist-packages/oslo_context/context.py:100: DeprecationWarning: Policy enforcement is depending on the value of is_admin. This key is deprecated. Please update your policy file to use the standard policy values.
Aug 10 23:14:24.037671 dv-cinder-851449-5-iscsi devstack@c-api.service[114142]: warnings.warn('Policy enforcement is depending on the value of '
Aug 10 23:14:24.049986 dv-cinder-851449-5-iscsi devstack@c-api.service[114142]: INFO cinder.volume.api [None req-2aeffa95-dcd0-402f-99c3-55ee46bd449e tempest-VolumesActionsTest-513231693 tempest-VolumesActionsTest-513231693-project] Volume info retrieved successfully.
Aug 10 23:14:24.063854 dv-cinder-851449-5-iscsi devstack@c-api.service[114142]: INFO cinder.api.openstack.wsgi [None req-2aeffa95-dcd0-402f-99c3-55ee46bd449e tempest-VolumesActionsTest-513231693 tempest-VolumesActionsTest-513231693-project] http://10.222.0.78/volume/v3/369e8ab9aa8742c790d227e781105f11/volumes/a642be4b-5fbc-4fed-82c1-14fd2c2901f2 returned with HTTP 200
Aug 10 23:14:24.065562 dv-cinder-851449-5-iscsi devstack@c-api.service[114141]: DEBUG cinder.quota [None req-8a249fad-7eb4-4bfe-a006-be05c8b153de tempest-GroupsV320Test-1131635425 tempest-GroupsV320Test-1131635425-project] Created reservations ['1d17624d-83b4-4c7a-9ab6-c06a68f2327a'] {{(pid=114141) reserve /opt/stack/cinder/cinder/quota.py:755}}
Aug 10 23:14:24.078367 dv-cinder-851449-5-iscsi devstack@c-api.service[114142]: [pid: 114142|app: 0|req: 175/349] 10.222.0.78 () {58 vars in 1325 bytes} [Wed Aug 10 23:14:23 2022] GET /volume/v3/369e8ab9aa8742c790d227e781105f11/volumes/a642be4b-5fbc-4fed-82c1-14fd2c2901f2 => generated 910 bytes in 101 msecs (HTTP/1.1 200) 7 headers in 285 bytes (2 switches on core 0)
Aug 10 23:14:24.148280 dv-cinder-851449-5-iscsi devstack@c-api.service[114142]: DEBUG cinder.api.middleware.request_id [None req-c133ce5c-4942-4efd-b686-515353f3ab4d None None] RequestId filter calling following filter/app {{(pid=114142) _context_setter /opt/stack/cinder/cinder/api/middleware/request_id.py:62}}
Aug 10 23:14:24.240850 dv-cinder-851449-5-iscsi devstack@c-api.service[114141]: INFO cinder.api.openstack.wsgi [None req-8a249fad-7eb4-4bfe-a006-be05c8b153de tempest-GroupsV320Test-1131635425 tempest-GroupsV320Test-1131635425-project] http://10.222.0.78/volume/v3/022778f933c1411dbfc24dc9af11453a/groups returned with HTTP 202
Aug 10 23:14:24.252763 dv-cinder-851449-5-iscsi devstack@c-api.service[114141]: [pid: 114141|app: 0|req: 175/350] 10.222.0.78 () {62 vars in 1274 bytes} [Wed Aug 10 23:14:23 2022] POST /volume/v3/022778f933c1411dbfc24dc9af11453a/groups => generated 108 bytes in 996 msecs (HTTP/1.1 202) 7 headers in 292 bytes (2 switches on core 0)
Aug 10 23:14:24.254298 dv-cinder-851449-5-iscsi devstack@c-api.service[114141]: DEBUG cinder.api.middleware.request_id [None req-da9665da-8c58-4b71-894a-420e2b8bf209 None None] RequestId filter calling following filter/app {{(pid=114141) _context_setter /opt/stack/cinder/cinder/api/middleware/request_id.py:62}}
Aug 10 23:14:24.260351 dv-cinder-851449-5-iscsi devstack@c-api.service[114141]: INFO cinder.api.openstack.wsgi [None req-da9665da-8c58-4b71-894a-420e2b8bf209 tempest-GroupsV320Test-1131635425 tempest-GroupsV320Test-1131635425-project] GET http://10.222.0.78/volume/v3/022778f933c1411dbfc24dc9af11453a/groups/b5b270a0-76d2-4d90-b029-6c728b02036e
Aug 10 23:14:24.260859 dv-cinder-851449-5-iscsi devstack@c-api.service[114141]: DEBUG cinder.api.openstack.wsgi [None req-da9665da-8c58-4b71-894a-420e2b8bf209 tempest-GroupsV320Test-1131635425 tempest-GroupsV320Test-1131635425-project] Empty body provided in request {{(pid=114141) get_body /opt/stack/cinder/cinder/api/openstack/wsgi.py:715}}
Aug 10 23:14:24.261319 dv-cinder-851449-5-iscsi devstack@c-api.service[114141]: DEBUG cinder.api.openstack.wsgi [None req-da9665da-8c58-4b71-894a-420e2b8bf209 tempest-GroupsV320Test-1131635425 tempest-GroupsV320Test-1131635425-project] Calling method 'version_select' {{(pid=114141) _process_stack /opt/stack/cinder/cinder/api/openstack/wsgi.py:868}}
Aug 10 23:14:24.261777 dv-cinder-851449-5-iscsi devstack@c-api.service[114141]: DEBUG cinder.api.v3.groups [None req-da9665da-8c58-4b71-894a-420e2b8bf209 tempest-GroupsV320Test-1131635425 tempest-GroupsV320Test-1131635425-project] show called for member b5b270a0-76d2-4d90-b029-6c728b02036e {{(pid=114141) show /opt/stack/cinder/cinder/api/v3/groups.py:58}}
Aug 10 23:14:24.269326 dv-cinder-851449-5-iscsi devstack@c-api.service[114141]: /usr/local/lib/python3.8/dist-packages/oslo_context/context.py:100: DeprecationWarning: Policy enforcement is depending on the value of is_admin. This key is deprecated. Please update your policy file to use the standard policy values.
Aug 10 23:14:24.269326 dv-cinder-851449-5-iscsi devstack@c-api.service[114141]: warnings.warn('Policy enforcement is depending on the value of '
Aug 10 23:14:24.290418 dv-cinder-851449-5-iscsi devstack@c-api.service[114141]: INFO cinder.api.openstack.wsgi [None req-da9665da-8c58-4b71-894a-420e2b8bf209 tempest-GroupsV320Test-1131635425 tempest-GroupsV320Test-1131635425-project] http://10.222.0.78/volume/v3/022778f933c1411dbfc24dc9af11453a/groups/b5b270a0-76d2-4d90-b029-6c728b02036e returned with HTTP 200
Aug 10 23:14:24.291831 dv-cinder-851449-5-iscsi devstack@c-api.service[114141]: [pid: 114141|app: 0|req: 176/351] 10.222.0.78 () {60 vars in 1363 bytes} [Wed Aug 10 23:14:24 2022] GET /volume/v3/022778f933c1411dbfc24dc9af11453a/groups/b5b270a0-76d2-4d90-b029-6c728b02036e => generated 388 bytes in 39 msecs (HTTP/1.1 200) 7 headers in 286 bytes (2 switches on core 0)
Aug 10 23:14:24.341022 dv-cinder-851449-5-iscsi devstack@c-api.service[114141]: DEBUG cinder.api.middleware.request_id [None req-8302a45f-1996-4a0b-ba98-fc7c627bfcdb None None] RequestId filter calling following filter/app {{(pid=114141) _context_setter /opt/stack/cinder/cinder/api/middleware/request_id.py:62}}
Aug 10 23:14:24.382374 dv-cinder-851449-5-iscsi devstack@c-api.service[114142]: INFO cinder.api.openstack.wsgi [None req-c133ce5c-4942-4efd-b686-515353f3ab4d tempest-VolumesServicesTestJSON-1557666641 tempest-VolumesServicesTestJSON-1557666641-project-admin] GET http://10.222.0.78/volume/v3/484150dc1dcb413aa93fdd013f3551f3/os-services
Aug 10 23:14:24.382948 dv-cinder-851449-5-iscsi devstack@c-api.service[114142]: DEBUG cinder.api.openstack.wsgi [None req-c133ce5c-4942-4efd-b686-515353f3ab4d tempest-VolumesServicesTestJSON-1557666641 tempest-VolumesServicesTestJSON-1557666641-project-admin] Empty body provided in request {{(pid=114142) get_body /opt/stack/cinder/cinder/api/openstack/wsgi.py:715}}
Aug 10 23:14:24.383474 dv-cinder-851449-5-iscsi devstack@c-api.service[114142]: DEBUG cinder.api.openstack.wsgi [None req-c133ce5c-4942-4efd-b686-515353f3ab4d tempest-VolumesServicesTestJSON-1557666641 tempest-VolumesServicesTestJSON-1557666641-project-admin] Calling method 'index' {{(pid=114142) _process_stack /opt/stack/cinder/cinder/api/openstack/wsgi.py:868}}
Aug 10 23:14:24.392590 dv-cinder-851449-5-iscsi devstack@c-api.service[114142]: INFO cinder.api.openstack.wsgi [None req-c133ce5c-4942-4efd-b686-515353f3ab4d tempest-VolumesServicesTestJSON-1557666641 tempest-VolumesServicesTestJSON-1557666641-project-admin] http://10.222.0.78/volume/v3/484150dc1dcb413aa93fdd013f3551f3/os-services returned with HTTP 200
Aug 10 23:14:24.393303 dv-cinder-851449-5-iscsi devstack@c-api.service[114142]: [pid: 114142|app: 0|req: 176/352] 10.222.0.78 () {58 vars in 1226 bytes} [Wed Aug 10 23:14:24 2022] GET /volume/v3/484150dc1dcb413aa93fdd013f3551f3/os-services => generated 642 bytes in 247 msecs (HTTP/1.1 200) 7 headers in 285 bytes (1 switches on core 0)
Aug 10 23:14:24.396298 dv-cinder-851449-5-iscsi devstack@c-api.service[114141]: INFO cinder.api.openstack.wsgi [None req-8302a45f-1996-4a0b-ba98-fc7c627bfcdb tempest-VolumeQuotasNegativeTestJSON-1123267165 tempest-VolumeQuotasNegativeTestJSON-1123267165-project-admin] GET http://10.222.0.78/volume/v3/fce095661af842779bbb0efe087f5f3f/os-quota-sets/5928ebd8c424442eb2bf9eaf0e7590eb
Aug 10 23:14:24.396791 dv-cinder-851449-5-iscsi devstack@c-api.service[114141]: DEBUG cinder.api.openstack.wsgi [None req-8302a45f-1996-4a0b-ba98-fc7c627bfcdb tempest-VolumeQuotasNegativeTestJSON-1123267165 tempest-VolumeQuotasNegativeTestJSON-1123267165-project-admin] Empty body provided in request {{(pid=114141) get_body /opt/stack/cinder/cinder/api/openstack/wsgi.py:715}}
Aug 10 23:14:24.397245 dv-cinder-851449-5-iscsi devstack@c-api.service[114141]: DEBUG cinder.api.openstack.wsgi [None req-8302a45f-1996-4a0b-ba98-fc7c627bfcdb tempest-VolumeQuotasNegativeTestJSON-1123267165 tempest-VolumeQuotasNegativeTestJSON-1123267165-project-admin] Calling method 'show' {{(pid=114141) _process_stack /opt/stack/cinder/cinder/api/openstack/wsgi.py:868}}
Aug 10 23:14:24.397953 dv-cinder-851449-5-iscsi devstack@c-api.service[114141]: /usr/local/lib/python3.8/dist-packages/oslo_context/context.py:100: DeprecationWarning: Policy enforcement is depending on the value of is_admin. This key is deprecated. Please update your policy file to use the standard policy values.
Aug 10 23:14:24.397953 dv-cinder-851449-5-iscsi devstack@c-api.service[114141]: warnings.warn('Policy enforcement is depending on the value of '
Aug 10 23:14:24.402211 dv-cinder-851449-5-iscsi devstack@c-api.service[114142]: DEBUG cinder.api.middleware.request_id [None req-852b3600-6eef-4870-9c9f-ccd18ba925c2 None None] RequestId filter calling following filter/app {{(pid=114142) _context_setter /opt/stack/cinder/cinder/api/middleware/request_id.py:62}}
Aug 10 23:14:24.406918 dv-cinder-851449-5-iscsi devstack@c-api.service[114142]: INFO cinder.api.openstack.wsgi [None req-852b3600-6eef-4870-9c9f-ccd18ba925c2 tempest-VolumesServicesTestJSON-1557666641 tempest-VolumesServicesTestJSON-1557666641-project-admin] GET http://10.222.0.78/volume/v3/484150dc1dcb413aa93fdd013f3551f3/os-services?host=dv-cinder-851449-5-iscsi
Aug 10 23:14:24.407369 dv-cinder-851449-5-iscsi devstack@c-api.service[114142]: DEBUG cinder.api.openstack.wsgi [None req-852b3600-6eef-4870-9c9f-ccd18ba925c2 tempest-VolumesServicesTestJSON-1557666641 tempest-VolumesServicesTestJSON-1557666641-project-admin] Empty body provided in request {{(pid=114142) get_body /opt/stack/cinder/cinder/api/openstack/wsgi.py:715}}
Aug 10 23:14:24.407873 dv-cinder-851449-5-iscsi devstack@c-api.service[114142]: DEBUG cinder.api.openstack.wsgi [None req-852b3600-6eef-4870-9c9f-ccd18ba925c2 tempest-VolumesServicesTestJSON-1557666641 tempest-VolumesServicesTestJSON-1557666641-project-admin] Calling method 'index' {{(pid=114142) _process_stack /opt/stack/cinder/cinder/api/openstack/wsgi.py:868}}
Aug 10 23:14:24.414612 dv-cinder-851449-5-iscsi devstack@c-api.service[114141]: WARNING cinder.quota [None req-8302a45f-1996-4a0b-ba98-fc7c627bfcdb tempest-VolumeQuotasNegativeTestJSON-1123267165 tempest-VolumeQuotasNegativeTestJSON-1123267165-project-admin] Deprecated: Default quota for resource: backups is set by the default quota flag: quota_backups, it is now deprecated. Please use the default quota class for default quota.
Aug 10 23:14:24.417490 dv-cinder-851449-5-iscsi devstack@c-api.service[114141]: WARNING cinder.quota [None req-8302a45f-1996-4a0b-ba98-fc7c627bfcdb tempest-VolumeQuotasNegativeTestJSON-1123267165 tempest-VolumeQuotasNegativeTestJSON-1123267165-project-admin] Deprecated: Default quota for resource: backup_gigabytes is set by the default quota flag: quota_backup_gigabytes, it is now deprecated. Please use the default quota class for default quota.
Aug 10 23:14:24.417490 dv-cinder-851449-5-iscsi devstack@c-api.service[114141]: WARNING cinder.quota [None req-8302a45f-1996-4a0b-ba98-fc7c627bfcdb tempest-VolumeQuotasNegativeTestJSON-1123267165 tempest-VolumeQuotasNegativeTestJSON-1123267165-project-admin] Deprecated: Default quota for resource: volumes_tempest-GroupsV320Test-volume-type-832536171 is set by the default quota flag: quota_volumes_tempest-GroupsV320Test-volume-type-832536171, it is now deprecated. Please use the default quota class for default quota.
Aug 10 23:14:24.417678 dv-cinder-851449-5-iscsi devstack@c-api.service[114141]: WARNING cinder.quota [None req-8302a45f-1996-4a0b-ba98-fc7c627bfcdb tempest-VolumeQuotasNegativeTestJSON-1123267165 tempest-VolumeQuotasNegativeTestJSON-1123267165-project-admin] Deprecated: Default quota for resource: gigabytes_tempest-GroupsV320Test-volume-type-832536171 is set by the default quota flag: quota_gigabytes_tempest-GroupsV320Test-volume-type-832536171, it is now deprecated. Please use the default quota class for default quota.
Aug 10 23:14:24.418309 dv-cinder-851449-5-iscsi devstack@c-api.service[114141]: WARNING cinder.quota [None req-8302a45f-1996-4a0b-ba98-fc7c627bfcdb tempest-VolumeQuotasNegativeTestJSON-1123267165 tempest-VolumeQuotasNegativeTestJSON-1123267165-project-admin] Deprecated: Default quota for resource: snapshots_tempest-GroupsV320Test-volume-type-832536171 is set by the default quota flag: quota_snapshots_tempest-GroupsV320Test-volume-type-832536171, it is now deprecated. Please use the default quota class for default quota.
Aug 10 23:14:24.418462 dv-cinder-851449-5-iscsi devstack@c-api.service[114142]: INFO cinder.api.openstack.wsgi [None req-852b3600-6eef-4870-9c9f-ccd18ba925c2 tempest-VolumesServicesTestJSON-1557666641 tempest-VolumesServicesTestJSON-1557666641-project-admin] http://10.222.0.78/volume/v3/484150dc1dcb413aa93fdd013f3551f3/os-services?host=dv-cinder-851449-5-iscsi returned with HTTP 200
Aug 10 23:14:24.419077 dv-cinder-851449-5-iscsi devstack@c-api.service[114141]: WARNING cinder.quota [None req-8302a45f-1996-4a0b-ba98-fc7c627bfcdb tempest-VolumeQuotasNegativeTestJSON-1123267165 tempest-VolumeQuotasNegativeTestJSON-1123267165-project-admin] Deprecated: Default quota for resource: volumes_lvmdriver-1 is set by the default quota flag: quota_volumes_lvmdriver-1, it is now deprecated. Please use the default quota class for default quota.
Aug 10 23:14:24.419228 dv-cinder-851449-5-iscsi devstack@c-api.service[114142]: [pid: 114142|app: 0|req: 177/353] 10.222.0.78 () {58 vars in 1285 bytes} [Wed Aug 10 23:14:24 2022] GET /volume/v3/484150dc1dcb413aa93fdd013f3551f3/os-services?host=dv-cinder-851449-5-iscsi => generated 203 bytes in 18 msecs (HTTP/1.1 200) 7 headers in 285 bytes (1 switches on core 0)
Aug 10 23:14:24.420005 dv-cinder-851449-5-iscsi devstack@c-api.service[114141]: WARNING cinder.quota [None req-8302a45f-1996-4a0b-ba98-fc7c627bfcdb tempest-VolumeQuotasNegativeTestJSON-1123267165 tempest-VolumeQuotasNegativeTestJSON-1123267165-project-admin] Deprecated: Default quota for resource: gigabytes_lvmdriver-1 is set by the default quota flag: quota_gigabytes_lvmdriver-1, it is now deprecated. Please use the default quota class for default quota.
Aug 10 23:14:24.420720 dv-cinder-851449-5-iscsi devstack@c-api.service[114141]: WARNING cinder.quota [None req-8302a45f-1996-4a0b-ba98-fc7c627bfcdb tempest-VolumeQuotasNegativeTestJSON-1123267165 tempest-VolumeQuotasNegativeTestJSON-1123267165-project-admin] Deprecated: Default quota for resource: snapshots_lvmdriver-1 is set by the default quota flag: quota_snapshots_lvmdriver-1, it is now deprecated. Please use the default quota class for default quota.
Aug 10 23:14:24.427510 dv-cinder-851449-5-iscsi devstack@c-api.service[114142]: DEBUG cinder.api.middleware.request_id [None req-4d471188-ce96-4d1a-89f1-439ba0a18d2b None None] RequestId filter calling following filter/app {{(pid=114142) _context_setter /opt/stack/cinder/cinder/api/middleware/request_id.py:62}}
Aug 10 23:14:24.432027 dv-cinder-851449-5-iscsi devstack@c-api.service[114141]: INFO cinder.api.openstack.wsgi [None req-8302a45f-1996-4a0b-ba98-fc7c627bfcdb tempest-VolumeQuotasNegativeTestJSON-1123267165 tempest-VolumeQuotasNegativeTestJSON-1123267165-project-admin] http://10.222.0.78/volume/v3/fce095661af842779bbb0efe087f5f3f/os-quota-sets/5928ebd8c424442eb2bf9eaf0e7590eb returned with HTTP 200
Aug 10 23:14:24.432538 dv-cinder-851449-5-iscsi devstack@c-api.service[114142]: INFO cinder.api.openstack.wsgi [None req-4d471188-ce96-4d1a-89f1-439ba0a18d2b tempest-VolumesServicesTestJSON-1557666641 tempest-VolumesServicesTestJSON-1557666641-project-admin] GET http://10.222.0.78/volume/v3/484150dc1dcb413aa93fdd013f3551f3/os-services?host=dv-cinder-851449-5-iscsi&binary=cinder-scheduler
Aug 10 23:14:24.432830 dv-cinder-851449-5-iscsi devstack@c-api.service[114141]: [pid: 114141|app: 0|req: 177/354] 10.222.0.78 () {58 vars in 1331 bytes} [Wed Aug 10 23:14:24 2022] GET /volume/v3/fce095661af842779bbb0efe087f5f3f/os-quota-sets/5928ebd8c424442eb2bf9eaf0e7590eb => generated 545 bytes in 93 msecs (HTTP/1.1 200) 7 headers in 285 bytes (2 switches on core 0)
Aug 10 23:14:24.432985 dv-cinder-851449-5-iscsi devstack@c-api.service[114142]: DEBUG cinder.api.openstack.wsgi [None req-4d471188-ce96-4d1a-89f1-439ba0a18d2b tempest-VolumesServicesTestJSON-1557666641 tempest-VolumesServicesTestJSON-1557666641-project-admin] Empty body provided in request {{(pid=114142) get_body /opt/stack/cinder/cinder/api/openstack/wsgi.py:715}}
Aug 10 23:14:24.434012 dv-cinder-851449-5-iscsi devstack@c-api.service[114142]: DEBUG cinder.api.openstack.wsgi [None req-4d471188-ce96-4d1a-89f1-439ba0a18d2b tempest-VolumesServicesTestJSON-1557666641 tempest-VolumesServicesTestJSON-1557666641-project-admin] Calling method 'index' {{(pid=114142) _process_stack /opt/stack/cinder/cinder/api/openstack/wsgi.py:868}}
Aug 10 23:14:24.441067 dv-cinder-851449-5-iscsi devstack@c-api.service[114141]: DEBUG cinder.api.middleware.request_id [None req-0db4b606-9e4c-4e77-8888-f8170540159e None None] RequestId filter calling following filter/app {{(pid=114141) _context_setter /opt/stack/cinder/cinder/api/middleware/request_id.py:62}}
Aug 10 23:14:24.444797 dv-cinder-851449-5-iscsi devstack@c-api.service[114142]: INFO cinder.api.openstack.wsgi [None req-4d471188-ce96-4d1a-89f1-439ba0a18d2b tempest-VolumesServicesTestJSON-1557666641 tempest-VolumesServicesTestJSON-1557666641-project-admin] http://10.222.0.78/volume/v3/484150dc1dcb413aa93fdd013f3551f3/os-services?host=dv-cinder-851449-5-iscsi&binary=cinder-scheduler returned with HTTP 200
Aug 10 23:14:24.445518 dv-cinder-851449-5-iscsi devstack@c-api.service[114142]: [pid: 114142|app: 0|req: 178/355] 10.222.0.78 () {58 vars in 1333 bytes} [Wed Aug 10 23:14:24 2022] GET /volume/v3/484150dc1dcb413aa93fdd013f3551f3/os-services?host=dv-cinder-851449-5-iscsi&binary=cinder-scheduler => generated 203 bytes in 19 msecs (HTTP/1.1 200) 7 headers in 285 bytes (2 switches on core 0)
Aug 10 23:14:24.453956 dv-cinder-851449-5-iscsi devstack@c-api.service[114142]: DEBUG cinder.api.middleware.request_id [None req-059fd49f-18a4-44cb-a355-10de008168d2 None None] RequestId filter calling following filter/app {{(pid=114142) _context_setter /opt/stack/cinder/cinder/api/middleware/request_id.py:62}}
Aug 10 23:14:24.458800 dv-cinder-851449-5-iscsi devstack@c-api.service[114142]: INFO cinder.api.openstack.wsgi [None req-059fd49f-18a4-44cb-a355-10de008168d2 tempest-VolumesServicesTestJSON-1557666641 tempest-VolumesServicesTestJSON-1557666641-project-admin] GET http://10.222.0.78/volume/v3/484150dc1dcb413aa93fdd013f3551f3/os-services?binary=cinder-scheduler
Aug 10 23:14:24.459244 dv-cinder-851449-5-iscsi devstack@c-api.service[114142]: DEBUG cinder.api.openstack.wsgi [None req-059fd49f-18a4-44cb-a355-10de008168d2 tempest-VolumesServicesTestJSON-1557666641 tempest-VolumesServicesTestJSON-1557666641-project-admin] Empty body provided in request {{(pid=114142) get_body /opt/stack/cinder/cinder/api/openstack/wsgi.py:715}}
Aug 10 23:14:24.459808 dv-cinder-851449-5-iscsi devstack@c-api.service[114142]: DEBUG cinder.api.openstack.wsgi [None req-059fd49f-18a4-44cb-a355-10de008168d2 tempest-VolumesServicesTestJSON-1557666641 tempest-VolumesServicesTestJSON-1557666641-project-admin] Calling method 'index' {{(pid=114142) _process_stack /opt/stack/cinder/cinder/api/openstack/wsgi.py:868}}
Aug 10 23:14:24.467395 dv-cinder-851449-5-iscsi devstack@c-api.service[114142]: INFO cinder.api.openstack.wsgi [None req-059fd49f-18a4-44cb-a355-10de008168d2 tempest-VolumesServicesTestJSON-1557666641 tempest-VolumesServicesTestJSON-1557666641-project-admin] http://10.222.0.78/volume/v3/484150dc1dcb413aa93fdd013f3551f3/os-services?binary=cinder-scheduler returned with HTTP 200
Aug 10 23:14:24.468111 dv-cinder-851449-5-iscsi devstack@c-api.service[114142]: [pid: 114142|app: 0|req: 179/356] 10.222.0.78 () {58 vars in 1273 bytes} [Wed Aug 10 23:14:24 2022] GET /volume/v3/484150dc1dcb413aa93fdd013f3551f3/os-services?binary=cinder-scheduler => generated 203 bytes in 15 msecs (HTTP/1.1 200) 7 headers in 285 bytes (2 switches on core 0)
Aug 10 23:14:24.483673 dv-cinder-851449-5-iscsi devstack@c-api.service[114142]: DEBUG cinder.api.middleware.request_id [None req-fed0072b-2638-400c-8d18-44e7b08a7879 None None] RequestId filter calling following filter/app {{(pid=114142) _context_setter /opt/stack/cinder/cinder/api/middleware/request_id.py:62}}
Aug 10 23:14:24.536587 dv-cinder-851449-5-iscsi devstack@c-api.service[114141]: INFO cinder.api.openstack.wsgi [None req-0db4b606-9e4c-4e77-8888-f8170540159e tempest-VolumeQuotasNegativeTestJSON-1960331006 tempest-VolumeQuotasNegativeTestJSON-1960331006-project] POST http://10.222.0.78/volume/v3/5928ebd8c424442eb2bf9eaf0e7590eb/volumes
Aug 10 23:14:24.537300 dv-cinder-851449-5-iscsi devstack@c-api.service[114141]: DEBUG cinder.api.openstack.wsgi [None req-0db4b606-9e4c-4e77-8888-f8170540159e tempest-VolumeQuotasNegativeTestJSON-1960331006 tempest-VolumeQuotasNegativeTestJSON-1960331006-project] Action: 'create', calling method: create, body: {"volume": {"size": 1, "name": "tempest-VolumeQuotasNegativeTestJSON-Volume-371920505"}} {{(pid=114141) _process_stack /opt/stack/cinder/cinder/api/openstack/wsgi.py:866}}
Aug 10 23:14:24.539529 dv-cinder-851449-5-iscsi devstack@c-api.service[114141]: DEBUG cinder.api.v3.volumes [None req-0db4b606-9e4c-4e77-8888-f8170540159e tempest-VolumeQuotasNegativeTestJSON-1960331006 tempest-VolumeQuotasNegativeTestJSON-1960331006-project] Create volume request body: {'volume': {'size': 1, 'name': 'tempest-VolumeQuotasNegativeTestJSON-Volume-371920505'}} {{(pid=114141) create /opt/stack/cinder/cinder/api/v3/volumes.py:298}}
Aug 10 23:14:24.539843 dv-cinder-851449-5-iscsi devstack@c-api.service[114141]: INFO cinder.api.v3.volumes [None req-0db4b606-9e4c-4e77-8888-f8170540159e tempest-VolumeQuotasNegativeTestJSON-1960331006 tempest-VolumeQuotasNegativeTestJSON-1960331006-project] Create volume of 1 GB
Aug 10 23:14:24.547658 dv-cinder-851449-5-iscsi devstack@c-api.service[114141]: INFO cinder.volume.api [None req-0db4b606-9e4c-4e77-8888-f8170540159e tempest-VolumeQuotasNegativeTestJSON-1960331006 tempest-VolumeQuotasNegativeTestJSON-1960331006-project] Availability Zones retrieved successfully.
Aug 10 23:14:24.562421 dv-cinder-851449-5-iscsi devstack@c-api.service[114141]: DEBUG cinder.volume.api [None req-0db4b606-9e4c-4e77-8888-f8170540159e tempest-VolumeQuotasNegativeTestJSON-1960331006 tempest-VolumeQuotasNegativeTestJSON-1960331006-project] Flow 'volume_create_api' (6d13616a-d19b-4b28-880d-cfbd11f547a1) transitioned into state 'RUNNING' from state 'PENDING' {{(pid=114141) _flow_receiver /usr/local/lib/python3.8/dist-packages/taskflow/listeners/logging.py:141}}
Aug 10 23:14:24.565096 dv-cinder-851449-5-iscsi devstack@c-api.service[114141]: DEBUG cinder.volume.api [None req-0db4b606-9e4c-4e77-8888-f8170540159e tempest-VolumeQuotasNegativeTestJSON-1960331006 tempest-VolumeQuotasNegativeTestJSON-1960331006-project] Task 'cinder.volume.flows.api.create_volume.ExtractVolumeRequestTask;volume:create' (d51529fe-3186-4fbe-826c-1da7bd09cdd8) transitioned into state 'RUNNING' from state 'PENDING' {{(pid=114141) _task_receiver /usr/local/lib/python3.8/dist-packages/taskflow/listeners/logging.py:190}}
Aug 10 23:14:24.567550 dv-cinder-851449-5-iscsi devstack@c-api.service[114141]: DEBUG cinder.volume.flows.api.create_volume [None req-0db4b606-9e4c-4e77-8888-f8170540159e tempest-VolumeQuotasNegativeTestJSON-1960331006 tempest-VolumeQuotasNegativeTestJSON-1960331006-project] Validating volume size '1' using validate_int {{(pid=114141) _extract_size /opt/stack/cinder/cinder/volume/flows/api/create_volume.py:228}}
Aug 10 23:14:24.576684 dv-cinder-851449-5-iscsi devstack@c-api.service[114142]: INFO cinder.api.openstack.wsgi [None req-fed0072b-2638-400c-8d18-44e7b08a7879 tempest-VolumesServicesTestJSON-2086778960 tempest-VolumesServicesTestJSON-2086778960-project] POST http://10.222.0.78/volume/v3/ea8b967121374612b9e657e3fc5ba9d3/volumes
Aug 10 23:14:24.577383 dv-cinder-851449-5-iscsi devstack@c-api.service[114142]: DEBUG cinder.api.openstack.wsgi [None req-fed0072b-2638-400c-8d18-44e7b08a7879 tempest-VolumesServicesTestJSON-2086778960 tempest-VolumesServicesTestJSON-2086778960-project] Action: 'create', calling method: create, body: {"volume": {"size": 1, "name": "tempest-VolumesServicesTestJSON-Volume-1219093679"}} {{(pid=114142) _process_stack /opt/stack/cinder/cinder/api/openstack/wsgi.py:866}}
Aug 10 23:14:24.579659 dv-cinder-851449-5-iscsi devstack@c-api.service[114142]: DEBUG cinder.api.v3.volumes [None req-fed0072b-2638-400c-8d18-44e7b08a7879 tempest-VolumesServicesTestJSON-2086778960 tempest-VolumesServicesTestJSON-2086778960-project] Create volume request body: {'volume': {'size': 1, 'name': 'tempest-VolumesServicesTestJSON-Volume-1219093679'}} {{(pid=114142) create /opt/stack/cinder/cinder/api/v3/volumes.py:298}}
Aug 10 23:14:24.579972 dv-cinder-851449-5-iscsi devstack@c-api.service[114142]: INFO cinder.api.v3.volumes [None req-fed0072b-2638-400c-8d18-44e7b08a7879 tempest-VolumesServicesTestJSON-2086778960 tempest-VolumesServicesTestJSON-2086778960-project] Create volume of 1 GB
Aug 10 23:14:24.588588 dv-cinder-851449-5-iscsi devstack@c-api.service[114142]: INFO cinder.volume.api [None req-fed0072b-2638-400c-8d18-44e7b08a7879 tempest-VolumesServicesTestJSON-2086778960 tempest-VolumesServicesTestJSON-2086778960-project] Availability Zones retrieved successfully.
Aug 10 23:14:24.601590 dv-cinder-851449-5-iscsi devstack@c-api.service[114141]: DEBUG cinder.volume.api [None req-0db4b606-9e4c-4e77-8888-f8170540159e tempest-VolumeQuotasNegativeTestJSON-1960331006 tempest-VolumeQuotasNegativeTestJSON-1960331006-project] Task 'cinder.volume.flows.api.create_volume.ExtractVolumeRequestTask;volume:create' (d51529fe-3186-4fbe-826c-1da7bd09cdd8) transitioned into state 'SUCCESS' from state 'RUNNING' with result '{'size': 1, 'snapshot_id': None, 'source_volid': None, 'volume_type': VolumeType(created_at=2022-08-10T22:56:48Z,deleted=False,deleted_at=None,description='Default Volume Type',extra_specs={},id=177894af-031f-4bb5-8e17-b54e365b465f,is_public=True,name='__DEFAULT__',projects=[],qos_specs=,qos_specs_id=None,updated_at=2022-08-10T22:56:48Z), 'volume_type_id': '177894af-031f-4bb5-8e17-b54e365b465f', 'encryption_key_id': None, 'qos_specs': None, 'consistencygroup_id': None, 'cgsnapshot_id': None, 'group_id': None, 'replication_status': 'disabled', 'refresh_az': False, 'backup_id': None, 'multiattach': False, 'availability_zones': ['nova']}' {{(pid=114141) _task_receiver /usr/local/lib/python3.8/dist-packages/taskflow/listeners/logging.py:178}}
Aug 10 23:14:24.603624 dv-cinder-851449-5-iscsi devstack@c-api.service[114141]: DEBUG cinder.volume.api [None req-0db4b606-9e4c-4e77-8888-f8170540159e tempest-VolumeQuotasNegativeTestJSON-1960331006 tempest-VolumeQuotasNegativeTestJSON-1960331006-project] Task 'cinder.volume.flows.api.create_volume.QuotaReserveTask;volume:create' (3d75a687-f52d-4f69-8aa2-259548d43674) transitioned into state 'RUNNING' from state 'PENDING' {{(pid=114141) _task_receiver /usr/local/lib/python3.8/dist-packages/taskflow/listeners/logging.py:190}}
Aug 10 23:14:24.604440 dv-cinder-851449-5-iscsi devstack@c-api.service[114142]: DEBUG cinder.volume.api [None req-fed0072b-2638-400c-8d18-44e7b08a7879 tempest-VolumesServicesTestJSON-2086778960 tempest-VolumesServicesTestJSON-2086778960-project] Flow 'volume_create_api' (2dd661f5-995b-4a9c-ba1b-6dccf6451993) transitioned into state 'RUNNING' from state 'PENDING' {{(pid=114142) _flow_receiver /usr/local/lib/python3.8/dist-packages/taskflow/listeners/logging.py:141}}
Aug 10 23:14:24.607402 dv-cinder-851449-5-iscsi devstack@c-api.service[114142]: DEBUG cinder.volume.api [None req-fed0072b-2638-400c-8d18-44e7b08a7879 tempest-VolumesServicesTestJSON-2086778960 tempest-VolumesServicesTestJSON-2086778960-project] Task 'cinder.volume.flows.api.create_volume.ExtractVolumeRequestTask;volume:create' (dc5d5cf3-c9d9-4aa9-8b63-ff7b47274b28) transitioned into state 'RUNNING' from state 'PENDING' {{(pid=114142) _task_receiver /usr/local/lib/python3.8/dist-packages/taskflow/listeners/logging.py:190}}
Aug 10 23:14:24.609516 dv-cinder-851449-5-iscsi devstack@c-api.service[114142]: DEBUG cinder.volume.flows.api.create_volume [None req-fed0072b-2638-400c-8d18-44e7b08a7879 tempest-VolumesServicesTestJSON-2086778960 tempest-VolumesServicesTestJSON-2086778960-project] Validating volume size '1' using validate_int {{(pid=114142) _extract_size /opt/stack/cinder/cinder/volume/flows/api/create_volume.py:228}}
Aug 10 23:14:24.648234 dv-cinder-851449-5-iscsi devstack@c-api.service[114142]: DEBUG cinder.volume.api [None req-fed0072b-2638-400c-8d18-44e7b08a7879 tempest-VolumesServicesTestJSON-2086778960 tempest-VolumesServicesTestJSON-2086778960-project] Task 'cinder.volume.flows.api.create_volume.ExtractVolumeRequestTask;volume:create' (dc5d5cf3-c9d9-4aa9-8b63-ff7b47274b28) transitioned into state 'SUCCESS' from state 'RUNNING' with result '{'size': 1, 'snapshot_id': None, 'source_volid': None, 'volume_type': VolumeType(created_at=2022-08-10T22:56:48Z,deleted=False,deleted_at=None,description='Default Volume Type',extra_specs={},id=177894af-031f-4bb5-8e17-b54e365b465f,is_public=True,name='__DEFAULT__',projects=[],qos_specs=,qos_specs_id=None,updated_at=2022-08-10T22:56:48Z), 'volume_type_id': '177894af-031f-4bb5-8e17-b54e365b465f', 'encryption_key_id': None, 'qos_specs': None, 'consistencygroup_id': None, 'cgsnapshot_id': None, 'group_id': None, 'replication_status': 'disabled', 'refresh_az': False, 'backup_id': None, 'multiattach': False, 'availability_zones': ['nova']}' {{(pid=114142) _task_receiver /usr/local/lib/python3.8/dist-packages/taskflow/listeners/logging.py:178}}
Aug 10 23:14:24.650277 dv-cinder-851449-5-iscsi devstack@c-api.service[114142]: DEBUG cinder.volume.api [None req-fed0072b-2638-400c-8d18-44e7b08a7879 tempest-VolumesServicesTestJSON-2086778960 tempest-VolumesServicesTestJSON-2086778960-project] Task 'cinder.volume.flows.api.create_volume.QuotaReserveTask;volume:create' (1d83ed24-e757-4209-89c7-a0913022a5c1) transitioned into state 'RUNNING' from state 'PENDING' {{(pid=114142) _task_receiver /usr/local/lib/python3.8/dist-packages/taskflow/listeners/logging.py:190}}
Aug 10 23:14:24.900429 dv-cinder-851449-5-iscsi devstack@c-api.service[114142]: DEBUG cinder.quota [None req-fed0072b-2638-400c-8d18-44e7b08a7879 tempest-VolumesServicesTestJSON-2086778960 tempest-VolumesServicesTestJSON-2086778960-project] Created reservations ['eba2c179-01fc-4f16-82bf-c9dbf38af1f7', '6fa2e347-e63e-405f-9f4a-8c1054c90c35', '6157f055-b4c8-429d-811e-8e7dc879ce6e', '5a1f110d-f05e-442d-b3ff-878da8834392'] {{(pid=114142) reserve /opt/stack/cinder/cinder/quota.py:755}}
Aug 10 23:14:24.904120 dv-cinder-851449-5-iscsi devstack@c-api.service[114141]: DEBUG cinder.quota [None req-0db4b606-9e4c-4e77-8888-f8170540159e tempest-VolumeQuotasNegativeTestJSON-1960331006 tempest-VolumeQuotasNegativeTestJSON-1960331006-project] Created reservations ['cc08dbd3-2eab-4f03-bfc3-413115e5656d', 'e76c3623-4cfa-4bf4-a3d8-3391c6350434', 'f8d97f73-5538-4f7e-a3f1-c7eb98828e09', '06e7074a-d786-45ce-a282-ffa12a8772f8'] {{(pid=114141) reserve /opt/stack/cinder/cinder/quota.py:755}}
Aug 10 23:14:24.904573 dv-cinder-851449-5-iscsi devstack@c-api.service[114142]: DEBUG cinder.volume.api [None req-fed0072b-2638-400c-8d18-44e7b08a7879 tempest-VolumesServicesTestJSON-2086778960 tempest-VolumesServicesTestJSON-2086778960-project] Task 'cinder.volume.flows.api.create_volume.QuotaReserveTask;volume:create' (1d83ed24-e757-4209-89c7-a0913022a5c1) transitioned into state 'SUCCESS' from state 'RUNNING' with result '{'reservations': ['eba2c179-01fc-4f16-82bf-c9dbf38af1f7', '6fa2e347-e63e-405f-9f4a-8c1054c90c35', '6157f055-b4c8-429d-811e-8e7dc879ce6e', '5a1f110d-f05e-442d-b3ff-878da8834392']}' {{(pid=114142) _task_receiver /usr/local/lib/python3.8/dist-packages/taskflow/listeners/logging.py:178}}
Aug 10 23:14:24.904722 dv-cinder-851449-5-iscsi devstack@c-api.service[114141]: DEBUG cinder.volume.api [None req-0db4b606-9e4c-4e77-8888-f8170540159e tempest-VolumeQuotasNegativeTestJSON-1960331006 tempest-VolumeQuotasNegativeTestJSON-1960331006-project] Task 'cinder.volume.flows.api.create_volume.QuotaReserveTask;volume:create' (3d75a687-f52d-4f69-8aa2-259548d43674) transitioned into state 'SUCCESS' from state 'RUNNING' with result '{'reservations': ['cc08dbd3-2eab-4f03-bfc3-413115e5656d', 'e76c3623-4cfa-4bf4-a3d8-3391c6350434', 'f8d97f73-5538-4f7e-a3f1-c7eb98828e09', '06e7074a-d786-45ce-a282-ffa12a8772f8']}' {{(pid=114141) _task_receiver /usr/local/lib/python3.8/dist-packages/taskflow/listeners/logging.py:178}}
Aug 10 23:14:24.904722 dv-cinder-851449-5-iscsi devstack@c-api.service[114141]: DEBUG cinder.volume.api [None req-0db4b606-9e4c-4e77-8888-f8170540159e tempest-VolumeQuotasNegativeTestJSON-1960331006 tempest-VolumeQuotasNegativeTestJSON-1960331006-project] Task 'cinder.volume.flows.api.create_volume.EntryCreateTask;volume:create' (d86c39fc-b7a6-4cda-8628-ca4c528ef115) transitioned into state 'RUNNING' from state 'PENDING' {{(pid=114141) _task_receiver /usr/local/lib/python3.8/dist-packages/taskflow/listeners/logging.py:190}}
Aug 10 23:14:24.905733 dv-cinder-851449-5-iscsi devstack@c-api.service[114142]: DEBUG cinder.volume.api [None req-fed0072b-2638-400c-8d18-44e7b08a7879 tempest-VolumesServicesTestJSON-2086778960 tempest-VolumesServicesTestJSON-2086778960-project] Task 'cinder.volume.flows.api.create_volume.EntryCreateTask;volume:create' (ad43dd44-29c5-4e3a-9e60-22e24e762a65) transitioned into state 'RUNNING' from state 'PENDING' {{(pid=114142) _task_receiver /usr/local/lib/python3.8/dist-packages/taskflow/listeners/logging.py:190}}
Aug 10 23:14:24.994952 dv-cinder-851449-5-iscsi devstack@c-api.service[114141]: DEBUG cinder.volume.api [None req-0db4b606-9e4c-4e77-8888-f8170540159e tempest-VolumeQuotasNegativeTestJSON-1960331006 tempest-VolumeQuotasNegativeTestJSON-1960331006-project] Task 'cinder.volume.flows.api.create_volume.EntryCreateTask;volume:create' (d86c39fc-b7a6-4cda-8628-ca4c528ef115) transitioned into state 'SUCCESS' from state 'RUNNING' with result '{'volume_id': '4979241e-9551-4f78-b182-e8985c4601d2', 'volume_properties': VolumeProperties(attach_status='detached',availability_zone='nova',cgsnapshot_id=None,consistencygroup_id=None,display_description=None,display_name='tempest-VolumeQuotasNegativeTestJSON-Volume-371920505',encryption_key_id=None,group_id=None,group_type_id=,metadata={},multiattach=False,project_id='5928ebd8c424442eb2bf9eaf0e7590eb',qos_specs=None,replication_status=,reservations=['cc08dbd3-2eab-4f03-bfc3-413115e5656d','e76c3623-4cfa-4bf4-a3d8-3391c6350434','f8d97f73-5538-4f7e-a3f1-c7eb98828e09','06e7074a-d786-45ce-a282-ffa12a8772f8'],size=1,snapshot_id=None,source_replicaid=,source_volid=None,status='creating',user_id='bcb7e2107b0a436fa8a1e938a9293384',volume_type_id=177894af-031f-4bb5-8e17-b54e365b465f), 'volume': Volume(_name_id=None,admin_metadata=,attach_status='detached',availability_zone='nova',bootable=False,cluster=,cluster_name=None,consistencygroup=,consistencygroup_id=None,created_at=2022-08-10T23:14:24Z,deleted=False,deleted_at=None,display_description=None,display_name='tempest-VolumeQuotasNegativeTestJSON-Volume-371920505',ec2_id=None,encryption_key_id=None,glance_metadata=,group=,group_id=None,host=None,id=4979241e-9551-4f78-b182-e8985c4601d2,launched_at=None,metadata={},migration_status=None,multiattach=False,previous_status=None,project_id='5928ebd8c424442eb2bf9eaf0e7590eb',provider_auth=None,provider_geometry=None,provider_id=None,provider_location=None,replication_driver_data=None,replication_extended_status=None,replication_status=None,scheduled_at=None,service_uuid=None,shared_targets=True,size=1,snapshot_id=None,snapshots=,source_volid=None,status='creating',terminated_at=None,updated_at=None,use_quota=True,user_id='bcb7e2107b0a436fa8a1e938a9293384',volume_attachment=VolumeAttachmentList,volume_type=VolumeType(177894af-031f-4bb5-8e17-b54e365b465f),volume_type_id=177894af-031f-4bb5-8e17-b54e365b465f)}' {{(pid=114141) _task_receiver /usr/local/lib/python3.8/dist-packages/taskflow/listeners/logging.py:178}}
Aug 10 23:14:24.996995 dv-cinder-851449-5-iscsi devstack@c-api.service[114141]: DEBUG cinder.volume.api [None req-0db4b606-9e4c-4e77-8888-f8170540159e tempest-VolumeQuotasNegativeTestJSON-1960331006 tempest-VolumeQuotasNegativeTestJSON-1960331006-project] Task 'cinder.volume.flows.api.create_volume.QuotaCommitTask;volume:create' (e4146787-f551-4a7f-b7d4-71c1556f7a09) transitioned into state 'RUNNING' from state 'PENDING' {{(pid=114141) _task_receiver /usr/local/lib/python3.8/dist-packages/taskflow/listeners/logging.py:190}}
Aug 10 23:14:25.045626 dv-cinder-851449-5-iscsi devstack@c-api.service[114142]: DEBUG cinder.volume.api [None req-fed0072b-2638-400c-8d18-44e7b08a7879 tempest-VolumesServicesTestJSON-2086778960 tempest-VolumesServicesTestJSON-2086778960-project] Task 'cinder.volume.flows.api.create_volume.EntryCreateTask;volume:create' (ad43dd44-29c5-4e3a-9e60-22e24e762a65) transitioned into state 'SUCCESS' from state 'RUNNING' with result '{'volume_id': '2cf94c48-fadd-4a1a-98f4-4592c83ee40d', 'volume_properties': VolumeProperties(attach_status='detached',availability_zone='nova',cgsnapshot_id=None,consistencygroup_id=None,display_description=None,display_name='tempest-VolumesServicesTestJSON-Volume-1219093679',encryption_key_id=None,group_id=None,group_type_id=,metadata={},multiattach=False,project_id='ea8b967121374612b9e657e3fc5ba9d3',qos_specs=None,replication_status=,reservations=['eba2c179-01fc-4f16-82bf-c9dbf38af1f7','6fa2e347-e63e-405f-9f4a-8c1054c90c35','6157f055-b4c8-429d-811e-8e7dc879ce6e','5a1f110d-f05e-442d-b3ff-878da8834392'],size=1,snapshot_id=None,source_replicaid=,source_volid=None,status='creating',user_id='335966c8131b459a8fd4851a0c146154',volume_type_id=177894af-031f-4bb5-8e17-b54e365b465f), 'volume': Volume(_name_id=None,admin_metadata=,attach_status='detached',availability_zone='nova',bootable=False,cluster=,cluster_name=None,consistencygroup=,consistencygroup_id=None,created_at=2022-08-10T23:14:24Z,deleted=False,deleted_at=None,display_description=None,display_name='tempest-VolumesServicesTestJSON-Volume-1219093679',ec2_id=None,encryption_key_id=None,glance_metadata=,group=,group_id=None,host=None,id=2cf94c48-fadd-4a1a-98f4-4592c83ee40d,launched_at=None,metadata={},migration_status=None,multiattach=False,previous_status=None,project_id='ea8b967121374612b9e657e3fc5ba9d3',provider_auth=None,provider_geometry=None,provider_id=None,provider_location=None,replication_driver_data=None,replication_extended_status=None,replication_status=None,scheduled_at=None,service_uuid=None,shared_targets=True,size=1,snapshot_id=None,snapshots=,source_volid=None,status='creating',terminated_at=None,updated_at=None,use_quota=True,user_id='335966c8131b459a8fd4851a0c146154',volume_attachment=VolumeAttachmentList,volume_type=VolumeType(177894af-031f-4bb5-8e17-b54e365b465f),volume_type_id=177894af-031f-4bb5-8e17-b54e365b465f)}' {{(pid=114142) _task_receiver /usr/local/lib/python3.8/dist-packages/taskflow/listeners/logging.py:178}}
Aug 10 23:14:25.047558 dv-cinder-851449-5-iscsi devstack@c-api.service[114142]: DEBUG cinder.volume.api [None req-fed0072b-2638-400c-8d18-44e7b08a7879 tempest-VolumesServicesTestJSON-2086778960 tempest-VolumesServicesTestJSON-2086778960-project] Task 'cinder.volume.flows.api.create_volume.QuotaCommitTask;volume:create' (451c0d76-734b-42ce-8378-7e85751bbe1e) transitioned into state 'RUNNING' from state 'PENDING' {{(pid=114142) _task_receiver /usr/local/lib/python3.8/dist-packages/taskflow/listeners/logging.py:190}}
Aug 10 23:14:25.158565 dv-cinder-851449-5-iscsi devstack@c-api.service[114141]: DEBUG cinder.volume.api [None req-0db4b606-9e4c-4e77-8888-f8170540159e tempest-VolumeQuotasNegativeTestJSON-1960331006 tempest-VolumeQuotasNegativeTestJSON-1960331006-project] Task 'cinder.volume.flows.api.create_volume.QuotaCommitTask;volume:create' (e4146787-f551-4a7f-b7d4-71c1556f7a09) transitioned into state 'SUCCESS' from state 'RUNNING' with result '{'volume_properties': VolumeProperties(attach_status='detached',availability_zone='nova',cgsnapshot_id=None,consistencygroup_id=None,display_description=None,display_name='tempest-VolumeQuotasNegativeTestJSON-Volume-371920505',encryption_key_id=None,group_id=None,group_type_id=,metadata={},multiattach=False,project_id='5928ebd8c424442eb2bf9eaf0e7590eb',qos_specs=None,replication_status=,reservations=['cc08dbd3-2eab-4f03-bfc3-413115e5656d','e76c3623-4cfa-4bf4-a3d8-3391c6350434','f8d97f73-5538-4f7e-a3f1-c7eb98828e09','06e7074a-d786-45ce-a282-ffa12a8772f8'],size=1,snapshot_id=None,source_replicaid=,source_volid=None,status='creating',user_id='bcb7e2107b0a436fa8a1e938a9293384',volume_type_id=177894af-031f-4bb5-8e17-b54e365b465f)}' {{(pid=114141) _task_receiver /usr/local/lib/python3.8/dist-packages/taskflow/listeners/logging.py:178}}
Aug 10 23:14:25.161842 dv-cinder-851449-5-iscsi devstack@c-api.service[114141]: DEBUG cinder.volume.api [None req-0db4b606-9e4c-4e77-8888-f8170540159e tempest-VolumeQuotasNegativeTestJSON-1960331006 tempest-VolumeQuotasNegativeTestJSON-1960331006-project] Task 'cinder.volume.flows.api.create_volume.VolumeCastTask;volume:create' (92c52ae4-996f-407b-a257-b5c83782e86f) transitioned into state 'RUNNING' from state 'PENDING' {{(pid=114141) _task_receiver /usr/local/lib/python3.8/dist-packages/taskflow/listeners/logging.py:190}}
Aug 10 23:14:25.365368 dv-cinder-851449-5-iscsi devstack@c-api.service[114141]: DEBUG cinder.volume.api [None req-0db4b606-9e4c-4e77-8888-f8170540159e tempest-VolumeQuotasNegativeTestJSON-1960331006 tempest-VolumeQuotasNegativeTestJSON-1960331006-project] Task 'cinder.volume.flows.api.create_volume.VolumeCastTask;volume:create' (92c52ae4-996f-407b-a257-b5c83782e86f) transitioned into state 'SUCCESS' from state 'RUNNING' with result 'None' {{(pid=114141) _task_receiver /usr/local/lib/python3.8/dist-packages/taskflow/listeners/logging.py:178}}
Aug 10 23:14:25.367810 dv-cinder-851449-5-iscsi devstack@c-api.service[114141]: DEBUG cinder.volume.api [None req-0db4b606-9e4c-4e77-8888-f8170540159e tempest-VolumeQuotasNegativeTestJSON-1960331006 tempest-VolumeQuotasNegativeTestJSON-1960331006-project] Flow 'volume_create_api' (6d13616a-d19b-4b28-880d-cfbd11f547a1) transitioned into state 'SUCCESS' from state 'RUNNING' {{(pid=114141) _flow_receiver /usr/local/lib/python3.8/dist-packages/taskflow/listeners/logging.py:141}}
Aug 10 23:14:25.368562 dv-cinder-851449-5-iscsi devstack@c-api.service[114141]: INFO cinder.volume.api [None req-0db4b606-9e4c-4e77-8888-f8170540159e tempest-VolumeQuotasNegativeTestJSON-1960331006 tempest-VolumeQuotasNegativeTestJSON-1960331006-project] Create volume request issued successfully.
Aug 10 23:14:25.370338 dv-cinder-851449-5-iscsi devstack@c-api.service[114141]: INFO cinder.api.openstack.wsgi [None req-0db4b606-9e4c-4e77-8888-f8170540159e tempest-VolumeQuotasNegativeTestJSON-1960331006 tempest-VolumeQuotasNegativeTestJSON-1960331006-project] http://10.222.0.78/volume/v3/5928ebd8c424442eb2bf9eaf0e7590eb/volumes returned with HTTP 202
Aug 10 23:14:25.371141 dv-cinder-851449-5-iscsi devstack@c-api.service[114141]: [pid: 114141|app: 0|req: 178/357] 10.222.0.78 () {60 vars in 1235 bytes} [Wed Aug 10 23:14:24 2022] POST /volume/v3/5928ebd8c424442eb2bf9eaf0e7590eb/volumes => generated 827 bytes in 931 msecs (HTTP/1.1 202) 7 headers in 291 bytes (2 switches on core 0)
Aug 10 23:14:25.372819 dv-cinder-851449-5-iscsi devstack@c-api.service[114141]: DEBUG cinder.api.middleware.request_id [None req-6e2aef10-dd1b-4216-8eec-ffbe0c6fdd43 None None] RequestId filter calling following filter/app {{(pid=114141) _context_setter /opt/stack/cinder/cinder/api/middleware/request_id.py:62}}
Aug 10 23:14:25.376656 dv-cinder-851449-5-iscsi devstack@c-api.service[114141]: INFO cinder.api.openstack.wsgi [None req-6e2aef10-dd1b-4216-8eec-ffbe0c6fdd43 tempest-VolumesActionsTest-513231693 tempest-VolumesActionsTest-513231693-project] GET http://10.222.0.78/volume/v3/369e8ab9aa8742c790d227e781105f11/volumes/a642be4b-5fbc-4fed-82c1-14fd2c2901f2
Aug 10 23:14:25.377034 dv-cinder-851449-5-iscsi devstack@c-api.service[114141]: DEBUG cinder.api.openstack.wsgi [None req-6e2aef10-dd1b-4216-8eec-ffbe0c6fdd43 tempest-VolumesActionsTest-513231693 tempest-VolumesActionsTest-513231693-project] Empty body provided in request {{(pid=114141) get_body /opt/stack/cinder/cinder/api/openstack/wsgi.py:715}}
Aug 10 23:14:25.378091 dv-cinder-851449-5-iscsi devstack@c-api.service[114141]: DEBUG cinder.api.openstack.wsgi [None req-6e2aef10-dd1b-4216-8eec-ffbe0c6fdd43 tempest-VolumesActionsTest-513231693 tempest-VolumesActionsTest-513231693-project] Calling method 'show' {{(pid=114141) _process_stack /opt/stack/cinder/cinder/api/openstack/wsgi.py:868}}
Aug 10 23:14:25.391640 dv-cinder-851449-5-iscsi devstack@c-api.service[114141]: /usr/local/lib/python3.8/dist-packages/oslo_context/context.py:100: DeprecationWarning: Policy enforcement is depending on the value of is_admin. This key is deprecated. Please update your policy file to use the standard policy values.
Aug 10 23:14:25.391640 dv-cinder-851449-5-iscsi devstack@c-api.service[114141]: warnings.warn('Policy enforcement is depending on the value of '
Aug 10 23:14:25.398104 dv-cinder-851449-5-iscsi devstack@c-api.service[114141]: INFO cinder.volume.api [None req-6e2aef10-dd1b-4216-8eec-ffbe0c6fdd43 tempest-VolumesActionsTest-513231693 tempest-VolumesActionsTest-513231693-project] Volume info retrieved successfully.
Aug 10 23:14:25.408666 dv-cinder-851449-5-iscsi devstack@c-api.service[114141]: INFO cinder.api.openstack.wsgi [None req-6e2aef10-dd1b-4216-8eec-ffbe0c6fdd43 tempest-VolumesActionsTest-513231693 tempest-VolumesActionsTest-513231693-project] http://10.222.0.78/volume/v3/369e8ab9aa8742c790d227e781105f11/volumes/a642be4b-5fbc-4fed-82c1-14fd2c2901f2 returned with HTTP 200
Aug 10 23:14:25.409401 dv-cinder-851449-5-iscsi devstack@c-api.service[114141]: [pid: 114141|app: 0|req: 179/358] 10.222.0.78 () {58 vars in 1325 bytes} [Wed Aug 10 23:14:25 2022] GET /volume/v3/369e8ab9aa8742c790d227e781105f11/volumes/a642be4b-5fbc-4fed-82c1-14fd2c2901f2 => generated 911 bytes in 38 msecs (HTTP/1.1 200) 7 headers in 285 bytes (1 switches on core 0)
