Jul 28 19:50:29.087000 dv-cinder-851449-1-smb devstack@keystone.service[80313]: DEBUG keystone.server.flask.request_processing.req_logging [None req-7f860535-2f63-4abd-8b81-43547cbcf21f None None] PATH_INFO: `/v3/auth/tokens` {{(pid=80313) log_request_info /opt/stack/keystone/keystone/server/flask/request_processing/req_logging.py:29}}
Jul 28 19:50:29.094917 dv-cinder-851449-1-smb devstack@keystone.service[80312]: DEBUG keystone.server.flask.request_processing.middleware.auth_context [None req-32a1fa78-7813-4706-8ddb-fcfbe8200476 None admin] Authenticating user token {{(pid=80312) process_request /usr/local/lib/python3.8/dist-packages/keystonemiddleware/auth_token/__init__.py:407}}
Jul 28 19:50:29.115721 dv-cinder-851449-1-smb devstack@keystone.service[80313]: DEBUG keystone.auth.core [None req-7f860535-2f63-4abd-8b81-43547cbcf21f None None] MFA Rules not processed for user `cad5bc1942444b43bdd85c7ebf430c13`. Rule list: `[]` (Enabled: `True`). {{(pid=80313) check_auth_methods_against_rules /opt/stack/keystone/keystone/auth/core.py:438}}
Jul 28 19:50:29.116931 dv-cinder-851449-1-smb devstack@keystone.service[80313]: DEBUG keystone.common.fernet_utils [None req-7f860535-2f63-4abd-8b81-43547cbcf21f None None] Loaded 2 Fernet keys from /etc/keystone/fernet-keys/, but `[fernet_tokens] max_active_keys = 3`; perhaps there have not been enough key rotations to reach `max_active_keys` yet? {{(pid=80313) load_keys /opt/stack/keystone/keystone/common/fernet_utils.py:286}}
Jul 28 19:50:29.195596 dv-cinder-851449-1-smb devstack@keystone.service[80313]: [pid: 80313|app: 0|req: 117/227] 10.222.0.42 () {58 vars in 1023 bytes} [Thu Jul 28 19:50:29 2022] POST /identity/v3/auth/tokens => generated 799 bytes in 110 msecs (HTTP/1.1 201) 6 headers in 363 bytes (2 switches on core 0)
Jul 28 19:50:29.221482 dv-cinder-851449-1-smb devstack@keystone.service[80313]: DEBUG keystone.server.flask.request_processing.middleware.auth_context [None req-7f860535-2f63-4abd-8b81-43547cbcf21f None None] Authenticating user token {{(pid=80313) process_request /usr/local/lib/python3.8/dist-packages/keystonemiddleware/auth_token/__init__.py:407}}
Jul 28 19:50:29.268369 dv-cinder-851449-1-smb devstack@keystone.service[80312]: DEBUG keystone.server.flask.request_processing.middleware.auth_context [None req-32a1fa78-7813-4706-8ddb-fcfbe8200476 None admin] Validating token access rules against request {{(pid=80312) validate_allowed_request /usr/local/lib/python3.8/dist-packages/keystonemiddleware/auth_token/__init__.py:545}}
Jul 28 19:50:29.325638 dv-cinder-851449-1-smb devstack@keystone.service[80313]: DEBUG dbcounter [-] [80313] Writing DB stats keystone:SELECT=100 {{(pid=80313) stat_writer /usr/local/lib/python3.8/dist-packages/dbcounter.py:114}}
Jul 28 19:50:29.335360 dv-cinder-851449-1-smb devstack@keystone.service[80313]: DEBUG keystone.server.flask.request_processing.middleware.auth_context [None req-7f860535-2f63-4abd-8b81-43547cbcf21f None None] Validating token access rules against request {{(pid=80313) validate_allowed_request /usr/local/lib/python3.8/dist-packages/keystonemiddleware/auth_token/__init__.py:545}}
Jul 28 19:50:29.346074 dv-cinder-851449-1-smb devstack@keystone.service[80312]: DEBUG keystone.server.flask.request_processing.middleware.auth_context [None req-10753145-19e3-4013-a129-8d0a3115d3d3 None admin] RBAC: auth_context: {'token': , 'domain_id': None, 'trust_id': None, 'trustor_id': None, 'trustee_id': None, 'domain_name': None, 'group_ids': [], 'user_id': 'cad5bc1942444b43bdd85c7ebf430c13', 'user_domain_id': 'default', 'system_scope': 'all', 'project_id': None, 'project_domain_id': None, 'roles': ['admin', 'member', 'reader'], 'is_admin_project': True, 'service_user_id': None, 'service_user_domain_id': None, 'service_project_id': None, 'service_project_domain_id': None, 'service_roles': []} {{(pid=80312) fill_context /opt/stack/keystone/keystone/server/flask/request_processing/middleware/auth_context.py:478}}
Jul 28 19:50:29.346734 dv-cinder-851449-1-smb devstack@keystone.service[80312]: DEBUG keystone.server.flask.request_processing.req_logging [None req-10753145-19e3-4013-a129-8d0a3115d3d3 None admin] REQUEST_METHOD: `GET` {{(pid=80312) log_request_info /opt/stack/keystone/keystone/server/flask/request_processing/req_logging.py:27}}
Jul 28 19:50:29.347331 dv-cinder-851449-1-smb devstack@keystone.service[80312]: DEBUG keystone.server.flask.request_processing.req_logging [None req-10753145-19e3-4013-a129-8d0a3115d3d3 None admin] SCRIPT_NAME: `/identity` {{(pid=80312) log_request_info /opt/stack/keystone/keystone/server/flask/request_processing/req_logging.py:28}}
Jul 28 19:50:29.347746 dv-cinder-851449-1-smb devstack@keystone.service[80312]: DEBUG keystone.server.flask.request_processing.req_logging [None req-10753145-19e3-4013-a129-8d0a3115d3d3 None admin] PATH_INFO: `/v3/projects/116381016511423d811c369b96ef019b` {{(pid=80312) log_request_info /opt/stack/keystone/keystone/server/flask/request_processing/req_logging.py:29}}
Jul 28 19:50:29.350007 dv-cinder-851449-1-smb devstack@keystone.service[80312]: DEBUG keystone.common.rbac_enforcer.enforcer [None req-10753145-19e3-4013-a129-8d0a3115d3d3 None admin] RBAC: Authorizing `identity:get_project(project_id=116381016511423d811c369b96ef019b)` {{(pid=80312) enforce_call /opt/stack/keystone/keystone/common/rbac_enforcer/enforcer.py:449}}
Jul 28 19:50:29.351487 dv-cinder-851449-1-smb devstack@keystone.service[80312]: DEBUG keystone.common.rbac_enforcer.enforcer [None req-10753145-19e3-4013-a129-8d0a3115d3d3 None admin] RBAC: Authorization granted {{(pid=80312) enforce_call /opt/stack/keystone/keystone/common/rbac_enforcer/enforcer.py:457}}
Jul 28 19:50:29.354076 dv-cinder-851449-1-smb devstack@keystone.service[80312]: [pid: 80312|app: 0|req: 111/228] 10.222.0.42 () {56 vars in 1186 bytes} [Thu Jul 28 19:50:29 2022] GET /identity/v3/projects/116381016511423d811c369b96ef019b => generated 302 bytes in 263 msecs (HTTP/1.1 200) 5 headers in 177 bytes (1 switches on core 0)
Jul 28 19:50:29.361845 dv-cinder-851449-1-smb devstack@keystone.service[80312]: DEBUG keystone.server.flask.request_processing.middleware.auth_context [None req-10753145-19e3-4013-a129-8d0a3115d3d3 None admin] Authenticating user token {{(pid=80312) process_request /usr/local/lib/python3.8/dist-packages/keystonemiddleware/auth_token/__init__.py:407}}
Jul 28 19:50:29.390177 dv-cinder-851449-1-smb devstack@keystone.service[80313]: DEBUG keystone.server.flask.request_processing.middleware.auth_context [None req-beef14f9-26f7-4c6c-92af-242dc962731c None admin] RBAC: auth_context: {'token': , 'domain_id': None, 'trust_id': None, 'trustor_id': None, 'trustee_id': None, 'domain_name': None, 'group_ids': [], 'user_id': 'cad5bc1942444b43bdd85c7ebf430c13', 'user_domain_id': 'default', 'system_scope': 'all', 'project_id': None, 'project_domain_id': None, 'roles': ['admin', 'member', 'reader'], 'is_admin_project': True, 'service_user_id': None, 'service_user_domain_id': None, 'service_project_id': None, 'service_project_domain_id': None, 'service_roles': []} {{(pid=80313) fill_context /opt/stack/keystone/keystone/server/flask/request_processing/middleware/auth_context.py:478}}
Jul 28 19:50:29.390837 dv-cinder-851449-1-smb devstack@keystone.service[80313]: DEBUG keystone.server.flask.request_processing.req_logging [None req-beef14f9-26f7-4c6c-92af-242dc962731c None admin] REQUEST_METHOD: `GET` {{(pid=80313) log_request_info /opt/stack/keystone/keystone/server/flask/request_processing/req_logging.py:27}}
Jul 28 19:50:29.391122 dv-cinder-851449-1-smb devstack@keystone.service[80313]: DEBUG keystone.server.flask.request_processing.req_logging [None req-beef14f9-26f7-4c6c-92af-242dc962731c None admin] SCRIPT_NAME: `/identity` {{(pid=80313) log_request_info /opt/stack/keystone/keystone/server/flask/request_processing/req_logging.py:28}}
Jul 28 19:50:29.391402 dv-cinder-851449-1-smb devstack@keystone.service[80313]: DEBUG keystone.server.flask.request_processing.req_logging [None req-beef14f9-26f7-4c6c-92af-242dc962731c None admin] PATH_INFO: `/v3/roles/anotherrole` {{(pid=80313) log_request_info /opt/stack/keystone/keystone/server/flask/request_processing/req_logging.py:29}}
Jul 28 19:50:29.407177 dv-cinder-851449-1-smb devstack@keystone.service[80313]: DEBUG keystone.common.rbac_enforcer.enforcer [None req-beef14f9-26f7-4c6c-92af-242dc962731c None admin] Extracting inferred target data resulted in "NOT FOUND (404)". {{(pid=80313) enforce_call /opt/stack/keystone/keystone/common/rbac_enforcer/enforcer.py:409}}
Jul 28 19:50:29.412997 dv-cinder-851449-1-smb devstack@keystone.service[80313]: ERROR keystone.server.flask.application [None req-beef14f9-26f7-4c6c-92af-242dc962731c None admin] Could not find role: anotherrole.: keystone.exception.RoleNotFound: Could not find role: anotherrole.
Jul 28 19:50:29.412997 dv-cinder-851449-1-smb devstack@keystone.service[80313]: ERROR keystone.server.flask.application
Traceback (most recent call last):
Jul 28 19:50:29.412997 dv-cinder-851449-1-smb devstack@keystone.service[80313]: ERROR keystone.server.flask.application
File "/usr/local/lib/python3.8/dist-packages/flask/app.py", line 1517, in full_dispatch_request
Jul 28 19:50:29.412997 dv-cinder-851449-1-smb devstack@keystone.service[80313]: ERROR keystone.server.flask.application rv = self.dispatch_request()
Jul 28 19:50:29.412997 dv-cinder-851449-1-smb devstack@keystone.service[80313]: ERROR keystone.server.flask.application
File "/usr/local/lib/python3.8/dist-packages/flask/app.py", line 1503, in dispatch_request
Jul 28 19:50:29.412997 dv-cinder-851449-1-smb devstack@keystone.service[80313]: ERROR keystone.server.flask.application return self.ensure_sync(self.view_functions[rule.endpoint])(**req.view_args)
Jul 28 19:50:29.412997 dv-cinder-851449-1-smb devstack@keystone.service[80313]: ERROR keystone.server.flask.application
File "/usr/local/lib/python3.8/dist-packages/flask_restful/__init__.py", line 467, in wrapper
Jul 28 19:50:29.412997 dv-cinder-851449-1-smb devstack@keystone.service[80313]: ERROR keystone.server.flask.application resp = resource(*args, **kwargs)
Jul 28 19:50:29.412997 dv-cinder-851449-1-smb devstack@keystone.service[80313]: ERROR keystone.server.flask.application
File "/usr/local/lib/python3.8/dist-packages/flask/views.py", line 84, in view
Jul 28 19:50:29.412997 dv-cinder-851449-1-smb devstack@keystone.service[80313]: ERROR keystone.server.flask.application return current_app.ensure_sync(self.dispatch_request)(*args, **kwargs)
Jul 28 19:50:29.412997 dv-cinder-851449-1-smb devstack@keystone.service[80313]: ERROR keystone.server.flask.application
File "/usr/local/lib/python3.8/dist-packages/flask_restful/__init__.py", line 582, in dispatch_request
Jul 28 19:50:29.412997 dv-cinder-851449-1-smb devstack@keystone.service[80313]: ERROR keystone.server.flask.application resp = meth(*args, **kwargs)
Jul 28 19:50:29.412997 dv-cinder-851449-1-smb devstack@keystone.service[80313]: ERROR keystone.server.flask.application
File "/opt/stack/keystone/keystone/api/roles.py", line 50, in get
Jul 28 19:50:29.412997 dv-cinder-851449-1-smb devstack@keystone.service[80313]: ERROR keystone.server.flask.application return self._get_role(role_id)
Jul 28 19:50:29.412997 dv-cinder-851449-1-smb devstack@keystone.service[80313]: ERROR keystone.server.flask.application
File "/opt/stack/keystone/keystone/api/roles.py", line 70, in _get_role
Jul 28 19:50:29.412997 dv-cinder-851449-1-smb devstack@keystone.service[80313]: ERROR keystone.server.flask.application ENFORCER.enforce_call(action='identity:get_role')
Jul 28 19:50:29.413888 dv-cinder-851449-1-smb devstack@keystone.service[80313]: ERROR keystone.server.flask.application
File "/opt/stack/keystone/keystone/common/rbac_enforcer/enforcer.py", line 402, in enforce_call
Jul 28 19:50:29.413888 dv-cinder-851449-1-smb devstack@keystone.service[80313]: ERROR keystone.server.flask.application policy_dict.update(cls._extract_member_target_data(
Jul 28 19:50:29.413888 dv-cinder-851449-1-smb devstack@keystone.service[80313]: ERROR keystone.server.flask.application
File "/opt/stack/keystone/keystone/common/rbac_enforcer/enforcer.py", line 234, in _extract_member_target_data
Jul 28 19:50:29.413888 dv-cinder-851449-1-smb devstack@keystone.service[80313]: ERROR keystone.server.flask.application member_name: func(flask.request.view_args[key])
Jul 28 19:50:29.413888 dv-cinder-851449-1-smb devstack@keystone.service[80313]: ERROR keystone.server.flask.application
File "/opt/stack/keystone/keystone/common/manager.py", line 115, in wrapped
Jul 28 19:50:29.413888 dv-cinder-851449-1-smb devstack@keystone.service[80313]: ERROR keystone.server.flask.application __ret_val = __f(*args, **kwargs)
Jul 28 19:50:29.413888 dv-cinder-851449-1-smb devstack@keystone.service[80313]: ERROR keystone.server.flask.application
File "/usr/local/lib/python3.8/dist-packages/decorator.py", line 232, in fun
Jul 28 19:50:29.413888 dv-cinder-851449-1-smb devstack@keystone.service[80313]: ERROR keystone.server.flask.application return caller(func, *(extras + args), **kw)
Jul 28 19:50:29.413888 dv-cinder-851449-1-smb devstack@keystone.service[80313]: ERROR keystone.server.flask.application
File "/usr/local/lib/python3.8/dist-packages/dogpile/cache/region.py", line 1577, in get_or_create_for_user_func
Jul 28 19:50:29.413888 dv-cinder-851449-1-smb devstack@keystone.service[80313]: ERROR keystone.server.flask.application return self.get_or_create(
Jul 28 19:50:29.413888 dv-cinder-851449-1-smb devstack@keystone.service[80313]: ERROR keystone.server.flask.application
File "/usr/local/lib/python3.8/dist-packages/dogpile/cache/region.py", line 1042, in get_or_create
Jul 28 19:50:29.413888 dv-cinder-851449-1-smb devstack@keystone.service[80313]: ERROR keystone.server.flask.application with Lock(
Jul 28 19:50:29.413888 dv-cinder-851449-1-smb devstack@keystone.service[80313]: ERROR keystone.server.flask.application
File "/usr/local/lib/python3.8/dist-packages/dogpile/lock.py", line 185, in __enter__
Jul 28 19:50:29.413888 dv-cinder-851449-1-smb devstack@keystone.service[80313]: ERROR keystone.server.flask.application return self._enter()
Jul 28 19:50:29.413888 dv-cinder-851449-1-smb devstack@keystone.service[80313]: ERROR keystone.server.flask.application
File "/usr/local/lib/python3.8/dist-packages/dogpile/lock.py", line 94, in _enter
Jul 28 19:50:29.413888 dv-cinder-851449-1-smb devstack@keystone.service[80313]: ERROR keystone.server.flask.application generated = self._enter_create(value, createdtime)
Jul 28 19:50:29.414632 dv-cinder-851449-1-smb devstack@keystone.service[80313]: ERROR keystone.server.flask.application
File "/usr/local/lib/python3.8/dist-packages/dogpile/lock.py", line 178, in _enter_create
Jul 28 19:50:29.414632 dv-cinder-851449-1-smb devstack@keystone.service[80313]: ERROR keystone.server.flask.application return self.creator()
Jul 28 19:50:29.414632 dv-cinder-851449-1-smb devstack@keystone.service[80313]: ERROR keystone.server.flask.application
File "/usr/local/lib/python3.8/dist-packages/dogpile/cache/region.py", line 995, in gen_value
Jul 28 19:50:29.414632 dv-cinder-851449-1-smb devstack@keystone.service[80313]: ERROR keystone.server.flask.application created_value = creator(
Jul 28 19:50:29.414632 dv-cinder-851449-1-smb devstack@keystone.service[80313]: ERROR keystone.server.flask.application
File "/opt/stack/keystone/keystone/assignment/core.py", line 1276, in get_role
Jul 28 19:50:29.414632 dv-cinder-851449-1-smb devstack@keystone.service[80313]: ERROR keystone.server.flask.application return self.driver.get_role(role_id)
Jul 28 19:50:29.414632 dv-cinder-851449-1-smb devstack@keystone.service[80313]: ERROR keystone.server.flask.application
File "/opt/stack/keystone/keystone/assignment/role_backends/sql.py", line 70, in get_role
Jul 28 19:50:29.414632 dv-cinder-851449-1-smb devstack@keystone.service[80313]: ERROR keystone.server.flask.application return self._get_role(session, role_id).to_dict()
Jul 28 19:50:29.414632 dv-cinder-851449-1-smb devstack@keystone.service[80313]: ERROR keystone.server.flask.application
File "/opt/stack/keystone/keystone/assignment/role_backends/sql.py", line 65, in _get_role
Jul 28 19:50:29.414632 dv-cinder-851449-1-smb devstack@keystone.service[80313]: ERROR keystone.server.flask.application raise exception.RoleNotFound(role_id=role_id)
Jul 28 19:50:29.414632 dv-cinder-851449-1-smb devstack@keystone.service[80313]: ERROR keystone.server.flask.application keystone.exception.RoleNotFound: Could not find role: anotherrole.
Jul 28 19:50:29.414632 dv-cinder-851449-1-smb devstack@keystone.service[80313]: ERROR keystone.server.flask.application
Jul 28 19:50:29.418570 dv-cinder-851449-1-smb devstack@keystone.service[80313]: [pid: 80313|app: 0|req: 118/229] 10.222.0.42 () {56 vars in 1114 bytes} [Thu Jul 28 19:50:29 2022] GET /identity/v3/roles/anotherrole => generated 89 bytes in 193 msecs (HTTP/1.1 404) 5 headers in 183 bytes (1 switches on core 0)
Jul 28 19:50:29.421446 dv-cinder-851449-1-smb devstack@keystone.service[80313]: DEBUG keystone.server.flask.request_processing.middleware.auth_context [None req-beef14f9-26f7-4c6c-92af-242dc962731c None admin] Authenticating user token {{(pid=80313) process_request /usr/local/lib/python3.8/dist-packages/keystonemiddleware/auth_token/__init__.py:407}}
Jul 28 19:50:29.503119 dv-cinder-851449-1-smb devstack@keystone.service[80312]: DEBUG dbcounter [-] [80312] Writing DB stats keystone:SELECT=100 {{(pid=80312) stat_writer /usr/local/lib/python3.8/dist-packages/dbcounter.py:114}}
Jul 28 19:50:29.538302 dv-cinder-851449-1-smb devstack@keystone.service[80313]: DEBUG keystone.server.flask.request_processing.middleware.auth_context [None req-beef14f9-26f7-4c6c-92af-242dc962731c None admin] Validating token access rules against request {{(pid=80313) validate_allowed_request /usr/local/lib/python3.8/dist-packages/keystonemiddleware/auth_token/__init__.py:545}}
Jul 28 19:50:29.594169 dv-cinder-851449-1-smb devstack@keystone.service[80312]: DEBUG keystone.server.flask.request_processing.middleware.auth_context [None req-10753145-19e3-4013-a129-8d0a3115d3d3 None admin] Validating token access rules against request {{(pid=80312) validate_allowed_request /usr/local/lib/python3.8/dist-packages/keystonemiddleware/auth_token/__init__.py:545}}
Jul 28 19:50:29.606548 dv-cinder-851449-1-smb devstack@keystone.service[80313]: DEBUG keystone.server.flask.request_processing.middleware.auth_context [None req-b90c4d45-4428-4eab-8fea-6050a5a7eb90 None admin] RBAC: auth_context: {'token': , 'domain_id': None, 'trust_id': None, 'trustor_id': None, 'trustee_id': None, 'domain_name': None, 'group_ids': [], 'user_id': 'cad5bc1942444b43bdd85c7ebf430c13', 'user_domain_id': 'default', 'system_scope': 'all', 'project_id': None, 'project_domain_id': None, 'roles': ['admin', 'member', 'reader'], 'is_admin_project': True, 'service_user_id': None, 'service_user_domain_id': None, 'service_project_id': None, 'service_project_domain_id': None, 'service_roles': []} {{(pid=80313) fill_context /opt/stack/keystone/keystone/server/flask/request_processing/middleware/auth_context.py:478}}
Jul 28 19:50:29.607188 dv-cinder-851449-1-smb devstack@keystone.service[80313]: DEBUG keystone.server.flask.request_processing.req_logging [None req-b90c4d45-4428-4eab-8fea-6050a5a7eb90 None admin] REQUEST_METHOD: `GET` {{(pid=80313) log_request_info /opt/stack/keystone/keystone/server/flask/request_processing/req_logging.py:27}}
Jul 28 19:50:29.607475 dv-cinder-851449-1-smb devstack@keystone.service[80313]: DEBUG keystone.server.flask.request_processing.req_logging [None req-b90c4d45-4428-4eab-8fea-6050a5a7eb90 None admin] SCRIPT_NAME: `/identity` {{(pid=80313) log_request_info /opt/stack/keystone/keystone/server/flask/request_processing/req_logging.py:28}}
Jul 28 19:50:29.607752 dv-cinder-851449-1-smb devstack@keystone.service[80313]: DEBUG keystone.server.flask.request_processing.req_logging [None req-b90c4d45-4428-4eab-8fea-6050a5a7eb90 None admin] PATH_INFO: `/v3/roles` {{(pid=80313) log_request_info /opt/stack/keystone/keystone/server/flask/request_processing/req_logging.py:29}}
Jul 28 19:50:29.608480 dv-cinder-851449-1-smb devstack@keystone.service[80313]: DEBUG keystone.common.rbac_enforcer.enforcer [None req-b90c4d45-4428-4eab-8fea-6050a5a7eb90 None admin] RBAC: Adding query filter params (name=anotherrole) {{(pid=80313) _extract_filter_values /opt/stack/keystone/keystone/common/rbac_enforcer/enforcer.py:167}}
Jul 28 19:50:29.608790 dv-cinder-851449-1-smb devstack@keystone.service[80313]: DEBUG keystone.common.rbac_enforcer.enforcer [None req-b90c4d45-4428-4eab-8fea-6050a5a7eb90 None admin] RBAC: Authorizing `identity:list_roles()` {{(pid=80313) enforce_call /opt/stack/keystone/keystone/common/rbac_enforcer/enforcer.py:449}}
Jul 28 19:50:29.610205 dv-cinder-851449-1-smb devstack@keystone.service[80313]: DEBUG keystone.common.rbac_enforcer.enforcer [None req-b90c4d45-4428-4eab-8fea-6050a5a7eb90 None admin] RBAC: Authorization granted {{(pid=80313) enforce_call /opt/stack/keystone/keystone/common/rbac_enforcer/enforcer.py:457}}
Jul 28 19:50:29.623172 dv-cinder-851449-1-smb devstack@keystone.service[80313]: [pid: 80313|app: 0|req: 119/230] 10.222.0.42 () {56 vars in 1111 bytes} [Thu Jul 28 19:50:29 2022] GET /identity/v3/roles?name=anotherrole => generated 334 bytes in 198 msecs (HTTP/1.1 200) 5 headers in 177 bytes (2 switches on core 0)
Jul 28 19:50:29.636004 dv-cinder-851449-1-smb devstack@keystone.service[80313]: DEBUG keystone.server.flask.request_processing.middleware.auth_context [None req-b90c4d45-4428-4eab-8fea-6050a5a7eb90 None admin] Authenticating user token {{(pid=80313) process_request /usr/local/lib/python3.8/dist-packages/keystonemiddleware/auth_token/__init__.py:407}}
Jul 28 19:50:29.637873 dv-cinder-851449-1-smb devstack@keystone.service[80312]: DEBUG keystone.server.flask.request_processing.middleware.auth_context [None req-d4033fc1-2a8d-45d9-b0b5-d0850bb4f48f None admin] RBAC: auth_context: {'token': , 'domain_id': None, 'trust_id': None, 'trustor_id': None, 'trustee_id': None, 'domain_name': None, 'group_ids': [], 'user_id': 'cad5bc1942444b43bdd85c7ebf430c13', 'user_domain_id': 'default', 'system_scope': 'all', 'project_id': None, 'project_domain_id': None, 'roles': ['admin', 'member', 'reader'], 'is_admin_project': True, 'service_user_id': None, 'service_user_domain_id': None, 'service_project_id': None, 'service_project_domain_id': None, 'service_roles': []} {{(pid=80312) fill_context /opt/stack/keystone/keystone/server/flask/request_processing/middleware/auth_context.py:478}}
Jul 28 19:50:29.638569 dv-cinder-851449-1-smb devstack@keystone.service[80312]: DEBUG keystone.server.flask.request_processing.req_logging [None req-d4033fc1-2a8d-45d9-b0b5-d0850bb4f48f None admin] REQUEST_METHOD: `PUT` {{(pid=80312) log_request_info /opt/stack/keystone/keystone/server/flask/request_processing/req_logging.py:27}}
Jul 28 19:50:29.638858 dv-cinder-851449-1-smb devstack@keystone.service[80312]: DEBUG keystone.server.flask.request_processing.req_logging [None req-d4033fc1-2a8d-45d9-b0b5-d0850bb4f48f None admin] SCRIPT_NAME: `/identity` {{(pid=80312) log_request_info /opt/stack/keystone/keystone/server/flask/request_processing/req_logging.py:28}}
Jul 28 19:50:29.639142 dv-cinder-851449-1-smb devstack@keystone.service[80312]: DEBUG keystone.server.flask.request_processing.req_logging [None req-d4033fc1-2a8d-45d9-b0b5-d0850bb4f48f None admin] PATH_INFO: `/v3/projects/116381016511423d811c369b96ef019b/users/2634f15320534b378968dc5fdd4e0cfb/roles/37946d08da58471c9678da91450dd183` {{(pid=80312) log_request_info /opt/stack/keystone/keystone/server/flask/request_processing/req_logging.py:29}}
Jul 28 19:50:29.641116 dv-cinder-851449-1-smb devstack@keystone.service[80312]: DEBUG keystone.common.rbac_enforcer.enforcer [None req-d4033fc1-2a8d-45d9-b0b5-d0850bb4f48f None admin] RBAC: Authorizing `identity:create_grant(project_id=116381016511423d811c369b96ef019b, user_id=2634f15320534b378968dc5fdd4e0cfb, role_id=37946d08da58471c9678da91450dd183)` {{(pid=80312) enforce_call /opt/stack/keystone/keystone/common/rbac_enforcer/enforcer.py:449}}
Jul 28 19:50:29.642607 dv-cinder-851449-1-smb devstack@keystone.service[80312]: DEBUG keystone.common.rbac_enforcer.enforcer [None req-d4033fc1-2a8d-45d9-b0b5-d0850bb4f48f None admin] RBAC: Authorization granted {{(pid=80312) enforce_call /opt/stack/keystone/keystone/common/rbac_enforcer/enforcer.py:457}}
Jul 28 19:50:29.648237 dv-cinder-851449-1-smb devstack@keystone.service[80313]: DEBUG dbcounter [-] [80313] Writing DB stats keystone:SELECT=100 {{(pid=80313) stat_writer /usr/local/lib/python3.8/dist-packages/dbcounter.py:114}}
Jul 28 19:50:29.666332 dv-cinder-851449-1-smb devstack@keystone.service[80312]: [pid: 80312|app: 0|req: 112/231] 10.222.0.42 () {58 vars in 1439 bytes} [Thu Jul 28 19:50:29 2022] PUT /identity/v3/projects/116381016511423d811c369b96ef019b/users/2634f15320534b378968dc5fdd4e0cfb/roles/37946d08da58471c9678da91450dd183 => generated 0 bytes in 305 msecs (HTTP/1.1 204) 3 headers in 132 bytes (0 switches on core 0)
Jul 28 19:50:29.762547 dv-cinder-851449-1-smb devstack@keystone.service[80313]: DEBUG keystone.server.flask.request_processing.middleware.auth_context [None req-b90c4d45-4428-4eab-8fea-6050a5a7eb90 None admin] Validating token access rules against request {{(pid=80313) validate_allowed_request /usr/local/lib/python3.8/dist-packages/keystonemiddleware/auth_token/__init__.py:545}}
Jul 28 19:50:29.812909 dv-cinder-851449-1-smb devstack@keystone.service[80313]: DEBUG keystone.server.flask.request_processing.middleware.auth_context [None req-ce7475ca-6392-42b9-8983-62343fe866d1 None admin] RBAC: auth_context: {'token': , 'domain_id': None, 'trust_id': None, 'trustor_id': None, 'trustee_id': None, 'domain_name': None, 'group_ids': [], 'user_id': 'cad5bc1942444b43bdd85c7ebf430c13', 'user_domain_id': 'default', 'system_scope': 'all', 'project_id': None, 'project_domain_id': None, 'roles': ['admin', 'member', 'reader'], 'is_admin_project': True, 'service_user_id': None, 'service_user_domain_id': None, 'service_project_id': None, 'service_project_domain_id': None, 'service_roles': []} {{(pid=80313) fill_context /opt/stack/keystone/keystone/server/flask/request_processing/middleware/auth_context.py:478}}
Jul 28 19:50:29.814001 dv-cinder-851449-1-smb devstack@keystone.service[80313]: DEBUG keystone.server.flask.request_processing.req_logging [None req-ce7475ca-6392-42b9-8983-62343fe866d1 None admin] REQUEST_METHOD: `GET` {{(pid=80313) log_request_info /opt/stack/keystone/keystone/server/flask/request_processing/req_logging.py:27}}
Jul 28 19:50:29.814497 dv-cinder-851449-1-smb devstack@keystone.service[80313]: DEBUG keystone.server.flask.request_processing.req_logging [None req-ce7475ca-6392-42b9-8983-62343fe866d1 None admin] SCRIPT_NAME: `/identity` {{(pid=80313) log_request_info /opt/stack/keystone/keystone/server/flask/request_processing/req_logging.py:28}}
Jul 28 19:50:29.817882 dv-cinder-851449-1-smb devstack@keystone.service[80313]: DEBUG keystone.server.flask.request_processing.req_logging [None req-ce7475ca-6392-42b9-8983-62343fe866d1 None admin] PATH_INFO: `/v3/users/2634f15320534b378968dc5fdd4e0cfb` {{(pid=80313) log_request_info /opt/stack/keystone/keystone/server/flask/request_processing/req_logging.py:29}}
Jul 28 19:50:29.819601 dv-cinder-851449-1-smb devstack@keystone.service[80313]: DEBUG keystone.common.rbac_enforcer.enforcer [None req-ce7475ca-6392-42b9-8983-62343fe866d1 None admin] RBAC: Authorizing `identity:get_user(user_id=2634f15320534b378968dc5fdd4e0cfb)` {{(pid=80313) enforce_call /opt/stack/keystone/keystone/common/rbac_enforcer/enforcer.py:449}}
Jul 28 19:50:29.821298 dv-cinder-851449-1-smb devstack@keystone.service[80313]: DEBUG keystone.common.rbac_enforcer.enforcer [None req-ce7475ca-6392-42b9-8983-62343fe866d1 None admin] RBAC: Authorization granted {{(pid=80313) enforce_call /opt/stack/keystone/keystone/common/rbac_enforcer/enforcer.py:457}}
Jul 28 19:50:29.824073 dv-cinder-851449-1-smb devstack@keystone.service[80313]: [pid: 80313|app: 0|req: 120/232] 10.222.0.42 () {56 vars in 1177 bytes} [Thu Jul 28 19:50:29 2022] GET /identity/v3/users/2634f15320534b378968dc5fdd4e0cfb => generated 283 bytes in 188 msecs (HTTP/1.1 200) 5 headers in 177 bytes (2 switches on core 0)
Jul 28 19:50:29.834463 dv-cinder-851449-1-smb devstack@keystone.service[80312]: DEBUG keystone.server.flask.request_processing.middleware.auth_context [None req-d4033fc1-2a8d-45d9-b0b5-d0850bb4f48f None admin] Authenticating user token {{(pid=80312) process_request /usr/local/lib/python3.8/dist-packages/keystonemiddleware/auth_token/__init__.py:407}}
Jul 28 19:50:29.961894 dv-cinder-851449-1-smb devstack@keystone.service[80312]: DEBUG keystone.server.flask.request_processing.middleware.auth_context [None req-d4033fc1-2a8d-45d9-b0b5-d0850bb4f48f None admin] Validating token access rules against request {{(pid=80312) validate_allowed_request /usr/local/lib/python3.8/dist-packages/keystonemiddleware/auth_token/__init__.py:545}}
Jul 28 19:50:29.977592 dv-cinder-851449-1-smb devstack@keystone.service[80312]: DEBUG dbcounter [-] [80312] Writing DB stats keystone:SELECT=99,keystone:INSERT=1 {{(pid=80312) stat_writer /usr/local/lib/python3.8/dist-packages/dbcounter.py:114}}
Jul 28 19:50:30.001692 dv-cinder-851449-1-smb devstack@keystone.service[80312]: DEBUG keystone.server.flask.request_processing.middleware.auth_context [None req-13dd913a-61ea-479a-bfc6-1039e97b88bf None admin] RBAC: auth_context: {'token': , 'domain_id': None, 'trust_id': None, 'trustor_id': None, 'trustee_id': None, 'domain_name': None, 'group_ids': [], 'user_id': 'cad5bc1942444b43bdd85c7ebf430c13', 'user_domain_id': 'default', 'system_scope': 'all', 'project_id': None, 'project_domain_id': None, 'roles': ['admin', 'member', 'reader'], 'is_admin_project': True, 'service_user_id': None, 'service_user_domain_id': None, 'service_project_id': None, 'service_project_domain_id': None, 'service_roles': []} {{(pid=80312) fill_context /opt/stack/keystone/keystone/server/flask/request_processing/middleware/auth_context.py:478}}
Jul 28 19:50:30.002344 dv-cinder-851449-1-smb devstack@keystone.service[80312]: DEBUG keystone.server.flask.request_processing.req_logging [None req-13dd913a-61ea-479a-bfc6-1039e97b88bf None admin] REQUEST_METHOD: `GET` {{(pid=80312) log_request_info /opt/stack/keystone/keystone/server/flask/request_processing/req_logging.py:27}}
Jul 28 19:50:30.002631 dv-cinder-851449-1-smb devstack@keystone.service[80312]: DEBUG keystone.server.flask.request_processing.req_logging [None req-13dd913a-61ea-479a-bfc6-1039e97b88bf None admin] SCRIPT_NAME: `/identity` {{(pid=80312) log_request_info /opt/stack/keystone/keystone/server/flask/request_processing/req_logging.py:28}}
Jul 28 19:50:30.002909 dv-cinder-851449-1-smb devstack@keystone.service[80312]: DEBUG keystone.server.flask.request_processing.req_logging [None req-13dd913a-61ea-479a-bfc6-1039e97b88bf None admin] PATH_INFO: `/v3/projects/116381016511423d811c369b96ef019b` {{(pid=80312) log_request_info /opt/stack/keystone/keystone/server/flask/request_processing/req_logging.py:29}}
Jul 28 19:50:30.004115 dv-cinder-851449-1-smb devstack@keystone.service[80312]: DEBUG keystone.common.rbac_enforcer.enforcer [None req-13dd913a-61ea-479a-bfc6-1039e97b88bf None admin] RBAC: Authorizing `identity:get_project(project_id=116381016511423d811c369b96ef019b)` {{(pid=80312) enforce_call /opt/stack/keystone/keystone/common/rbac_enforcer/enforcer.py:449}}
Jul 28 19:50:30.005597 dv-cinder-851449-1-smb devstack@keystone.service[80312]: DEBUG keystone.common.rbac_enforcer.enforcer [None req-13dd913a-61ea-479a-bfc6-1039e97b88bf None admin] RBAC: Authorization granted {{(pid=80312) enforce_call /opt/stack/keystone/keystone/common/rbac_enforcer/enforcer.py:457}}
Jul 28 19:50:30.007285 dv-cinder-851449-1-smb devstack@keystone.service[80312]: [pid: 80312|app: 0|req: 113/233] 10.222.0.42 () {56 vars in 1186 bytes} [Thu Jul 28 19:50:29 2022] GET /identity/v3/projects/116381016511423d811c369b96ef019b => generated 302 bytes in 173 msecs (HTTP/1.1 200) 5 headers in 177 bytes (1 switches on core 0)
Jul 28 19:50:30.013327 dv-cinder-851449-1-smb devstack@keystone.service[80313]: DEBUG keystone.server.flask.request_processing.middleware.auth_context [None req-ce7475ca-6392-42b9-8983-62343fe866d1 None admin] Authenticating user token {{(pid=80313) process_request /usr/local/lib/python3.8/dist-packages/keystonemiddleware/auth_token/__init__.py:407}}
Jul 28 19:50:30.128187 dv-cinder-851449-1-smb devstack@keystone.service[80313]: DEBUG dbcounter [-] [80313] Writing DB stats keystone:SELECT=100 {{(pid=80313) stat_writer /usr/local/lib/python3.8/dist-packages/dbcounter.py:114}}
Jul 28 19:50:30.158188 dv-cinder-851449-1-smb devstack@keystone.service[80313]: DEBUG keystone.server.flask.request_processing.middleware.auth_context [None req-ce7475ca-6392-42b9-8983-62343fe866d1 None admin] Validating token access rules against request {{(pid=80313) validate_allowed_request /usr/local/lib/python3.8/dist-packages/keystonemiddleware/auth_token/__init__.py:545}}
Jul 28 19:50:30.199725 dv-cinder-851449-1-smb devstack@keystone.service[80313]: DEBUG keystone.server.flask.request_processing.middleware.auth_context [None req-8d96a389-e61a-4903-ae43-c2cdb7211d32 None admin] RBAC: auth_context: {'token': , 'domain_id': None, 'trust_id': None, 'trustor_id': None, 'trustee_id': None, 'domain_name': None, 'group_ids': [], 'user_id': 'cad5bc1942444b43bdd85c7ebf430c13', 'user_domain_id': 'default', 'system_scope': 'all', 'project_id': None, 'project_domain_id': None, 'roles': ['admin', 'member', 'reader'], 'is_admin_project': True, 'service_user_id': None, 'service_user_domain_id': None, 'service_project_id': None, 'service_project_domain_id': None, 'service_roles': []} {{(pid=80313) fill_context /opt/stack/keystone/keystone/server/flask/request_processing/middleware/auth_context.py:478}}
Jul 28 19:50:30.200408 dv-cinder-851449-1-smb devstack@keystone.service[80313]: DEBUG keystone.server.flask.request_processing.req_logging [None req-8d96a389-e61a-4903-ae43-c2cdb7211d32 None admin] REQUEST_METHOD: `PUT` {{(pid=80313) log_request_info /opt/stack/keystone/keystone/server/flask/request_processing/req_logging.py:27}}
Jul 28 19:50:30.200692 dv-cinder-851449-1-smb devstack@keystone.service[80313]: DEBUG keystone.server.flask.request_processing.req_logging [None req-8d96a389-e61a-4903-ae43-c2cdb7211d32 None admin] SCRIPT_NAME: `/identity` {{(pid=80313) log_request_info /opt/stack/keystone/keystone/server/flask/request_processing/req_logging.py:28}}
Jul 28 19:50:30.200970 dv-cinder-851449-1-smb devstack@keystone.service[80313]: DEBUG keystone.server.flask.request_processing.req_logging [None req-8d96a389-e61a-4903-ae43-c2cdb7211d32 None admin] PATH_INFO: `/v3/projects/116381016511423d811c369b96ef019b/users/2634f15320534b378968dc5fdd4e0cfb/roles/7d3c1c57f0bf4f2294e974897b6327fb` {{(pid=80313) log_request_info /opt/stack/keystone/keystone/server/flask/request_processing/req_logging.py:29}}
Jul 28 19:50:30.203284 dv-cinder-851449-1-smb devstack@keystone.service[80313]: DEBUG keystone.common.rbac_enforcer.enforcer [None req-8d96a389-e61a-4903-ae43-c2cdb7211d32 None admin] RBAC: Authorizing `identity:create_grant(project_id=116381016511423d811c369b96ef019b, user_id=2634f15320534b378968dc5fdd4e0cfb, role_id=7d3c1c57f0bf4f2294e974897b6327fb)` {{(pid=80313) enforce_call /opt/stack/keystone/keystone/common/rbac_enforcer/enforcer.py:449}}
Jul 28 19:50:30.204804 dv-cinder-851449-1-smb devstack@keystone.service[80313]: DEBUG keystone.common.rbac_enforcer.enforcer [None req-8d96a389-e61a-4903-ae43-c2cdb7211d32 None admin] RBAC: Authorization granted {{(pid=80313) enforce_call /opt/stack/keystone/keystone/common/rbac_enforcer/enforcer.py:457}}
Jul 28 19:50:30.224024 dv-cinder-851449-1-smb devstack@keystone.service[80313]: [pid: 80313|app: 0|req: 121/234] 10.222.0.42 () {58 vars in 1439 bytes} [Thu Jul 28 19:50:30 2022] PUT /identity/v3/projects/116381016511423d811c369b96ef019b/users/2634f15320534b378968dc5fdd4e0cfb/roles/7d3c1c57f0bf4f2294e974897b6327fb => generated 0 bytes in 211 msecs (HTTP/1.1 204) 3 headers in 132 bytes (0 switches on core 0)
Jul 28 19:50:30.765666 dv-cinder-851449-1-smb devstack@keystone.service[80312]: DEBUG keystone.server.flask.request_processing.req_logging [None req-b844719e-a405-42d0-a164-695ccd6a005f None None] REQUEST_METHOD: `GET` {{(pid=80312) log_request_info /opt/stack/keystone/keystone/server/flask/request_processing/req_logging.py:27}}
Jul 28 19:50:30.766204 dv-cinder-851449-1-smb devstack@keystone.service[80312]: DEBUG keystone.server.flask.request_processing.req_logging [None req-b844719e-a405-42d0-a164-695ccd6a005f None None] SCRIPT_NAME: `/identity` {{(pid=80312) log_request_info /opt/stack/keystone/keystone/server/flask/request_processing/req_logging.py:28}}
Jul 28 19:50:30.766204 dv-cinder-851449-1-smb devstack@keystone.service[80312]: DEBUG keystone.server.flask.request_processing.req_logging [None req-b844719e-a405-42d0-a164-695ccd6a005f None None] PATH_INFO: `/` {{(pid=80312) log_request_info /opt/stack/keystone/keystone/server/flask/request_processing/req_logging.py:29}}
Jul 28 19:50:30.768966 dv-cinder-851449-1-smb devstack@keystone.service[80312]: [pid: 80312|app: 0|req: 114/235] 10.222.0.42 () {54 vars in 926 bytes} [Thu Jul 28 19:50:30 2022] GET /identity => generated 270 bytes in 4 msecs (HTTP/1.1 300) 6 headers in 234 bytes (1 switches on core 0)
Jul 28 19:50:30.775799 dv-cinder-851449-1-smb devstack@keystone.service[80313]: DEBUG keystone.server.flask.request_processing.req_logging [None req-9fb23180-694e-4515-88e4-8343238226db None None] REQUEST_METHOD: `POST` {{(pid=80313) log_request_info /opt/stack/keystone/keystone/server/flask/request_processing/req_logging.py:27}}
Jul 28 19:50:30.776088 dv-cinder-851449-1-smb devstack@keystone.service[80313]: DEBUG keystone.server.flask.request_processing.req_logging [None req-9fb23180-694e-4515-88e4-8343238226db None None] SCRIPT_NAME: `/identity` {{(pid=80313) log_request_info /opt/stack/keystone/keystone/server/flask/request_processing/req_logging.py:28}}
Jul 28 19:50:30.776370 dv-cinder-851449-1-smb devstack@keystone.service[80313]: DEBUG keystone.server.flask.request_processing.req_logging [None req-9fb23180-694e-4515-88e4-8343238226db None None] PATH_INFO: `/v3/auth/tokens` {{(pid=80313) log_request_info /opt/stack/keystone/keystone/server/flask/request_processing/req_logging.py:29}}
Jul 28 19:50:30.811011 dv-cinder-851449-1-smb devstack@keystone.service[80313]: DEBUG keystone.auth.core [None req-9fb23180-694e-4515-88e4-8343238226db None None] MFA Rules not processed for user `cad5bc1942444b43bdd85c7ebf430c13`. Rule list: `[]` (Enabled: `True`). {{(pid=80313) check_auth_methods_against_rules /opt/stack/keystone/keystone/auth/core.py:438}}
Jul 28 19:50:30.812215 dv-cinder-851449-1-smb devstack@keystone.service[80313]: DEBUG keystone.common.fernet_utils [None req-9fb23180-694e-4515-88e4-8343238226db None None] Loaded 2 Fernet keys from /etc/keystone/fernet-keys/, but `[fernet_tokens] max_active_keys = 3`; perhaps there have not been enough key rotations to reach `max_active_keys` yet? {{(pid=80313) load_keys /opt/stack/keystone/keystone/common/fernet_utils.py:286}}
Jul 28 19:50:30.831812 dv-cinder-851449-1-smb devstack@keystone.service[80312]: DEBUG keystone.server.flask.request_processing.req_logging [None req-66c76a00-ac94-45a2-b167-047d1c577abe None None] REQUEST_METHOD: `GET` {{(pid=80312) log_request_info /opt/stack/keystone/keystone/server/flask/request_processing/req_logging.py:27}}
Jul 28 19:50:30.832097 dv-cinder-851449-1-smb devstack@keystone.service[80312]: DEBUG keystone.server.flask.request_processing.req_logging [None req-66c76a00-ac94-45a2-b167-047d1c577abe None None] SCRIPT_NAME: `/identity` {{(pid=80312) log_request_info /opt/stack/keystone/keystone/server/flask/request_processing/req_logging.py:28}}
Jul 28 19:50:30.832370 dv-cinder-851449-1-smb devstack@keystone.service[80312]: DEBUG keystone.server.flask.request_processing.req_logging [None req-66c76a00-ac94-45a2-b167-047d1c577abe None None] PATH_INFO: `/` {{(pid=80312) log_request_info /opt/stack/keystone/keystone/server/flask/request_processing/req_logging.py:29}}
Jul 28 19:50:30.834117 dv-cinder-851449-1-smb devstack@keystone.service[80312]: [pid: 80312|app: 0|req: 115/236] 10.222.0.42 () {54 vars in 926 bytes} [Thu Jul 28 19:50:30 2022] GET /identity => generated 270 bytes in 3 msecs (HTTP/1.1 300) 6 headers in 234 bytes (2 switches on core 0)
Jul 28 19:50:30.839590 dv-cinder-851449-1-smb devstack@keystone.service[80312]: DEBUG keystone.server.flask.request_processing.req_logging [None req-b978fba0-ee3a-4cd4-ab4e-d00825cc8eb8 None None] REQUEST_METHOD: `POST` {{(pid=80312) log_request_info /opt/stack/keystone/keystone/server/flask/request_processing/req_logging.py:27}}
Jul 28 19:50:30.839878 dv-cinder-851449-1-smb devstack@keystone.service[80312]: DEBUG keystone.server.flask.request_processing.req_logging [None req-b978fba0-ee3a-4cd4-ab4e-d00825cc8eb8 None None] SCRIPT_NAME: `/identity` {{(pid=80312) log_request_info /opt/stack/keystone/keystone/server/flask/request_processing/req_logging.py:28}}
Jul 28 19:50:30.840159 dv-cinder-851449-1-smb devstack@keystone.service[80312]: DEBUG keystone.server.flask.request_processing.req_logging [None req-b978fba0-ee3a-4cd4-ab4e-d00825cc8eb8 None None] PATH_INFO: `/v3/auth/tokens` {{(pid=80312) log_request_info /opt/stack/keystone/keystone/server/flask/request_processing/req_logging.py:29}}
Jul 28 19:50:30.858781 dv-cinder-851449-1-smb devstack@keystone.service[80312]: DEBUG keystone.auth.core [None req-b978fba0-ee3a-4cd4-ab4e-d00825cc8eb8 None None] MFA Rules not processed for user `cad5bc1942444b43bdd85c7ebf430c13`. Rule list: `[]` (Enabled: `True`). {{(pid=80312) check_auth_methods_against_rules /opt/stack/keystone/keystone/auth/core.py:438}}
Jul 28 19:50:30.859993 dv-cinder-851449-1-smb devstack@keystone.service[80312]: DEBUG keystone.common.fernet_utils [None req-b978fba0-ee3a-4cd4-ab4e-d00825cc8eb8 None None] Loaded 2 Fernet keys from /etc/keystone/fernet-keys/, but `[fernet_tokens] max_active_keys = 3`; perhaps there have not been enough key rotations to reach `max_active_keys` yet? {{(pid=80312) load_keys /opt/stack/keystone/keystone/common/fernet_utils.py:286}}
Jul 28 19:50:30.924748 dv-cinder-851449-1-smb devstack@keystone.service[80313]: [pid: 80313|app: 0|req: 122/237] 10.222.0.42 () {58 vars in 1023 bytes} [Thu Jul 28 19:50:30 2022] POST /identity/v3/auth/tokens => generated 799 bytes in 151 msecs (HTTP/1.1 201) 6 headers in 363 bytes (2 switches on core 0)
Jul 28 19:50:30.937352 dv-cinder-851449-1-smb devstack@keystone.service[80312]: [pid: 80312|app: 0|req: 116/238] 10.222.0.42 () {58 vars in 1023 bytes} [Thu Jul 28 19:50:30 2022] POST /identity/v3/auth/tokens => generated 799 bytes in 92 msecs (HTTP/1.1 201) 6 headers in 363 bytes (2 switches on core 0)
Jul 28 19:50:30.954505 dv-cinder-851449-1-smb devstack@keystone.service[80313]: DEBUG keystone.server.flask.request_processing.middleware.auth_context [None req-9fb23180-694e-4515-88e4-8343238226db None None] Authenticating user token {{(pid=80313) process_request /usr/local/lib/python3.8/dist-packages/keystonemiddleware/auth_token/__init__.py:407}}
Jul 28 19:50:30.962340 dv-cinder-851449-1-smb devstack@keystone.service[80312]: DEBUG keystone.server.flask.request_processing.middleware.auth_context [None req-b978fba0-ee3a-4cd4-ab4e-d00825cc8eb8 None None] Authenticating user token {{(pid=80312) process_request /usr/local/lib/python3.8/dist-packages/keystonemiddleware/auth_token/__init__.py:407}}
Jul 28 19:50:31.073202 dv-cinder-851449-1-smb devstack@keystone.service[80313]: DEBUG dbcounter [-] [80313] Writing DB stats keystone:SELECT=99,keystone:INSERT=1 {{(pid=80313) stat_writer /usr/local/lib/python3.8/dist-packages/dbcounter.py:114}}
Jul 28 19:50:31.153411 dv-cinder-851449-1-smb devstack@keystone.service[80313]: DEBUG keystone.server.flask.request_processing.middleware.auth_context [None req-9fb23180-694e-4515-88e4-8343238226db None None] Validating token access rules against request {{(pid=80313) validate_allowed_request /usr/local/lib/python3.8/dist-packages/keystonemiddleware/auth_token/__init__.py:545}}
Jul 28 19:50:31.161291 dv-cinder-851449-1-smb devstack@keystone.service[80312]: DEBUG keystone.server.flask.request_processing.middleware.auth_context [None req-b978fba0-ee3a-4cd4-ab4e-d00825cc8eb8 None None] Validating token access rules against request {{(pid=80312) validate_allowed_request /usr/local/lib/python3.8/dist-packages/keystonemiddleware/auth_token/__init__.py:545}}
Jul 28 19:50:31.171967 dv-cinder-851449-1-smb devstack@keystone.service[80312]: DEBUG dbcounter [-] [80312] Writing DB stats keystone:SELECT=100 {{(pid=80312) stat_writer /usr/local/lib/python3.8/dist-packages/dbcounter.py:114}}
Jul 28 19:50:31.199137 dv-cinder-851449-1-smb devstack@keystone.service[80313]: DEBUG keystone.server.flask.request_processing.middleware.auth_context [None req-481278e4-59ef-4226-9a01-1f3f6603582b None admin] RBAC: auth_context: {'token': , 'domain_id': None, 'trust_id': None, 'trustor_id': None, 'trustee_id': None, 'domain_name': None, 'group_ids': [], 'user_id': 'cad5bc1942444b43bdd85c7ebf430c13', 'user_domain_id': 'default', 'system_scope': 'all', 'project_id': None, 'project_domain_id': None, 'roles': ['admin', 'member', 'reader'], 'is_admin_project': True, 'service_user_id': None, 'service_user_domain_id': None, 'service_project_id': None, 'service_project_domain_id': None, 'service_roles': []} {{(pid=80313) fill_context /opt/stack/keystone/keystone/server/flask/request_processing/middleware/auth_context.py:478}}
Jul 28 19:50:31.199789 dv-cinder-851449-1-smb devstack@keystone.service[80313]: DEBUG keystone.server.flask.request_processing.req_logging [None req-481278e4-59ef-4226-9a01-1f3f6603582b None admin] REQUEST_METHOD: `GET` {{(pid=80313) log_request_info /opt/stack/keystone/keystone/server/flask/request_processing/req_logging.py:27}}
Jul 28 19:50:31.200073 dv-cinder-851449-1-smb devstack@keystone.service[80313]: DEBUG keystone.server.flask.request_processing.req_logging [None req-481278e4-59ef-4226-9a01-1f3f6603582b None admin] SCRIPT_NAME: `/identity` {{(pid=80313) log_request_info /opt/stack/keystone/keystone/server/flask/request_processing/req_logging.py:28}}
Jul 28 19:50:31.200513 dv-cinder-851449-1-smb devstack@keystone.service[80313]: DEBUG keystone.server.flask.request_processing.req_logging [None req-481278e4-59ef-4226-9a01-1f3f6603582b None admin] PATH_INFO: `/v3/roles/reader` {{(pid=80313) log_request_info /opt/stack/keystone/keystone/server/flask/request_processing/req_logging.py:29}}
Jul 28 19:50:31.204577 dv-cinder-851449-1-smb devstack@keystone.service[80312]: DEBUG keystone.server.flask.request_processing.middleware.auth_context [None req-c743f9e1-4539-42b9-a2c8-a9573e8a81a5 None admin] RBAC: auth_context: {'token': , 'domain_id': None, 'trust_id': None, 'trustor_id': None, 'trustee_id': None, 'domain_name': None, 'group_ids': [], 'user_id': 'cad5bc1942444b43bdd85c7ebf430c13', 'user_domain_id': 'default', 'system_scope': 'all', 'project_id': None, 'project_domain_id': None, 'roles': ['admin', 'member', 'reader'], 'is_admin_project': True, 'service_user_id': None, 'service_user_domain_id': None, 'service_project_id': None, 'service_project_domain_id': None, 'service_roles': []} {{(pid=80312) fill_context /opt/stack/keystone/keystone/server/flask/request_processing/middleware/auth_context.py:478}}
Jul 28 19:50:31.205227 dv-cinder-851449-1-smb devstack@keystone.service[80312]: DEBUG keystone.server.flask.request_processing.req_logging [None req-c743f9e1-4539-42b9-a2c8-a9573e8a81a5 None admin] REQUEST_METHOD: `GET` {{(pid=80312) log_request_info /opt/stack/keystone/keystone/server/flask/request_processing/req_logging.py:27}}
Jul 28 19:50:31.205530 dv-cinder-851449-1-smb devstack@keystone.service[80312]: DEBUG keystone.server.flask.request_processing.req_logging [None req-c743f9e1-4539-42b9-a2c8-a9573e8a81a5 None admin] SCRIPT_NAME: `/identity` {{(pid=80312) log_request_info /opt/stack/keystone/keystone/server/flask/request_processing/req_logging.py:28}}
Jul 28 19:50:31.205806 dv-cinder-851449-1-smb devstack@keystone.service[80312]: DEBUG keystone.server.flask.request_processing.req_logging [None req-c743f9e1-4539-42b9-a2c8-a9573e8a81a5 None admin] PATH_INFO: `/v3/domains/default` {{(pid=80312) log_request_info /opt/stack/keystone/keystone/server/flask/request_processing/req_logging.py:29}}
Jul 28 19:50:31.208916 dv-cinder-851449-1-smb devstack@keystone.service[80312]: DEBUG keystone.common.rbac_enforcer.enforcer [None req-c743f9e1-4539-42b9-a2c8-a9573e8a81a5 None admin] RBAC: Authorizing `identity:get_domain(domain_id=default)` {{(pid=80312) enforce_call /opt/stack/keystone/keystone/common/rbac_enforcer/enforcer.py:449}}
Jul 28 19:50:31.210400 dv-cinder-851449-1-smb devstack@keystone.service[80312]: DEBUG keystone.common.rbac_enforcer.enforcer [None req-c743f9e1-4539-42b9-a2c8-a9573e8a81a5 None admin] RBAC: Authorization granted {{(pid=80312) enforce_call /opt/stack/keystone/keystone/common/rbac_enforcer/enforcer.py:457}}
Jul 28 19:50:31.212310 dv-cinder-851449-1-smb devstack@keystone.service[80312]: [pid: 80312|app: 0|req: 117/239] 10.222.0.42 () {56 vars in 1108 bytes} [Thu Jul 28 19:50:30 2022] GET /identity/v3/domains/default => generated 199 bytes in 250 msecs (HTTP/1.1 200) 5 headers in 177 bytes (2 switches on core 0)
Jul 28 19:50:31.214198 dv-cinder-851449-1-smb devstack@keystone.service[80312]: DEBUG keystone.server.flask.request_processing.req_logging [None req-79e72953-92d1-4e50-afc8-96a62878f6c3 None None] REQUEST_METHOD: `GET` {{(pid=80312) log_request_info /opt/stack/keystone/keystone/server/flask/request_processing/req_logging.py:27}}
