Jul 28 22:28:35.476357 dv-cinder-850939-3-iscsi neutron-server[104118]: DEBUG neutron.db.provisioning_blocks [None req-2e6fb013-2bba-4320-b647-3c68780ea2ee None None] Provisioning complete for port b6d526ec-5599-46c8-b0ae-be38c46e2916 triggered by entity DHCP. {{(pid=104118) provisioning_complete /opt/stack/neutron/neutron/db/provisioning_blocks.py:145}}
Jul 28 22:28:35.476795 dv-cinder-850939-3-iscsi neutron-server[104118]: DEBUG neutron_lib.callbacks.manager [None req-2e6fb013-2bba-4320-b647-3c68780ea2ee None None] Publish callbacks ['neutron.plugins.ml2.plugin.Ml2Plugin._port_provisioned-3466144'] for port (b6d526ec-5599-46c8-b0ae-be38c46e2916), provisioning_complete {{(pid=104118) _notify_loop /usr/local/lib/python3.8/dist-packages/neutron_lib/callbacks/manager.py:176}}
Jul 28 22:28:35.517559 dv-cinder-850939-3-iscsi neutron-server[104118]: DEBUG neutron_lib.callbacks.manager [None req-8b082c96-0a5d-493e-8646-10d5e7d368c9 None None] Publish callbacks ['neutron.plugins.ml2.plugin.SecurityGroupServerNotifierRpcMixin._notify_sg_on_port_change-3427854', 'neutron.plugins.ml2.ovo_rpc._ObjectChangeHandler.handle_event-181977', 'neutron.api.rpc.agentnotifiers.dhcp_rpc_agent_api.DhcpAgentNotifyAPI._native_event_send_dhcp_notification-3698851', 'neutron.db.l3_db.L3RpcNotifierMixin._notify_gateway_port_ip_changed-8791032455900', 'neutron.db.l3_dvrscheduler_db._notify_l3_agent_port_update-8791032074837', 'neutron.db.l3_hascheduler_db._notify_l3_agent_ha_port_update-8791032074855'] for port (b6d526ec-5599-46c8-b0ae-be38c46e2916), after_update {{(pid=104118) _notify_loop /usr/local/lib/python3.8/dist-packages/neutron_lib/callbacks/manager.py:176}}
Jul 28 22:28:35.556723 dv-cinder-850939-3-iscsi neutron-server[104116]: DEBUG neutron.wsgi [-] (104116) accepted ('10.222.0.58', 53891) {{(pid=104116) server /usr/local/lib/python3.8/dist-packages/eventlet/wsgi.py:1004}}
Jul 28 22:28:35.618820 dv-cinder-850939-3-iscsi neutron-server[104116]: DEBUG neutron.wsgi [-] (104116) accepted ('10.222.0.58', 53893) {{(pid=104116) server /usr/local/lib/python3.8/dist-packages/eventlet/wsgi.py:1004}}
Jul 28 22:28:35.726624 dv-cinder-850939-3-iscsi neutron-server[104118]: DEBUG neutron.api.rpc.handlers.resources_rpc [None req-d85d5739-1305-4a5e-a08e-04baefe7ac1f None None] Pushing event updated for resources: {'Port': ['ID=50f9ddd8-a475-409a-bcd3-10561c326e24,revision_number=4']} {{(pid=104118) push /opt/stack/neutron/neutron/api/rpc/handlers/resources_rpc.py:237}}
Jul 28 22:28:35.773576 dv-cinder-850939-3-iscsi neutron-server[104118]: DEBUG neutron.plugins.ml2.rpc [None req-d85d5739-1305-4a5e-a08e-04baefe7ac1f None None] Device 313075bf-1599-45ff-b37e-34f6a02b952a up at agent ovs-agent-dv-cinder-850939-3-iscsi {{(pid=104118) update_device_up /opt/stack/neutron/neutron/plugins/ml2/rpc.py:296}}
Jul 28 22:28:36.125853 dv-cinder-850939-3-iscsi neutron-server[104118]: DEBUG dbcounter [-] [104118] Writing DB stats neutron:SELECT=96,neutron:UPDATE=4 {{(pid=104118) stat_writer /usr/local/lib/python3.8/dist-packages/dbcounter.py:114}}
Jul 28 22:28:36.167384 dv-cinder-850939-3-iscsi neutron-server[104117]: INFO neutron.wsgi [req-11580eb6-d445-48ba-8c49-4cdcc60ac2e6 req-74c07f6e-9e9a-47ed-b521-5594cef0b07f tempest-DeleteServersTestJSON-1340518043 tempest-DeleteServersTestJSON-1340518043-project] 10.222.0.39 "GET /v2.0/ports?device_id=1e409c8d-d62d-41f4-a0ca-652816028ff6 HTTP/1.1" status: 200 len: 210 time: 0.9537277
Jul 28 22:28:36.219107 dv-cinder-850939-3-iscsi neutron-server[104118]: DEBUG neutron.db.l3_dvrscheduler_db [None req-8b082c96-0a5d-493e-8646-10d5e7d368c9 None None] Routers {'22067912-df6f-43a3-870e-3b2255ff26c3'} bound to L3 agent in host dv-cinder-850939-3-iscsi {{(pid=104118) _get_router_ids_for_agent /opt/stack/neutron/neutron/db/l3_dvrscheduler_db.py:426}}
Jul 28 22:28:36.225213 dv-cinder-850939-3-iscsi neutron-server[104118]: DEBUG neutron.db.l3_hamode_db [None req-8b082c96-0a5d-493e-8646-10d5e7d368c9 None None] neutron.services.l3_router.l3_router_plugin.L3RouterPlugin method get_ha_sync_data_for_host called with arguments (, 'dv-cinder-850939-3-iscsi', Agent(admin_state_up=True,agent_type='L3 agent',availability_zone='nova',binary='neutron-l3-agent',configurations={"agent_mode": "legacy", "ex_gw_ports": 4, "extensions": [], "floating_ips": 0, "handle_internal_only_routers": true, "interface_driver": "openvswitch", "interfaces": 2, "log_agent_heartbeats": false, "routers": 4},created_at=2022-07-28T22:19:47Z,description=,heartbeat_timestamp=2022-07-28T22:28:17Z,host='dv-cinder-850939-3-iscsi',id=c827dc28-08c7-4e09-9e08-227c68ee6f0b,load=0,resource_versions=,resources_synced=,started_at=2022-07-28T22:19:47Z,topic='l3_agent')) {'router_ids': ['22067912-df6f-43a3-870e-3b2255ff26c3'], 'active': True} {{(pid=104118) wrapper /usr/local/lib/python3.8/dist-packages/oslo_log/helpers.py:65}}
Jul 28 22:28:36.336726 dv-cinder-850939-3-iscsi neutron-server[104117]: INFO neutron.wsgi [req-8ce5bd5c-b86d-436a-a462-ce573c267ed0 req-18a780d5-b525-497e-94a6-6ae3c311be2b tempest-AttachVolumeNegativeTest-805726073 tempest-AttachVolumeNegativeTest-805726073-project] 10.222.0.39 "GET /v2.0/ports?device_id=41e2af9e-d8ce-4edd-8aae-4158d00ef92f HTTP/1.1" status: 200 len: 210 time: 0.2097113
Jul 28 22:28:36.387190 dv-cinder-850939-3-iscsi neutron-server[104116]: DEBUG dbcounter [-] [104116] Writing DB stats neutron:SELECT=85,neutron:DELETE=2,neutron:INSERT=8,neutron:UPDATE=5 {{(pid=104116) stat_writer /usr/local/lib/python3.8/dist-packages/dbcounter.py:114}}
Jul 28 22:28:36.488989 dv-cinder-850939-3-iscsi neutron-server[104117]: INFO neutron.wsgi [req-10dcf8b9-4dfe-44af-aa65-1683c4f528b8 req-77e6e0c1-711e-46f4-b492-55fc57888e97 tempest-ServerRescueNegativeTestJSON-418322512 tempest-ServerRescueNegativeTestJSON-418322512-project] 10.222.0.39 "GET /v2.0/ports?device_id=20092e58-9863-4f05-95a2-6bb6a42ca0f5 HTTP/1.1" status: 200 len: 210 time: 0.1457286
Jul 28 22:28:36.539277 dv-cinder-850939-3-iscsi neutron-server[104118]: DEBUG dbcounter [-] [104118] Writing DB stats neutron:SELECT=95,neutron:UPDATE=4,neutron:INSERT=1 {{(pid=104118) stat_writer /usr/local/lib/python3.8/dist-packages/dbcounter.py:114}}
Jul 28 22:28:36.582302 dv-cinder-850939-3-iscsi neutron-server[104118]: DEBUG neutron.api.rpc.handlers.resources_rpc [None req-392503a4-81ae-448f-bdcb-88502d99b644 None None] Pushing event updated for resources: {'Port': ['ID=b6d526ec-5599-46c8-b0ae-be38c46e2916,revision_number=4']} {{(pid=104118) push /opt/stack/neutron/neutron/api/rpc/handlers/resources_rpc.py:237}}
Jul 28 22:28:36.749917 dv-cinder-850939-3-iscsi neutron-server[104117]: INFO neutron.wsgi [req-77eb6362-a63a-4d57-b35b-393a55a22573 req-5c773fe5-f99f-4830-92e8-3b9701e7b92b tempest-AttachVolumeTestJSON-914910554 tempest-AttachVolumeTestJSON-914910554-project] 10.222.0.39 "GET /v2.0/ports?device_id=8cc2682a-cbca-49c8-8e74-2d9ed7062e93 HTTP/1.1" status: 200 len: 210 time: 0.0541575
Jul 28 22:28:36.761740 dv-cinder-850939-3-iscsi neutron-server[104118]: DEBUG neutron.plugins.ml2.plugin [None req-2e6fb013-2bba-4320-b647-3c68780ea2ee None None] Current status of the port b6d526ec-5599-46c8-b0ae-be38c46e2916 is: DOWN; New status is: ACTIVE {{(pid=104118) _update_individual_port_db_status /opt/stack/neutron/neutron/plugins/ml2/plugin.py:2292}}
Jul 28 22:28:36.762149 dv-cinder-850939-3-iscsi neutron-server[104118]: DEBUG neutron_lib.callbacks.manager [None req-2e6fb013-2bba-4320-b647-3c68780ea2ee None None] Publish callbacks ['neutron.plugins.ml2.plugin.SecurityGroupDbMixin._ensure_default_security_group_handler-3427011'] for port (b6d526ec-5599-46c8-b0ae-be38c46e2916), before_update {{(pid=104118) _notify_loop /usr/local/lib/python3.8/dist-packages/neutron_lib/callbacks/manager.py:176}}
Jul 28 22:28:36.767668 dv-cinder-850939-3-iscsi neutron-server[104117]: DEBUG neutron.pecan_wsgi.hooks.policy_enforcement [req-afc5f6e3-471f-4433-927d-9df01daaab1d req-f5b4d496-e7b5-473c-944a-099bbc0a5699 tempest-AttachVolumeShelveTestJSON-1086805582 tempest-AttachVolumeShelveTestJSON-1086805582-project] Attributes excluded by policy engine: ['standard_attr_id', 'binding:profile', 'binding:host_id', 'binding:vif_type', 'binding:vif_details'] {{(pid=104117) _exclude_attributes_by_policy /opt/stack/neutron/neutron/pecan_wsgi/hooks/policy_enforcement.py:259}}
Jul 28 22:28:36.769685 dv-cinder-850939-3-iscsi neutron-server[104117]: INFO neutron.wsgi [req-afc5f6e3-471f-4433-927d-9df01daaab1d req-f5b4d496-e7b5-473c-944a-099bbc0a5699 tempest-AttachVolumeShelveTestJSON-1086805582 tempest-AttachVolumeShelveTestJSON-1086805582-project] 10.222.0.39 "GET /v2.0/ports?device_id=782b475d-87bc-47f5-9cc2-4245086dc6c4 HTTP/1.1" status: 200 len: 932 time: 0.2416084
Jul 28 22:28:36.796325 dv-cinder-850939-3-iscsi neutron-server[104116]: DEBUG neutron.pecan_wsgi.hooks.policy_enforcement [req-096d9890-851f-4482-a181-9115d81d359d req-d09d3652-2dca-4f80-afb4-71e5bd23db0f tempest-ServerRescueNegativeTestJSON-418322512 tempest-ServerRescueNegativeTestJSON-418322512-project] Attributes excluded by policy engine: ['standard_attr_id', 'vlan_transparent', 'provider:network_type', 'provider:physical_network', 'provider:segmentation_id'] {{(pid=104116) _exclude_attributes_by_policy /opt/stack/neutron/neutron/pecan_wsgi/hooks/policy_enforcement.py:259}}
Jul 28 22:28:36.797879 dv-cinder-850939-3-iscsi neutron-server[104116]: INFO neutron.wsgi [req-096d9890-851f-4482-a181-9115d81d359d req-d09d3652-2dca-4f80-afb4-71e5bd23db0f tempest-ServerRescueNegativeTestJSON-418322512 tempest-ServerRescueNegativeTestJSON-418322512-project] 10.222.0.58 "GET /v2.0/networks?id=f48c6e9d-45a6-4c64-a517-0531b03b9307 HTTP/1.1" status: 200 len: 819 time: 1.1353216
Jul 28 22:28:36.834187 dv-cinder-850939-3-iscsi neutron-server[104118]: DEBUG neutron.plugins.ml2.db [None req-2e6fb013-2bba-4320-b647-3c68780ea2ee None None] For port b6d526ec-5599-46c8-b0ae-be38c46e2916, host dv-cinder-850939-3-iscsi, got binding levels [PortBindingLevel(driver='openvswitch',host='dv-cinder-850939-3-iscsi',level=0,port_id=b6d526ec-5599-46c8-b0ae-be38c46e2916,segment=NetworkSegment(4fc967d7-810d-4cf6-9f0b-be898371c561),segment_id=4fc967d7-810d-4cf6-9f0b-be898371c561)] {{(pid=104118) get_binding_level_objs /opt/stack/neutron/neutron/plugins/ml2/db.py:74}}
Jul 28 22:28:36.837952 dv-cinder-850939-3-iscsi neutron-server[104116]: DEBUG neutron.pecan_wsgi.hooks.policy_enforcement [req-c6972cfe-a3f4-4f69-9ed4-01a74aba4bf0 req-2347458b-da67-4dde-b7f8-d3a340a5b582 tempest-AttachVolumeNegativeTest-805726073 tempest-AttachVolumeNegativeTest-805726073-project] Attributes excluded by policy engine: ['standard_attr_id', 'vlan_transparent', 'provider:network_type', 'provider:physical_network', 'provider:segmentation_id'] {{(pid=104116) _exclude_attributes_by_policy /opt/stack/neutron/neutron/pecan_wsgi/hooks/policy_enforcement.py:259}}
Jul 28 22:28:36.840017 dv-cinder-850939-3-iscsi neutron-server[104116]: INFO neutron.wsgi [req-c6972cfe-a3f4-4f69-9ed4-01a74aba4bf0 req-2347458b-da67-4dde-b7f8-d3a340a5b582 tempest-AttachVolumeNegativeTest-805726073 tempest-AttachVolumeNegativeTest-805726073-project] 10.222.0.58 "GET /v2.0/networks?id=6ba94cd9-b91a-4088-b65d-e5c882850ab5 HTTP/1.1" status: 200 len: 815 time: 1.2645059
Jul 28 22:28:36.865858 dv-cinder-850939-3-iscsi neutron-server[104118]: DEBUG neutron.db.l3_dvr_db [None req-8b082c96-0a5d-493e-8646-10d5e7d368c9 None None] Set router 22067912-df6f-43a3-870e-3b2255ff26c3 gateway port host: dv-cinder-850939-3-iscsi {{(pid=104118) _build_routers_list /opt/stack/neutron/neutron/db/l3_dvr_db.py:907}}
Jul 28 22:28:36.934131 dv-cinder-850939-3-iscsi neutron-server[104117]: INFO neutron.wsgi [req-afc5f6e3-471f-4433-927d-9df01daaab1d req-17be8468-d57a-43d5-b629-2fb84a081f1d tempest-AttachVolumeShelveTestJSON-1086805582 tempest-AttachVolumeShelveTestJSON-1086805582-project] 10.222.0.39 "GET /v2.0/security-groups?id=c7594ea6-5ab8-498a-a4ff-2b27e758e9d5&fields=id&fields=name HTTP/1.1" status: 200 len: 312 time: 0.1490176
Jul 28 22:28:36.938318 dv-cinder-850939-3-iscsi neutron-server[104116]: DEBUG neutron.wsgi [-] (104116) accepted ('10.222.0.39', 39566) {{(pid=104116) server /usr/local/lib/python3.8/dist-packages/eventlet/wsgi.py:1004}}
Jul 28 22:28:36.955639 dv-cinder-850939-3-iscsi neutron-server[104116]: DEBUG neutron_lib.callbacks.manager [req-4ff6865e-9b8c-475a-83c3-7e991f6a0917 req-e503a8c5-e2cc-4a3a-bc52-3d0df13516db tempest-AttachVolumeTestJSON-914910554 tempest-AttachVolumeTestJSON-914910554-project] Publish callbacks [] for port (35af7134-fcd8-416d-b6f7-11f5d93a4613), precommit_create {{(pid=104116) _notify_loop /usr/local/lib/python3.8/dist-packages/neutron_lib/callbacks/manager.py:176}}
Jul 28 22:28:36.992913 dv-cinder-850939-3-iscsi neutron-server[104116]: DEBUG dbcounter [-] [104116] Writing DB stats neutron:SELECT=98,neutron:UPDATE=2 {{(pid=104116) stat_writer /usr/local/lib/python3.8/dist-packages/dbcounter.py:114}}
Jul 28 22:28:37.063911 dv-cinder-850939-3-iscsi neutron-server[104117]: DEBUG neutron.notifiers.nova [req-4b3a03c3-12b3-47df-b3fc-6a8ebe3f1e7c req-78198f0a-ff30-4886-a68e-cbd8c5f8ef6e service neutron] Ignoring state change previous_port_status: DOWN current_port_status: DOWN port_id 69cbbc60-3ab6-406c-b5fc-7e37b29888d2 {{(pid=104117) record_port_status_changed /opt/stack/neutron/neutron/notifiers/nova.py:233}}
Jul 28 22:28:37.078642 dv-cinder-850939-3-iscsi neutron-server[104117]: DEBUG neutron_lib.callbacks.manager [req-4b3a03c3-12b3-47df-b3fc-6a8ebe3f1e7c req-78198f0a-ff30-4886-a68e-cbd8c5f8ef6e service neutron] Publish callbacks [] for port (69cbbc60-3ab6-406c-b5fc-7e37b29888d2), precommit_update {{(pid=104117) _notify_loop /usr/local/lib/python3.8/dist-packages/neutron_lib/callbacks/manager.py:176}}
Jul 28 22:28:37.079999 dv-cinder-850939-3-iscsi neutron-server[104118]: DEBUG neutron_lib.callbacks.manager [None req-2e6fb013-2bba-4320-b647-3c68780ea2ee None None] Publish callbacks ['neutron.plugins.ml2.plugin.SecurityGroupServerNotifierRpcMixin._notify_sg_on_port_change-3427854', 'neutron.plugins.ml2.ovo_rpc._ObjectChangeHandler.handle_event-181977', 'neutron.api.rpc.agentnotifiers.dhcp_rpc_agent_api.DhcpAgentNotifyAPI._native_event_send_dhcp_notification-3698851', 'neutron.db.l3_db.L3RpcNotifierMixin._notify_gateway_port_ip_changed-8791032455900', 'neutron.db.l3_dvrscheduler_db._notify_l3_agent_port_update-8791032074837', 'neutron.db.l3_hascheduler_db._notify_l3_agent_ha_port_update-8791032074855'] for port (b6d526ec-5599-46c8-b0ae-be38c46e2916), after_update {{(pid=104118) _notify_loop /usr/local/lib/python3.8/dist-packages/neutron_lib/callbacks/manager.py:176}}
Jul 28 22:28:37.085518 dv-cinder-850939-3-iscsi neutron-server[104118]: DEBUG neutron.db.provisioning_blocks [None req-d85d5739-1305-4a5e-a08e-04baefe7ac1f None None] Provisioning complete for port 313075bf-1599-45ff-b37e-34f6a02b952a triggered by entity L2. {{(pid=104118) provisioning_complete /opt/stack/neutron/neutron/db/provisioning_blocks.py:145}}
Jul 28 22:28:37.086397 dv-cinder-850939-3-iscsi neutron-server[104118]: DEBUG neutron_lib.callbacks.manager [None req-d85d5739-1305-4a5e-a08e-04baefe7ac1f None None] Publish callbacks ['neutron.plugins.ml2.plugin.Ml2Plugin._port_provisioned-3466144'] for port (313075bf-1599-45ff-b37e-34f6a02b952a), provisioning_complete {{(pid=104118) _notify_loop /usr/local/lib/python3.8/dist-packages/neutron_lib/callbacks/manager.py:176}}
Jul 28 22:28:37.131244 dv-cinder-850939-3-iscsi neutron-server[104117]: DEBUG neutron.db.provisioning_blocks [req-4b3a03c3-12b3-47df-b3fc-6a8ebe3f1e7c req-78198f0a-ff30-4886-a68e-cbd8c5f8ef6e service neutron] Transition to ACTIVE for port object 69cbbc60-3ab6-406c-b5fc-7e37b29888d2 will not be triggered until provisioned by entity L2. {{(pid=104117) add_provisioning_component /opt/stack/neutron/neutron/db/provisioning_blocks.py:75}}
Jul 28 22:28:37.137398 dv-cinder-850939-3-iscsi neutron-server[104116]: DEBUG neutron_lib.callbacks.manager [req-4ff6865e-9b8c-475a-83c3-7e991f6a0917 req-e503a8c5-e2cc-4a3a-bc52-3d0df13516db tempest-AttachVolumeTestJSON-914910554 tempest-AttachVolumeTestJSON-914910554-project] Publish callbacks ['neutron.plugins.ml2.plugin.SecurityGroupServerNotifierRpcMixin._notify_sg_on_port_change-3427854', 'neutron.plugins.ml2.ovo_rpc._ObjectChangeHandler.handle_event-181977', 'neutron.api.rpc.agentnotifiers.dhcp_rpc_agent_api.DhcpAgentNotifyAPI._native_event_send_dhcp_notification-3698851', 'neutron.db.l3_dvrscheduler_db._notify_l3_agent_new_port-8791032074819'] for port (35af7134-fcd8-416d-b6f7-11f5d93a4613), after_create {{(pid=104116) _notify_loop /usr/local/lib/python3.8/dist-packages/neutron_lib/callbacks/manager.py:176}}
Jul 28 22:28:37.146108 dv-cinder-850939-3-iscsi neutron-server[104117]: DEBUG neutron_lib.callbacks.manager [req-4b3a03c3-12b3-47df-b3fc-6a8ebe3f1e7c req-78198f0a-ff30-4886-a68e-cbd8c5f8ef6e service neutron] Publish callbacks ['neutron.plugins.ml2.plugin.SecurityGroupServerNotifierRpcMixin._notify_sg_on_port_change-3427854', 'neutron.plugins.ml2.ovo_rpc._ObjectChangeHandler.handle_event-181977', 'neutron.api.rpc.agentnotifiers.dhcp_rpc_agent_api.DhcpAgentNotifyAPI._native_event_send_dhcp_notification-3698851', 'neutron.db.l3_db.L3RpcNotifierMixin._notify_gateway_port_ip_changed-8791032455900', 'neutron.db.l3_dvrscheduler_db._notify_l3_agent_port_update-8791032074837', 'neutron.db.l3_hascheduler_db._notify_l3_agent_ha_port_update-8791032074855'] for port (69cbbc60-3ab6-406c-b5fc-7e37b29888d2), after_update {{(pid=104117) _notify_loop /usr/local/lib/python3.8/dist-packages/neutron_lib/callbacks/manager.py:176}}
Jul 28 22:28:37.178629 dv-cinder-850939-3-iscsi neutron-server[104117]: DEBUG dbcounter [-] [104117] Writing DB stats neutron:SELECT=94,neutron:DELETE=1,neutron:UPDATE=4,neutron:INSERT=1 {{(pid=104117) stat_writer /usr/local/lib/python3.8/dist-packages/dbcounter.py:114}}
Jul 28 22:28:37.221775 dv-cinder-850939-3-iscsi neutron-server[104116]: DEBUG neutron.notifiers.nova [req-1ec10560-170b-4e2e-8221-89ac80a95609 req-a67c6585-f16f-450d-b760-d007ab73e2d5 service neutron] Ignoring state change previous_port_status: DOWN current_port_status: DOWN port_id 5fadf80f-a549-46e0-b26a-9fad8d146f17 {{(pid=104116) record_port_status_changed /opt/stack/neutron/neutron/notifiers/nova.py:233}}
Jul 28 22:28:37.231383 dv-cinder-850939-3-iscsi neutron-server[104116]: DEBUG neutron_lib.callbacks.manager [None req-cfbfadcf-85be-44a2-8265-98bfbff4d21c admin admin] Publish callbacks [] for security_group (None), before_create {{(pid=104116) _notify_loop /usr/local/lib/python3.8/dist-packages/neutron_lib/callbacks/manager.py:176}}
Jul 28 22:28:37.262841 dv-cinder-850939-3-iscsi neutron-server[104116]: DEBUG neutron_lib.callbacks.manager [req-1ec10560-170b-4e2e-8221-89ac80a95609 req-a67c6585-f16f-450d-b760-d007ab73e2d5 service neutron] Publish callbacks [] for port (5fadf80f-a549-46e0-b26a-9fad8d146f17), precommit_update {{(pid=104116) _notify_loop /usr/local/lib/python3.8/dist-packages/neutron_lib/callbacks/manager.py:176}}
Jul 28 22:28:37.300074 dv-cinder-850939-3-iscsi neutron-server[104116]: DEBUG neutron.api.v2.base [req-096d9890-851f-4482-a181-9115d81d359d req-71875dc6-4aa7-45a3-b598-837efa5ecca0 tempest-ServerRescueNegativeTestJSON-418322512 tempest-ServerRescueNegativeTestJSON-418322512-project] Request body: {'port': {'device_id': '20092e58-9863-4f05-95a2-6bb6a42ca0f5', 'network_id': 'f48c6e9d-45a6-4c64-a517-0531b03b9307', 'admin_state_up': True, 'tenant_id': '567bd0fe29da4db5a0f08c8b5cc81f9c'}} {{(pid=104116) prepare_request_body /opt/stack/neutron/neutron/api/v2/base.py:730}}
Jul 28 22:28:37.336202 dv-cinder-850939-3-iscsi neutron-server[104117]: DEBUG neutron.api.rpc.handlers.resources_rpc [None req-78198f0a-ff30-4886-a68e-cbd8c5f8ef6e service neutron] Pushing event updated for resources: {'Port': ['ID=69cbbc60-3ab6-406c-b5fc-7e37b29888d2,revision_number=2']} {{(pid=104117) push /opt/stack/neutron/neutron/api/rpc/handlers/resources_rpc.py:237}}
Jul 28 22:28:37.415505 dv-cinder-850939-3-iscsi neutron-server[104118]: DEBUG neutron.db.provisioning_blocks [None req-2297e648-3296-450a-be85-f8d2f53cedb3 None None] Provisioning complete for port b6d526ec-5599-46c8-b0ae-be38c46e2916 triggered by entity DHCP. {{(pid=104118) provisioning_complete /opt/stack/neutron/neutron/db/provisioning_blocks.py:145}}
Jul 28 22:28:37.416354 dv-cinder-850939-3-iscsi neutron-server[104118]: DEBUG neutron_lib.callbacks.manager [None req-2297e648-3296-450a-be85-f8d2f53cedb3 None None] Publish callbacks ['neutron.plugins.ml2.plugin.Ml2Plugin._port_provisioned-3466144'] for port (b6d526ec-5599-46c8-b0ae-be38c46e2916), provisioning_complete {{(pid=104118) _notify_loop /usr/local/lib/python3.8/dist-packages/neutron_lib/callbacks/manager.py:176}}
Jul 28 22:28:37.503779 dv-cinder-850939-3-iscsi neutron-server[104117]: DEBUG neutron.wsgi [-] (104117) accepted ('10.222.0.58', 53900) {{(pid=104117) server /usr/local/lib/python3.8/dist-packages/eventlet/wsgi.py:1004}}
Jul 28 22:28:37.575338 dv-cinder-850939-3-iscsi neutron-server[104116]: DEBUG neutron.scheduler.dhcp_agent_scheduler [req-4ff6865e-9b8c-475a-83c3-7e991f6a0917 req-e503a8c5-e2cc-4a3a-bc52-3d0df13516db tempest-AttachVolumeTestJSON-914910554 tempest-AttachVolumeTestJSON-914910554-project] Network 464fee12-f052-4124-8f6c-243235b340a4 is already hosted by enough agents. {{(pid=104116) _get_dhcp_agents_hosting_network /opt/stack/neutron/neutron/scheduler/dhcp_agent_scheduler.py:275}}
Jul 28 22:28:37.584483 dv-cinder-850939-3-iscsi neutron-server[104118]: DEBUG neutron.db.l3_hamode_db [None req-8b082c96-0a5d-493e-8646-10d5e7d368c9 None None] neutron.services.l3_router.l3_router_plugin.L3RouterPlugin method _process_sync_ha_data called with arguments (, [{'id': '22067912-df6f-43a3-870e-3b2255ff26c3', 'name': 'tempest-ServerRescueNegativeTestJSON-1730909487-router', 'tenant_id': '567bd0fe29da4db5a0f08c8b5cc81f9c', 'admin_state_up': True, 'status': 'ACTIVE', 'external_gateway_info': {'network_id': '20c4b91c-55ab-4902-80d4-88d9ff4c09a2', 'external_fixed_ips': [{'subnet_id': '253cecf4-96b9-4f39-b960-9366ae331009', 'ip_address': '172.27.3.12'}], 'enable_snat': True}, 'gw_port_id': '313075bf-1599-45ff-b37e-34f6a02b952a', 'description': '', 'availability_zones': ['nova'], 'distributed': False, 'ha': False, 'ha_vr_id': 0, 'availability_zone_hints': [], 'routes': [], 'flavor_id': None, 'tags': [], 'created_at': '2022-07-28T22:28:03Z', 'updated_at': '2022-07-28T22:28:17Z', 'revision_number': 4, 'project_id': '567bd0fe29da4db5a0f08c8b5cc81f9c', 'gw_port': {'id': '313075bf-1599-45ff-b37e-34f6a02b952a', 'name': '', 'network_id': '20c4b91c-55ab-4902-80d4-88d9ff4c09a2', 'tenant_id': '', 'mac_address': 'fa:16:3e:f5:d8:20', 'admin_state_up': True, 'status': 'ACTIVE', 'device_id': '22067912-df6f-43a3-870e-3b2255ff26c3', 'device_owner': 'network:router_gateway', 'standard_attr_id': 84, 'fixed_ips': [{'subnet_id': '253cecf4-96b9-4f39-b960-9366ae331009', 'ip_address': '172.27.3.12', 'prefixlen': 24}], 'allowed_address_pairs': [], 'extra_dhcp_opts': [], 'security_groups': [], 'description': '', 'binding:vnic_type': 'normal', 'binding:profile': {}, 'binding:host_id': 'dv-cinder-850939-3-iscsi', 'binding:vif_type': 'ovs', 'binding:vif_details': {'connectivity': 'l2', 'port_filter': True, 'ovs_hybrid_plug': False, 'datapath_type': 'system', 'bridge_name': 'br-int', 'bound_drivers': {'0': 'openvswitch'}}, 'port_security_enabled': False, 'tags': [], 'created_at': '2022-07-28T22:28:05Z', 'updated_at': '2022-07-28T22:28:33Z', 'revision_number': 4, 'project_id': '', 'subnets': [{'id': '253cecf4-96b9-4f39-b960-9366ae331009', 'cidr': '172.27.3.0/24', 'gateway_ip': '172.27.3.1', 'dns_nameservers': [], 'ipv6_ra_mode': None, 'subnetpool_id': None}], 'extra_subnets': [], 'address_scopes': {4: None, 6: None}, 'mtu': 1500}, 'enable_snat': True, 'gw_port_host': 'dv-cinder-850939-3-iscsi', '_interfaces': [{'id': 'b6d526ec-5599-46c8-b0ae-be38c46e2916', 'name': '', 'network_id': 'f48c6e9d-45a6-4c64-a517-0531b03b9307', 'tenant_id': '567bd0fe29da4db5a0f08c8b5cc81f9c', 'mac_address': 'fa:16:3e:2d:ef:d0', 'admin_state_up': True, 'status': 'DOWN', 'device_id': '22067912-df6f-43a3-870e-3b2255ff26c3', 'device_owner': 'network:router_interface', 'standard_attr_id': 114, 'fixed_ips': [{'subnet_id': '56ed5844-8abf-4465-a654-00086d69cc77', 'ip_address': '172.20.0.1', 'prefixlen': 28}], 'allowed_address_pairs': [], 'extra_dhcp_opts': [], 'security_groups': [], 'description': '', 'binding:vnic_type': 'normal', 'binding:profile': {}, 'binding:host_id': 'dv-cinder-850939-3-iscsi', 'binding:vif_type': 'ovs', 'binding:vif_details': {'connectivity': 'l2', 'port_filter': True, 'ovs_hybrid_plug': False, 'datapath_type': 'system', 'bridge_name': 'br-int', 'bound_drivers': {'0': 'openvswitch'}}, 'port_security_enabled': False, 'tags': [], 'created_at': '2022-07-28T22:28:15Z', 'updated_at': '2022-07-28T22:28:35Z', 'revision_number': 4, 'project_id': '567bd0fe29da4db5a0f08c8b5cc81f9c', 'subnets': [{'id': '56ed5844-8abf-4465-a654-00086d69cc77', 'cidr': '172.20.0.0/28', 'gateway_ip': '172.20.0.1', 'dns_nameservers': [], 'ipv6_ra_mode': None, 'subnetpool_id': None}], 'extra_subnets': [], 'address_scopes': {4: None, 6: None}, 'mtu': 1500}]}], 'dv-cinder-850939-3-iscsi', False) {} {{(pid=104118) wrapper /usr/local/lib/python3.8/dist-packages/oslo_log/helpers.py:65}}
Jul 28 22:28:37.623318 dv-cinder-850939-3-iscsi neutron-server[104116]: DEBUG neutron.api.rpc.handlers.resources_rpc [None req-e503a8c5-e2cc-4a3a-bc52-3d0df13516db tempest-AttachVolumeTestJSON-914910554 tempest-AttachVolumeTestJSON-914910554-project] Pushing event updated for resources: {'Port': ['ID=35af7134-fcd8-416d-b6f7-11f5d93a4613,revision_number=1']} {{(pid=104116) push /opt/stack/neutron/neutron/api/rpc/handlers/resources_rpc.py:237}}
Jul 28 22:28:37.636780 dv-cinder-850939-3-iscsi neutron-server[104116]: DEBUG neutron.scheduler.base_scheduler [req-4ff6865e-9b8c-475a-83c3-7e991f6a0917 req-e503a8c5-e2cc-4a3a-bc52-3d0df13516db tempest-AttachVolumeTestJSON-914910554 tempest-AttachVolumeTestJSON-914910554-project] Resources bound (agent type, host, resource id): {{(pid=104116) schedule /opt/stack/neutron/neutron/scheduler/base_scheduler.py:57}}
Jul 28 22:28:37.661174 dv-cinder-850939-3-iscsi neutron-server[104118]: DEBUG neutron.api.rpc.handlers.resources_rpc [None req-2e6fb013-2bba-4320-b647-3c68780ea2ee None None] Pushing event updated for resources: {'Port': ['ID=b6d526ec-5599-46c8-b0ae-be38c46e2916,revision_number=5']} {{(pid=104118) push /opt/stack/neutron/neutron/api/rpc/handlers/resources_rpc.py:237}}
Jul 28 22:28:37.697141 dv-cinder-850939-3-iscsi neutron-server[104116]: DEBUG neutron.db.provisioning_blocks [req-1ec10560-170b-4e2e-8221-89ac80a95609 req-a67c6585-f16f-450d-b760-d007ab73e2d5 service neutron] Transition to ACTIVE for port object 5fadf80f-a549-46e0-b26a-9fad8d146f17 will not be triggered until provisioned by entity L2. {{(pid=104116) add_provisioning_component /opt/stack/neutron/neutron/db/provisioning_blocks.py:75}}
Jul 28 22:28:37.700808 dv-cinder-850939-3-iscsi neutron-server[104118]: DEBUG neutron.api.rpc.handlers.l3_rpc [None req-8b082c96-0a5d-493e-8646-10d5e7d368c9 None None] The sync data for ids ['22067912-df6f-43a3-870e-3b2255ff26c3'] in dv-cinder-850939-3-iscsi is: [{'id': '22067912-df6f-43a3-870e-3b2255ff26c3', 'name': 'tempest-ServerRescueNegativeTestJSON-1730909487-router', 'tenant_id': '567bd0fe29da4db5a0f08c8b5cc81f9c', 'admin_state_up': True, 'status': 'ACTIVE', 'external_gateway_info': {'network_id': '20c4b91c-55ab-4902-80d4-88d9ff4c09a2', 'external_fixed_ips': [{'subnet_id': '253cecf4-96b9-4f39-b960-9366ae331009', 'ip_address': '172.27.3.12'}], 'enable_snat': True}, 'gw_port_id': '313075bf-1599-45ff-b37e-34f6a02b952a', 'description': '', 'availability_zones': ['nova'], 'distributed': False, 'ha': False, 'ha_vr_id': 0, 'availability_zone_hints': [], 'routes': [], 'flavor_id': None, 'tags': [], 'created_at': '2022-07-28T22:28:03Z', 'updated_at': '2022-07-28T22:28:17Z', 'revision_number': 4, 'project_id': '567bd0fe29da4db5a0f08c8b5cc81f9c', 'gw_port': {'id': '313075bf-1599-45ff-b37e-34f6a02b952a', 'name': '', 'network_id': '20c4b91c-55ab-4902-80d4-88d9ff4c09a2', 'tenant_id': '', 'mac_address': 'fa:16:3e:f5:d8:20', 'admin_state_up': True, 'status': 'ACTIVE', 'device_id': '22067912-df6f-43a3-870e-3b2255ff26c3', 'device_owner': 'network:router_gateway', 'standard_attr_id': 84, 'fixed_ips': [{'subnet_id': '253cecf4-96b9-4f39-b960-9366ae331009', 'ip_address': '172.27.3.12', 'prefixlen': 24}], 'allowed_address_pairs': [], 'extra_dhcp_opts': [], 'security_groups': [], 'description': '', 'binding:vnic_type': 'normal', 'binding:profile': {}, 'binding:host_id': 'dv-cinder-850939-3-iscsi', 'binding:vif_type': 'ovs', 'binding:vif_details': {'connectivity': 'l2', 'port_filter': True, 'ovs_hybrid_plug': False, 'datapath_type': 'system', 'bridge_name': 'br-int', 'bound_drivers': {'0': 'openvswitch'}}, 'port_security_enabled': False, 'tags': [], 'created_at': '2022-07-28T22:28:05Z', 'updated_at': '2022-07-28T22:28:33Z', 'revision_number': 4, 'project_id': '', 'subnets': [{'id': '253cecf4-96b9-4f39-b960-9366ae331009', 'cidr': '172.27.3.0/24', 'gateway_ip': '172.27.3.1', 'dns_nameservers': [], 'ipv6_ra_mode': None, 'subnetpool_id': None}], 'extra_subnets': [], 'address_scopes': {4: None, 6: None}, 'mtu': 1500}, 'enable_snat': True, 'gw_port_host': 'dv-cinder-850939-3-iscsi', '_interfaces': [{'id': 'b6d526ec-5599-46c8-b0ae-be38c46e2916', 'name': '', 'network_id': 'f48c6e9d-45a6-4c64-a517-0531b03b9307', 'tenant_id': '567bd0fe29da4db5a0f08c8b5cc81f9c', 'mac_address': 'fa:16:3e:2d:ef:d0', 'admin_state_up': True, 'status': 'DOWN', 'device_id': '22067912-df6f-43a3-870e-3b2255ff26c3', 'device_owner': 'network:router_interface', 'standard_attr_id': 114, 'fixed_ips': [{'subnet_id': '56ed5844-8abf-4465-a654-00086d69cc77', 'ip_address': '172.20.0.1', 'prefixlen': 28}], 'allowed_address_pairs': [], 'extra_dhcp_opts': [], 'security_groups': [], 'description': '', 'binding:vnic_type': 'normal', 'binding:profile': {}, 'binding:host_id': 'dv-cinder-850939-3-iscsi', 'binding:vif_type': 'ovs', 'binding:vif_details': {'connectivity': 'l2', 'port_filter': True, 'ovs_hybrid_plug': False, 'datapath_type': 'system', 'bridge_name': 'br-int', 'bound_drivers': {'0': 'openvswitch'}}, 'port_security_enabled': False, 'tags': [], 'created_at': '2022-07-28T22:28:15Z', 'updated_at': '2022-07-28T22:28:35Z', 'revision_number': 4, 'project_id': '567bd0fe29da4db5a0f08c8b5cc81f9c', 'subnets': [{'id': '56ed5844-8abf-4465-a654-00086d69cc77', 'cidr': '172.20.0.0/28', 'gateway_ip': '172.20.0.1', 'dns_nameservers': [], 'ipv6_ra_mode': None, 'subnetpool_id': None}], 'extra_subnets': [], 'address_scopes': {4: None, 6: None}, 'mtu': 1500}]}] {{(pid=104118) sync_routers /opt/stack/neutron/neutron/api/rpc/handlers/l3_rpc.py:137}}
Jul 28 22:28:37.703334 dv-cinder-850939-3-iscsi neutron-server[104116]: DEBUG neutron.db.l3_dvrscheduler_db [req-4ff6865e-9b8c-475a-83c3-7e991f6a0917 req-e503a8c5-e2cc-4a3a-bc52-3d0df13516db tempest-AttachVolumeTestJSON-914910554 tempest-AttachVolumeTestJSON-914910554-project] Received port after_create {{(pid=104116) _notify_l3_agent_new_port /opt/stack/neutron/neutron/db/l3_dvrscheduler_db.py:542}}
Jul 28 22:28:37.727644 dv-cinder-850939-3-iscsi neutron-server[104116]: DEBUG neutron.pecan_wsgi.hooks.policy_enforcement [req-4ff6865e-9b8c-475a-83c3-7e991f6a0917 req-e503a8c5-e2cc-4a3a-bc52-3d0df13516db tempest-AttachVolumeTestJSON-914910554 tempest-AttachVolumeTestJSON-914910554-project] Attributes excluded by policy engine: ['standard_attr_id', 'binding:profile', 'binding:host_id', 'binding:vif_type', 'binding:vif_details', 'network'] {{(pid=104116) _exclude_attributes_by_policy /opt/stack/neutron/neutron/pecan_wsgi/hooks/policy_enforcement.py:259}}
Jul 28 22:28:37.729340 dv-cinder-850939-3-iscsi neutron-server[104116]: DEBUG neutron_lib.callbacks.manager [req-4ff6865e-9b8c-475a-83c3-7e991f6a0917 req-e503a8c5-e2cc-4a3a-bc52-3d0df13516db tempest-AttachVolumeTestJSON-914910554 tempest-AttachVolumeTestJSON-914910554-project] Publish callbacks ['neutron.notifiers.nova.Notifier._send_nova_notification-248767', 'neutron.api.rpc.agentnotifiers.dhcp_rpc_agent_api.DhcpAgentNotifyAPI._send_dhcp_notification-3698829'] for port (None), before_response {{(pid=104116) _notify_loop /usr/local/lib/python3.8/dist-packages/neutron_lib/callbacks/manager.py:176}}
Jul 28 22:28:37.755488 dv-cinder-850939-3-iscsi neutron-server[104116]: DEBUG neutron_lib.callbacks.manager [req-1ec10560-170b-4e2e-8221-89ac80a95609 req-a67c6585-f16f-450d-b760-d007ab73e2d5 service neutron] Publish callbacks ['neutron.plugins.ml2.plugin.SecurityGroupServerNotifierRpcMixin._notify_sg_on_port_change-3427854', 'neutron.plugins.ml2.ovo_rpc._ObjectChangeHandler.handle_event-181977', 'neutron.api.rpc.agentnotifiers.dhcp_rpc_agent_api.DhcpAgentNotifyAPI._native_event_send_dhcp_notification-3698851', 'neutron.db.l3_db.L3RpcNotifierMixin._notify_gateway_port_ip_changed-8791032455900', 'neutron.db.l3_dvrscheduler_db._notify_l3_agent_port_update-8791032074837', 'neutron.db.l3_hascheduler_db._notify_l3_agent_ha_port_update-8791032074855'] for port (5fadf80f-a549-46e0-b26a-9fad8d146f17), after_update {{(pid=104116) _notify_loop /usr/local/lib/python3.8/dist-packages/neutron_lib/callbacks/manager.py:176}}
Jul 28 22:28:37.869271 dv-cinder-850939-3-iscsi neutron-server[104117]: INFO neutron.wsgi [req-a95fe325-4115-4a59-813a-0e7bd8098b80 req-c03ff300-d555-40a5-bf78-734b69aacb26 tempest-DeleteServersTestJSON-1340518043 tempest-DeleteServersTestJSON-1340518043-project] 10.222.0.39 "GET /v2.0/ports?device_id=1e409c8d-d62d-41f4-a0ca-652816028ff6 HTTP/1.1" status: 200 len: 210 time: 0.3667657
Jul 28 22:28:37.895080 dv-cinder-850939-3-iscsi neutron-server[104117]: INFO neutron.wsgi [req-f5ec90c0-2bfc-4b27-9a2e-2c7553726da2 req-a207723c-a2b0-45bf-86d0-3c9135b7efde tempest-AttachVolumeNegativeTest-805726073 tempest-AttachVolumeNegativeTest-805726073-project] 10.222.0.39 "GET /v2.0/ports?device_id=41e2af9e-d8ce-4edd-8aae-4158d00ef92f HTTP/1.1" status: 200 len: 210 time: 0.3511822
Jul 28 22:28:37.914228 dv-cinder-850939-3-iscsi neutron-server[104117]: DEBUG neutron.plugins.ml2.managers [req-4b3a03c3-12b3-47df-b3fc-6a8ebe3f1e7c req-78198f0a-ff30-4886-a68e-cbd8c5f8ef6e service neutron] Attempting to bind port 69cbbc60-3ab6-406c-b5fc-7e37b29888d2 on host hv-cinder-85093 for vnic_type normal with profile {{(pid=104117) bind_port /opt/stack/neutron/neutron/plugins/ml2/managers.py:810}}
Jul 28 22:28:37.914228 dv-cinder-850939-3-iscsi neutron-server[104117]: DEBUG neutron.plugins.ml2.managers [req-4b3a03c3-12b3-47df-b3fc-6a8ebe3f1e7c req-78198f0a-ff30-4886-a68e-cbd8c5f8ef6e service neutron] Attempting to bind port 69cbbc60-3ab6-406c-b5fc-7e37b29888d2 by drivers openvswitch,hyperv on host hv-cinder-85093 at level 0 using segments [{'id': 'e4c3d9c8-807e-4354-855d-afb8ab075cef', 'network_type': 'vlan', 'physical_network': 'physnet1', 'segmentation_id': 104, 'network_id': '425ace09-193c-40d9-ace1-b357fa18c983'}] {{(pid=104117) _bind_port_level /opt/stack/neutron/neutron/plugins/ml2/managers.py:835}}
Jul 28 22:28:37.914228 dv-cinder-850939-3-iscsi neutron-server[104117]: DEBUG neutron.plugins.ml2.drivers.mech_agent [req-4b3a03c3-12b3-47df-b3fc-6a8ebe3f1e7c req-78198f0a-ff30-4886-a68e-cbd8c5f8ef6e service neutron] Attempting to bind port 69cbbc60-3ab6-406c-b5fc-7e37b29888d2 on network 425ace09-193c-40d9-ace1-b357fa18c983 {{(pid=104117) bind_port /opt/stack/neutron/neutron/plugins/ml2/drivers/mech_agent.py:91}}
Jul 28 22:28:37.952575 dv-cinder-850939-3-iscsi neutron-server[104117]: DEBUG neutron.plugins.ml2.drivers.mech_agent [req-4b3a03c3-12b3-47df-b3fc-6a8ebe3f1e7c req-78198f0a-ff30-4886-a68e-cbd8c5f8ef6e service neutron] Port 69cbbc60-3ab6-406c-b5fc-7e37b29888d2 on network 425ace09-193c-40d9-ace1-b357fa18c983 not bound, no agent of type Open vSwitch agent registered on host hv-cinder-85093 {{(pid=104117) bind_port /opt/stack/neutron/neutron/plugins/ml2/drivers/mech_agent.py:103}}
Jul 28 22:28:37.954133 dv-cinder-850939-3-iscsi neutron-server[104117]: DEBUG neutron.plugins.ml2.drivers.mech_agent [req-4b3a03c3-12b3-47df-b3fc-6a8ebe3f1e7c req-78198f0a-ff30-4886-a68e-cbd8c5f8ef6e service neutron] Attempting to bind port 69cbbc60-3ab6-406c-b5fc-7e37b29888d2 on network 425ace09-193c-40d9-ace1-b357fa18c983 {{(pid=104117) bind_port /opt/stack/neutron/neutron/plugins/ml2/drivers/mech_agent.py:91}}
Jul 28 22:28:37.963524 dv-cinder-850939-3-iscsi neutron-server[104118]: DEBUG neutron.plugins.ml2.plugin [None req-d85d5739-1305-4a5e-a08e-04baefe7ac1f None None] Current status of the port 313075bf-1599-45ff-b37e-34f6a02b952a is: ACTIVE; New status is: ACTIVE {{(pid=104118) _update_individual_port_db_status /opt/stack/neutron/neutron/plugins/ml2/plugin.py:2292}}
Jul 28 22:28:37.974122 dv-cinder-850939-3-iscsi neutron-server[104118]: DEBUG neutron.plugins.ml2.rpc [None req-d85d5739-1305-4a5e-a08e-04baefe7ac1f None None] Device 177c725b-902f-409f-ba67-817f8b59d431 up at agent ovs-agent-dv-cinder-850939-3-iscsi {{(pid=104118) update_device_up /opt/stack/neutron/neutron/plugins/ml2/rpc.py:296}}
Jul 28 22:28:38.000933 dv-cinder-850939-3-iscsi neutron-server[104117]: DEBUG neutron.plugins.ml2.drivers.mech_agent [req-4b3a03c3-12b3-47df-b3fc-6a8ebe3f1e7c req-78198f0a-ff30-4886-a68e-cbd8c5f8ef6e service neutron] Checking agent: {'id': 'a68bbfbb-9ec4-40d5-9322-01c397dd14dc', 'agent_type': 'HyperV agent', 'binary': 'neutron-hyperv-agent', 'topic': 'N/A', 'host': 'hv-cinder-85093', 'admin_state_up': True, 'created_at': datetime.datetime(2022, 7, 28, 22, 26, 7), 'started_at': datetime.datetime(2022, 7, 28, 22, 26, 7), 'heartbeat_timestamp': datetime.datetime(2022, 7, 28, 22, 28, 8), 'description': None, 'resources_synced': None, 'availability_zone': None, 'alive': True, 'configurations': {'vswitch_mappings': {'physnet1$': 'br-data'}}, 'resource_versions': {}} {{(pid=104117) bind_port /opt/stack/neutron/neutron/plugins/ml2/drivers/mech_agent.py:110}}
Jul 28 22:28:38.002962 dv-cinder-850939-3-iscsi neutron-server[104117]: DEBUG neutron.plugins.ml2.drivers.mech_agent [req-4b3a03c3-12b3-47df-b3fc-6a8ebe3f1e7c req-78198f0a-ff30-4886-a68e-cbd8c5f8ef6e service neutron] Checking segment: {'id': 'e4c3d9c8-807e-4354-855d-afb8ab075cef', 'network_type': 'vlan', 'physical_network': 'physnet1', 'segmentation_id': 104, 'network_id': '425ace09-193c-40d9-ace1-b357fa18c983'} for mappings: {'physnet1$': 'br-data'} with network types: ['local', 'flat', 'vlan'] {{(pid=104117) check_segment_for_agent /opt/stack/neutron/neutron/plugins/ml2/drivers/mech_agent.py:373}}
Jul 28 22:28:38.006692 dv-cinder-850939-3-iscsi neutron-server[104117]: DEBUG neutron.plugins.ml2.drivers.mech_agent [req-4b3a03c3-12b3-47df-b3fc-6a8ebe3f1e7c req-78198f0a-ff30-4886-a68e-cbd8c5f8ef6e service neutron] Bound using segment: {'id': 'e4c3d9c8-807e-4354-855d-afb8ab075cef', 'network_type': 'vlan', 'physical_network': 'physnet1', 'segmentation_id': 104, 'network_id': '425ace09-193c-40d9-ace1-b357fa18c983'} {{(pid=104117) bind_port /opt/stack/neutron/neutron/plugins/ml2/drivers/mech_agent.py:120}}
Jul 28 22:28:38.013893 dv-cinder-850939-3-iscsi neutron-server[104117]: DEBUG neutron.plugins.ml2.managers [req-4b3a03c3-12b3-47df-b3fc-6a8ebe3f1e7c req-78198f0a-ff30-4886-a68e-cbd8c5f8ef6e service neutron] Bound port: 69cbbc60-3ab6-406c-b5fc-7e37b29888d2, host: hv-cinder-85093, vif_type: hyperv, vif_details: {"connectivity": "legacy", "port_filter": false}, binding_levels: [{'bound_driver': 'hyperv', 'bound_segment': {'id': 'e4c3d9c8-807e-4354-855d-afb8ab075cef', 'network_type': 'vlan', 'physical_network': 'physnet1', 'segmentation_id': 104, 'network_id': '425ace09-193c-40d9-ace1-b357fa18c983'}}] {{(pid=104117) _bind_port_level /opt/stack/neutron/neutron/plugins/ml2/managers.py:947}}
Jul 28 22:28:38.015367 dv-cinder-850939-3-iscsi neutron-server[104117]: DEBUG neutron_lib.callbacks.manager [req-4b3a03c3-12b3-47df-b3fc-6a8ebe3f1e7c req-78198f0a-ff30-4886-a68e-cbd8c5f8ef6e service neutron] Publish callbacks ['neutron.plugins.ml2.plugin.SecurityGroupDbMixin._ensure_default_security_group_handler-3427011'] for port (69cbbc60-3ab6-406c-b5fc-7e37b29888d2), before_update {{(pid=104117) _notify_loop /usr/local/lib/python3.8/dist-packages/neutron_lib/callbacks/manager.py:176}}
Jul 28 22:28:38.121396 dv-cinder-850939-3-iscsi neutron-server[104118]: DEBUG neutron.plugins.ml2.plugin [None req-2297e648-3296-450a-be85-f8d2f53cedb3 None None] Current status of the port b6d526ec-5599-46c8-b0ae-be38c46e2916 is: ACTIVE; New status is: ACTIVE {{(pid=104118) _update_individual_port_db_status /opt/stack/neutron/neutron/plugins/ml2/plugin.py:2292}}
Jul 28 22:28:38.211572 dv-cinder-850939-3-iscsi neutron-server[104118]: DEBUG neutron_lib.callbacks.manager [None req-77de3036-19d0-4744-ba17-5884176b0960 None None] Publish callbacks ['neutron.services.segments.db._update_segment_host_mapping_for_agent-8791032529848', 'neutron.plugins.ml2.plugin.Ml2Plugin._retry_binding_revived_agents-3466202'] for agent (a68bbfbb-9ec4-40d5-9322-01c397dd14dc), after_update {{(pid=104118) _notify_loop /usr/local/lib/python3.8/dist-packages/neutron_lib/callbacks/manager.py:176}}
Jul 28 22:28:38.254262 dv-cinder-850939-3-iscsi neutron-server[104117]: DEBUG neutron.plugins.ml2.db [req-4b3a03c3-12b3-47df-b3fc-6a8ebe3f1e7c req-78198f0a-ff30-4886-a68e-cbd8c5f8ef6e service neutron] For port 69cbbc60-3ab6-406c-b5fc-7e37b29888d2, host hv-cinder-85093, cleared binding levels {{(pid=104117) clear_binding_levels /opt/stack/neutron/neutron/plugins/ml2/db.py:87}}
Jul 28 22:28:38.308532 dv-cinder-850939-3-iscsi neutron-server[104116]: DEBUG neutron.api.rpc.handlers.resources_rpc [None req-a67c6585-f16f-450d-b760-d007ab73e2d5 service neutron] Pushing event updated for resources: {'Port': ['ID=5fadf80f-a549-46e0-b26a-9fad8d146f17,revision_number=2']} {{(pid=104116) push /opt/stack/neutron/neutron/api/rpc/handlers/resources_rpc.py:237}}
Jul 28 22:28:38.341762 dv-cinder-850939-3-iscsi neutron-server[104118]: DEBUG neutron.db.provisioning_blocks [None req-ba6b85e3-044f-48cd-aa3c-775b5d297834 None None] Provisioning complete for port 35af7134-fcd8-416d-b6f7-11f5d93a4613 triggered by entity DHCP. {{(pid=104118) provisioning_complete /opt/stack/neutron/neutron/db/provisioning_blocks.py:145}}
Jul 28 22:28:38.342746 dv-cinder-850939-3-iscsi neutron-server[104118]: DEBUG neutron_lib.callbacks.manager [None req-ba6b85e3-044f-48cd-aa3c-775b5d297834 None None] Publish callbacks ['neutron.plugins.ml2.plugin.Ml2Plugin._port_provisioned-3466144'] for port (35af7134-fcd8-416d-b6f7-11f5d93a4613), provisioning_complete {{(pid=104118) _notify_loop /usr/local/lib/python3.8/dist-packages/neutron_lib/callbacks/manager.py:176}}
Jul 28 22:28:38.347596 dv-cinder-850939-3-iscsi neutron-server[104118]: DEBUG neutron.db.provisioning_blocks [None req-d85d5739-1305-4a5e-a08e-04baefe7ac1f None None] Provisioning complete for port 177c725b-902f-409f-ba67-817f8b59d431 triggered by entity L2. {{(pid=104118) provisioning_complete /opt/stack/neutron/neutron/db/provisioning_blocks.py:145}}
Jul 28 22:28:38.348060 dv-cinder-850939-3-iscsi neutron-server[104118]: DEBUG neutron_lib.callbacks.manager [None req-d85d5739-1305-4a5e-a08e-04baefe7ac1f None None] Publish callbacks ['neutron.plugins.ml2.plugin.Ml2Plugin._port_provisioned-3466144'] for port (177c725b-902f-409f-ba67-817f8b59d431), provisioning_complete {{(pid=104118) _notify_loop /usr/local/lib/python3.8/dist-packages/neutron_lib/callbacks/manager.py:176}}
Jul 28 22:28:38.501991 dv-cinder-850939-3-iscsi neutron-server[104118]: DEBUG dbcounter [-] [104118] Writing DB stats neutron:SELECT=99,neutron:UPDATE=1 {{(pid=104118) stat_writer /usr/local/lib/python3.8/dist-packages/dbcounter.py:114}}
Jul 28 22:28:38.533633 dv-cinder-850939-3-iscsi neutron-server[104118]: DEBUG neutron.plugins.ml2.plugin [None req-ba6b85e3-044f-48cd-aa3c-775b5d297834 None None] Port 35af7134-fcd8-416d-b6f7-11f5d93a4613 cannot update to ACTIVE because it is not bound. {{(pid=104118) _port_provisioned /opt/stack/neutron/neutron/plugins/ml2/plugin.py:348}}
Jul 28 22:28:38.548422 dv-cinder-850939-3-iscsi neutron-server[104117]: DEBUG neutron.plugins.ml2.db [req-4b3a03c3-12b3-47df-b3fc-6a8ebe3f1e7c req-78198f0a-ff30-4886-a68e-cbd8c5f8ef6e service neutron] For port 69cbbc60-3ab6-406c-b5fc-7e37b29888d2, host hv-cinder-85093, set binding levels [PortBindingLevel(driver='hyperv',host='hv-cinder-85093',level=0,port_id=69cbbc60-3ab6-406c-b5fc-7e37b29888d2,segment=NetworkSegment(e4c3d9c8-807e-4354-855d-afb8ab075cef),segment_id=e4c3d9c8-807e-4354-855d-afb8ab075cef)] {{(pid=104117) set_binding_levels /opt/stack/neutron/neutron/plugins/ml2/db.py:59}}
Jul 28 22:28:38.564627 dv-cinder-850939-3-iscsi neutron-server[104117]: INFO neutron.wsgi [req-a6a860e6-b6d8-41a9-b749-864882d17fdc req-9eb76339-c28b-4f9a-8888-c02c554b7e8f tempest-ServerRescueNegativeTestJSON-418322512 tempest-ServerRescueNegativeTestJSON-418322512-project] 10.222.0.39 "GET /v2.0/ports?device_id=20092e58-9863-4f05-95a2-6bb6a42ca0f5 HTTP/1.1" status: 200 len: 210 time: 0.3197820
Jul 28 22:28:38.582116 dv-cinder-850939-3-iscsi neutron-server[104118]: DEBUG neutron.plugins.ml2.plugin [None req-d85d5739-1305-4a5e-a08e-04baefe7ac1f None None] Current status of the port 177c725b-902f-409f-ba67-817f8b59d431 is: ACTIVE; New status is: ACTIVE {{(pid=104118) _update_individual_port_db_status /opt/stack/neutron/neutron/plugins/ml2/plugin.py:2292}}
Jul 28 22:28:38.590246 dv-cinder-850939-3-iscsi neutron-server[104118]: DEBUG neutron.plugins.ml2.rpc [None req-d85d5739-1305-4a5e-a08e-04baefe7ac1f None None] Device c765de4e-2033-424e-88c6-db90c5f9dda6 up at agent ovs-agent-dv-cinder-850939-3-iscsi {{(pid=104118) update_device_up /opt/stack/neutron/neutron/plugins/ml2/rpc.py:296}}
Jul 28 22:28:38.598201 dv-cinder-850939-3-iscsi neutron-server[104117]: DEBUG neutron_lib.callbacks.manager [req-4b3a03c3-12b3-47df-b3fc-6a8ebe3f1e7c req-78198f0a-ff30-4886-a68e-cbd8c5f8ef6e service neutron] Publish callbacks ['neutron.plugins.ml2.plugin.SecurityGroupServerNotifierRpcMixin._notify_sg_on_port_change-3427854', 'neutron.plugins.ml2.ovo_rpc._ObjectChangeHandler.handle_event-181977', 'neutron.api.rpc.agentnotifiers.dhcp_rpc_agent_api.DhcpAgentNotifyAPI._native_event_send_dhcp_notification-3698851', 'neutron.db.l3_db.L3RpcNotifierMixin._notify_gateway_port_ip_changed-8791032455900', 'neutron.db.l3_dvrscheduler_db._notify_l3_agent_port_update-8791032074837', 'neutron.db.l3_hascheduler_db._notify_l3_agent_ha_port_update-8791032074855'] for port (69cbbc60-3ab6-406c-b5fc-7e37b29888d2), after_update {{(pid=104117) _notify_loop /usr/local/lib/python3.8/dist-packages/neutron_lib/callbacks/manager.py:176}}
Jul 28 22:28:38.608359 dv-cinder-850939-3-iscsi neutron-server[104117]: DEBUG neutron.pecan_wsgi.hooks.policy_enforcement [req-ad64c2f4-492c-4379-9fd3-87a5ba3a8c9a req-b9523483-6da6-410b-af9e-510566462d72 tempest-AttachVolumeTestJSON-914910554 tempest-AttachVolumeTestJSON-914910554-project] Attributes excluded by policy engine: ['standard_attr_id', 'binding:profile', 'binding:host_id', 'binding:vif_type', 'binding:vif_details'] {{(pid=104117) _exclude_attributes_by_policy /opt/stack/neutron/neutron/pecan_wsgi/hooks/policy_enforcement.py:259}}
Jul 28 22:28:38.613688 dv-cinder-850939-3-iscsi neutron-server[104116]: INFO neutron.wsgi [req-c6972cfe-a3f4-4f69-9ed4-01a74aba4bf0 req-e96e6c39-b8b2-4bda-8877-685a27e5a5cd tempest-AttachVolumeNegativeTest-805726073 tempest-AttachVolumeNegativeTest-805726073-project] 10.222.0.58 "GET /v2.0/security-groups?fields=id&fields=name&tenant_id=d0c7b146e08f4a9ea11f1a73099eb7ea HTTP/1.1" status: 200 len: 379 time: 1.3430517
Jul 28 22:28:38.622094 dv-cinder-850939-3-iscsi neutron-server[104117]: INFO neutron.wsgi [req-ad64c2f4-492c-4379-9fd3-87a5ba3a8c9a req-b9523483-6da6-410b-af9e-510566462d72 tempest-AttachVolumeTestJSON-914910554 tempest-AttachVolumeTestJSON-914910554-project] 10.222.0.39 "GET /v2.0/ports?device_id=8cc2682a-cbca-49c8-8e74-2d9ed7062e93 HTTP/1.1" status: 200 len: 931 time: 0.3470075
Jul 28 22:28:38.661561 dv-cinder-850939-3-iscsi neutron-server[104118]: DEBUG dbcounter [-] [104118] Writing DB stats neutron:SELECT=98,neutron:UPDATE=2 {{(pid=104118) stat_writer /usr/local/lib/python3.8/dist-packages/dbcounter.py:114}}
Jul 28 22:28:38.700125 dv-cinder-850939-3-iscsi neutron-server[104118]: DEBUG neutron.db.provisioning_blocks [None req-d85d5739-1305-4a5e-a08e-04baefe7ac1f None None] Provisioning complete for port c765de4e-2033-424e-88c6-db90c5f9dda6 triggered by entity L2. {{(pid=104118) provisioning_complete /opt/stack/neutron/neutron/db/provisioning_blocks.py:145}}
Jul 28 22:28:38.700505 dv-cinder-850939-3-iscsi neutron-server[104118]: DEBUG neutron_lib.callbacks.manager [None req-d85d5739-1305-4a5e-a08e-04baefe7ac1f None None] Publish callbacks ['neutron.plugins.ml2.plugin.Ml2Plugin._port_provisioned-3466144'] for port (c765de4e-2033-424e-88c6-db90c5f9dda6), provisioning_complete {{(pid=104118) _notify_loop /usr/local/lib/python3.8/dist-packages/neutron_lib/callbacks/manager.py:176}}
Jul 28 22:28:38.731717 dv-cinder-850939-3-iscsi neutron-server[104117]: DEBUG neutron.pecan_wsgi.hooks.policy_enforcement [req-4b3a03c3-12b3-47df-b3fc-6a8ebe3f1e7c req-78198f0a-ff30-4886-a68e-cbd8c5f8ef6e service neutron] Attributes excluded by policy engine: ['standard_attr_id'] {{(pid=104117) _exclude_attributes_by_policy /opt/stack/neutron/neutron/pecan_wsgi/hooks/policy_enforcement.py:259}}
