Jul 25 19:07:34.336979 dv-cinder-850939-1-iscsi devstack@keystone.service[80238]: DEBUG keystone.server.flask.request_processing.middleware.auth_context [None req-7d89dde8-e623-4bff-94c3-4c0608ffcae2 None admin] Validating token access rules against request {{(pid=80238) validate_allowed_request /usr/local/lib/python3.8/dist-packages/keystonemiddleware/auth_token/__init__.py:545}}
Jul 25 19:07:34.365472 dv-cinder-850939-1-iscsi devstack@keystone.service[80237]: DEBUG keystone.auth.core [None req-3bd2d390-ce02-4841-b02a-791cad256d2c None None] MFA Rules not processed for user `35d700f1abf943789efbf8a08bd9b587`. Rule list: `[]` (Enabled: `True`). {{(pid=80237) check_auth_methods_against_rules /opt/stack/keystone/keystone/auth/core.py:438}}
Jul 25 19:07:34.367696 dv-cinder-850939-1-iscsi devstack@keystone.service[80237]: DEBUG keystone.common.fernet_utils [None req-3bd2d390-ce02-4841-b02a-791cad256d2c None None] Loaded 2 Fernet keys from /etc/keystone/fernet-keys/, but `[fernet_tokens] max_active_keys = 3`; perhaps there have not been enough key rotations to reach `max_active_keys` yet? {{(pid=80237) load_keys /opt/stack/keystone/keystone/common/fernet_utils.py:286}}
Jul 25 19:07:34.408517 dv-cinder-850939-1-iscsi devstack@keystone.service[80238]: DEBUG keystone.server.flask.request_processing.middleware.auth_context [None req-c3828430-b2b1-4e99-9d17-170063d4d6aa None admin] RBAC: auth_context: {'token': , 'domain_id': None, 'trust_id': None, 'trustor_id': None, 'trustee_id': None, 'domain_name': None, 'group_ids': [], 'user_id': '35d700f1abf943789efbf8a08bd9b587', 'user_domain_id': 'default', 'system_scope': 'all', 'project_id': None, 'project_domain_id': None, 'roles': ['admin', 'member', 'reader'], 'is_admin_project': True, 'service_user_id': None, 'service_user_domain_id': None, 'service_project_id': None, 'service_project_domain_id': None, 'service_roles': []} {{(pid=80238) fill_context /opt/stack/keystone/keystone/server/flask/request_processing/middleware/auth_context.py:478}}
Jul 25 19:07:34.409740 dv-cinder-850939-1-iscsi devstack@keystone.service[80238]: DEBUG keystone.server.flask.request_processing.req_logging [None req-c3828430-b2b1-4e99-9d17-170063d4d6aa None admin] REQUEST_METHOD: `GET` {{(pid=80238) log_request_info /opt/stack/keystone/keystone/server/flask/request_processing/req_logging.py:27}}
Jul 25 19:07:34.410250 dv-cinder-850939-1-iscsi devstack@keystone.service[80238]: DEBUG keystone.server.flask.request_processing.req_logging [None req-c3828430-b2b1-4e99-9d17-170063d4d6aa None admin] SCRIPT_NAME: `/identity` {{(pid=80238) log_request_info /opt/stack/keystone/keystone/server/flask/request_processing/req_logging.py:28}}
Jul 25 19:07:34.410758 dv-cinder-850939-1-iscsi devstack@keystone.service[80238]: DEBUG keystone.server.flask.request_processing.req_logging [None req-c3828430-b2b1-4e99-9d17-170063d4d6aa None admin] PATH_INFO: `/v3/roles` {{(pid=80238) log_request_info /opt/stack/keystone/keystone/server/flask/request_processing/req_logging.py:29}}
Jul 25 19:07:34.412371 dv-cinder-850939-1-iscsi devstack@keystone.service[80238]: DEBUG keystone.common.rbac_enforcer.enforcer [None req-c3828430-b2b1-4e99-9d17-170063d4d6aa None admin] RBAC: Adding query filter params (name=anotherrole) {{(pid=80238) _extract_filter_values /opt/stack/keystone/keystone/common/rbac_enforcer/enforcer.py:167}}
Jul 25 19:07:34.412931 dv-cinder-850939-1-iscsi devstack@keystone.service[80238]: DEBUG keystone.common.rbac_enforcer.enforcer [None req-c3828430-b2b1-4e99-9d17-170063d4d6aa None admin] RBAC: Authorizing `identity:list_roles()` {{(pid=80238) enforce_call /opt/stack/keystone/keystone/common/rbac_enforcer/enforcer.py:449}}
Jul 25 19:07:34.415769 dv-cinder-850939-1-iscsi devstack@keystone.service[80238]: DEBUG keystone.common.rbac_enforcer.enforcer [None req-c3828430-b2b1-4e99-9d17-170063d4d6aa None admin] RBAC: Authorization granted {{(pid=80238) enforce_call /opt/stack/keystone/keystone/common/rbac_enforcer/enforcer.py:457}}
Jul 25 19:07:34.417879 dv-cinder-850939-1-iscsi devstack@keystone.service[80237]: DEBUG dbcounter [-] [80237] Writing DB stats keystone:SELECT=100 {{(pid=80237) stat_writer /usr/local/lib/python3.8/dist-packages/dbcounter.py:114}}
Jul 25 19:07:34.432799 dv-cinder-850939-1-iscsi devstack@keystone.service[80238]: [pid: 80238|app: 0|req: 93/188] 10.222.0.18 () {56 vars in 1111 bytes} [Mon Jul 25 19:07:34 2022] GET /identity/v3/roles?name=anotherrole => generated 334 bytes in 283 msecs (HTTP/1.1 200) 5 headers in 177 bytes (1 switches on core 0)
Jul 25 19:07:34.436431 dv-cinder-850939-1-iscsi devstack@keystone.service[80238]: DEBUG keystone.server.flask.request_processing.middleware.auth_context [None req-c3828430-b2b1-4e99-9d17-170063d4d6aa None admin] Authenticating user token {{(pid=80238) process_request /usr/local/lib/python3.8/dist-packages/keystonemiddleware/auth_token/__init__.py:407}}
Jul 25 19:07:34.499978 dv-cinder-850939-1-iscsi devstack@keystone.service[80237]: [pid: 80237|app: 0|req: 96/189] 10.222.0.18 () {58 vars in 1023 bytes} [Mon Jul 25 19:07:34 2022] POST /identity/v3/auth/tokens => generated 799 bytes in 173 msecs (HTTP/1.1 201) 6 headers in 363 bytes (1 switches on core 0)
Jul 25 19:07:34.501909 dv-cinder-850939-1-iscsi devstack@keystone.service[80237]: DEBUG keystone.server.flask.request_processing.middleware.auth_context [None req-3bd2d390-ce02-4841-b02a-791cad256d2c None None] Authenticating user token {{(pid=80237) process_request /usr/local/lib/python3.8/dist-packages/keystonemiddleware/auth_token/__init__.py:407}}
Jul 25 19:07:34.646206 dv-cinder-850939-1-iscsi devstack@keystone.service[80238]: DEBUG keystone.server.flask.request_processing.middleware.auth_context [None req-c3828430-b2b1-4e99-9d17-170063d4d6aa None admin] Validating token access rules against request {{(pid=80238) validate_allowed_request /usr/local/lib/python3.8/dist-packages/keystonemiddleware/auth_token/__init__.py:545}}
Jul 25 19:07:34.683632 dv-cinder-850939-1-iscsi devstack@keystone.service[80237]: DEBUG keystone.server.flask.request_processing.middleware.auth_context [None req-3bd2d390-ce02-4841-b02a-791cad256d2c None None] Validating token access rules against request {{(pid=80237) validate_allowed_request /usr/local/lib/python3.8/dist-packages/keystonemiddleware/auth_token/__init__.py:545}}
Jul 25 19:07:34.710746 dv-cinder-850939-1-iscsi devstack@keystone.service[80238]: DEBUG dbcounter [-] [80238] Writing DB stats keystone:SELECT=100 {{(pid=80238) stat_writer /usr/local/lib/python3.8/dist-packages/dbcounter.py:114}}
Jul 25 19:07:34.730269 dv-cinder-850939-1-iscsi devstack@keystone.service[80238]: DEBUG keystone.server.flask.request_processing.middleware.auth_context [None req-5611bdb4-b56a-4e7f-bf7d-75a619943117 None admin] RBAC: auth_context: {'token': , 'domain_id': None, 'trust_id': None, 'trustor_id': None, 'trustee_id': None, 'domain_name': None, 'group_ids': [], 'user_id': '35d700f1abf943789efbf8a08bd9b587', 'user_domain_id': 'default', 'system_scope': 'all', 'project_id': None, 'project_domain_id': None, 'roles': ['admin', 'member', 'reader'], 'is_admin_project': True, 'service_user_id': None, 'service_user_domain_id': None, 'service_project_id': None, 'service_project_domain_id': None, 'service_roles': []} {{(pid=80238) fill_context /opt/stack/keystone/keystone/server/flask/request_processing/middleware/auth_context.py:478}}
Jul 25 19:07:34.731823 dv-cinder-850939-1-iscsi devstack@keystone.service[80238]: DEBUG keystone.server.flask.request_processing.req_logging [None req-5611bdb4-b56a-4e7f-bf7d-75a619943117 None admin] REQUEST_METHOD: `GET` {{(pid=80238) log_request_info /opt/stack/keystone/keystone/server/flask/request_processing/req_logging.py:27}}
Jul 25 19:07:34.732339 dv-cinder-850939-1-iscsi devstack@keystone.service[80238]: DEBUG keystone.server.flask.request_processing.req_logging [None req-5611bdb4-b56a-4e7f-bf7d-75a619943117 None admin] SCRIPT_NAME: `/identity` {{(pid=80238) log_request_info /opt/stack/keystone/keystone/server/flask/request_processing/req_logging.py:28}}
Jul 25 19:07:34.732849 dv-cinder-850939-1-iscsi devstack@keystone.service[80238]: DEBUG keystone.server.flask.request_processing.req_logging [None req-5611bdb4-b56a-4e7f-bf7d-75a619943117 None admin] PATH_INFO: `/v3/projects/09f6174e875f4cf58a2eb5019ef11189` {{(pid=80238) log_request_info /opt/stack/keystone/keystone/server/flask/request_processing/req_logging.py:29}}
Jul 25 19:07:34.735867 dv-cinder-850939-1-iscsi devstack@keystone.service[80238]: DEBUG keystone.common.rbac_enforcer.enforcer [None req-5611bdb4-b56a-4e7f-bf7d-75a619943117 None admin] RBAC: Authorizing `identity:get_project(project_id=09f6174e875f4cf58a2eb5019ef11189)` {{(pid=80238) enforce_call /opt/stack/keystone/keystone/common/rbac_enforcer/enforcer.py:449}}
Jul 25 19:07:34.738738 dv-cinder-850939-1-iscsi devstack@keystone.service[80238]: DEBUG keystone.common.rbac_enforcer.enforcer [None req-5611bdb4-b56a-4e7f-bf7d-75a619943117 None admin] RBAC: Authorization granted {{(pid=80238) enforce_call /opt/stack/keystone/keystone/common/rbac_enforcer/enforcer.py:457}}
Jul 25 19:07:34.742363 dv-cinder-850939-1-iscsi devstack@keystone.service[80238]: [pid: 80238|app: 0|req: 94/190] 10.222.0.18 () {56 vars in 1186 bytes} [Mon Jul 25 19:07:34 2022] GET /identity/v3/projects/09f6174e875f4cf58a2eb5019ef11189 => generated 298 bytes in 307 msecs (HTTP/1.1 200) 5 headers in 177 bytes (1 switches on core 0)
Jul 25 19:07:34.743183 dv-cinder-850939-1-iscsi devstack@keystone.service[80237]: DEBUG keystone.server.flask.request_processing.middleware.auth_context [None req-9ffde993-fed0-45ff-a218-5d1f9d8198bb None admin] RBAC: auth_context: {'token': , 'domain_id': None, 'trust_id': None, 'trustor_id': None, 'trustee_id': None, 'domain_name': None, 'group_ids': [], 'user_id': '35d700f1abf943789efbf8a08bd9b587', 'user_domain_id': 'default', 'system_scope': 'all', 'project_id': None, 'project_domain_id': None, 'roles': ['admin', 'member', 'reader'], 'is_admin_project': True, 'service_user_id': None, 'service_user_domain_id': None, 'service_project_id': None, 'service_project_domain_id': None, 'service_roles': []} {{(pid=80237) fill_context /opt/stack/keystone/keystone/server/flask/request_processing/middleware/auth_context.py:478}}
Jul 25 19:07:34.743407 dv-cinder-850939-1-iscsi devstack@keystone.service[80238]: DEBUG keystone.server.flask.request_processing.middleware.auth_context [None req-5611bdb4-b56a-4e7f-bf7d-75a619943117 None admin] Authenticating user token {{(pid=80238) process_request /usr/local/lib/python3.8/dist-packages/keystonemiddleware/auth_token/__init__.py:407}}
Jul 25 19:07:34.744881 dv-cinder-850939-1-iscsi devstack@keystone.service[80237]: DEBUG keystone.server.flask.request_processing.req_logging [None req-9ffde993-fed0-45ff-a218-5d1f9d8198bb None admin] REQUEST_METHOD: `GET` {{(pid=80237) log_request_info /opt/stack/keystone/keystone/server/flask/request_processing/req_logging.py:27}}
Jul 25 19:07:34.745358 dv-cinder-850939-1-iscsi devstack@keystone.service[80237]: DEBUG keystone.server.flask.request_processing.req_logging [None req-9ffde993-fed0-45ff-a218-5d1f9d8198bb None admin] SCRIPT_NAME: `/identity` {{(pid=80237) log_request_info /opt/stack/keystone/keystone/server/flask/request_processing/req_logging.py:28}}
Jul 25 19:07:34.745824 dv-cinder-850939-1-iscsi devstack@keystone.service[80237]: DEBUG keystone.server.flask.request_processing.req_logging [None req-9ffde993-fed0-45ff-a218-5d1f9d8198bb None admin] PATH_INFO: `/v3/users/af42430d72cf49eda0d60ad908dc340f` {{(pid=80237) log_request_info /opt/stack/keystone/keystone/server/flask/request_processing/req_logging.py:29}}
Jul 25 19:07:34.777734 dv-cinder-850939-1-iscsi devstack@keystone.service[80237]: DEBUG keystone.common.rbac_enforcer.enforcer [None req-9ffde993-fed0-45ff-a218-5d1f9d8198bb None admin] RBAC: Authorizing `identity:get_user(user_id=af42430d72cf49eda0d60ad908dc340f)` {{(pid=80237) enforce_call /opt/stack/keystone/keystone/common/rbac_enforcer/enforcer.py:449}}
Jul 25 19:07:34.781067 dv-cinder-850939-1-iscsi devstack@keystone.service[80237]: DEBUG keystone.common.rbac_enforcer.enforcer [None req-9ffde993-fed0-45ff-a218-5d1f9d8198bb None admin] RBAC: Authorization granted {{(pid=80237) enforce_call /opt/stack/keystone/keystone/common/rbac_enforcer/enforcer.py:457}}
Jul 25 19:07:34.784748 dv-cinder-850939-1-iscsi devstack@keystone.service[80237]: [pid: 80237|app: 0|req: 97/191] 10.222.0.18 () {56 vars in 1177 bytes} [Mon Jul 25 19:07:34 2022] GET /identity/v3/users/af42430d72cf49eda0d60ad908dc340f => generated 283 bytes in 284 msecs (HTTP/1.1 200) 5 headers in 177 bytes (1 switches on core 0)
Jul 25 19:07:34.786125 dv-cinder-850939-1-iscsi devstack@keystone.service[80237]: DEBUG keystone.server.flask.request_processing.middleware.auth_context [None req-9ffde993-fed0-45ff-a218-5d1f9d8198bb None admin] Authenticating user token {{(pid=80237) process_request /usr/local/lib/python3.8/dist-packages/keystonemiddleware/auth_token/__init__.py:407}}
Jul 25 19:07:34.831539 dv-cinder-850939-1-iscsi devstack@keystone.service[80237]: DEBUG dbcounter [-] [80237] Writing DB stats keystone:SELECT=100 {{(pid=80237) stat_writer /usr/local/lib/python3.8/dist-packages/dbcounter.py:114}}
Jul 25 19:07:34.919376 dv-cinder-850939-1-iscsi devstack@keystone.service[80238]: DEBUG keystone.server.flask.request_processing.middleware.auth_context [None req-5611bdb4-b56a-4e7f-bf7d-75a619943117 None admin] Validating token access rules against request {{(pid=80238) validate_allowed_request /usr/local/lib/python3.8/dist-packages/keystonemiddleware/auth_token/__init__.py:545}}
Jul 25 19:07:34.977193 dv-cinder-850939-1-iscsi devstack@keystone.service[80237]: DEBUG keystone.server.flask.request_processing.middleware.auth_context [None req-9ffde993-fed0-45ff-a218-5d1f9d8198bb None admin] Validating token access rules against request {{(pid=80237) validate_allowed_request /usr/local/lib/python3.8/dist-packages/keystonemiddleware/auth_token/__init__.py:545}}
Jul 25 19:07:34.980671 dv-cinder-850939-1-iscsi devstack@keystone.service[80238]: DEBUG keystone.server.flask.request_processing.middleware.auth_context [None req-7bb2af57-bf80-40d0-a836-21edde0667ea None admin] RBAC: auth_context: {'token': , 'domain_id': None, 'trust_id': None, 'trustor_id': None, 'trustee_id': None, 'domain_name': None, 'group_ids': [], 'user_id': '35d700f1abf943789efbf8a08bd9b587', 'user_domain_id': 'default', 'system_scope': 'all', 'project_id': None, 'project_domain_id': None, 'roles': ['admin', 'member', 'reader'], 'is_admin_project': True, 'service_user_id': None, 'service_user_domain_id': None, 'service_project_id': None, 'service_project_domain_id': None, 'service_roles': []} {{(pid=80238) fill_context /opt/stack/keystone/keystone/server/flask/request_processing/middleware/auth_context.py:478}}
Jul 25 19:07:34.981705 dv-cinder-850939-1-iscsi devstack@keystone.service[80238]: DEBUG keystone.server.flask.request_processing.req_logging [None req-7bb2af57-bf80-40d0-a836-21edde0667ea None admin] REQUEST_METHOD: `POST` {{(pid=80238) log_request_info /opt/stack/keystone/keystone/server/flask/request_processing/req_logging.py:27}}
Jul 25 19:07:34.982033 dv-cinder-850939-1-iscsi devstack@keystone.service[80238]: DEBUG keystone.server.flask.request_processing.req_logging [None req-7bb2af57-bf80-40d0-a836-21edde0667ea None admin] SCRIPT_NAME: `/identity` {{(pid=80238) log_request_info /opt/stack/keystone/keystone/server/flask/request_processing/req_logging.py:28}}
Jul 25 19:07:34.982353 dv-cinder-850939-1-iscsi devstack@keystone.service[80238]: DEBUG keystone.server.flask.request_processing.req_logging [None req-7bb2af57-bf80-40d0-a836-21edde0667ea None admin] PATH_INFO: `/v3/users` {{(pid=80238) log_request_info /opt/stack/keystone/keystone/server/flask/request_processing/req_logging.py:29}}
Jul 25 19:07:34.984332 dv-cinder-850939-1-iscsi devstack@keystone.service[80238]: DEBUG keystone.common.rbac_enforcer.enforcer [None req-7bb2af57-bf80-40d0-a836-21edde0667ea None admin] RBAC: Authorizing `identity:create_user()` {{(pid=80238) enforce_call /opt/stack/keystone/keystone/common/rbac_enforcer/enforcer.py:449}}
Jul 25 19:07:34.987618 dv-cinder-850939-1-iscsi devstack@keystone.service[80238]: DEBUG keystone.common.rbac_enforcer.enforcer [None req-7bb2af57-bf80-40d0-a836-21edde0667ea None admin] RBAC: Authorization granted {{(pid=80238) enforce_call /opt/stack/keystone/keystone/common/rbac_enforcer/enforcer.py:457}}
Jul 25 19:07:35.027868 dv-cinder-850939-1-iscsi devstack@keystone.service[80238]: [pid: 80238|app: 0|req: 95/192] 10.222.0.18 () {60 vars in 1132 bytes} [Mon Jul 25 19:07:34 2022] POST /identity/v3/users => generated 297 bytes in 285 msecs (HTTP/1.1 201) 5 headers in 182 bytes (1 switches on core 0)
Jul 25 19:07:35.029326 dv-cinder-850939-1-iscsi devstack@keystone.service[80238]: DEBUG keystone.server.flask.request_processing.middleware.auth_context [None req-7bb2af57-bf80-40d0-a836-21edde0667ea None admin] Authenticating user token {{(pid=80238) process_request /usr/local/lib/python3.8/dist-packages/keystonemiddleware/auth_token/__init__.py:407}}
Jul 25 19:07:35.037870 dv-cinder-850939-1-iscsi devstack@keystone.service[80237]: DEBUG keystone.server.flask.request_processing.middleware.auth_context [None req-0434fb60-2f1e-4555-887c-00e216239040 None admin] RBAC: auth_context: {'token': , 'domain_id': None, 'trust_id': None, 'trustor_id': None, 'trustee_id': None, 'domain_name': None, 'group_ids': [], 'user_id': '35d700f1abf943789efbf8a08bd9b587', 'user_domain_id': 'default', 'system_scope': 'all', 'project_id': None, 'project_domain_id': None, 'roles': ['admin', 'member', 'reader'], 'is_admin_project': True, 'service_user_id': None, 'service_user_domain_id': None, 'service_project_id': None, 'service_project_domain_id': None, 'service_roles': []} {{(pid=80237) fill_context /opt/stack/keystone/keystone/server/flask/request_processing/middleware/auth_context.py:478}}
Jul 25 19:07:35.038951 dv-cinder-850939-1-iscsi devstack@keystone.service[80237]: DEBUG keystone.server.flask.request_processing.req_logging [None req-0434fb60-2f1e-4555-887c-00e216239040 None admin] REQUEST_METHOD: `GET` {{(pid=80237) log_request_info /opt/stack/keystone/keystone/server/flask/request_processing/req_logging.py:27}}
Jul 25 19:07:35.039273 dv-cinder-850939-1-iscsi devstack@keystone.service[80237]: DEBUG keystone.server.flask.request_processing.req_logging [None req-0434fb60-2f1e-4555-887c-00e216239040 None admin] SCRIPT_NAME: `/identity` {{(pid=80237) log_request_info /opt/stack/keystone/keystone/server/flask/request_processing/req_logging.py:28}}
Jul 25 19:07:35.039783 dv-cinder-850939-1-iscsi devstack@keystone.service[80237]: DEBUG keystone.server.flask.request_processing.req_logging [None req-0434fb60-2f1e-4555-887c-00e216239040 None admin] PATH_INFO: `/v3/projects/c1814fe30f064bc1875e3a1eac8ed490` {{(pid=80237) log_request_info /opt/stack/keystone/keystone/server/flask/request_processing/req_logging.py:29}}
Jul 25 19:07:35.041506 dv-cinder-850939-1-iscsi devstack@keystone.service[80237]: DEBUG keystone.common.rbac_enforcer.enforcer [None req-0434fb60-2f1e-4555-887c-00e216239040 None admin] RBAC: Authorizing `identity:get_project(project_id=c1814fe30f064bc1875e3a1eac8ed490)` {{(pid=80237) enforce_call /opt/stack/keystone/keystone/common/rbac_enforcer/enforcer.py:449}}
Jul 25 19:07:35.043119 dv-cinder-850939-1-iscsi devstack@keystone.service[80237]: DEBUG keystone.common.rbac_enforcer.enforcer [None req-0434fb60-2f1e-4555-887c-00e216239040 None admin] RBAC: Authorization granted {{(pid=80237) enforce_call /opt/stack/keystone/keystone/common/rbac_enforcer/enforcer.py:457}}
Jul 25 19:07:35.045254 dv-cinder-850939-1-iscsi devstack@keystone.service[80237]: [pid: 80237|app: 0|req: 98/193] 10.222.0.18 () {56 vars in 1186 bytes} [Mon Jul 25 19:07:34 2022] GET /identity/v3/projects/c1814fe30f064bc1875e3a1eac8ed490 => generated 312 bytes in 260 msecs (HTTP/1.1 200) 5 headers in 177 bytes (1 switches on core 0)
Jul 25 19:07:35.049006 dv-cinder-850939-1-iscsi devstack@keystone.service[80237]: DEBUG keystone.server.flask.request_processing.middleware.auth_context [None req-0434fb60-2f1e-4555-887c-00e216239040 None admin] Authenticating user token {{(pid=80237) process_request /usr/local/lib/python3.8/dist-packages/keystonemiddleware/auth_token/__init__.py:407}}
Jul 25 19:07:35.176190 dv-cinder-850939-1-iscsi devstack@keystone.service[80238]: DEBUG dbcounter [-] [80238] Writing DB stats keystone:SELECT=97,keystone:INSERT=3 {{(pid=80238) stat_writer /usr/local/lib/python3.8/dist-packages/dbcounter.py:114}}
Jul 25 19:07:35.234074 dv-cinder-850939-1-iscsi devstack@keystone.service[80237]: DEBUG dbcounter [-] [80237] Writing DB stats keystone:SELECT=100 {{(pid=80237) stat_writer /usr/local/lib/python3.8/dist-packages/dbcounter.py:114}}
Jul 25 19:07:35.259317 dv-cinder-850939-1-iscsi devstack@keystone.service[80237]: DEBUG keystone.server.flask.request_processing.middleware.auth_context [None req-0434fb60-2f1e-4555-887c-00e216239040 None admin] Validating token access rules against request {{(pid=80237) validate_allowed_request /usr/local/lib/python3.8/dist-packages/keystonemiddleware/auth_token/__init__.py:545}}
Jul 25 19:07:35.269487 dv-cinder-850939-1-iscsi devstack@keystone.service[80238]: DEBUG keystone.server.flask.request_processing.middleware.auth_context [None req-7bb2af57-bf80-40d0-a836-21edde0667ea None admin] Validating token access rules against request {{(pid=80238) validate_allowed_request /usr/local/lib/python3.8/dist-packages/keystonemiddleware/auth_token/__init__.py:545}}
Jul 25 19:07:35.321278 dv-cinder-850939-1-iscsi devstack@keystone.service[80237]: DEBUG keystone.server.flask.request_processing.middleware.auth_context [None req-5bf9994d-34ca-45b3-83e1-7ac27b623ccd None admin] RBAC: auth_context: {'token': , 'domain_id': None, 'trust_id': None, 'trustor_id': None, 'trustee_id': None, 'domain_name': None, 'group_ids': [], 'user_id': '35d700f1abf943789efbf8a08bd9b587', 'user_domain_id': 'default', 'system_scope': 'all', 'project_id': None, 'project_domain_id': None, 'roles': ['admin', 'member', 'reader'], 'is_admin_project': True, 'service_user_id': None, 'service_user_domain_id': None, 'service_project_id': None, 'service_project_domain_id': None, 'service_roles': []} {{(pid=80237) fill_context /opt/stack/keystone/keystone/server/flask/request_processing/middleware/auth_context.py:478}}
Jul 25 19:07:35.322589 dv-cinder-850939-1-iscsi devstack@keystone.service[80237]: DEBUG keystone.server.flask.request_processing.req_logging [None req-5bf9994d-34ca-45b3-83e1-7ac27b623ccd None admin] REQUEST_METHOD: `GET` {{(pid=80237) log_request_info /opt/stack/keystone/keystone/server/flask/request_processing/req_logging.py:27}}
Jul 25 19:07:35.323559 dv-cinder-850939-1-iscsi devstack@keystone.service[80237]: DEBUG keystone.server.flask.request_processing.req_logging [None req-5bf9994d-34ca-45b3-83e1-7ac27b623ccd None admin] SCRIPT_NAME: `/identity` {{(pid=80237) log_request_info /opt/stack/keystone/keystone/server/flask/request_processing/req_logging.py:28}}
Jul 25 19:07:35.323851 dv-cinder-850939-1-iscsi devstack@keystone.service[80237]: DEBUG keystone.server.flask.request_processing.req_logging [None req-5bf9994d-34ca-45b3-83e1-7ac27b623ccd None admin] PATH_INFO: `/v3/roles/reader` {{(pid=80237) log_request_info /opt/stack/keystone/keystone/server/flask/request_processing/req_logging.py:29}}
Jul 25 19:07:35.337232 dv-cinder-850939-1-iscsi devstack@keystone.service[80238]: DEBUG keystone.server.flask.request_processing.middleware.auth_context [None req-9f3e3348-9ce9-4741-89c8-88f9e20164f3 None admin] RBAC: auth_context: {'token': , 'domain_id': None, 'trust_id': None, 'trustor_id': None, 'trustee_id': None, 'domain_name': None, 'group_ids': [], 'user_id': '35d700f1abf943789efbf8a08bd9b587', 'user_domain_id': 'default', 'system_scope': 'all', 'project_id': None, 'project_domain_id': None, 'roles': ['admin', 'member', 'reader'], 'is_admin_project': True, 'service_user_id': None, 'service_user_domain_id': None, 'service_project_id': None, 'service_project_domain_id': None, 'service_roles': []} {{(pid=80238) fill_context /opt/stack/keystone/keystone/server/flask/request_processing/middleware/auth_context.py:478}}
Jul 25 19:07:35.338247 dv-cinder-850939-1-iscsi devstack@keystone.service[80238]: DEBUG keystone.server.flask.request_processing.req_logging [None req-9f3e3348-9ce9-4741-89c8-88f9e20164f3 None admin] REQUEST_METHOD: `GET` {{(pid=80238) log_request_info /opt/stack/keystone/keystone/server/flask/request_processing/req_logging.py:27}}
Jul 25 19:07:35.338540 dv-cinder-850939-1-iscsi devstack@keystone.service[80238]: DEBUG keystone.server.flask.request_processing.req_logging [None req-9f3e3348-9ce9-4741-89c8-88f9e20164f3 None admin] SCRIPT_NAME: `/identity` {{(pid=80238) log_request_info /opt/stack/keystone/keystone/server/flask/request_processing/req_logging.py:28}}
Jul 25 19:07:35.338817 dv-cinder-850939-1-iscsi devstack@keystone.service[80238]: DEBUG keystone.server.flask.request_processing.req_logging [None req-9f3e3348-9ce9-4741-89c8-88f9e20164f3 None admin] PATH_INFO: `/v3/users/af42430d72cf49eda0d60ad908dc340f` {{(pid=80238) log_request_info /opt/stack/keystone/keystone/server/flask/request_processing/req_logging.py:29}}
Jul 25 19:07:35.340467 dv-cinder-850939-1-iscsi devstack@keystone.service[80238]: DEBUG keystone.common.rbac_enforcer.enforcer [None req-9f3e3348-9ce9-4741-89c8-88f9e20164f3 None admin] RBAC: Authorizing `identity:get_user(user_id=af42430d72cf49eda0d60ad908dc340f)` {{(pid=80238) enforce_call /opt/stack/keystone/keystone/common/rbac_enforcer/enforcer.py:449}}
Jul 25 19:07:35.343117 dv-cinder-850939-1-iscsi devstack@keystone.service[80238]: DEBUG keystone.common.rbac_enforcer.enforcer [None req-9f3e3348-9ce9-4741-89c8-88f9e20164f3 None admin] RBAC: Authorization granted {{(pid=80238) enforce_call /opt/stack/keystone/keystone/common/rbac_enforcer/enforcer.py:457}}
Jul 25 19:07:35.347629 dv-cinder-850939-1-iscsi devstack@keystone.service[80238]: [pid: 80238|app: 0|req: 96/194] 10.222.0.18 () {56 vars in 1177 bytes} [Mon Jul 25 19:07:35 2022] GET /identity/v3/users/af42430d72cf49eda0d60ad908dc340f => generated 283 bytes in 319 msecs (HTTP/1.1 200) 5 headers in 177 bytes (1 switches on core 0)
Jul 25 19:07:35.347811 dv-cinder-850939-1-iscsi devstack@keystone.service[80237]: DEBUG keystone.common.rbac_enforcer.enforcer [None req-5bf9994d-34ca-45b3-83e1-7ac27b623ccd None admin] Extracting inferred target data resulted in "NOT FOUND (404)". {{(pid=80237) enforce_call /opt/stack/keystone/keystone/common/rbac_enforcer/enforcer.py:409}}
Jul 25 19:07:35.348764 dv-cinder-850939-1-iscsi devstack@keystone.service[80238]: DEBUG keystone.server.flask.request_processing.middleware.auth_context [None req-9f3e3348-9ce9-4741-89c8-88f9e20164f3 None admin] Authenticating user token {{(pid=80238) process_request /usr/local/lib/python3.8/dist-packages/keystonemiddleware/auth_token/__init__.py:407}}
Jul 25 19:07:35.365811 dv-cinder-850939-1-iscsi devstack@keystone.service[80237]: ERROR keystone.server.flask.application [None req-5bf9994d-34ca-45b3-83e1-7ac27b623ccd None admin] Could not find role: reader.: keystone.exception.RoleNotFound: Could not find role: reader.
Jul 25 19:07:35.365811 dv-cinder-850939-1-iscsi devstack@keystone.service[80237]: ERROR keystone.server.flask.application
Traceback (most recent call last):
Jul 25 19:07:35.365811 dv-cinder-850939-1-iscsi devstack@keystone.service[80237]: ERROR keystone.server.flask.application
File "/usr/local/lib/python3.8/dist-packages/flask/app.py", line 1517, in full_dispatch_request
Jul 25 19:07:35.365811 dv-cinder-850939-1-iscsi devstack@keystone.service[80237]: ERROR keystone.server.flask.application rv = self.dispatch_request()
Jul 25 19:07:35.365811 dv-cinder-850939-1-iscsi devstack@keystone.service[80237]: ERROR keystone.server.flask.application
File "/usr/local/lib/python3.8/dist-packages/flask/app.py", line 1503, in dispatch_request
Jul 25 19:07:35.365811 dv-cinder-850939-1-iscsi devstack@keystone.service[80237]: ERROR keystone.server.flask.application return self.ensure_sync(self.view_functions[rule.endpoint])(**req.view_args)
Jul 25 19:07:35.365811 dv-cinder-850939-1-iscsi devstack@keystone.service[80237]: ERROR keystone.server.flask.application
File "/usr/local/lib/python3.8/dist-packages/flask_restful/__init__.py", line 467, in wrapper
Jul 25 19:07:35.365811 dv-cinder-850939-1-iscsi devstack@keystone.service[80237]: ERROR keystone.server.flask.application resp = resource(*args, **kwargs)
Jul 25 19:07:35.365811 dv-cinder-850939-1-iscsi devstack@keystone.service[80237]: ERROR keystone.server.flask.application
File "/usr/local/lib/python3.8/dist-packages/flask/views.py", line 84, in view
Jul 25 19:07:35.365811 dv-cinder-850939-1-iscsi devstack@keystone.service[80237]: ERROR keystone.server.flask.application return current_app.ensure_sync(self.dispatch_request)(*args, **kwargs)
Jul 25 19:07:35.365811 dv-cinder-850939-1-iscsi devstack@keystone.service[80237]: ERROR keystone.server.flask.application
File "/usr/local/lib/python3.8/dist-packages/flask_restful/__init__.py", line 582, in dispatch_request
Jul 25 19:07:35.365811 dv-cinder-850939-1-iscsi devstack@keystone.service[80237]: ERROR keystone.server.flask.application resp = meth(*args, **kwargs)
Jul 25 19:07:35.365811 dv-cinder-850939-1-iscsi devstack@keystone.service[80237]: ERROR keystone.server.flask.application
File "/opt/stack/keystone/keystone/api/roles.py", line 50, in get
Jul 25 19:07:35.365811 dv-cinder-850939-1-iscsi devstack@keystone.service[80237]: ERROR keystone.server.flask.application return self._get_role(role_id)
Jul 25 19:07:35.365811 dv-cinder-850939-1-iscsi devstack@keystone.service[80237]: ERROR keystone.server.flask.application
File "/opt/stack/keystone/keystone/api/roles.py", line 70, in _get_role
Jul 25 19:07:35.365811 dv-cinder-850939-1-iscsi devstack@keystone.service[80237]: ERROR keystone.server.flask.application ENFORCER.enforce_call(action='identity:get_role')
Jul 25 19:07:35.367774 dv-cinder-850939-1-iscsi devstack@keystone.service[80237]: ERROR keystone.server.flask.application
File "/opt/stack/keystone/keystone/common/rbac_enforcer/enforcer.py", line 402, in enforce_call
Jul 25 19:07:35.367774 dv-cinder-850939-1-iscsi devstack@keystone.service[80237]: ERROR keystone.server.flask.application policy_dict.update(cls._extract_member_target_data(
Jul 25 19:07:35.367774 dv-cinder-850939-1-iscsi devstack@keystone.service[80237]: ERROR keystone.server.flask.application
File "/opt/stack/keystone/keystone/common/rbac_enforcer/enforcer.py", line 234, in _extract_member_target_data
Jul 25 19:07:35.367774 dv-cinder-850939-1-iscsi devstack@keystone.service[80237]: ERROR keystone.server.flask.application member_name: func(flask.request.view_args[key])
Jul 25 19:07:35.367774 dv-cinder-850939-1-iscsi devstack@keystone.service[80237]: ERROR keystone.server.flask.application
File "/opt/stack/keystone/keystone/common/manager.py", line 115, in wrapped
Jul 25 19:07:35.367774 dv-cinder-850939-1-iscsi devstack@keystone.service[80237]: ERROR keystone.server.flask.application __ret_val = __f(*args, **kwargs)
Jul 25 19:07:35.367774 dv-cinder-850939-1-iscsi devstack@keystone.service[80237]: ERROR keystone.server.flask.application
File "/usr/local/lib/python3.8/dist-packages/decorator.py", line 232, in fun
Jul 25 19:07:35.367774 dv-cinder-850939-1-iscsi devstack@keystone.service[80237]: ERROR keystone.server.flask.application return caller(func, *(extras + args), **kw)
Jul 25 19:07:35.367774 dv-cinder-850939-1-iscsi devstack@keystone.service[80237]: ERROR keystone.server.flask.application
File "/usr/local/lib/python3.8/dist-packages/dogpile/cache/region.py", line 1577, in get_or_create_for_user_func
Jul 25 19:07:35.367774 dv-cinder-850939-1-iscsi devstack@keystone.service[80237]: ERROR keystone.server.flask.application return self.get_or_create(
Jul 25 19:07:35.367774 dv-cinder-850939-1-iscsi devstack@keystone.service[80237]: ERROR keystone.server.flask.application
File "/usr/local/lib/python3.8/dist-packages/dogpile/cache/region.py", line 1042, in get_or_create
Jul 25 19:07:35.367774 dv-cinder-850939-1-iscsi devstack@keystone.service[80237]: ERROR keystone.server.flask.application with Lock(
Jul 25 19:07:35.367774 dv-cinder-850939-1-iscsi devstack@keystone.service[80237]: ERROR keystone.server.flask.application
File "/usr/local/lib/python3.8/dist-packages/dogpile/lock.py", line 185, in __enter__
Jul 25 19:07:35.367774 dv-cinder-850939-1-iscsi devstack@keystone.service[80237]: ERROR keystone.server.flask.application return self._enter()
Jul 25 19:07:35.367774 dv-cinder-850939-1-iscsi devstack@keystone.service[80237]: ERROR keystone.server.flask.application
File "/usr/local/lib/python3.8/dist-packages/dogpile/lock.py", line 94, in _enter
Jul 25 19:07:35.367774 dv-cinder-850939-1-iscsi devstack@keystone.service[80237]: ERROR keystone.server.flask.application generated = self._enter_create(value, createdtime)
Jul 25 19:07:35.369343 dv-cinder-850939-1-iscsi devstack@keystone.service[80237]: ERROR keystone.server.flask.application
File "/usr/local/lib/python3.8/dist-packages/dogpile/lock.py", line 178, in _enter_create
Jul 25 19:07:35.369343 dv-cinder-850939-1-iscsi devstack@keystone.service[80237]: ERROR keystone.server.flask.application return self.creator()
Jul 25 19:07:35.369343 dv-cinder-850939-1-iscsi devstack@keystone.service[80237]: ERROR keystone.server.flask.application
File "/usr/local/lib/python3.8/dist-packages/dogpile/cache/region.py", line 995, in gen_value
Jul 25 19:07:35.369343 dv-cinder-850939-1-iscsi devstack@keystone.service[80237]: ERROR keystone.server.flask.application created_value = creator(
Jul 25 19:07:35.369343 dv-cinder-850939-1-iscsi devstack@keystone.service[80237]: ERROR keystone.server.flask.application
File "/opt/stack/keystone/keystone/assignment/core.py", line 1276, in get_role
Jul 25 19:07:35.369343 dv-cinder-850939-1-iscsi devstack@keystone.service[80237]: ERROR keystone.server.flask.application return self.driver.get_role(role_id)
Jul 25 19:07:35.369343 dv-cinder-850939-1-iscsi devstack@keystone.service[80237]: ERROR keystone.server.flask.application
File "/opt/stack/keystone/keystone/assignment/role_backends/sql.py", line 70, in get_role
Jul 25 19:07:35.369343 dv-cinder-850939-1-iscsi devstack@keystone.service[80237]: ERROR keystone.server.flask.application return self._get_role(session, role_id).to_dict()
Jul 25 19:07:35.369343 dv-cinder-850939-1-iscsi devstack@keystone.service[80237]: ERROR keystone.server.flask.application
File "/opt/stack/keystone/keystone/assignment/role_backends/sql.py", line 65, in _get_role
Jul 25 19:07:35.369343 dv-cinder-850939-1-iscsi devstack@keystone.service[80237]: ERROR keystone.server.flask.application raise exception.RoleNotFound(role_id=role_id)
Jul 25 19:07:35.369343 dv-cinder-850939-1-iscsi devstack@keystone.service[80237]: ERROR keystone.server.flask.application keystone.exception.RoleNotFound: Could not find role: reader.
Jul 25 19:07:35.369343 dv-cinder-850939-1-iscsi devstack@keystone.service[80237]: ERROR keystone.server.flask.application
Jul 25 19:07:35.373151 dv-cinder-850939-1-iscsi devstack@keystone.service[80237]: [pid: 80237|app: 0|req: 99/195] 10.222.0.18 () {56 vars in 1099 bytes} [Mon Jul 25 19:07:35 2022] GET /identity/v3/roles/reader => generated 84 bytes in 327 msecs (HTTP/1.1 404) 5 headers in 183 bytes (1 switches on core 0)
Jul 25 19:07:35.375228 dv-cinder-850939-1-iscsi devstack@keystone.service[80237]: DEBUG keystone.server.flask.request_processing.middleware.auth_context [None req-5bf9994d-34ca-45b3-83e1-7ac27b623ccd None admin] Authenticating user token {{(pid=80237) process_request /usr/local/lib/python3.8/dist-packages/keystonemiddleware/auth_token/__init__.py:407}}
Jul 25 19:07:35.541075 dv-cinder-850939-1-iscsi devstack@keystone.service[80238]: DEBUG keystone.server.flask.request_processing.middleware.auth_context [None req-9f3e3348-9ce9-4741-89c8-88f9e20164f3 None admin] Validating token access rules against request {{(pid=80238) validate_allowed_request /usr/local/lib/python3.8/dist-packages/keystonemiddleware/auth_token/__init__.py:545}}
Jul 25 19:07:35.583824 dv-cinder-850939-1-iscsi devstack@keystone.service[80238]: DEBUG dbcounter [-] [80238] Writing DB stats keystone:SELECT=100 {{(pid=80238) stat_writer /usr/local/lib/python3.8/dist-packages/dbcounter.py:114}}
Jul 25 19:07:35.602485 dv-cinder-850939-1-iscsi devstack@keystone.service[80237]: DEBUG keystone.server.flask.request_processing.middleware.auth_context [None req-5bf9994d-34ca-45b3-83e1-7ac27b623ccd None admin] Validating token access rules against request {{(pid=80237) validate_allowed_request /usr/local/lib/python3.8/dist-packages/keystonemiddleware/auth_token/__init__.py:545}}
Jul 25 19:07:35.604445 dv-cinder-850939-1-iscsi devstack@keystone.service[80238]: DEBUG keystone.server.flask.request_processing.middleware.auth_context [None req-f8746208-af13-4a91-bf94-e716247003d5 None admin] RBAC: auth_context: {'token': , 'domain_id': None, 'trust_id': None, 'trustor_id': None, 'trustee_id': None, 'domain_name': None, 'group_ids': [], 'user_id': '35d700f1abf943789efbf8a08bd9b587', 'user_domain_id': 'default', 'system_scope': 'all', 'project_id': None, 'project_domain_id': None, 'roles': ['admin', 'member', 'reader'], 'is_admin_project': True, 'service_user_id': None, 'service_user_domain_id': None, 'service_project_id': None, 'service_project_domain_id': None, 'service_roles': []} {{(pid=80238) fill_context /opt/stack/keystone/keystone/server/flask/request_processing/middleware/auth_context.py:478}}
Jul 25 19:07:35.606031 dv-cinder-850939-1-iscsi devstack@keystone.service[80238]: DEBUG keystone.server.flask.request_processing.req_logging [None req-f8746208-af13-4a91-bf94-e716247003d5 None admin] REQUEST_METHOD: `GET` {{(pid=80238) log_request_info /opt/stack/keystone/keystone/server/flask/request_processing/req_logging.py:27}}
Jul 25 19:07:35.607543 dv-cinder-850939-1-iscsi devstack@keystone.service[80238]: DEBUG keystone.server.flask.request_processing.req_logging [None req-f8746208-af13-4a91-bf94-e716247003d5 None admin] SCRIPT_NAME: `/identity` {{(pid=80238) log_request_info /opt/stack/keystone/keystone/server/flask/request_processing/req_logging.py:28}}
Jul 25 19:07:35.609542 dv-cinder-850939-1-iscsi devstack@keystone.service[80238]: DEBUG keystone.server.flask.request_processing.req_logging [None req-f8746208-af13-4a91-bf94-e716247003d5 None admin] PATH_INFO: `/v3/role_assignments` {{(pid=80238) log_request_info /opt/stack/keystone/keystone/server/flask/request_processing/req_logging.py:29}}
Jul 25 19:07:35.612492 dv-cinder-850939-1-iscsi devstack@keystone.service[80238]: DEBUG keystone.common.rbac_enforcer.enforcer [None req-f8746208-af13-4a91-bf94-e716247003d5 None admin] RBAC: Adding query filter params (role.id=ed7fec18968241efa76a0ee769d96da9, scope.project.id=09f6174e875f4cf58a2eb5019ef11189, user.id=35d700f1abf943789efbf8a08bd9b587) {{(pid=80238) _extract_filter_values /opt/stack/keystone/keystone/common/rbac_enforcer/enforcer.py:167}}
Jul 25 19:07:35.613325 dv-cinder-850939-1-iscsi devstack@keystone.service[80238]: DEBUG keystone.common.rbac_enforcer.enforcer [None req-f8746208-af13-4a91-bf94-e716247003d5 None admin] RBAC: Authorizing `identity:list_role_assignments()` {{(pid=80238) enforce_call /opt/stack/keystone/keystone/common/rbac_enforcer/enforcer.py:449}}
Jul 25 19:07:35.615594 dv-cinder-850939-1-iscsi devstack@keystone.service[80238]: DEBUG keystone.common.rbac_enforcer.enforcer [None req-f8746208-af13-4a91-bf94-e716247003d5 None admin] RBAC: Authorization granted {{(pid=80238) enforce_call /opt/stack/keystone/keystone/common/rbac_enforcer/enforcer.py:457}}
Jul 25 19:07:35.626776 dv-cinder-850939-1-iscsi devstack@keystone.service[80238]: [pid: 80238|app: 0|req: 97/196] 10.222.0.18 () {56 vars in 1374 bytes} [Mon Jul 25 19:07:35 2022] GET /identity/v3/role_assignments?user.id=35d700f1abf943789efbf8a08bd9b587&scope.project.id=09f6174e875f4cf58a2eb5019ef11189&role.id=ed7fec18968241efa76a0ee769d96da9 => generated 608 bytes in 279 msecs (HTTP/1.1 200) 5 headers in 177 bytes (1 switches on core 0)
Jul 25 19:07:35.628049 dv-cinder-850939-1-iscsi devstack@keystone.service[80238]: DEBUG keystone.server.flask.request_processing.middleware.auth_context [None req-f8746208-af13-4a91-bf94-e716247003d5 None admin] Authenticating user token {{(pid=80238) process_request /usr/local/lib/python3.8/dist-packages/keystonemiddleware/auth_token/__init__.py:407}}
Jul 25 19:07:35.749062 dv-cinder-850939-1-iscsi devstack@keystone.service[80237]: DEBUG keystone.server.flask.request_processing.middleware.auth_context [None req-4120e0f4-ce19-4b05-8fe1-679bc7b2631d None admin] RBAC: auth_context: {'token': , 'domain_id': None, 'trust_id': None, 'trustor_id': None, 'trustee_id': None, 'domain_name': None, 'group_ids': [], 'user_id': '35d700f1abf943789efbf8a08bd9b587', 'user_domain_id': 'default', 'system_scope': 'all', 'project_id': None, 'project_domain_id': None, 'roles': ['admin', 'member', 'reader'], 'is_admin_project': True, 'service_user_id': None, 'service_user_domain_id': None, 'service_project_id': None, 'service_project_domain_id': None, 'service_roles': []} {{(pid=80237) fill_context /opt/stack/keystone/keystone/server/flask/request_processing/middleware/auth_context.py:478}}
Jul 25 19:07:35.750282 dv-cinder-850939-1-iscsi devstack@keystone.service[80237]: DEBUG keystone.server.flask.request_processing.req_logging [None req-4120e0f4-ce19-4b05-8fe1-679bc7b2631d None admin] REQUEST_METHOD: `GET` {{(pid=80237) log_request_info /opt/stack/keystone/keystone/server/flask/request_processing/req_logging.py:27}}
Jul 25 19:07:35.750813 dv-cinder-850939-1-iscsi devstack@keystone.service[80237]: DEBUG keystone.server.flask.request_processing.req_logging [None req-4120e0f4-ce19-4b05-8fe1-679bc7b2631d None admin] SCRIPT_NAME: `/identity` {{(pid=80237) log_request_info /opt/stack/keystone/keystone/server/flask/request_processing/req_logging.py:28}}
Jul 25 19:07:35.751325 dv-cinder-850939-1-iscsi devstack@keystone.service[80237]: DEBUG keystone.server.flask.request_processing.req_logging [None req-4120e0f4-ce19-4b05-8fe1-679bc7b2631d None admin] PATH_INFO: `/v3/auth/tokens` {{(pid=80237) log_request_info /opt/stack/keystone/keystone/server/flask/request_processing/req_logging.py:29}}
Jul 25 19:07:35.836161 dv-cinder-850939-1-iscsi devstack@keystone.service[80237]: DEBUG dbcounter [-] [80237] Writing DB stats keystone:SELECT=100 {{(pid=80237) stat_writer /usr/local/lib/python3.8/dist-packages/dbcounter.py:114}}
Jul 25 19:07:35.854681 dv-cinder-850939-1-iscsi devstack@keystone.service[80238]: DEBUG keystone.server.flask.request_processing.middleware.auth_context [None req-f8746208-af13-4a91-bf94-e716247003d5 None admin] Validating token access rules against request {{(pid=80238) validate_allowed_request /usr/local/lib/python3.8/dist-packages/keystonemiddleware/auth_token/__init__.py:545}}
Jul 25 19:07:35.918669 dv-cinder-850939-1-iscsi devstack@keystone.service[80238]: DEBUG keystone.server.flask.request_processing.middleware.auth_context [None req-d8669988-1063-45c7-b94e-673e069386b7 None admin] RBAC: auth_context: {'token': , 'domain_id': None, 'trust_id': None, 'trustor_id': None, 'trustee_id': None, 'domain_name': None, 'group_ids': [], 'user_id': '35d700f1abf943789efbf8a08bd9b587', 'user_domain_id': 'default', 'system_scope': 'all', 'project_id': None, 'project_domain_id': None, 'roles': ['admin', 'member', 'reader'], 'is_admin_project': True, 'service_user_id': None, 'service_user_domain_id': None, 'service_project_id': None, 'service_project_domain_id': None, 'service_roles': []} {{(pid=80238) fill_context /opt/stack/keystone/keystone/server/flask/request_processing/middleware/auth_context.py:478}}
Jul 25 19:07:35.920385 dv-cinder-850939-1-iscsi devstack@keystone.service[80238]: DEBUG keystone.server.flask.request_processing.req_logging [None req-d8669988-1063-45c7-b94e-673e069386b7 None admin] REQUEST_METHOD: `GET` {{(pid=80238) log_request_info /opt/stack/keystone/keystone/server/flask/request_processing/req_logging.py:27}}
Jul 25 19:07:35.920385 dv-cinder-850939-1-iscsi devstack@keystone.service[80238]: DEBUG keystone.server.flask.request_processing.req_logging [None req-d8669988-1063-45c7-b94e-673e069386b7 None admin] SCRIPT_NAME: `/identity` {{(pid=80238) log_request_info /opt/stack/keystone/keystone/server/flask/request_processing/req_logging.py:28}}
Jul 25 19:07:35.920957 dv-cinder-850939-1-iscsi devstack@keystone.service[80238]: DEBUG keystone.server.flask.request_processing.req_logging [None req-d8669988-1063-45c7-b94e-673e069386b7 None admin] PATH_INFO: `/v3/role_assignments` {{(pid=80238) log_request_info /opt/stack/keystone/keystone/server/flask/request_processing/req_logging.py:29}}
Jul 25 19:07:35.922658 dv-cinder-850939-1-iscsi devstack@keystone.service[80238]: DEBUG keystone.common.rbac_enforcer.enforcer [None req-d8669988-1063-45c7-b94e-673e069386b7 None admin] RBAC: Adding query filter params (role.id=c241bd9634e24bcbb1854c7621d19f81, scope.project.id=c1814fe30f064bc1875e3a1eac8ed490, user.id=1ee13b9555134b9cafac7f5f0a47204b) {{(pid=80238) _extract_filter_values /opt/stack/keystone/keystone/common/rbac_enforcer/enforcer.py:167}}
Jul 25 19:07:35.923214 dv-cinder-850939-1-iscsi devstack@keystone.service[80238]: DEBUG keystone.common.rbac_enforcer.enforcer [None req-d8669988-1063-45c7-b94e-673e069386b7 None admin] RBAC: Authorizing `identity:list_role_assignments()` {{(pid=80238) enforce_call /opt/stack/keystone/keystone/common/rbac_enforcer/enforcer.py:449}}
Jul 25 19:07:35.926245 dv-cinder-850939-1-iscsi devstack@keystone.service[80238]: DEBUG keystone.common.rbac_enforcer.enforcer [None req-d8669988-1063-45c7-b94e-673e069386b7 None admin] RBAC: Authorization granted {{(pid=80238) enforce_call /opt/stack/keystone/keystone/common/rbac_enforcer/enforcer.py:457}}
Jul 25 19:07:35.939688 dv-cinder-850939-1-iscsi devstack@keystone.service[80238]: [pid: 80238|app: 0|req: 98/197] 10.222.0.18 () {56 vars in 1374 bytes} [Mon Jul 25 19:07:35 2022] GET /identity/v3/role_assignments?user.id=1ee13b9555134b9cafac7f5f0a47204b&scope.project.id=c1814fe30f064bc1875e3a1eac8ed490&role.id=c241bd9634e24bcbb1854c7621d19f81 => generated 608 bytes in 312 msecs (HTTP/1.1 200) 5 headers in 177 bytes (1 switches on core 0)
Jul 25 19:07:35.940948 dv-cinder-850939-1-iscsi devstack@keystone.service[80238]: DEBUG keystone.server.flask.request_processing.middleware.auth_context [None req-d8669988-1063-45c7-b94e-673e069386b7 None admin] Authenticating user token {{(pid=80238) process_request /usr/local/lib/python3.8/dist-packages/keystonemiddleware/auth_token/__init__.py:407}}
Jul 25 19:07:36.040445 dv-cinder-850939-1-iscsi devstack@keystone.service[80237]: DEBUG keystone.common.rbac_enforcer.enforcer [None req-4120e0f4-ce19-4b05-8fe1-679bc7b2631d None admin] RBAC: Authorizing `identity:validate_token()` {{(pid=80237) enforce_call /opt/stack/keystone/keystone/common/rbac_enforcer/enforcer.py:449}}
Jul 25 19:07:36.043318 dv-cinder-850939-1-iscsi devstack@keystone.service[80237]: DEBUG keystone.common.rbac_enforcer.enforcer [None req-4120e0f4-ce19-4b05-8fe1-679bc7b2631d None admin] RBAC: Authorization granted {{(pid=80237) enforce_call /opt/stack/keystone/keystone/common/rbac_enforcer/enforcer.py:457}}
Jul 25 19:07:36.126583 dv-cinder-850939-1-iscsi devstack@keystone.service[80238]: DEBUG dbcounter [-] [80238] Writing DB stats keystone:SELECT=100 {{(pid=80238) stat_writer /usr/local/lib/python3.8/dist-packages/dbcounter.py:114}}
Jul 25 19:07:36.250647 dv-cinder-850939-1-iscsi devstack@keystone.service[80238]: DEBUG keystone.server.flask.request_processing.middleware.auth_context [None req-d8669988-1063-45c7-b94e-673e069386b7 None admin] Validating token access rules against request {{(pid=80238) validate_allowed_request /usr/local/lib/python3.8/dist-packages/keystonemiddleware/auth_token/__init__.py:545}}
Jul 25 19:07:36.267780 dv-cinder-850939-1-iscsi devstack@keystone.service[80237]: [pid: 80237|app: 0|req: 100/198] 10.222.0.18 () {58 vars in 1282 bytes} [Mon Jul 25 19:07:35 2022] GET /identity/v3/auth/tokens => generated 799 bytes in 894 msecs (HTTP/1.1 200) 6 headers in 358 bytes (1 switches on core 0)
Jul 25 19:07:36.272764 dv-cinder-850939-1-iscsi devstack@keystone.service[80237]: DEBUG keystone.server.flask.request_processing.middleware.auth_context [None req-4120e0f4-ce19-4b05-8fe1-679bc7b2631d None admin] Authenticating user token {{(pid=80237) process_request /usr/local/lib/python3.8/dist-packages/keystonemiddleware/auth_token/__init__.py:407}}
Jul 25 19:07:36.310768 dv-cinder-850939-1-iscsi devstack@keystone.service[80238]: DEBUG keystone.server.flask.request_processing.middleware.auth_context [None req-abbce471-e9f2-41b6-8cde-3fef2fda1a9b None admin] RBAC: auth_context: {'token': , 'domain_id': None, 'trust_id': None, 'trustor_id': None, 'trustee_id': None, 'domain_name': None, 'group_ids': [], 'user_id': '35d700f1abf943789efbf8a08bd9b587', 'user_domain_id': 'default', 'system_scope': 'all', 'project_id': None, 'project_domain_id': None, 'roles': ['admin', 'member', 'reader'], 'is_admin_project': True, 'service_user_id': None, 'service_user_domain_id': None, 'service_project_id': None, 'service_project_domain_id': None, 'service_roles': []} {{(pid=80238) fill_context /opt/stack/keystone/keystone/server/flask/request_processing/middleware/auth_context.py:478}}
Jul 25 19:07:36.312490 dv-cinder-850939-1-iscsi devstack@keystone.service[80238]: DEBUG keystone.server.flask.request_processing.req_logging [None req-abbce471-e9f2-41b6-8cde-3fef2fda1a9b None admin] REQUEST_METHOD: `GET` {{(pid=80238) log_request_info /opt/stack/keystone/keystone/server/flask/request_processing/req_logging.py:27}}
