Jul 25 08:50:38.399344 dv-cinder-850858-1-iscsi neutron-server[110954]: DEBUG neutron.api.rpc.handlers.dhcp_rpc [None req-1a7326d7-dbd9-4e05-9875-b28f8c5f85db None None] Network f3893300-d078-4b92-824e-b74529ed24fa requested from dv-cinder-850858-1-iscsi {{(pid=110954) get_network_info /opt/stack/neutron/neutron/api/rpc/handlers/dhcp_rpc.py:191}}
Jul 25 08:50:38.477247 dv-cinder-850858-1-iscsi neutron-server[110952]: INFO neutron.wsgi [req-6eddc321-caa5-4b88-88d0-eddf0e7ea3b3 req-7bdb21ce-5c81-40ae-9013-82067b0f4daf tempest-AttachVolumeShelveTestJSON-1051749283 tempest-AttachVolumeShelveTestJSON-1051749283-project] 10.222.0.18 "GET /v2.0/ports?device_id=8dcb2664-19b0-4356-a5a9-5deec63c7709 HTTP/1.1" status: 200 len: 210 time: 0.0379603
Jul 25 08:50:38.495794 dv-cinder-850858-1-iscsi neutron-server[110953]: INFO neutron.wsgi [None req-db6facf9-7708-4351-9773-4ece431fab16 admin admin] 10.222.0.18 "POST /v2.0/subnets HTTP/1.1" status: 201 len: 861 time: 0.9061599
Jul 25 08:50:38.568024 dv-cinder-850858-1-iscsi neutron-server[110954]: DEBUG neutron.api.rpc.handlers.dhcp_rpc [None req-a4c19f97-cb66-4cb2-8c1d-40543137f5a9 None None] Network f3893300-d078-4b92-824e-b74529ed24fa requested from dv-cinder-850858-1-iscsi {{(pid=110954) get_network_info /opt/stack/neutron/neutron/api/rpc/handlers/dhcp_rpc.py:191}}
Jul 25 08:50:38.588560 dv-cinder-850858-1-iscsi neutron-server[110954]: DEBUG dbcounter [-] [110954] Writing DB stats neutron:SELECT=100 {{(pid=110954) stat_writer /usr/local/lib/python3.8/dist-packages/dbcounter.py:114}}
Jul 25 08:50:38.598607 dv-cinder-850858-1-iscsi neutron-server[110953]: DEBUG neutron.wsgi [req-80aedacb-9e82-444e-8502-a53d6b9b6a3f req-80e6a67a-d972-4db4-bc2d-54ffada3c4b9 tempest-DeleteServersTestJSON-1141606316 tempest-DeleteServersTestJSON-1141606316-project] http://10.222.0.18:9696/v2.0/extensions returned with HTTP 200 {{(pid=110953) __call__ /opt/stack/neutron/neutron/wsgi.py:730}}
Jul 25 08:50:38.609473 dv-cinder-850858-1-iscsi neutron-server[110953]: INFO neutron.wsgi [req-80aedacb-9e82-444e-8502-a53d6b9b6a3f req-80e6a67a-d972-4db4-bc2d-54ffada3c4b9 tempest-DeleteServersTestJSON-1141606316 tempest-DeleteServersTestJSON-1141606316-project] 10.222.0.59 "GET /v2.0/extensions HTTP/1.1" status: 200 len: 14320 time: 0.0156827
Jul 25 08:50:38.732545 dv-cinder-850858-1-iscsi neutron-server[110953]: DEBUG neutron.wsgi [-] (110953) accepted ('10.222.0.18', 60248) {{(pid=110953) server /usr/local/lib/python3.8/dist-packages/eventlet/wsgi.py:1004}}
Jul 25 08:50:38.797466 dv-cinder-850858-1-iscsi neutron-server[110952]: DEBUG neutron.pecan_wsgi.hooks.policy_enforcement [req-e0b46b43-5a80-4651-b8a4-3415464cc859 req-be7aeb81-b1b0-4362-a01f-30655a02d21e tempest-ServerRescueNegativeTestJSON-1113817087 tempest-ServerRescueNegativeTestJSON-1113817087-project] Attributes excluded by policy engine: ['standard_attr_id', 'vlan_transparent', 'provider:network_type', 'provider:physical_network', 'provider:segmentation_id'] {{(pid=110952) _exclude_attributes_by_policy /opt/stack/neutron/neutron/pecan_wsgi/hooks/policy_enforcement.py:259}}
Jul 25 08:50:38.800502 dv-cinder-850858-1-iscsi neutron-server[110952]: INFO neutron.wsgi [req-e0b46b43-5a80-4651-b8a4-3415464cc859 req-be7aeb81-b1b0-4362-a01f-30655a02d21e tempest-ServerRescueNegativeTestJSON-1113817087 tempest-ServerRescueNegativeTestJSON-1113817087-project] 10.222.0.59 "GET /v2.0/networks?id=f86b2743-7b28-4a83-bc9f-1b097491ce83 HTTP/1.1" status: 200 len: 818 time: 0.2072697
Jul 25 08:50:38.933956 dv-cinder-850858-1-iscsi neutron-server[110953]: DEBUG neutron.db.db_base_plugin_v2 [None req-20c20afc-394a-4c93-962e-8de4e9da8491 admin admin] Deleting subnet 7c541956-bd46-434e-9e55-a7fea70bf541 {{(pid=110953) delete_subnet /opt/stack/neutron/neutron/db/db_base_plugin_v2.py:1067}}
Jul 25 08:50:38.937256 dv-cinder-850858-1-iscsi neutron-server[110953]: DEBUG neutron_lib.callbacks.manager [None req-20c20afc-394a-4c93-962e-8de4e9da8491 admin admin] Publish callbacks [] for subnet (7c541956-bd46-434e-9e55-a7fea70bf541), before_delete {{(pid=110953) _notify_loop /usr/local/lib/python3.8/dist-packages/neutron_lib/callbacks/manager.py:176}}
Jul 25 08:50:38.971740 dv-cinder-850858-1-iscsi neutron-server[110953]: DEBUG neutron_lib.callbacks.manager [None req-20c20afc-394a-4c93-962e-8de4e9da8491 admin admin] Publish callbacks [] for subnet (7c541956-bd46-434e-9e55-a7fea70bf541), precommit_delete_associations {{(pid=110953) _notify_loop /usr/local/lib/python3.8/dist-packages/neutron_lib/callbacks/manager.py:176}}
Jul 25 08:50:38.980932 dv-cinder-850858-1-iscsi neutron-server[110953]: DEBUG neutron_lib.callbacks.manager [None req-20c20afc-394a-4c93-962e-8de4e9da8491 admin admin] Publish callbacks ['neutron.plugins.ml2.plugin.Ml2Plugin._subnet_delete_precommit_handler-860203'] for subnet (7c541956-bd46-434e-9e55-a7fea70bf541), precommit_delete {{(pid=110953) _notify_loop /usr/local/lib/python3.8/dist-packages/neutron_lib/callbacks/manager.py:176}}
Jul 25 08:50:39.103540 dv-cinder-850858-1-iscsi neutron-server[110953]: DEBUG neutron_lib.callbacks.manager [None req-20c20afc-394a-4c93-962e-8de4e9da8491 admin admin] Publish callbacks ['neutron.plugins.ml2.plugin.Ml2Plugin._subnet_delete_after_delete_handler-860196', 'neutron.plugins.ml2.ovo_rpc._ObjectChangeHandler.handle_event-4013662', 'neutron.api.rpc.agentnotifiers.dhcp_rpc_agent_api.DhcpAgentNotifyAPI._native_event_send_dhcp_notification-3683008'] for subnet (7c541956-bd46-434e-9e55-a7fea70bf541), after_delete {{(pid=110953) _notify_loop /usr/local/lib/python3.8/dist-packages/neutron_lib/callbacks/manager.py:176}}
Jul 25 08:50:39.114296 dv-cinder-850858-1-iscsi neutron-server[110952]: DEBUG neutron.api.v2.base [req-e0b46b43-5a80-4651-b8a4-3415464cc859 req-83bda904-65fc-4829-ae8d-903e8d394d38 tempest-ServerRescueNegativeTestJSON-1113817087 tempest-ServerRescueNegativeTestJSON-1113817087-project] Request body: {'port': {'device_id': '1749c968-2a18-4c0d-92ad-fd7f243b13df', 'network_id': 'f86b2743-7b28-4a83-bc9f-1b097491ce83', 'admin_state_up': True, 'tenant_id': '1d41250ae46e46cb9cecf36596625905'}} {{(pid=110952) prepare_request_body /opt/stack/neutron/neutron/api/v2/base.py:730}}
Jul 25 08:50:39.161065 dv-cinder-850858-1-iscsi neutron-server[110953]: DEBUG neutron.api.rpc.handlers.resources_rpc [None req-20c20afc-394a-4c93-962e-8de4e9da8491 admin admin] Pushing event deleted for resources: {'Subnet': ['ID=7c541956-bd46-434e-9e55-a7fea70bf541,revision_number=None']} {{(pid=110953) push /opt/stack/neutron/neutron/api/rpc/handlers/resources_rpc.py:237}}
Jul 25 08:50:39.166327 dv-cinder-850858-1-iscsi neutron-server[110953]: DEBUG neutron_lib.callbacks.manager [None req-20c20afc-394a-4c93-962e-8de4e9da8491 admin admin] Publish callbacks ['neutron.api.rpc.agentnotifiers.dhcp_rpc_agent_api.DhcpAgentNotifyAPI._send_dhcp_notification-3683054'] for subnet (None), before_response {{(pid=110953) _notify_loop /usr/local/lib/python3.8/dist-packages/neutron_lib/callbacks/manager.py:176}}
Jul 25 08:50:39.170545 dv-cinder-850858-1-iscsi neutron-server[110953]: INFO neutron.wsgi [None req-20c20afc-394a-4c93-962e-8de4e9da8491 admin admin] 10.222.0.18 "DELETE /v2.0/subnets/7c541956-bd46-434e-9e55-a7fea70bf541 HTTP/1.1" status: 204 len: 168 time: 0.4355092
Jul 25 08:50:39.172939 dv-cinder-850858-1-iscsi neutron-server[110953]: DEBUG neutron.wsgi [-] (110953) accepted ('10.222.0.18', 60254) {{(pid=110953) server /usr/local/lib/python3.8/dist-packages/eventlet/wsgi.py:1004}}
Jul 25 08:50:39.216926 dv-cinder-850858-1-iscsi neutron-server[110952]: DEBUG dbcounter [-] [110952] Writing DB stats neutron:SELECT=89,neutron:INSERT=7,neutron:UPDATE=2,neutron:DELETE=2 {{(pid=110952) stat_writer /usr/local/lib/python3.8/dist-packages/dbcounter.py:114}}
Jul 25 08:50:39.285119 dv-cinder-850858-1-iscsi neutron-server[110953]: DEBUG neutron_lib.callbacks.manager [None req-29758a18-345b-471f-aed9-058d342d7ece admin admin] Publish callbacks ['neutron.plugins.ml2.plugin.External_net_db_mixin._before_network_delete_handler-950616'] for network (e2206655-4c95-4796-837d-d4a89efa4550), before_delete {{(pid=110953) _notify_loop /usr/local/lib/python3.8/dist-packages/neutron_lib/callbacks/manager.py:176}}
Jul 25 08:50:39.382717 dv-cinder-850858-1-iscsi neutron-server[110953]: DEBUG neutron.api.v2.base [req-80aedacb-9e82-444e-8502-a53d6b9b6a3f req-11c2213e-a045-4a41-9106-605aae5f3b27 service neutron] Request body: {'port': {'device_id': 'bdfe40e3-82a7-485f-a569-b4eb17d345eb', 'device_owner': 'compute:nova', 'binding:host_id': 'hv-cinder-85085'}} {{(pid=110953) prepare_request_body /opt/stack/neutron/neutron/api/v2/base.py:730}}
Jul 25 08:50:39.417161 dv-cinder-850858-1-iscsi neutron-server[110952]: DEBUG neutron.wsgi [-] (110952) accepted ('10.222.0.59', 60122) {{(pid=110952) server /usr/local/lib/python3.8/dist-packages/eventlet/wsgi.py:1004}}
Jul 25 08:50:39.417708 dv-cinder-850858-1-iscsi neutron-server[110952]: DEBUG neutron.wsgi [-] (110952) accepted ('10.222.0.59', 60124) {{(pid=110952) server /usr/local/lib/python3.8/dist-packages/eventlet/wsgi.py:1004}}
Jul 25 08:50:39.421478 dv-cinder-850858-1-iscsi neutron-server[110952]: DEBUG neutron.pecan_wsgi.hooks.quota_enforcement [req-e0b46b43-5a80-4651-b8a4-3415464cc859 req-83bda904-65fc-4829-ae8d-903e8d394d38 tempest-ServerRescueNegativeTestJSON-1113817087 tempest-ServerRescueNegativeTestJSON-1113817087-project] Made reservation on behalf of 1d41250ae46e46cb9cecf36596625905 for: {'port': 1} {{(pid=110952) before /opt/stack/neutron/neutron/pecan_wsgi/hooks/quota_enforcement.py:53}}
Jul 25 08:50:39.425595 dv-cinder-850858-1-iscsi neutron-server[110952]: DEBUG neutron_lib.callbacks.manager [req-e0b46b43-5a80-4651-b8a4-3415464cc859 req-83bda904-65fc-4829-ae8d-903e8d394d38 tempest-ServerRescueNegativeTestJSON-1113817087 tempest-ServerRescueNegativeTestJSON-1113817087-project] Publish callbacks ['neutron.plugins.ml2.plugin.SecurityGroupDbMixin._ensure_default_security_group_handler-1038927'] for port (None), before_create {{(pid=110952) _notify_loop /usr/local/lib/python3.8/dist-packages/neutron_lib/callbacks/manager.py:176}}
Jul 25 08:50:39.470033 dv-cinder-850858-1-iscsi neutron-server[110952]: INFO neutron.wsgi [req-5cdfb0b3-ceda-49e8-9058-8ca5558f29f6 req-097dc6ad-1afe-45ff-a238-908bd99ae69e tempest-ServerRescueNegativeTestJSON-1113817087 tempest-ServerRescueNegativeTestJSON-1113817087-project] 10.222.0.18 "GET /v2.0/ports?device_id=84f8908a-f51a-401e-ba68-de2dfc9ed7d3 HTTP/1.1" status: 200 len: 210 time: 0.1038773
Jul 25 08:50:39.562023 dv-cinder-850858-1-iscsi neutron-server[110953]: DEBUG neutron_lib.callbacks.manager [None req-29758a18-345b-471f-aed9-058d342d7ece admin admin] Publish callbacks ['neutron.plugins.ml2.plugin.Ml2Plugin._network_delete_precommit_handler-861721', 'neutron.services.segments.db._delete_segments_for_network-8747516907403'] for network (e2206655-4c95-4796-837d-d4a89efa4550), precommit_delete {{(pid=110953) _notify_loop /usr/local/lib/python3.8/dist-packages/neutron_lib/callbacks/manager.py:176}}
Jul 25 08:50:39.601622 dv-cinder-850858-1-iscsi neutron-server[110953]: DEBUG neutron.pecan_wsgi.hooks.policy_enforcement [req-cbeab6fc-a6b7-48e0-b5c7-c5fa4295741d req-b31b0133-382d-4119-afcb-361a7f70e042 tempest-DeleteServersTestJSON-1141606316 tempest-DeleteServersTestJSON-1141606316-project] Attributes excluded by policy engine: ['standard_attr_id', 'binding:profile', 'binding:host_id', 'binding:vif_type', 'binding:vif_details'] {{(pid=110953) _exclude_attributes_by_policy /opt/stack/neutron/neutron/pecan_wsgi/hooks/policy_enforcement.py:259}}
Jul 25 08:50:39.601622 dv-cinder-850858-1-iscsi neutron-server[110953]: INFO neutron.wsgi [req-cbeab6fc-a6b7-48e0-b5c7-c5fa4295741d req-b31b0133-382d-4119-afcb-361a7f70e042 tempest-DeleteServersTestJSON-1141606316 tempest-DeleteServersTestJSON-1141606316-project] 10.222.0.18 "GET /v2.0/ports?device_id=bdfe40e3-82a7-485f-a569-b4eb17d345eb HTTP/1.1" status: 200 len: 932 time: 0.2764349
Jul 25 08:50:39.602166 dv-cinder-850858-1-iscsi neutron-server[110953]: DEBUG neutron_lib.callbacks.manager [None req-29758a18-345b-471f-aed9-058d342d7ece admin admin] Subscribe: > segment before_delete 55550000 {{(pid=110953) subscribe /usr/local/lib/python3.8/dist-packages/neutron_lib/callbacks/manager.py:45}}
Jul 25 08:50:39.602564 dv-cinder-850858-1-iscsi neutron-server[110953]: DEBUG neutron_lib.callbacks.manager [None req-29758a18-345b-471f-aed9-058d342d7ece admin admin] Subscribe: > subnet precommit_delete_associations 55550000 {{(pid=110953) subscribe /usr/local/lib/python3.8/dist-packages/neutron_lib/callbacks/manager.py:45}}
Jul 25 08:50:39.603699 dv-cinder-850858-1-iscsi neutron-server[110953]: DEBUG neutron_lib.callbacks.manager [None req-29758a18-345b-471f-aed9-058d342d7ece admin admin] Subscribe: > segment_host_mapping after_create 55550000 {{(pid=110953) subscribe /usr/local/lib/python3.8/dist-packages/neutron_lib/callbacks/manager.py:45}}
Jul 25 08:50:39.603699 dv-cinder-850858-1-iscsi neutron-server[110953]: DEBUG neutron_lib.callbacks.manager [None req-29758a18-345b-471f-aed9-058d342d7ece admin admin] Subscribe: > port after_create 55550000 {{(pid=110953) subscribe /usr/local/lib/python3.8/dist-packages/neutron_lib/callbacks/manager.py:45}}
Jul 25 08:50:39.603997 dv-cinder-850858-1-iscsi neutron-server[110953]: DEBUG neutron_lib.callbacks.manager [None req-29758a18-345b-471f-aed9-058d342d7ece admin admin] Subscribe: > port after_delete 55550000 {{(pid=110953) subscribe /usr/local/lib/python3.8/dist-packages/neutron_lib/callbacks/manager.py:45}}
Jul 25 08:50:39.604361 dv-cinder-850858-1-iscsi neutron-server[110953]: DEBUG neutron_lib.callbacks.manager [None req-29758a18-345b-471f-aed9-058d342d7ece admin admin] Subscribe: > port after_update 55550000 {{(pid=110953) subscribe /usr/local/lib/python3.8/dist-packages/neutron_lib/callbacks/manager.py:45}}
Jul 25 08:50:39.604988 dv-cinder-850858-1-iscsi neutron-server[110953]: DEBUG neutron_lib.callbacks.manager [None req-29758a18-345b-471f-aed9-058d342d7ece admin admin] Subscribe: > segment after_delete 55550000 {{(pid=110953) subscribe /usr/local/lib/python3.8/dist-packages/neutron_lib/callbacks/manager.py:45}}
Jul 25 08:50:39.605323 dv-cinder-850858-1-iscsi neutron-server[110953]: DEBUG neutron_lib.callbacks.manager [None req-29758a18-345b-471f-aed9-058d342d7ece admin admin] Subscribe: > subnet after_create 55550000 {{(pid=110953) subscribe /usr/local/lib/python3.8/dist-packages/neutron_lib/callbacks/manager.py:45}}
Jul 25 08:50:39.605644 dv-cinder-850858-1-iscsi neutron-server[110953]: DEBUG neutron_lib.callbacks.manager [None req-29758a18-345b-471f-aed9-058d342d7ece admin admin] Subscribe: > subnet after_delete 55550000 {{(pid=110953) subscribe /usr/local/lib/python3.8/dist-packages/neutron_lib/callbacks/manager.py:45}}
Jul 25 08:50:39.605968 dv-cinder-850858-1-iscsi neutron-server[110953]: DEBUG neutron_lib.callbacks.manager [None req-29758a18-345b-471f-aed9-058d342d7ece admin admin] Subscribe: > subnet after_update 55550000 {{(pid=110953) subscribe /usr/local/lib/python3.8/dist-packages/neutron_lib/callbacks/manager.py:45}}
Jul 25 08:50:39.755667 dv-cinder-850858-1-iscsi neutron-server[110952]: INFO neutron.wsgi [req-444fc422-0001-4cde-9295-217ed8baf3c1 req-622b44cc-1899-434a-b8b9-3d8bfa8c94cd tempest-AttachVolumeTestJSON-1745036676 tempest-AttachVolumeTestJSON-1745036676-project] 10.222.0.18 "GET /v2.0/ports?device_id=0c958b41-776b-4da6-88dd-52130082f351 HTTP/1.1" status: 200 len: 210 time: 0.1203258
Jul 25 08:50:39.788181 dv-cinder-850858-1-iscsi neutron-server[110952]: DEBUG neutron.pecan_wsgi.hooks.policy_enforcement [req-92df0d02-97a0-4cee-af74-865b6d03cafe req-94e7da9e-5acd-4bbd-9293-1b88abc441b5 tempest-AttachVolumeShelveTestJSON-1051749283 tempest-AttachVolumeShelveTestJSON-1051749283-project] Attributes excluded by policy engine: ['standard_attr_id', 'vlan_transparent', 'provider:network_type', 'provider:physical_network', 'provider:segmentation_id'] {{(pid=110952) _exclude_attributes_by_policy /opt/stack/neutron/neutron/pecan_wsgi/hooks/policy_enforcement.py:259}}
Jul 25 08:50:39.789712 dv-cinder-850858-1-iscsi neutron-server[110952]: INFO neutron.wsgi [req-92df0d02-97a0-4cee-af74-865b6d03cafe req-94e7da9e-5acd-4bbd-9293-1b88abc441b5 tempest-AttachVolumeShelveTestJSON-1051749283 tempest-AttachVolumeShelveTestJSON-1051749283-project] 10.222.0.59 "GET /v2.0/networks?id=906bb483-5a07-4747-af2b-b6f56366228e HTTP/1.1" status: 200 len: 817 time: 0.3703787
Jul 25 08:50:39.815226 dv-cinder-850858-1-iscsi neutron-server[110952]: DEBUG dbcounter [-] [110952] Writing DB stats neutron:SELECT=96,neutron:INSERT=4 {{(pid=110952) stat_writer /usr/local/lib/python3.8/dist-packages/dbcounter.py:114}}
Jul 25 08:50:39.887570 dv-cinder-850858-1-iscsi neutron-server[110953]: DEBUG neutron_lib.callbacks.manager [None req-29758a18-345b-471f-aed9-058d342d7ece admin admin] Subscribe: > subnet after_create 55550000 {{(pid=110953) subscribe /usr/local/lib/python3.8/dist-packages/neutron_lib/callbacks/manager.py:45}}
Jul 25 08:50:39.887931 dv-cinder-850858-1-iscsi neutron-server[110953]: DEBUG neutron_lib.callbacks.manager [None req-29758a18-345b-471f-aed9-058d342d7ece admin admin] Subscribe: > subnet after_delete 55550000 {{(pid=110953) subscribe /usr/local/lib/python3.8/dist-packages/neutron_lib/callbacks/manager.py:45}}
Jul 25 08:50:39.888259 dv-cinder-850858-1-iscsi neutron-server[110953]: DEBUG neutron_lib.callbacks.manager [None req-29758a18-345b-471f-aed9-058d342d7ece admin admin] Subscribe: > subnet before_create 55550000 {{(pid=110953) subscribe /usr/local/lib/python3.8/dist-packages/neutron_lib/callbacks/manager.py:45}}
Jul 25 08:50:39.888833 dv-cinder-850858-1-iscsi neutron-server[110953]: DEBUG neutron_lib.callbacks.manager [None req-29758a18-345b-471f-aed9-058d342d7ece admin admin] Subscribe: > subnet before_update 55550000 {{(pid=110953) subscribe /usr/local/lib/python3.8/dist-packages/neutron_lib/callbacks/manager.py:45}}
Jul 25 08:50:39.889359 dv-cinder-850858-1-iscsi neutron-server[110953]: DEBUG neutron.services.segments.db [None req-29758a18-345b-471f-aed9-058d342d7ece admin admin] neutron.services.segments.plugin.Plugin method get_segments called with arguments (,) {'filters': {'network_id': ['e2206655-4c95-4796-837d-d4a89efa4550']}} {{(pid=110953) wrapper /usr/local/lib/python3.8/dist-packages/oslo_log/helpers.py:65}}
Jul 25 08:50:39.893666 dv-cinder-850858-1-iscsi neutron-server[110952]: DEBUG neutron.pecan_wsgi.hooks.policy_enforcement [req-4943d128-697b-43ed-8ee8-1629b0cac49b req-d9e45f0c-fd18-4642-84c9-0ef492fb2e24 tempest-ServerRescueNegativeTestJSON-1113817087 tempest-ServerRescueNegativeTestJSON-1113817087-project] Attributes excluded by policy engine: ['standard_attr_id', 'vlan_transparent', 'provider:network_type', 'provider:physical_network', 'provider:segmentation_id'] {{(pid=110952) _exclude_attributes_by_policy /opt/stack/neutron/neutron/pecan_wsgi/hooks/policy_enforcement.py:259}}
Jul 25 08:50:39.895710 dv-cinder-850858-1-iscsi neutron-server[110952]: INFO neutron.wsgi [req-4943d128-697b-43ed-8ee8-1629b0cac49b req-d9e45f0c-fd18-4642-84c9-0ef492fb2e24 tempest-ServerRescueNegativeTestJSON-1113817087 tempest-ServerRescueNegativeTestJSON-1113817087-project] 10.222.0.59 "GET /v2.0/networks?id=f86b2743-7b28-4a83-bc9f-1b097491ce83 HTTP/1.1" status: 200 len: 818 time: 0.4751799
Jul 25 08:50:39.929453 dv-cinder-850858-1-iscsi neutron-server[110953]: DEBUG neutron.services.segments.db [None req-29758a18-345b-471f-aed9-058d342d7ece admin admin] neutron.services.segments.plugin.Plugin method delete_segment called with arguments (, 'f9ee501e-d352-4c61-9cb3-14f18463702c') {'for_net_delete': True} {{(pid=110953) wrapper /usr/local/lib/python3.8/dist-packages/oslo_log/helpers.py:65}}
Jul 25 08:50:39.929794 dv-cinder-850858-1-iscsi neutron-server[110953]: DEBUG neutron.services.segments.db [None req-29758a18-345b-471f-aed9-058d342d7ece admin admin] neutron.services.segments.plugin.Plugin method get_segment called with arguments (, 'f9ee501e-d352-4c61-9cb3-14f18463702c') {} {{(pid=110953) wrapper /usr/local/lib/python3.8/dist-packages/oslo_log/helpers.py:65}}
Jul 25 08:50:39.936486 dv-cinder-850858-1-iscsi neutron-server[110952]: INFO neutron.wsgi [req-4db7bf52-c517-49a7-8534-a8823ba34303 req-7b086fd3-ac37-4660-9236-829c1b66cc34 tempest-AttachVolumeShelveTestJSON-1051749283 tempest-AttachVolumeShelveTestJSON-1051749283-project] 10.222.0.18 "GET /v2.0/ports?device_id=8dcb2664-19b0-4356-a5a9-5deec63c7709 HTTP/1.1" status: 200 len: 210 time: 0.0891304
Jul 25 08:50:39.959562 dv-cinder-850858-1-iscsi neutron-server[110952]: DEBUG neutron.api.v2.base [req-4943d128-697b-43ed-8ee8-1629b0cac49b req-7818e0d9-de41-4a6f-8567-d319d4dee267 tempest-ServerRescueNegativeTestJSON-1113817087 tempest-ServerRescueNegativeTestJSON-1113817087-project] Request body: {'port': {'device_id': '84f8908a-f51a-401e-ba68-de2dfc9ed7d3', 'network_id': 'f86b2743-7b28-4a83-bc9f-1b097491ce83', 'admin_state_up': True, 'tenant_id': '1d41250ae46e46cb9cecf36596625905'}} {{(pid=110952) prepare_request_body /opt/stack/neutron/neutron/api/v2/base.py:730}}
Jul 25 08:50:39.963711 dv-cinder-850858-1-iscsi neutron-server[110953]: DEBUG neutron_lib.callbacks.manager [None req-29758a18-345b-471f-aed9-058d342d7ece admin admin] Publish callbacks ['neutron.plugins.ml2.db._prevent_segment_delete_with_port_bound-8747516907304', 'neutron.services.segments.plugin.Plugin._prevent_segment_delete_with_subnet_associated-9458066'] for segment (f9ee501e-d352-4c61-9cb3-14f18463702c), before_delete {{(pid=110953) _notify_loop /usr/local/lib/python3.8/dist-packages/neutron_lib/callbacks/manager.py:176}}
Jul 25 08:50:39.967341 dv-cinder-850858-1-iscsi neutron-server[110953]: DEBUG neutron_lib.callbacks.manager [req-80aedacb-9e82-444e-8502-a53d6b9b6a3f req-11c2213e-a045-4a41-9106-605aae5f3b27 service neutron] Publish callbacks ['neutron.plugins.ml2.plugin.SecurityGroupDbMixin._ensure_default_security_group_handler-1038927'] for port (f568fec9-e551-4e03-a742-44c1ced81aa5), before_update {{(pid=110953) _notify_loop /usr/local/lib/python3.8/dist-packages/neutron_lib/callbacks/manager.py:176}}
Jul 25 08:50:40.023380 dv-cinder-850858-1-iscsi neutron-server[110953]: DEBUG neutron_lib.callbacks.manager [None req-29758a18-345b-471f-aed9-058d342d7ece admin admin] Publish callbacks ['neutron.plugins.ml2.plugin.Ml2Plugin._handle_segment_change-865060'] for segment (f9ee501e-d352-4c61-9cb3-14f18463702c), precommit_delete {{(pid=110953) _notify_loop /usr/local/lib/python3.8/dist-packages/neutron_lib/callbacks/manager.py:176}}
Jul 25 08:50:40.046370 dv-cinder-850858-1-iscsi neutron-server[110953]: DEBUG neutron.plugins.ml2.drivers.type_vlan [None req-29758a18-345b-471f-aed9-058d342d7ece admin admin] Releasing vlan 328 on physical network physnet1 to pool {{(pid=110953) release_segment /opt/stack/neutron/neutron/plugins/ml2/drivers/type_vlan.py:304}}
Jul 25 08:50:40.046775 dv-cinder-850858-1-iscsi neutron-server[110953]: DEBUG neutron_lib.callbacks.manager [None req-29758a18-345b-471f-aed9-058d342d7ece admin admin] Publish callbacks ['neutron.plugins.ml2.plugin.Ml2Plugin._handle_segment_change-865060', 'neutron.services.segments.plugin.NovaSegmentNotifier._notify_segment_deleted-9682667'] for segment (f9ee501e-d352-4c61-9cb3-14f18463702c), after_delete {{(pid=110953) _notify_loop /usr/local/lib/python3.8/dist-packages/neutron_lib/callbacks/manager.py:176}}
Jul 25 08:50:40.056564 dv-cinder-850858-1-iscsi neutron-server[110952]: DEBUG neutron.db.db_base_plugin_common [req-e0b46b43-5a80-4651-b8a4-3415464cc859 req-83bda904-65fc-4829-ae8d-903e8d394d38 tempest-ServerRescueNegativeTestJSON-1113817087 tempest-ServerRescueNegativeTestJSON-1113817087-project] Allocated IP 172.20.0.14 (f86b2743-7b28-4a83-bc9f-1b097491ce83/c655be98-1493-4cdf-b1c7-e3d6f9bbc940/2a79704d-fffb-4490-bd4b-169c2e1c38d1) {{(pid=110952) _store_ip_allocation /opt/stack/neutron/neutron/db/db_base_plugin_common.py:131}}
Jul 25 08:50:40.132474 dv-cinder-850858-1-iscsi neutron-server[110954]: DEBUG neutron_lib.callbacks.manager [None req-6e51b786-2940-4a49-a8b3-805a7731c7a0 None None] Publish callbacks ['neutron.services.segments.db._update_segment_host_mapping_for_agent-8747516907385', 'neutron.plugins.ml2.plugin.Ml2Plugin._retry_binding_revived_agents-864088'] for agent (ef27a303-7ab5-4aff-a46d-69e741a3dd0b), after_update {{(pid=110954) _notify_loop /usr/local/lib/python3.8/dist-packages/neutron_lib/callbacks/manager.py:176}}
Jul 25 08:50:40.140044 dv-cinder-850858-1-iscsi neutron-server[110953]: DEBUG dbcounter [-] [110953] Writing DB stats neutron:SELECT=86,neutron:INSERT=1,neutron:UPDATE=4,neutron:DELETE=9 {{(pid=110953) stat_writer /usr/local/lib/python3.8/dist-packages/dbcounter.py:114}}
Jul 25 08:50:40.169510 dv-cinder-850858-1-iscsi neutron-server[110952]: INFO neutron.wsgi [req-92df0d02-97a0-4cee-af74-865b6d03cafe req-1990a572-3a9c-44fd-92ba-b1474ccbb152 tempest-AttachVolumeShelveTestJSON-1051749283 tempest-AttachVolumeShelveTestJSON-1051749283-project] 10.222.0.59 "GET /v2.0/security-groups?fields=id&fields=name&tenant_id=734a3bd889ad4c3388428a2e4ac321f2 HTTP/1.1" status: 200 len: 380 time: 0.2210610
Jul 25 08:50:40.235789 dv-cinder-850858-1-iscsi neutron-server[110952]: DEBUG neutron.api.v2.base [req-92df0d02-97a0-4cee-af74-865b6d03cafe req-7851aea9-66e3-4ae6-8a56-9eaddbd4b903 tempest-AttachVolumeShelveTestJSON-1051749283 tempest-AttachVolumeShelveTestJSON-1051749283-project] Request body: {'port': {'device_id': '8dcb2664-19b0-4356-a5a9-5deec63c7709', 'network_id': '906bb483-5a07-4747-af2b-b6f56366228e', 'admin_state_up': True, 'tenant_id': '734a3bd889ad4c3388428a2e4ac321f2', 'security_groups': ['3c1d2ae8-d8b8-4a8f-8548-6fcffcd04473']}} {{(pid=110952) prepare_request_body /opt/stack/neutron/neutron/api/v2/base.py:730}}
Jul 25 08:50:40.313153 dv-cinder-850858-1-iscsi neutron-server[110953]: INFO neutron.wsgi [req-cbeab6fc-a6b7-48e0-b5c7-c5fa4295741d req-3607abc4-ec65-4822-95e1-e88e8015aec7 tempest-DeleteServersTestJSON-1141606316 tempest-DeleteServersTestJSON-1141606316-project] 10.222.0.18 "GET /v2.0/security-groups?id=2f415f4b-9556-4ed2-b2fc-d80274e65c13&fields=id&fields=name HTTP/1.1" status: 200 len: 286 time: 0.3979840
Jul 25 08:50:40.324136 dv-cinder-850858-1-iscsi neutron-server[110953]: DEBUG neutron.wsgi [-] (110953) accepted ('10.222.0.59', 60131) {{(pid=110953) server /usr/local/lib/python3.8/dist-packages/eventlet/wsgi.py:1004}}
Jul 25 08:50:40.469398 dv-cinder-850858-1-iscsi neutron-server[110952]: DEBUG neutron.pecan_wsgi.hooks.quota_enforcement [req-4943d128-697b-43ed-8ee8-1629b0cac49b req-7818e0d9-de41-4a6f-8567-d319d4dee267 tempest-ServerRescueNegativeTestJSON-1113817087 tempest-ServerRescueNegativeTestJSON-1113817087-project] Made reservation on behalf of 1d41250ae46e46cb9cecf36596625905 for: {'port': 1} {{(pid=110952) before /opt/stack/neutron/neutron/pecan_wsgi/hooks/quota_enforcement.py:53}}
Jul 25 08:50:40.475933 dv-cinder-850858-1-iscsi neutron-server[110952]: DEBUG neutron_lib.callbacks.manager [req-4943d128-697b-43ed-8ee8-1629b0cac49b req-7818e0d9-de41-4a6f-8567-d319d4dee267 tempest-ServerRescueNegativeTestJSON-1113817087 tempest-ServerRescueNegativeTestJSON-1113817087-project] Publish callbacks ['neutron.plugins.ml2.plugin.SecurityGroupDbMixin._ensure_default_security_group_handler-1038927'] for port (None), before_create {{(pid=110952) _notify_loop /usr/local/lib/python3.8/dist-packages/neutron_lib/callbacks/manager.py:176}}
Jul 25 08:50:40.505658 dv-cinder-850858-1-iscsi neutron-server[110953]: INFO neutron.services.segments.plugin [-] Segment f9ee501e-d352-4c61-9cb3-14f18463702c resource provider aggregate not found
Jul 25 08:50:40.531138 dv-cinder-850858-1-iscsi neutron-server[110953]: DEBUG neutron_lib.callbacks.manager [None req-29758a18-345b-471f-aed9-058d342d7ece admin admin] Publish callbacks ['neutron.plugins.ml2.plugin.Ml2Plugin._network_delete_after_delete_handler-861696', 'neutron.plugins.ml2.ovo_rpc._ObjectChangeHandler.handle_event-4053836', 'neutron.api.rpc.agentnotifiers.dhcp_rpc_agent_api.DhcpAgentNotifyAPI._native_event_send_dhcp_notification-3683008', 'neutron.services.l3_router.l3_router_plugin.DVRResourceOperationHandler.delete_fip_namespaces_for_ext_net-3694458'] for network (e2206655-4c95-4796-837d-d4a89efa4550), after_delete {{(pid=110953) _notify_loop /usr/local/lib/python3.8/dist-packages/neutron_lib/callbacks/manager.py:176}}
Jul 25 08:50:40.551054 dv-cinder-850858-1-iscsi neutron-server[110952]: DEBUG dbcounter [-] [110952] Writing DB stats neutron:SELECT=91,neutron:UPDATE=4,neutron:INSERT=5 {{(pid=110952) stat_writer /usr/local/lib/python3.8/dist-packages/dbcounter.py:114}}
Jul 25 08:50:40.561451 dv-cinder-850858-1-iscsi neutron-server[110953]: INFO neutron.services.segments.plugin [-] Segment f9ee501e-d352-4c61-9cb3-14f18463702c resource provider not found; error: Placement Client Error (4xx): {"errors": [{"status": 404, "title": "Not Found", "detail": "The resource could not be found.\n\n No resource provider with uuid f9ee501e-d352-4c61-9cb3-14f18463702c found for delete ", "request_id": "req-b9cd2c36-515f-4801-a876-0ac790ead0fa"}]}
Jul 25 08:50:40.576620 dv-cinder-850858-1-iscsi neutron-server[110953]: DEBUG neutron_lib.callbacks.manager [None req-29758a18-345b-471f-aed9-058d342d7ece admin admin] Publish callbacks ['neutron.api.rpc.agentnotifiers.dhcp_rpc_agent_api.DhcpAgentNotifyAPI._send_dhcp_notification-3683054'] for network (None), before_response {{(pid=110953) _notify_loop /usr/local/lib/python3.8/dist-packages/neutron_lib/callbacks/manager.py:176}}
Jul 25 08:50:40.583076 dv-cinder-850858-1-iscsi neutron-server[110952]: DEBUG neutron_lib.callbacks.manager [req-e0b46b43-5a80-4651-b8a4-3415464cc859 req-83bda904-65fc-4829-ae8d-903e8d394d38 tempest-ServerRescueNegativeTestJSON-1113817087 tempest-ServerRescueNegativeTestJSON-1113817087-project] Publish callbacks [] for port (2a79704d-fffb-4490-bd4b-169c2e1c38d1), precommit_create {{(pid=110952) _notify_loop /usr/local/lib/python3.8/dist-packages/neutron_lib/callbacks/manager.py:176}}
Jul 25 08:50:40.583259 dv-cinder-850858-1-iscsi neutron-server[110953]: INFO neutron.wsgi [None req-29758a18-345b-471f-aed9-058d342d7ece admin admin] 10.222.0.18 "DELETE /v2.0/networks/e2206655-4c95-4796-837d-d4a89efa4550 HTTP/1.1" status: 204 len: 168 time: 1.4058325
Jul 25 08:50:40.594696 dv-cinder-850858-1-iscsi neutron-server[110952]: DEBUG neutron.wsgi [-] (110952) accepted ('10.222.0.18', 60326) {{(pid=110952) server /usr/local/lib/python3.8/dist-packages/eventlet/wsgi.py:1004}}
Jul 25 08:50:40.628106 dv-cinder-850858-1-iscsi neutron-server[110953]: DEBUG dbcounter [-] [110953] Writing DB stats neutron:SELECT=94,neutron:DELETE=3,neutron:UPDATE=3 {{(pid=110953) stat_writer /usr/local/lib/python3.8/dist-packages/dbcounter.py:114}}
Jul 25 08:50:40.645982 dv-cinder-850858-1-iscsi neutron-server[110953]: DEBUG neutron.api.rpc.handlers.resources_rpc [None req-29758a18-345b-471f-aed9-058d342d7ece admin admin] Pushing event deleted for resources: {'Network': ['ID=e2206655-4c95-4796-837d-d4a89efa4550,revision_number=None']} {{(pid=110953) push /opt/stack/neutron/neutron/api/rpc/handlers/resources_rpc.py:237}}
Jul 25 08:50:40.740881 dv-cinder-850858-1-iscsi neutron-server[110953]: DEBUG neutron.pecan_wsgi.hooks.policy_enforcement [req-7e8738b6-3ed7-47ec-b353-9a6309c4da7e req-3f9dac6b-451c-41d3-bb8c-735ab7a47f35 tempest-AttachVolumeTestJSON-1745036676 tempest-AttachVolumeTestJSON-1745036676-project] Attributes excluded by policy engine: ['standard_attr_id', 'vlan_transparent', 'provider:network_type', 'provider:physical_network', 'provider:segmentation_id'] {{(pid=110953) _exclude_attributes_by_policy /opt/stack/neutron/neutron/pecan_wsgi/hooks/policy_enforcement.py:259}}
Jul 25 08:50:40.740881 dv-cinder-850858-1-iscsi neutron-server[110953]: INFO neutron.wsgi [req-7e8738b6-3ed7-47ec-b353-9a6309c4da7e req-3f9dac6b-451c-41d3-bb8c-735ab7a47f35 tempest-AttachVolumeTestJSON-1745036676 tempest-AttachVolumeTestJSON-1745036676-project] 10.222.0.59 "GET /v2.0/networks?id=966040a4-ba61-4ad6-8d85-e21fd5119859 HTTP/1.1" status: 200 len: 810 time: 0.3903491
Jul 25 08:50:40.766150 dv-cinder-850858-1-iscsi neutron-server[110952]: INFO neutron.wsgi [req-a3ae8e79-ca99-4d0c-b16b-899d4fba4fa5 req-1876ba3b-95e7-4369-bc59-ca9cf51830cd tempest-ServerRescueNegativeTestJSON-1113817087 tempest-ServerRescueNegativeTestJSON-1113817087-project] 10.222.0.18 "GET /v2.0/ports?device_id=84f8908a-f51a-401e-ba68-de2dfc9ed7d3 HTTP/1.1" status: 200 len: 210 time: 0.1167529
Jul 25 08:50:40.872668 dv-cinder-850858-1-iscsi neutron-server[110952]: DEBUG neutron.db.db_base_plugin_v2 [None req-ad1175ba-44f5-4b8a-9a2d-8b96915e5b4c admin admin] Deleting subnet ea99c86d-cc5f-41b3-8946-d7175f6052d0 {{(pid=110952) delete_subnet /opt/stack/neutron/neutron/db/db_base_plugin_v2.py:1067}}
Jul 25 08:50:40.876583 dv-cinder-850858-1-iscsi neutron-server[110952]: DEBUG neutron_lib.callbacks.manager [None req-ad1175ba-44f5-4b8a-9a2d-8b96915e5b4c admin admin] Publish callbacks [] for subnet (ea99c86d-cc5f-41b3-8946-d7175f6052d0), before_delete {{(pid=110952) _notify_loop /usr/local/lib/python3.8/dist-packages/neutron_lib/callbacks/manager.py:176}}
Jul 25 08:50:40.962831 dv-cinder-850858-1-iscsi neutron-server[110953]: INFO neutron.wsgi [req-82e680f3-1de6-4985-83bc-954b16629c0b req-5ae5d078-643c-49ff-8cf3-96fd2068528f tempest-AttachVolumeTestJSON-1745036676 tempest-AttachVolumeTestJSON-1745036676-project] 10.222.0.18 "GET /v2.0/ports?device_id=0c958b41-776b-4da6-88dd-52130082f351 HTTP/1.1" status: 200 len: 210 time: 0.0499141
Jul 25 08:50:40.988577 dv-cinder-850858-1-iscsi neutron-server[110953]: INFO neutron.wsgi [req-7e8738b6-3ed7-47ec-b353-9a6309c4da7e req-e361ca86-3d1f-43ba-91ae-0b56c5ec7e6f tempest-AttachVolumeTestJSON-1745036676 tempest-AttachVolumeTestJSON-1745036676-project] 10.222.0.59 "GET /v2.0/security-groups?fields=id&fields=name&tenant_id=6c602df7be1e424189aecfb781248815 HTTP/1.1" status: 200 len: 380 time: 0.2100797
Jul 25 08:50:41.012301 dv-cinder-850858-1-iscsi neutron-server[110952]: DEBUG neutron.pecan_wsgi.hooks.quota_enforcement [req-92df0d02-97a0-4cee-af74-865b6d03cafe req-7851aea9-66e3-4ae6-8a56-9eaddbd4b903 tempest-AttachVolumeShelveTestJSON-1051749283 tempest-AttachVolumeShelveTestJSON-1051749283-project] Made reservation on behalf of 734a3bd889ad4c3388428a2e4ac321f2 for: {'port': 1} {{(pid=110952) before /opt/stack/neutron/neutron/pecan_wsgi/hooks/quota_enforcement.py:53}}
Jul 25 08:50:41.012301 dv-cinder-850858-1-iscsi neutron-server[110952]: DEBUG neutron_lib.callbacks.manager [req-92df0d02-97a0-4cee-af74-865b6d03cafe req-7851aea9-66e3-4ae6-8a56-9eaddbd4b903 tempest-AttachVolumeShelveTestJSON-1051749283 tempest-AttachVolumeShelveTestJSON-1051749283-project] Publish callbacks ['neutron.plugins.ml2.plugin.SecurityGroupDbMixin._ensure_default_security_group_handler-1038927'] for port (None), before_create {{(pid=110952) _notify_loop /usr/local/lib/python3.8/dist-packages/neutron_lib/callbacks/manager.py:176}}
Jul 25 08:50:41.015942 dv-cinder-850858-1-iscsi neutron-server[110952]: DEBUG neutron_lib.callbacks.manager [None req-ad1175ba-44f5-4b8a-9a2d-8b96915e5b4c admin admin] Publish callbacks [] for subnet (ea99c86d-cc5f-41b3-8946-d7175f6052d0), precommit_delete_associations {{(pid=110952) _notify_loop /usr/local/lib/python3.8/dist-packages/neutron_lib/callbacks/manager.py:176}}
Jul 25 08:50:41.039521 dv-cinder-850858-1-iscsi neutron-server[110952]: DEBUG neutron_lib.callbacks.manager [None req-ad1175ba-44f5-4b8a-9a2d-8b96915e5b4c admin admin] Publish callbacks ['neutron.plugins.ml2.plugin.Ml2Plugin._subnet_delete_precommit_handler-860203'] for subnet (ea99c86d-cc5f-41b3-8946-d7175f6052d0), precommit_delete {{(pid=110952) _notify_loop /usr/local/lib/python3.8/dist-packages/neutron_lib/callbacks/manager.py:176}}
Jul 25 08:50:41.048108 dv-cinder-850858-1-iscsi neutron-server[110953]: DEBUG neutron.api.v2.base [req-7e8738b6-3ed7-47ec-b353-9a6309c4da7e req-f459ade3-8379-4e8b-ac78-5af80d08da83 tempest-AttachVolumeTestJSON-1745036676 tempest-AttachVolumeTestJSON-1745036676-project] Request body: {'port': {'device_id': '0c958b41-776b-4da6-88dd-52130082f351', 'network_id': '966040a4-ba61-4ad6-8d85-e21fd5119859', 'admin_state_up': True, 'tenant_id': '6c602df7be1e424189aecfb781248815', 'security_groups': ['127a8e2b-f08b-42e2-b5d4-d4886b6b05dc']}} {{(pid=110953) prepare_request_body /opt/stack/neutron/neutron/api/v2/base.py:730}}
Jul 25 08:50:41.064361 dv-cinder-850858-1-iscsi neutron-server[110952]: DEBUG dbcounter [-] [110952] Writing DB stats neutron:SELECT=92,neutron:INSERT=6,neutron:UPDATE=2 {{(pid=110952) stat_writer /usr/local/lib/python3.8/dist-packages/dbcounter.py:114}}
Jul 25 08:50:41.074871 dv-cinder-850858-1-iscsi neutron-server[110952]: DEBUG neutron_lib.callbacks.manager [req-e0b46b43-5a80-4651-b8a4-3415464cc859 req-83bda904-65fc-4829-ae8d-903e8d394d38 tempest-ServerRescueNegativeTestJSON-1113817087 tempest-ServerRescueNegativeTestJSON-1113817087-project] Publish callbacks ['neutron.plugins.ml2.plugin.SecurityGroupServerNotifierRpcMixin._notify_sg_on_port_change-1038848', 'neutron.plugins.ml2.ovo_rpc._ObjectChangeHandler.handle_event-83610', 'neutron.api.rpc.agentnotifiers.dhcp_rpc_agent_api.DhcpAgentNotifyAPI._native_event_send_dhcp_notification-3683008', 'neutron.db.l3_dvrscheduler_db._notify_l3_agent_new_port-8747516421367'] for port (2a79704d-fffb-4490-bd4b-169c2e1c38d1), after_create {{(pid=110952) _notify_loop /usr/local/lib/python3.8/dist-packages/neutron_lib/callbacks/manager.py:176}}
Jul 25 08:50:41.158877 dv-cinder-850858-1-iscsi neutron-server[110953]: DEBUG neutron.notifiers.nova [req-80aedacb-9e82-444e-8502-a53d6b9b6a3f req-11c2213e-a045-4a41-9106-605aae5f3b27 service neutron] Ignoring state change previous_port_status: DOWN current_port_status: DOWN port_id f568fec9-e551-4e03-a742-44c1ced81aa5 {{(pid=110953) record_port_status_changed /opt/stack/neutron/neutron/notifiers/nova.py:233}}
Jul 25 08:50:41.205514 dv-cinder-850858-1-iscsi neutron-server[110953]: DEBUG neutron_lib.callbacks.manager [req-80aedacb-9e82-444e-8502-a53d6b9b6a3f req-11c2213e-a045-4a41-9106-605aae5f3b27 service neutron] Publish callbacks [] for port (f568fec9-e551-4e03-a742-44c1ced81aa5), precommit_update {{(pid=110953) _notify_loop /usr/local/lib/python3.8/dist-packages/neutron_lib/callbacks/manager.py:176}}
Jul 25 08:50:41.249657 dv-cinder-850858-1-iscsi neutron-server[110953]: DEBUG neutron.db.provisioning_blocks [req-80aedacb-9e82-444e-8502-a53d6b9b6a3f req-11c2213e-a045-4a41-9106-605aae5f3b27 service neutron] Transition to ACTIVE for port object f568fec9-e551-4e03-a742-44c1ced81aa5 will not be triggered until provisioned by entity L2. {{(pid=110953) add_provisioning_component /opt/stack/neutron/neutron/db/provisioning_blocks.py:75}}
Jul 25 08:50:41.383053 dv-cinder-850858-1-iscsi neutron-server[110953]: DEBUG neutron_lib.callbacks.manager [req-80aedacb-9e82-444e-8502-a53d6b9b6a3f req-11c2213e-a045-4a41-9106-605aae5f3b27 service neutron] Publish callbacks ['neutron.plugins.ml2.plugin.SecurityGroupServerNotifierRpcMixin._notify_sg_on_port_change-1038848', 'neutron.plugins.ml2.ovo_rpc._ObjectChangeHandler.handle_event-83610', 'neutron.api.rpc.agentnotifiers.dhcp_rpc_agent_api.DhcpAgentNotifyAPI._native_event_send_dhcp_notification-3683008', 'neutron.db.l3_db.L3RpcNotifierMixin._notify_gateway_port_ip_changed-8747516964190', 'neutron.db.l3_dvrscheduler_db._notify_l3_agent_port_update-8747516423693', 'neutron.db.l3_hascheduler_db._notify_l3_agent_ha_port_update-8747516423711', 'neutron.services.segments.plugin.NovaSegmentNotifier._notify_port_updated-9682447'] for port (f568fec9-e551-4e03-a742-44c1ced81aa5), after_update {{(pid=110953) _notify_loop /usr/local/lib/python3.8/dist-packages/neutron_lib/callbacks/manager.py:176}}
Jul 25 08:50:41.446392 dv-cinder-850858-1-iscsi neutron-server[110952]: INFO neutron.wsgi [req-2767e1c5-f5d4-481b-beb3-1504da13c1a9 req-5cea3dd1-79b0-4995-8382-dbc7495afe4c tempest-AttachVolumeShelveTestJSON-1051749283 tempest-AttachVolumeShelveTestJSON-1051749283-project] 10.222.0.18 "GET /v2.0/ports?device_id=8dcb2664-19b0-4356-a5a9-5deec63c7709 HTTP/1.1" status: 200 len: 210 time: 0.2230778
Jul 25 08:50:41.478516 dv-cinder-850858-1-iscsi neutron-server[110953]: DEBUG neutron.pecan_wsgi.hooks.quota_enforcement [req-7e8738b6-3ed7-47ec-b353-9a6309c4da7e req-f459ade3-8379-4e8b-ac78-5af80d08da83 tempest-AttachVolumeTestJSON-1745036676 tempest-AttachVolumeTestJSON-1745036676-project] Made reservation on behalf of 6c602df7be1e424189aecfb781248815 for: {'port': 1} {{(pid=110953) before /opt/stack/neutron/neutron/pecan_wsgi/hooks/quota_enforcement.py:53}}
Jul 25 08:50:41.482120 dv-cinder-850858-1-iscsi neutron-server[110953]: DEBUG neutron_lib.callbacks.manager [req-7e8738b6-3ed7-47ec-b353-9a6309c4da7e req-f459ade3-8379-4e8b-ac78-5af80d08da83 tempest-AttachVolumeTestJSON-1745036676 tempest-AttachVolumeTestJSON-1745036676-project] Publish callbacks ['neutron.plugins.ml2.plugin.SecurityGroupDbMixin._ensure_default_security_group_handler-1038927'] for port (None), before_create {{(pid=110953) _notify_loop /usr/local/lib/python3.8/dist-packages/neutron_lib/callbacks/manager.py:176}}
Jul 25 08:50:41.493022 dv-cinder-850858-1-iscsi neutron-server[110953]: DEBUG dbcounter [-] [110953] Writing DB stats neutron:SELECT=95,neutron:UPDATE=2,neutron:INSERT=3 {{(pid=110953) stat_writer /usr/local/lib/python3.8/dist-packages/dbcounter.py:114}}
Jul 25 08:50:41.518363 dv-cinder-850858-1-iscsi neutron-server[110953]: DEBUG neutron.api.rpc.handlers.resources_rpc [None req-11c2213e-a045-4a41-9106-605aae5f3b27 service neutron] Pushing event updated for resources: {'Port': ['ID=f568fec9-e551-4e03-a742-44c1ced81aa5,revision_number=2']} {{(pid=110953) push /opt/stack/neutron/neutron/api/rpc/handlers/resources_rpc.py:237}}
Jul 25 08:50:41.626177 dv-cinder-850858-1-iscsi neutron-server[110953]: DEBUG neutron.pecan_wsgi.hooks.policy_enforcement [req-eef12691-5416-412d-8a1a-d25d5fc74cad req-6164b5e4-762b-4c0d-b2a7-8e440dbbc285 tempest-DeleteServersTestJSON-1141606316 tempest-DeleteServersTestJSON-1141606316-project] Attributes excluded by policy engine: ['standard_attr_id', 'binding:profile', 'binding:host_id', 'binding:vif_type', 'binding:vif_details'] {{(pid=110953) _exclude_attributes_by_policy /opt/stack/neutron/neutron/pecan_wsgi/hooks/policy_enforcement.py:259}}
Jul 25 08:50:41.634033 dv-cinder-850858-1-iscsi neutron-server[110953]: INFO neutron.wsgi [req-eef12691-5416-412d-8a1a-d25d5fc74cad req-6164b5e4-762b-4c0d-b2a7-8e440dbbc285 tempest-DeleteServersTestJSON-1141606316 tempest-DeleteServersTestJSON-1141606316-project] 10.222.0.18 "GET /v2.0/ports?device_id=bdfe40e3-82a7-485f-a569-b4eb17d345eb HTTP/1.1" status: 200 len: 944 time: 0.2153151
Jul 25 08:50:41.894019 dv-cinder-850858-1-iscsi neutron-server[110952]: DEBUG neutron.scheduler.dhcp_agent_scheduler [req-e0b46b43-5a80-4651-b8a4-3415464cc859 req-83bda904-65fc-4829-ae8d-903e8d394d38 tempest-ServerRescueNegativeTestJSON-1113817087 tempest-ServerRescueNegativeTestJSON-1113817087-project] Network f86b2743-7b28-4a83-bc9f-1b097491ce83 is already hosted by enough agents. {{(pid=110952) _get_dhcp_agents_hosting_network /opt/stack/neutron/neutron/scheduler/dhcp_agent_scheduler.py:275}}
Jul 25 08:50:41.905403 dv-cinder-850858-1-iscsi neutron-server[110953]: INFO neutron.wsgi [req-eef12691-5416-412d-8a1a-d25d5fc74cad req-dafe98eb-93f5-4269-be4e-5cad4ceccab3 tempest-DeleteServersTestJSON-1141606316 tempest-DeleteServersTestJSON-1141606316-project] 10.222.0.18 "GET /v2.0/security-groups?id=2f415f4b-9556-4ed2-b2fc-d80274e65c13&fields=id&fields=name HTTP/1.1" status: 200 len: 286 time: 0.2703683
Jul 25 08:50:41.958285 dv-cinder-850858-1-iscsi neutron-server[110953]: DEBUG neutron.plugins.ml2.managers [req-80aedacb-9e82-444e-8502-a53d6b9b6a3f req-11c2213e-a045-4a41-9106-605aae5f3b27 service neutron] Attempting to bind port f568fec9-e551-4e03-a742-44c1ced81aa5 on host hv-cinder-85085 for vnic_type normal with profile {{(pid=110953) bind_port /opt/stack/neutron/neutron/plugins/ml2/managers.py:810}}
Jul 25 08:50:41.958901 dv-cinder-850858-1-iscsi neutron-server[110953]: DEBUG neutron.plugins.ml2.managers [req-80aedacb-9e82-444e-8502-a53d6b9b6a3f req-11c2213e-a045-4a41-9106-605aae5f3b27 service neutron] Attempting to bind port f568fec9-e551-4e03-a742-44c1ced81aa5 by drivers openvswitch,hyperv on host hv-cinder-85085 at level 0 using segments [{'id': '90256f26-2b5a-4f21-a732-cd10129a3615', 'network_type': 'vlan', 'physical_network': 'physnet1', 'segmentation_id': 315, 'network_id': 'fedce18a-1964-44d3-aeb9-bda14bacfd17'}] {{(pid=110953) _bind_port_level /opt/stack/neutron/neutron/plugins/ml2/managers.py:835}}
Jul 25 08:50:41.959583 dv-cinder-850858-1-iscsi neutron-server[110953]: DEBUG neutron.plugins.ml2.drivers.mech_agent [req-80aedacb-9e82-444e-8502-a53d6b9b6a3f req-11c2213e-a045-4a41-9106-605aae5f3b27 service neutron] Attempting to bind port f568fec9-e551-4e03-a742-44c1ced81aa5 on network fedce18a-1964-44d3-aeb9-bda14bacfd17 {{(pid=110953) bind_port /opt/stack/neutron/neutron/plugins/ml2/drivers/mech_agent.py:91}}
Jul 25 08:50:41.977266 dv-cinder-850858-1-iscsi neutron-server[110952]: DEBUG neutron.db.db_base_plugin_common [req-92df0d02-97a0-4cee-af74-865b6d03cafe req-7851aea9-66e3-4ae6-8a56-9eaddbd4b903 tempest-AttachVolumeShelveTestJSON-1051749283 tempest-AttachVolumeShelveTestJSON-1051749283-project] Allocated IP 172.20.0.10 (906bb483-5a07-4747-af2b-b6f56366228e/0f498fa1-171d-4225-8bce-45e4ff21146b/ef758476-7e0a-49d7-adb8-99614ed6dcf6) {{(pid=110952) _store_ip_allocation /opt/stack/neutron/neutron/db/db_base_plugin_common.py:131}}
Jul 25 08:50:42.003245 dv-cinder-850858-1-iscsi neutron-server[110953]: DEBUG neutron.plugins.ml2.drivers.mech_agent [req-80aedacb-9e82-444e-8502-a53d6b9b6a3f req-11c2213e-a045-4a41-9106-605aae5f3b27 service neutron] Port f568fec9-e551-4e03-a742-44c1ced81aa5 on network fedce18a-1964-44d3-aeb9-bda14bacfd17 not bound, no agent of type Open vSwitch agent registered on host hv-cinder-85085 {{(pid=110953) bind_port /opt/stack/neutron/neutron/plugins/ml2/drivers/mech_agent.py:103}}
Jul 25 08:50:42.003949 dv-cinder-850858-1-iscsi neutron-server[110953]: DEBUG neutron.plugins.ml2.drivers.mech_agent [req-80aedacb-9e82-444e-8502-a53d6b9b6a3f req-11c2213e-a045-4a41-9106-605aae5f3b27 service neutron] Attempting to bind port f568fec9-e551-4e03-a742-44c1ced81aa5 on network fedce18a-1964-44d3-aeb9-bda14bacfd17 {{(pid=110953) bind_port /opt/stack/neutron/neutron/plugins/ml2/drivers/mech_agent.py:91}}
Jul 25 08:50:42.023779 dv-cinder-850858-1-iscsi neutron-server[110952]: DEBUG neutron.scheduler.base_scheduler [req-e0b46b43-5a80-4651-b8a4-3415464cc859 req-83bda904-65fc-4829-ae8d-903e8d394d38 tempest-ServerRescueNegativeTestJSON-1113817087 tempest-ServerRescueNegativeTestJSON-1113817087-project] Resources bound (agent type, host, resource id): {{(pid=110952) schedule /opt/stack/neutron/neutron/scheduler/base_scheduler.py:57}}
Jul 25 08:50:42.025683 dv-cinder-850858-1-iscsi neutron-server[110952]: DEBUG neutron.db.l3_dvrscheduler_db [req-e0b46b43-5a80-4651-b8a4-3415464cc859 req-83bda904-65fc-4829-ae8d-903e8d394d38 tempest-ServerRescueNegativeTestJSON-1113817087 tempest-ServerRescueNegativeTestJSON-1113817087-project] Received port after_create {{(pid=110952) _notify_l3_agent_new_port /opt/stack/neutron/neutron/db/l3_dvrscheduler_db.py:542}}
Jul 25 08:50:42.037854 dv-cinder-850858-1-iscsi neutron-server[110952]: DEBUG neutron.pecan_wsgi.hooks.policy_enforcement [req-e0b46b43-5a80-4651-b8a4-3415464cc859 req-83bda904-65fc-4829-ae8d-903e8d394d38 tempest-ServerRescueNegativeTestJSON-1113817087 tempest-ServerRescueNegativeTestJSON-1113817087-project] Attributes excluded by policy engine: ['standard_attr_id', 'binding:profile', 'binding:host_id', 'binding:vif_type', 'binding:vif_details', 'network'] {{(pid=110952) _exclude_attributes_by_policy /opt/stack/neutron/neutron/pecan_wsgi/hooks/policy_enforcement.py:259}}
Jul 25 08:50:42.038855 dv-cinder-850858-1-iscsi neutron-server[110952]: DEBUG neutron_lib.callbacks.manager [req-e0b46b43-5a80-4651-b8a4-3415464cc859 req-83bda904-65fc-4829-ae8d-903e8d394d38 tempest-ServerRescueNegativeTestJSON-1113817087 tempest-ServerRescueNegativeTestJSON-1113817087-project] Publish callbacks ['neutron.notifiers.nova.Notifier._send_nova_notification-24832', 'neutron.api.rpc.agentnotifiers.dhcp_rpc_agent_api.DhcpAgentNotifyAPI._send_dhcp_notification-3683054'] for port (None), before_response {{(pid=110952) _notify_loop /usr/local/lib/python3.8/dist-packages/neutron_lib/callbacks/manager.py:176}}
Jul 25 08:50:42.044945 dv-cinder-850858-1-iscsi neutron-server[110953]: DEBUG neutron.plugins.ml2.drivers.mech_agent [req-80aedacb-9e82-444e-8502-a53d6b9b6a3f req-11c2213e-a045-4a41-9106-605aae5f3b27 service neutron] Checking agent: {'id': '395b1f07-7d88-424c-8894-09604b8a7f1c', 'agent_type': 'HyperV agent', 'binary': 'neutron-hyperv-agent', 'topic': 'N/A', 'host': 'hv-cinder-85085', 'admin_state_up': True, 'created_at': datetime.datetime(2022, 7, 25, 8, 48, 13), 'started_at': datetime.datetime(2022, 7, 25, 8, 48, 13), 'heartbeat_timestamp': datetime.datetime(2022, 7, 25, 8, 50, 13), 'description': None, 'resources_synced': None, 'availability_zone': None, 'alive': True, 'configurations': {'vswitch_mappings': {'physnet1$': 'br-data'}}, 'resource_versions': {}} {{(pid=110953) bind_port /opt/stack/neutron/neutron/plugins/ml2/drivers/mech_agent.py:110}}
