Jul 25 08:31:59.560425 dv-cinder-850858-1-iscsi devstack@keystone.service[86941]: DEBUG keystone.common.rbac_enforcer.enforcer [None req-eea878f3-f623-40d1-a370-8b5360d64ab0 None admin] RBAC: Authorizing `identity:list_role_assignments()` {{(pid=86941) enforce_call /opt/stack/keystone/keystone/common/rbac_enforcer/enforcer.py:449}}
Jul 25 08:31:59.562172 dv-cinder-850858-1-iscsi devstack@keystone.service[86941]: DEBUG keystone.common.rbac_enforcer.enforcer [None req-eea878f3-f623-40d1-a370-8b5360d64ab0 None admin] RBAC: Authorization granted {{(pid=86941) enforce_call /opt/stack/keystone/keystone/common/rbac_enforcer/enforcer.py:457}}
Jul 25 08:31:59.578624 dv-cinder-850858-1-iscsi devstack@keystone.service[86941]: [pid: 86941|app: 0|req: 189/366] 10.222.0.18 () {56 vars in 1308 bytes} [Mon Jul 25 08:31:59 2022] GET /identity/v3/role_assignments?user.id=85615772b3b84f219812bcf366b4a646&scope.system=all&role.id=0263e334bab74e7cb5d062a03089b3f7 => generated 510 bytes in 220 msecs (HTTP/1.1 200) 5 headers in 177 bytes (1 switches on core 0)
Jul 25 08:31:59.584179 dv-cinder-850858-1-iscsi devstack@keystone.service[86941]: DEBUG keystone.server.flask.request_processing.middleware.auth_context [None req-eea878f3-f623-40d1-a370-8b5360d64ab0 None admin] Authenticating user token {{(pid=86941) process_request /usr/local/lib/python3.8/dist-packages/keystonemiddleware/auth_token/__init__.py:407}}
Jul 25 08:31:59.591398 dv-cinder-850858-1-iscsi devstack@keystone.service[86942]: DEBUG keystone.server.flask.request_processing.middleware.auth_context [None req-a7a20f8d-5b78-479b-8af5-68e86cfb508f None admin] Validating token access rules against request {{(pid=86942) validate_allowed_request /usr/local/lib/python3.8/dist-packages/keystonemiddleware/auth_token/__init__.py:545}}
Jul 25 08:31:59.665034 dv-cinder-850858-1-iscsi devstack@keystone.service[86942]: DEBUG keystone.server.flask.request_processing.middleware.auth_context [None req-fdd2740f-fce9-4d53-a853-0c26afcfcb1a None admin] RBAC: auth_context: {'token': , 'domain_id': None, 'trust_id': None, 'trustor_id': None, 'trustee_id': None, 'domain_name': None, 'group_ids': [], 'user_id': 'd3e81ab686314e4bafebf32342e3e7a2', 'user_domain_id': 'default', 'system_scope': 'all', 'project_id': None, 'project_domain_id': None, 'roles': ['admin', 'member', 'reader'], 'is_admin_project': True, 'service_user_id': None, 'service_user_domain_id': None, 'service_project_id': None, 'service_project_domain_id': None, 'service_roles': []} {{(pid=86942) fill_context /opt/stack/keystone/keystone/server/flask/request_processing/middleware/auth_context.py:478}}
Jul 25 08:31:59.665927 dv-cinder-850858-1-iscsi devstack@keystone.service[86942]: DEBUG keystone.server.flask.request_processing.req_logging [None req-fdd2740f-fce9-4d53-a853-0c26afcfcb1a None admin] REQUEST_METHOD: `GET` {{(pid=86942) log_request_info /opt/stack/keystone/keystone/server/flask/request_processing/req_logging.py:27}}
Jul 25 08:31:59.666213 dv-cinder-850858-1-iscsi devstack@keystone.service[86942]: DEBUG keystone.server.flask.request_processing.req_logging [None req-fdd2740f-fce9-4d53-a853-0c26afcfcb1a None admin] SCRIPT_NAME: `/identity` {{(pid=86942) log_request_info /opt/stack/keystone/keystone/server/flask/request_processing/req_logging.py:28}}
Jul 25 08:31:59.666491 dv-cinder-850858-1-iscsi devstack@keystone.service[86942]: DEBUG keystone.server.flask.request_processing.req_logging [None req-fdd2740f-fce9-4d53-a853-0c26afcfcb1a None admin] PATH_INFO: `/v3/roles/admin` {{(pid=86942) log_request_info /opt/stack/keystone/keystone/server/flask/request_processing/req_logging.py:29}}
Jul 25 08:31:59.682740 dv-cinder-850858-1-iscsi devstack@keystone.service[86941]: DEBUG dbcounter [-] [86941] Writing DB stats keystone:SELECT=100 {{(pid=86941) stat_writer /usr/local/lib/python3.8/dist-packages/dbcounter.py:114}}
Jul 25 08:31:59.687720 dv-cinder-850858-1-iscsi devstack@keystone.service[86942]: DEBUG keystone.common.rbac_enforcer.enforcer [None req-fdd2740f-fce9-4d53-a853-0c26afcfcb1a None admin] Extracting inferred target data resulted in "NOT FOUND (404)". {{(pid=86942) enforce_call /opt/stack/keystone/keystone/common/rbac_enforcer/enforcer.py:409}}
Jul 25 08:31:59.697654 dv-cinder-850858-1-iscsi devstack@keystone.service[86942]: ERROR keystone.server.flask.application [None req-fdd2740f-fce9-4d53-a853-0c26afcfcb1a None admin] Could not find role: admin.: keystone.exception.RoleNotFound: Could not find role: admin.
Jul 25 08:31:59.697654 dv-cinder-850858-1-iscsi devstack@keystone.service[86942]: ERROR keystone.server.flask.application
Traceback (most recent call last):
Jul 25 08:31:59.697654 dv-cinder-850858-1-iscsi devstack@keystone.service[86942]: ERROR keystone.server.flask.application
File "/usr/local/lib/python3.8/dist-packages/flask/app.py", line 1517, in full_dispatch_request
Jul 25 08:31:59.697654 dv-cinder-850858-1-iscsi devstack@keystone.service[86942]: ERROR keystone.server.flask.application rv = self.dispatch_request()
Jul 25 08:31:59.697654 dv-cinder-850858-1-iscsi devstack@keystone.service[86942]: ERROR keystone.server.flask.application
File "/usr/local/lib/python3.8/dist-packages/flask/app.py", line 1503, in dispatch_request
Jul 25 08:31:59.697654 dv-cinder-850858-1-iscsi devstack@keystone.service[86942]: ERROR keystone.server.flask.application return self.ensure_sync(self.view_functions[rule.endpoint])(**req.view_args)
Jul 25 08:31:59.697654 dv-cinder-850858-1-iscsi devstack@keystone.service[86942]: ERROR keystone.server.flask.application
File "/usr/local/lib/python3.8/dist-packages/flask_restful/__init__.py", line 467, in wrapper
Jul 25 08:31:59.697654 dv-cinder-850858-1-iscsi devstack@keystone.service[86942]: ERROR keystone.server.flask.application resp = resource(*args, **kwargs)
Jul 25 08:31:59.697654 dv-cinder-850858-1-iscsi devstack@keystone.service[86942]: ERROR keystone.server.flask.application
File "/usr/local/lib/python3.8/dist-packages/flask/views.py", line 84, in view
Jul 25 08:31:59.697654 dv-cinder-850858-1-iscsi devstack@keystone.service[86942]: ERROR keystone.server.flask.application return current_app.ensure_sync(self.dispatch_request)(*args, **kwargs)
Jul 25 08:31:59.697654 dv-cinder-850858-1-iscsi devstack@keystone.service[86942]: ERROR keystone.server.flask.application
File "/usr/local/lib/python3.8/dist-packages/flask_restful/__init__.py", line 582, in dispatch_request
Jul 25 08:31:59.697654 dv-cinder-850858-1-iscsi devstack@keystone.service[86942]: ERROR keystone.server.flask.application resp = meth(*args, **kwargs)
Jul 25 08:31:59.697654 dv-cinder-850858-1-iscsi devstack@keystone.service[86942]: ERROR keystone.server.flask.application
File "/opt/stack/keystone/keystone/api/roles.py", line 50, in get
Jul 25 08:31:59.697654 dv-cinder-850858-1-iscsi devstack@keystone.service[86942]: ERROR keystone.server.flask.application return self._get_role(role_id)
Jul 25 08:31:59.697654 dv-cinder-850858-1-iscsi devstack@keystone.service[86942]: ERROR keystone.server.flask.application
File "/opt/stack/keystone/keystone/api/roles.py", line 70, in _get_role
Jul 25 08:31:59.697654 dv-cinder-850858-1-iscsi devstack@keystone.service[86942]: ERROR keystone.server.flask.application ENFORCER.enforce_call(action='identity:get_role')
Jul 25 08:31:59.698608 dv-cinder-850858-1-iscsi devstack@keystone.service[86942]: ERROR keystone.server.flask.application
File "/opt/stack/keystone/keystone/common/rbac_enforcer/enforcer.py", line 402, in enforce_call
Jul 25 08:31:59.698608 dv-cinder-850858-1-iscsi devstack@keystone.service[86942]: ERROR keystone.server.flask.application policy_dict.update(cls._extract_member_target_data(
Jul 25 08:31:59.698608 dv-cinder-850858-1-iscsi devstack@keystone.service[86942]: ERROR keystone.server.flask.application
File "/opt/stack/keystone/keystone/common/rbac_enforcer/enforcer.py", line 234, in _extract_member_target_data
Jul 25 08:31:59.698608 dv-cinder-850858-1-iscsi devstack@keystone.service[86942]: ERROR keystone.server.flask.application member_name: func(flask.request.view_args[key])
Jul 25 08:31:59.698608 dv-cinder-850858-1-iscsi devstack@keystone.service[86942]: ERROR keystone.server.flask.application
File "/opt/stack/keystone/keystone/common/manager.py", line 115, in wrapped
Jul 25 08:31:59.698608 dv-cinder-850858-1-iscsi devstack@keystone.service[86942]: ERROR keystone.server.flask.application __ret_val = __f(*args, **kwargs)
Jul 25 08:31:59.698608 dv-cinder-850858-1-iscsi devstack@keystone.service[86942]: ERROR keystone.server.flask.application
File "/usr/local/lib/python3.8/dist-packages/decorator.py", line 232, in fun
Jul 25 08:31:59.698608 dv-cinder-850858-1-iscsi devstack@keystone.service[86942]: ERROR keystone.server.flask.application return caller(func, *(extras + args), **kw)
Jul 25 08:31:59.698608 dv-cinder-850858-1-iscsi devstack@keystone.service[86942]: ERROR keystone.server.flask.application
File "/usr/local/lib/python3.8/dist-packages/dogpile/cache/region.py", line 1577, in get_or_create_for_user_func
Jul 25 08:31:59.698608 dv-cinder-850858-1-iscsi devstack@keystone.service[86942]: ERROR keystone.server.flask.application return self.get_or_create(
Jul 25 08:31:59.698608 dv-cinder-850858-1-iscsi devstack@keystone.service[86942]: ERROR keystone.server.flask.application
File "/usr/local/lib/python3.8/dist-packages/dogpile/cache/region.py", line 1042, in get_or_create
Jul 25 08:31:59.698608 dv-cinder-850858-1-iscsi devstack@keystone.service[86942]: ERROR keystone.server.flask.application with Lock(
Jul 25 08:31:59.698608 dv-cinder-850858-1-iscsi devstack@keystone.service[86942]: ERROR keystone.server.flask.application
File "/usr/local/lib/python3.8/dist-packages/dogpile/lock.py", line 185, in __enter__
Jul 25 08:31:59.698608 dv-cinder-850858-1-iscsi devstack@keystone.service[86942]: ERROR keystone.server.flask.application return self._enter()
Jul 25 08:31:59.698608 dv-cinder-850858-1-iscsi devstack@keystone.service[86942]: ERROR keystone.server.flask.application
File "/usr/local/lib/python3.8/dist-packages/dogpile/lock.py", line 94, in _enter
Jul 25 08:31:59.698608 dv-cinder-850858-1-iscsi devstack@keystone.service[86942]: ERROR keystone.server.flask.application generated = self._enter_create(value, createdtime)
Jul 25 08:31:59.699389 dv-cinder-850858-1-iscsi devstack@keystone.service[86942]: ERROR keystone.server.flask.application
File "/usr/local/lib/python3.8/dist-packages/dogpile/lock.py", line 178, in _enter_create
Jul 25 08:31:59.699389 dv-cinder-850858-1-iscsi devstack@keystone.service[86942]: ERROR keystone.server.flask.application return self.creator()
Jul 25 08:31:59.699389 dv-cinder-850858-1-iscsi devstack@keystone.service[86942]: ERROR keystone.server.flask.application
File "/usr/local/lib/python3.8/dist-packages/dogpile/cache/region.py", line 995, in gen_value
Jul 25 08:31:59.699389 dv-cinder-850858-1-iscsi devstack@keystone.service[86942]: ERROR keystone.server.flask.application created_value = creator(
Jul 25 08:31:59.699389 dv-cinder-850858-1-iscsi devstack@keystone.service[86942]: ERROR keystone.server.flask.application
File "/opt/stack/keystone/keystone/assignment/core.py", line 1276, in get_role
Jul 25 08:31:59.699389 dv-cinder-850858-1-iscsi devstack@keystone.service[86942]: ERROR keystone.server.flask.application return self.driver.get_role(role_id)
Jul 25 08:31:59.699389 dv-cinder-850858-1-iscsi devstack@keystone.service[86942]: ERROR keystone.server.flask.application
File "/opt/stack/keystone/keystone/assignment/role_backends/sql.py", line 70, in get_role
Jul 25 08:31:59.699389 dv-cinder-850858-1-iscsi devstack@keystone.service[86942]: ERROR keystone.server.flask.application return self._get_role(session, role_id).to_dict()
Jul 25 08:31:59.699389 dv-cinder-850858-1-iscsi devstack@keystone.service[86942]: ERROR keystone.server.flask.application
File "/opt/stack/keystone/keystone/assignment/role_backends/sql.py", line 65, in _get_role
Jul 25 08:31:59.699389 dv-cinder-850858-1-iscsi devstack@keystone.service[86942]: ERROR keystone.server.flask.application raise exception.RoleNotFound(role_id=role_id)
Jul 25 08:31:59.699389 dv-cinder-850858-1-iscsi devstack@keystone.service[86942]: ERROR keystone.server.flask.application keystone.exception.RoleNotFound: Could not find role: admin.
Jul 25 08:31:59.699389 dv-cinder-850858-1-iscsi devstack@keystone.service[86942]: ERROR keystone.server.flask.application
Jul 25 08:31:59.699389 dv-cinder-850858-1-iscsi devstack@keystone.service[86942]: [pid: 86942|app: 0|req: 178/367] 10.222.0.18 () {56 vars in 1096 bytes} [Mon Jul 25 08:31:59 2022] GET /identity/v3/roles/admin => generated 83 bytes in 251 msecs (HTTP/1.1 404) 5 headers in 183 bytes (1 switches on core 0)
Jul 25 08:31:59.700691 dv-cinder-850858-1-iscsi devstack@keystone.service[86942]: DEBUG keystone.server.flask.request_processing.middleware.auth_context [None req-fdd2740f-fce9-4d53-a853-0c26afcfcb1a None admin] Authenticating user token {{(pid=86942) process_request /usr/local/lib/python3.8/dist-packages/keystonemiddleware/auth_token/__init__.py:407}}
Jul 25 08:31:59.712549 dv-cinder-850858-1-iscsi devstack@keystone.service[86942]: DEBUG dbcounter [-] [86942] Writing DB stats keystone:SELECT=100 {{(pid=86942) stat_writer /usr/local/lib/python3.8/dist-packages/dbcounter.py:114}}
Jul 25 08:31:59.806854 dv-cinder-850858-1-iscsi devstack@keystone.service[86941]: DEBUG keystone.server.flask.request_processing.middleware.auth_context [None req-eea878f3-f623-40d1-a370-8b5360d64ab0 None admin] Validating token access rules against request {{(pid=86941) validate_allowed_request /usr/local/lib/python3.8/dist-packages/keystonemiddleware/auth_token/__init__.py:545}}
Jul 25 08:31:59.862661 dv-cinder-850858-1-iscsi devstack@keystone.service[86941]: DEBUG keystone.server.flask.request_processing.middleware.auth_context [None req-80d34a69-844f-4cc5-9942-0c2639722f09 None admin] RBAC: auth_context: {'token': , 'domain_id': None, 'trust_id': None, 'trustor_id': None, 'trustee_id': None, 'domain_name': None, 'group_ids': [], 'user_id': 'd3e81ab686314e4bafebf32342e3e7a2', 'user_domain_id': 'default', 'system_scope': 'all', 'project_id': None, 'project_domain_id': None, 'roles': ['admin', 'member', 'reader'], 'is_admin_project': True, 'service_user_id': None, 'service_user_domain_id': None, 'service_project_id': None, 'service_project_domain_id': None, 'service_roles': []} {{(pid=86941) fill_context /opt/stack/keystone/keystone/server/flask/request_processing/middleware/auth_context.py:478}}
Jul 25 08:31:59.863259 dv-cinder-850858-1-iscsi devstack@keystone.service[86941]: DEBUG keystone.server.flask.request_processing.req_logging [None req-80d34a69-844f-4cc5-9942-0c2639722f09 None admin] REQUEST_METHOD: `GET` {{(pid=86941) log_request_info /opt/stack/keystone/keystone/server/flask/request_processing/req_logging.py:27}}
Jul 25 08:31:59.863523 dv-cinder-850858-1-iscsi devstack@keystone.service[86941]: DEBUG keystone.server.flask.request_processing.req_logging [None req-80d34a69-844f-4cc5-9942-0c2639722f09 None admin] SCRIPT_NAME: `/identity` {{(pid=86941) log_request_info /opt/stack/keystone/keystone/server/flask/request_processing/req_logging.py:28}}
Jul 25 08:31:59.863869 dv-cinder-850858-1-iscsi devstack@keystone.service[86941]: DEBUG keystone.server.flask.request_processing.req_logging [None req-80d34a69-844f-4cc5-9942-0c2639722f09 None admin] PATH_INFO: `/v3/auth/tokens` {{(pid=86941) log_request_info /opt/stack/keystone/keystone/server/flask/request_processing/req_logging.py:29}}
Jul 25 08:31:59.887459 dv-cinder-850858-1-iscsi devstack@keystone.service[86942]: DEBUG keystone.server.flask.request_processing.middleware.auth_context [None req-fdd2740f-fce9-4d53-a853-0c26afcfcb1a None admin] Validating token access rules against request {{(pid=86942) validate_allowed_request /usr/local/lib/python3.8/dist-packages/keystonemiddleware/auth_token/__init__.py:545}}
Jul 25 08:31:59.927647 dv-cinder-850858-1-iscsi devstack@keystone.service[86942]: DEBUG keystone.server.flask.request_processing.middleware.auth_context [None req-dc64d8f7-fed9-4ac0-bf0f-a2b891eb1b73 None admin] RBAC: auth_context: {'token': , 'domain_id': None, 'trust_id': None, 'trustor_id': None, 'trustee_id': None, 'domain_name': None, 'group_ids': [], 'user_id': 'd3e81ab686314e4bafebf32342e3e7a2', 'user_domain_id': 'default', 'system_scope': 'all', 'project_id': None, 'project_domain_id': None, 'roles': ['admin', 'member', 'reader'], 'is_admin_project': True, 'service_user_id': None, 'service_user_domain_id': None, 'service_project_id': None, 'service_project_domain_id': None, 'service_roles': []} {{(pid=86942) fill_context /opt/stack/keystone/keystone/server/flask/request_processing/middleware/auth_context.py:478}}
Jul 25 08:31:59.928612 dv-cinder-850858-1-iscsi devstack@keystone.service[86942]: DEBUG keystone.server.flask.request_processing.req_logging [None req-dc64d8f7-fed9-4ac0-bf0f-a2b891eb1b73 None admin] REQUEST_METHOD: `GET` {{(pid=86942) log_request_info /opt/stack/keystone/keystone/server/flask/request_processing/req_logging.py:27}}
Jul 25 08:31:59.929043 dv-cinder-850858-1-iscsi devstack@keystone.service[86942]: DEBUG keystone.server.flask.request_processing.req_logging [None req-dc64d8f7-fed9-4ac0-bf0f-a2b891eb1b73 None admin] SCRIPT_NAME: `/identity` {{(pid=86942) log_request_info /opt/stack/keystone/keystone/server/flask/request_processing/req_logging.py:28}}
Jul 25 08:31:59.929465 dv-cinder-850858-1-iscsi devstack@keystone.service[86942]: DEBUG keystone.server.flask.request_processing.req_logging [None req-dc64d8f7-fed9-4ac0-bf0f-a2b891eb1b73 None admin] PATH_INFO: `/v3/auth/tokens` {{(pid=86942) log_request_info /opt/stack/keystone/keystone/server/flask/request_processing/req_logging.py:29}}
Jul 25 08:31:59.937773 dv-cinder-850858-1-iscsi devstack@keystone.service[86941]: DEBUG keystone.common.rbac_enforcer.enforcer [None req-80d34a69-844f-4cc5-9942-0c2639722f09 None admin] RBAC: Authorizing `identity:validate_token()` {{(pid=86941) enforce_call /opt/stack/keystone/keystone/common/rbac_enforcer/enforcer.py:449}}
Jul 25 08:31:59.939437 dv-cinder-850858-1-iscsi devstack@keystone.service[86941]: DEBUG keystone.common.rbac_enforcer.enforcer [None req-80d34a69-844f-4cc5-9942-0c2639722f09 None admin] RBAC: Authorization granted {{(pid=86941) enforce_call /opt/stack/keystone/keystone/common/rbac_enforcer/enforcer.py:457}}
Jul 25 08:31:59.995250 dv-cinder-850858-1-iscsi devstack@keystone.service[86941]: DEBUG dbcounter [-] [86941] Writing DB stats keystone:SELECT=100 {{(pid=86941) stat_writer /usr/local/lib/python3.8/dist-packages/dbcounter.py:114}}
Jul 25 08:32:00.014378 dv-cinder-850858-1-iscsi devstack@keystone.service[86942]: DEBUG keystone.common.rbac_enforcer.enforcer [None req-dc64d8f7-fed9-4ac0-bf0f-a2b891eb1b73 None admin] RBAC: Authorizing `identity:validate_token()` {{(pid=86942) enforce_call /opt/stack/keystone/keystone/common/rbac_enforcer/enforcer.py:449}}
Jul 25 08:32:00.016126 dv-cinder-850858-1-iscsi devstack@keystone.service[86942]: DEBUG keystone.common.rbac_enforcer.enforcer [None req-dc64d8f7-fed9-4ac0-bf0f-a2b891eb1b73 None admin] RBAC: Authorization granted {{(pid=86942) enforce_call /opt/stack/keystone/keystone/common/rbac_enforcer/enforcer.py:457}}
Jul 25 08:32:00.020635 dv-cinder-850858-1-iscsi devstack@keystone.service[86942]: DEBUG dbcounter [-] [86942] Writing DB stats keystone:SELECT=100 {{(pid=86942) stat_writer /usr/local/lib/python3.8/dist-packages/dbcounter.py:114}}
Jul 25 08:32:00.054830 dv-cinder-850858-1-iscsi devstack@keystone.service[86941]: [pid: 86941|app: 0|req: 190/368] 10.222.0.18 () {58 vars in 1282 bytes} [Mon Jul 25 08:31:59 2022] GET /identity/v3/auth/tokens => generated 799 bytes in 475 msecs (HTTP/1.1 200) 6 headers in 358 bytes (1 switches on core 0)
Jul 25 08:32:00.055716 dv-cinder-850858-1-iscsi devstack@keystone.service[86941]: DEBUG keystone.server.flask.request_processing.middleware.auth_context [None req-80d34a69-844f-4cc5-9942-0c2639722f09 None admin] Authenticating user token {{(pid=86941) process_request /usr/local/lib/python3.8/dist-packages/keystonemiddleware/auth_token/__init__.py:407}}
Jul 25 08:32:00.134042 dv-cinder-850858-1-iscsi devstack@keystone.service[86942]: [pid: 86942|app: 0|req: 179/369] 10.222.0.18 () {58 vars in 1282 bytes} [Mon Jul 25 08:31:59 2022] GET /identity/v3/auth/tokens => generated 799 bytes in 434 msecs (HTTP/1.1 200) 6 headers in 358 bytes (1 switches on core 0)
Jul 25 08:32:00.135173 dv-cinder-850858-1-iscsi devstack@keystone.service[86942]: DEBUG keystone.server.flask.request_processing.middleware.auth_context [None req-dc64d8f7-fed9-4ac0-bf0f-a2b891eb1b73 None admin] Authenticating user token {{(pid=86942) process_request /usr/local/lib/python3.8/dist-packages/keystonemiddleware/auth_token/__init__.py:407}}
Jul 25 08:32:00.168266 dv-cinder-850858-1-iscsi devstack@keystone.service[86941]: DEBUG keystone.server.flask.request_processing.middleware.auth_context [None req-80d34a69-844f-4cc5-9942-0c2639722f09 None admin] Validating token access rules against request {{(pid=86941) validate_allowed_request /usr/local/lib/python3.8/dist-packages/keystonemiddleware/auth_token/__init__.py:545}}
Jul 25 08:32:00.204241 dv-cinder-850858-1-iscsi devstack@keystone.service[86941]: DEBUG keystone.server.flask.request_processing.middleware.auth_context [None req-4e05956c-9463-4df3-ae0d-442e10026867 None admin] RBAC: auth_context: {'token': , 'domain_id': None, 'trust_id': None, 'trustor_id': None, 'trustee_id': None, 'domain_name': None, 'group_ids': [], 'user_id': 'd3e81ab686314e4bafebf32342e3e7a2', 'user_domain_id': 'default', 'system_scope': 'all', 'project_id': None, 'project_domain_id': None, 'roles': ['admin', 'member', 'reader'], 'is_admin_project': True, 'service_user_id': None, 'service_user_domain_id': None, 'service_project_id': None, 'service_project_domain_id': None, 'service_roles': []} {{(pid=86941) fill_context /opt/stack/keystone/keystone/server/flask/request_processing/middleware/auth_context.py:478}}
Jul 25 08:32:00.204937 dv-cinder-850858-1-iscsi devstack@keystone.service[86941]: DEBUG keystone.server.flask.request_processing.req_logging [None req-4e05956c-9463-4df3-ae0d-442e10026867 None admin] REQUEST_METHOD: `GET` {{(pid=86941) log_request_info /opt/stack/keystone/keystone/server/flask/request_processing/req_logging.py:27}}
Jul 25 08:32:00.205225 dv-cinder-850858-1-iscsi devstack@keystone.service[86941]: DEBUG keystone.server.flask.request_processing.req_logging [None req-4e05956c-9463-4df3-ae0d-442e10026867 None admin] SCRIPT_NAME: `/identity` {{(pid=86941) log_request_info /opt/stack/keystone/keystone/server/flask/request_processing/req_logging.py:28}}
Jul 25 08:32:00.205506 dv-cinder-850858-1-iscsi devstack@keystone.service[86941]: DEBUG keystone.server.flask.request_processing.req_logging [None req-4e05956c-9463-4df3-ae0d-442e10026867 None admin] PATH_INFO: `/v3/roles` {{(pid=86941) log_request_info /opt/stack/keystone/keystone/server/flask/request_processing/req_logging.py:29}}
Jul 25 08:32:00.206280 dv-cinder-850858-1-iscsi devstack@keystone.service[86941]: DEBUG keystone.common.rbac_enforcer.enforcer [None req-4e05956c-9463-4df3-ae0d-442e10026867 None admin] RBAC: Adding query filter params (name=admin) {{(pid=86941) _extract_filter_values /opt/stack/keystone/keystone/common/rbac_enforcer/enforcer.py:167}}
Jul 25 08:32:00.206600 dv-cinder-850858-1-iscsi devstack@keystone.service[86941]: DEBUG keystone.common.rbac_enforcer.enforcer [None req-4e05956c-9463-4df3-ae0d-442e10026867 None admin] RBAC: Authorizing `identity:list_roles()` {{(pid=86941) enforce_call /opt/stack/keystone/keystone/common/rbac_enforcer/enforcer.py:449}}
Jul 25 08:32:00.208081 dv-cinder-850858-1-iscsi devstack@keystone.service[86941]: DEBUG keystone.common.rbac_enforcer.enforcer [None req-4e05956c-9463-4df3-ae0d-442e10026867 None admin] RBAC: Authorization granted {{(pid=86941) enforce_call /opt/stack/keystone/keystone/common/rbac_enforcer/enforcer.py:457}}
Jul 25 08:32:00.218895 dv-cinder-850858-1-iscsi devstack@keystone.service[86941]: [pid: 86941|app: 0|req: 191/370] 10.222.0.18 () {56 vars in 1099 bytes} [Mon Jul 25 08:32:00 2022] GET /identity/v3/roles?name=admin => generated 339 bytes in 163 msecs (HTTP/1.1 200) 5 headers in 177 bytes (1 switches on core 0)
Jul 25 08:32:00.220511 dv-cinder-850858-1-iscsi devstack@keystone.service[86941]: DEBUG keystone.server.flask.request_processing.middleware.auth_context [None req-4e05956c-9463-4df3-ae0d-442e10026867 None admin] Authenticating user token {{(pid=86941) process_request /usr/local/lib/python3.8/dist-packages/keystonemiddleware/auth_token/__init__.py:407}}
Jul 25 08:32:00.235891 dv-cinder-850858-1-iscsi devstack@keystone.service[86941]: DEBUG dbcounter [-] [86941] Writing DB stats keystone:SELECT=100 {{(pid=86941) stat_writer /usr/local/lib/python3.8/dist-packages/dbcounter.py:114}}
Jul 25 08:32:00.247790 dv-cinder-850858-1-iscsi devstack@keystone.service[86942]: DEBUG keystone.server.flask.request_processing.middleware.auth_context [None req-dc64d8f7-fed9-4ac0-bf0f-a2b891eb1b73 None admin] Validating token access rules against request {{(pid=86942) validate_allowed_request /usr/local/lib/python3.8/dist-packages/keystonemiddleware/auth_token/__init__.py:545}}
Jul 25 08:32:00.251884 dv-cinder-850858-1-iscsi devstack@keystone.service[86942]: DEBUG dbcounter [-] [86942] Writing DB stats keystone:SELECT=100 {{(pid=86942) stat_writer /usr/local/lib/python3.8/dist-packages/dbcounter.py:114}}
Jul 25 08:32:00.292949 dv-cinder-850858-1-iscsi devstack@keystone.service[86942]: DEBUG keystone.server.flask.request_processing.middleware.auth_context [None req-5c9a23b8-a4da-45e8-a8be-f243fd0cfbc6 None admin] RBAC: auth_context: {'token': , 'domain_id': None, 'trust_id': None, 'trustor_id': None, 'trustee_id': None, 'domain_name': None, 'group_ids': [], 'user_id': 'd3e81ab686314e4bafebf32342e3e7a2', 'user_domain_id': 'default', 'system_scope': 'all', 'project_id': None, 'project_domain_id': None, 'roles': ['admin', 'member', 'reader'], 'is_admin_project': True, 'service_user_id': None, 'service_user_domain_id': None, 'service_project_id': None, 'service_project_domain_id': None, 'service_roles': []} {{(pid=86942) fill_context /opt/stack/keystone/keystone/server/flask/request_processing/middleware/auth_context.py:478}}
Jul 25 08:32:00.293820 dv-cinder-850858-1-iscsi devstack@keystone.service[86942]: DEBUG keystone.server.flask.request_processing.req_logging [None req-5c9a23b8-a4da-45e8-a8be-f243fd0cfbc6 None admin] REQUEST_METHOD: `GET` {{(pid=86942) log_request_info /opt/stack/keystone/keystone/server/flask/request_processing/req_logging.py:27}}
Jul 25 08:32:00.294101 dv-cinder-850858-1-iscsi devstack@keystone.service[86942]: DEBUG keystone.server.flask.request_processing.req_logging [None req-5c9a23b8-a4da-45e8-a8be-f243fd0cfbc6 None admin] SCRIPT_NAME: `/identity` {{(pid=86942) log_request_info /opt/stack/keystone/keystone/server/flask/request_processing/req_logging.py:28}}
Jul 25 08:32:00.294376 dv-cinder-850858-1-iscsi devstack@keystone.service[86942]: DEBUG keystone.server.flask.request_processing.req_logging [None req-5c9a23b8-a4da-45e8-a8be-f243fd0cfbc6 None admin] PATH_INFO: `/v3/projects/a941dd7311514444b64e1778320ae963` {{(pid=86942) log_request_info /opt/stack/keystone/keystone/server/flask/request_processing/req_logging.py:29}}
Jul 25 08:32:00.295574 dv-cinder-850858-1-iscsi devstack@keystone.service[86942]: DEBUG keystone.common.rbac_enforcer.enforcer [None req-5c9a23b8-a4da-45e8-a8be-f243fd0cfbc6 None admin] RBAC: Authorizing `identity:get_project(project_id=a941dd7311514444b64e1778320ae963)` {{(pid=86942) enforce_call /opt/stack/keystone/keystone/common/rbac_enforcer/enforcer.py:449}}
Jul 25 08:32:00.297192 dv-cinder-850858-1-iscsi devstack@keystone.service[86942]: DEBUG keystone.common.rbac_enforcer.enforcer [None req-5c9a23b8-a4da-45e8-a8be-f243fd0cfbc6 None admin] RBAC: Authorization granted {{(pid=86942) enforce_call /opt/stack/keystone/keystone/common/rbac_enforcer/enforcer.py:457}}
Jul 25 08:32:00.300365 dv-cinder-850858-1-iscsi devstack@keystone.service[86942]: [pid: 86942|app: 0|req: 180/371] 10.222.0.18 () {56 vars in 1186 bytes} [Mon Jul 25 08:32:00 2022] GET /identity/v3/projects/a941dd7311514444b64e1778320ae963 => generated 302 bytes in 166 msecs (HTTP/1.1 200) 5 headers in 177 bytes (1 switches on core 0)
Jul 25 08:32:00.305653 dv-cinder-850858-1-iscsi devstack@keystone.service[86942]: DEBUG keystone.server.flask.request_processing.middleware.auth_context [None req-5c9a23b8-a4da-45e8-a8be-f243fd0cfbc6 None admin] Authenticating user token {{(pid=86942) process_request /usr/local/lib/python3.8/dist-packages/keystonemiddleware/auth_token/__init__.py:407}}
Jul 25 08:32:00.332798 dv-cinder-850858-1-iscsi devstack@keystone.service[86941]: DEBUG keystone.server.flask.request_processing.middleware.auth_context [None req-4e05956c-9463-4df3-ae0d-442e10026867 None admin] Validating token access rules against request {{(pid=86941) validate_allowed_request /usr/local/lib/python3.8/dist-packages/keystonemiddleware/auth_token/__init__.py:545}}
Jul 25 08:32:00.370525 dv-cinder-850858-1-iscsi devstack@keystone.service[86941]: DEBUG keystone.server.flask.request_processing.middleware.auth_context [None req-e65da5a2-f9b8-4343-be8b-c0efa39c3073 None admin] RBAC: auth_context: {'token': , 'domain_id': None, 'trust_id': None, 'trustor_id': None, 'trustee_id': None, 'domain_name': None, 'group_ids': [], 'user_id': 'd3e81ab686314e4bafebf32342e3e7a2', 'user_domain_id': 'default', 'system_scope': 'all', 'project_id': None, 'project_domain_id': None, 'roles': ['admin', 'member', 'reader'], 'is_admin_project': True, 'service_user_id': None, 'service_user_domain_id': None, 'service_project_id': None, 'service_project_domain_id': None, 'service_roles': []} {{(pid=86941) fill_context /opt/stack/keystone/keystone/server/flask/request_processing/middleware/auth_context.py:478}}
Jul 25 08:32:00.371447 dv-cinder-850858-1-iscsi devstack@keystone.service[86941]: DEBUG keystone.server.flask.request_processing.req_logging [None req-e65da5a2-f9b8-4343-be8b-c0efa39c3073 None admin] REQUEST_METHOD: `GET` {{(pid=86941) log_request_info /opt/stack/keystone/keystone/server/flask/request_processing/req_logging.py:27}}
Jul 25 08:32:00.371776 dv-cinder-850858-1-iscsi devstack@keystone.service[86941]: DEBUG keystone.server.flask.request_processing.req_logging [None req-e65da5a2-f9b8-4343-be8b-c0efa39c3073 None admin] SCRIPT_NAME: `/identity` {{(pid=86941) log_request_info /opt/stack/keystone/keystone/server/flask/request_processing/req_logging.py:28}}
Jul 25 08:32:00.372054 dv-cinder-850858-1-iscsi devstack@keystone.service[86941]: DEBUG keystone.server.flask.request_processing.req_logging [None req-e65da5a2-f9b8-4343-be8b-c0efa39c3073 None admin] PATH_INFO: `/v3/projects/a941dd7311514444b64e1778320ae963` {{(pid=86941) log_request_info /opt/stack/keystone/keystone/server/flask/request_processing/req_logging.py:29}}
Jul 25 08:32:00.373256 dv-cinder-850858-1-iscsi devstack@keystone.service[86941]: DEBUG keystone.common.rbac_enforcer.enforcer [None req-e65da5a2-f9b8-4343-be8b-c0efa39c3073 None admin] RBAC: Authorizing `identity:get_project(project_id=a941dd7311514444b64e1778320ae963)` {{(pid=86941) enforce_call /opt/stack/keystone/keystone/common/rbac_enforcer/enforcer.py:449}}
Jul 25 08:32:00.374702 dv-cinder-850858-1-iscsi devstack@keystone.service[86941]: DEBUG keystone.common.rbac_enforcer.enforcer [None req-e65da5a2-f9b8-4343-be8b-c0efa39c3073 None admin] RBAC: Authorization granted {{(pid=86941) enforce_call /opt/stack/keystone/keystone/common/rbac_enforcer/enforcer.py:457}}
Jul 25 08:32:00.377359 dv-cinder-850858-1-iscsi devstack@keystone.service[86941]: [pid: 86941|app: 0|req: 192/372] 10.222.0.18 () {56 vars in 1186 bytes} [Mon Jul 25 08:32:00 2022] GET /identity/v3/projects/a941dd7311514444b64e1778320ae963 => generated 302 bytes in 158 msecs (HTTP/1.1 200) 5 headers in 177 bytes (1 switches on core 0)
Jul 25 08:32:00.378202 dv-cinder-850858-1-iscsi devstack@keystone.service[86941]: DEBUG keystone.server.flask.request_processing.middleware.auth_context [None req-e65da5a2-f9b8-4343-be8b-c0efa39c3073 None admin] Authenticating user token {{(pid=86941) process_request /usr/local/lib/python3.8/dist-packages/keystonemiddleware/auth_token/__init__.py:407}}
Jul 25 08:32:00.411248 dv-cinder-850858-1-iscsi devstack@keystone.service[86942]: DEBUG keystone.server.flask.request_processing.middleware.auth_context [None req-5c9a23b8-a4da-45e8-a8be-f243fd0cfbc6 None admin] Validating token access rules against request {{(pid=86942) validate_allowed_request /usr/local/lib/python3.8/dist-packages/keystonemiddleware/auth_token/__init__.py:545}}
Jul 25 08:32:00.460395 dv-cinder-850858-1-iscsi devstack@keystone.service[86942]: DEBUG keystone.server.flask.request_processing.middleware.auth_context [None req-0b3a76db-0170-4141-8311-8618344d33bb None admin] RBAC: auth_context: {'token': , 'domain_id': None, 'trust_id': None, 'trustor_id': None, 'trustee_id': None, 'domain_name': None, 'group_ids': [], 'user_id': 'd3e81ab686314e4bafebf32342e3e7a2', 'user_domain_id': 'default', 'system_scope': 'all', 'project_id': None, 'project_domain_id': None, 'roles': ['admin', 'member', 'reader'], 'is_admin_project': True, 'service_user_id': None, 'service_user_domain_id': None, 'service_project_id': None, 'service_project_domain_id': None, 'service_roles': []} {{(pid=86942) fill_context /opt/stack/keystone/keystone/server/flask/request_processing/middleware/auth_context.py:478}}
Jul 25 08:32:00.461357 dv-cinder-850858-1-iscsi devstack@keystone.service[86942]: DEBUG keystone.server.flask.request_processing.req_logging [None req-0b3a76db-0170-4141-8311-8618344d33bb None admin] REQUEST_METHOD: `GET` {{(pid=86942) log_request_info /opt/stack/keystone/keystone/server/flask/request_processing/req_logging.py:27}}
Jul 25 08:32:00.461639 dv-cinder-850858-1-iscsi devstack@keystone.service[86942]: DEBUG keystone.server.flask.request_processing.req_logging [None req-0b3a76db-0170-4141-8311-8618344d33bb None admin] SCRIPT_NAME: `/identity` {{(pid=86942) log_request_info /opt/stack/keystone/keystone/server/flask/request_processing/req_logging.py:28}}
Jul 25 08:32:00.461917 dv-cinder-850858-1-iscsi devstack@keystone.service[86942]: DEBUG keystone.server.flask.request_processing.req_logging [None req-0b3a76db-0170-4141-8311-8618344d33bb None admin] PATH_INFO: `/v3/auth/tokens` {{(pid=86942) log_request_info /opt/stack/keystone/keystone/server/flask/request_processing/req_logging.py:29}}
Jul 25 08:32:00.483598 dv-cinder-850858-1-iscsi devstack@keystone.service[86941]: DEBUG dbcounter [-] [86941] Writing DB stats keystone:SELECT=100 {{(pid=86941) stat_writer /usr/local/lib/python3.8/dist-packages/dbcounter.py:114}}
Jul 25 08:32:00.505863 dv-cinder-850858-1-iscsi devstack@keystone.service[86941]: DEBUG keystone.server.flask.request_processing.middleware.auth_context [None req-e65da5a2-f9b8-4343-be8b-c0efa39c3073 None admin] Validating token access rules against request {{(pid=86941) validate_allowed_request /usr/local/lib/python3.8/dist-packages/keystonemiddleware/auth_token/__init__.py:545}}
Jul 25 08:32:00.513839 dv-cinder-850858-1-iscsi devstack@keystone.service[86942]: DEBUG dbcounter [-] [86942] Writing DB stats keystone:SELECT=100 {{(pid=86942) stat_writer /usr/local/lib/python3.8/dist-packages/dbcounter.py:114}}
Jul 25 08:32:00.546164 dv-cinder-850858-1-iscsi devstack@keystone.service[86941]: DEBUG keystone.server.flask.request_processing.middleware.auth_context [None req-3d6346ae-5fa6-42f8-95e8-2898155eed11 None admin] RBAC: auth_context: {'token': , 'domain_id': None, 'trust_id': None, 'trustor_id': None, 'trustee_id': None, 'domain_name': None, 'group_ids': [], 'user_id': 'd3e81ab686314e4bafebf32342e3e7a2', 'user_domain_id': 'default', 'system_scope': 'all', 'project_id': None, 'project_domain_id': None, 'roles': ['admin', 'member', 'reader'], 'is_admin_project': True, 'service_user_id': None, 'service_user_domain_id': None, 'service_project_id': None, 'service_project_domain_id': None, 'service_roles': []} {{(pid=86941) fill_context /opt/stack/keystone/keystone/server/flask/request_processing/middleware/auth_context.py:478}}
Jul 25 08:32:00.546399 dv-cinder-850858-1-iscsi devstack@keystone.service[86942]: DEBUG keystone.common.rbac_enforcer.enforcer [None req-0b3a76db-0170-4141-8311-8618344d33bb None admin] RBAC: Authorizing `identity:validate_token()` {{(pid=86942) enforce_call /opt/stack/keystone/keystone/common/rbac_enforcer/enforcer.py:449}}
Jul 25 08:32:00.547039 dv-cinder-850858-1-iscsi devstack@keystone.service[86941]: DEBUG keystone.server.flask.request_processing.req_logging [None req-3d6346ae-5fa6-42f8-95e8-2898155eed11 None admin] REQUEST_METHOD: `GET` {{(pid=86941) log_request_info /opt/stack/keystone/keystone/server/flask/request_processing/req_logging.py:27}}
Jul 25 08:32:00.547326 dv-cinder-850858-1-iscsi devstack@keystone.service[86941]: DEBUG keystone.server.flask.request_processing.req_logging [None req-3d6346ae-5fa6-42f8-95e8-2898155eed11 None admin] SCRIPT_NAME: `/identity` {{(pid=86941) log_request_info /opt/stack/keystone/keystone/server/flask/request_processing/req_logging.py:28}}
Jul 25 08:32:00.548253 dv-cinder-850858-1-iscsi devstack@keystone.service[86941]: DEBUG keystone.server.flask.request_processing.req_logging [None req-3d6346ae-5fa6-42f8-95e8-2898155eed11 None admin] PATH_INFO: `/v3/groups/83422cba961044af87596a3eb738af4b` {{(pid=86941) log_request_info /opt/stack/keystone/keystone/server/flask/request_processing/req_logging.py:29}}
Jul 25 08:32:00.548355 dv-cinder-850858-1-iscsi devstack@keystone.service[86942]: DEBUG keystone.common.rbac_enforcer.enforcer [None req-0b3a76db-0170-4141-8311-8618344d33bb None admin] RBAC: Authorization granted {{(pid=86942) enforce_call /opt/stack/keystone/keystone/common/rbac_enforcer/enforcer.py:457}}
Jul 25 08:32:00.549703 dv-cinder-850858-1-iscsi devstack@keystone.service[86941]: DEBUG keystone.common.rbac_enforcer.enforcer [None req-3d6346ae-5fa6-42f8-95e8-2898155eed11 None admin] RBAC: Authorizing `identity:get_group(group_id=83422cba961044af87596a3eb738af4b)` {{(pid=86941) enforce_call /opt/stack/keystone/keystone/common/rbac_enforcer/enforcer.py:449}}
Jul 25 08:32:00.551303 dv-cinder-850858-1-iscsi devstack@keystone.service[86941]: DEBUG keystone.common.rbac_enforcer.enforcer [None req-3d6346ae-5fa6-42f8-95e8-2898155eed11 None admin] RBAC: Authorization granted {{(pid=86941) enforce_call /opt/stack/keystone/keystone/common/rbac_enforcer/enforcer.py:457}}
Jul 25 08:32:00.553318 dv-cinder-850858-1-iscsi devstack@keystone.service[86941]: [pid: 86941|app: 0|req: 193/373] 10.222.0.18 () {56 vars in 1180 bytes} [Mon Jul 25 08:32:00 2022] GET /identity/v3/groups/83422cba961044af87596a3eb738af4b => generated 226 bytes in 175 msecs (HTTP/1.1 200) 5 headers in 177 bytes (1 switches on core 0)
Jul 25 08:32:00.554102 dv-cinder-850858-1-iscsi devstack@keystone.service[86941]: DEBUG keystone.server.flask.request_processing.middleware.auth_context [None req-3d6346ae-5fa6-42f8-95e8-2898155eed11 None admin] Authenticating user token {{(pid=86941) process_request /usr/local/lib/python3.8/dist-packages/keystonemiddleware/auth_token/__init__.py:407}}
Jul 25 08:32:00.665798 dv-cinder-850858-1-iscsi devstack@keystone.service[86941]: DEBUG keystone.server.flask.request_processing.middleware.auth_context [None req-3d6346ae-5fa6-42f8-95e8-2898155eed11 None admin] Validating token access rules against request {{(pid=86941) validate_allowed_request /usr/local/lib/python3.8/dist-packages/keystonemiddleware/auth_token/__init__.py:545}}
Jul 25 08:32:00.667198 dv-cinder-850858-1-iscsi devstack@keystone.service[86942]: [pid: 86942|app: 0|req: 181/374] 10.222.0.18 () {58 vars in 1282 bytes} [Mon Jul 25 08:32:00 2022] GET /identity/v3/auth/tokens => generated 799 bytes in 366 msecs (HTTP/1.1 200) 6 headers in 358 bytes (1 switches on core 0)
Jul 25 08:32:00.668281 dv-cinder-850858-1-iscsi devstack@keystone.service[86942]: DEBUG keystone.server.flask.request_processing.middleware.auth_context [None req-0b3a76db-0170-4141-8311-8618344d33bb None admin] Authenticating user token {{(pid=86942) process_request /usr/local/lib/python3.8/dist-packages/keystonemiddleware/auth_token/__init__.py:407}}
Jul 25 08:32:00.703002 dv-cinder-850858-1-iscsi devstack@keystone.service[86941]: DEBUG keystone.server.flask.request_processing.middleware.auth_context [None req-dda9a369-6c6c-4b4c-a1a2-c9c4f443b185 None admin] RBAC: auth_context: {'token': , 'domain_id': None, 'trust_id': None, 'trustor_id': None, 'trustee_id': None, 'domain_name': None, 'group_ids': [], 'user_id': 'd3e81ab686314e4bafebf32342e3e7a2', 'user_domain_id': 'default', 'system_scope': 'all', 'project_id': None, 'project_domain_id': None, 'roles': ['admin', 'member', 'reader'], 'is_admin_project': True, 'service_user_id': None, 'service_user_domain_id': None, 'service_project_id': None, 'service_project_domain_id': None, 'service_roles': []} {{(pid=86941) fill_context /opt/stack/keystone/keystone/server/flask/request_processing/middleware/auth_context.py:478}}
Jul 25 08:32:00.704725 dv-cinder-850858-1-iscsi devstack@keystone.service[86941]: DEBUG keystone.server.flask.request_processing.req_logging [None req-dda9a369-6c6c-4b4c-a1a2-c9c4f443b185 None admin] REQUEST_METHOD: `GET` {{(pid=86941) log_request_info /opt/stack/keystone/keystone/server/flask/request_processing/req_logging.py:27}}
Jul 25 08:32:00.704881 dv-cinder-850858-1-iscsi devstack@keystone.service[86941]: DEBUG keystone.server.flask.request_processing.req_logging [None req-dda9a369-6c6c-4b4c-a1a2-c9c4f443b185 None admin] SCRIPT_NAME: `/identity` {{(pid=86941) log_request_info /opt/stack/keystone/keystone/server/flask/request_processing/req_logging.py:28}}
Jul 25 08:32:00.705144 dv-cinder-850858-1-iscsi devstack@keystone.service[86941]: DEBUG keystone.server.flask.request_processing.req_logging [None req-dda9a369-6c6c-4b4c-a1a2-c9c4f443b185 None admin] PATH_INFO: `/v3/groups/83422cba961044af87596a3eb738af4b` {{(pid=86941) log_request_info /opt/stack/keystone/keystone/server/flask/request_processing/req_logging.py:29}}
Jul 25 08:32:00.707204 dv-cinder-850858-1-iscsi devstack@keystone.service[86941]: DEBUG keystone.common.rbac_enforcer.enforcer [None req-dda9a369-6c6c-4b4c-a1a2-c9c4f443b185 None admin] RBAC: Authorizing `identity:get_group(group_id=83422cba961044af87596a3eb738af4b)` {{(pid=86941) enforce_call /opt/stack/keystone/keystone/common/rbac_enforcer/enforcer.py:449}}
Jul 25 08:32:00.710822 dv-cinder-850858-1-iscsi devstack@keystone.service[86941]: DEBUG keystone.common.rbac_enforcer.enforcer [None req-dda9a369-6c6c-4b4c-a1a2-c9c4f443b185 None admin] RBAC: Authorization granted {{(pid=86941) enforce_call /opt/stack/keystone/keystone/common/rbac_enforcer/enforcer.py:457}}
Jul 25 08:32:00.712763 dv-cinder-850858-1-iscsi devstack@keystone.service[86941]: [pid: 86941|app: 0|req: 194/375] 10.222.0.18 () {56 vars in 1180 bytes} [Mon Jul 25 08:32:00 2022] GET /identity/v3/groups/83422cba961044af87596a3eb738af4b => generated 226 bytes in 159 msecs (HTTP/1.1 200) 5 headers in 177 bytes (1 switches on core 0)
Jul 25 08:32:00.713700 dv-cinder-850858-1-iscsi devstack@keystone.service[86941]: DEBUG keystone.server.flask.request_processing.middleware.auth_context [None req-dda9a369-6c6c-4b4c-a1a2-c9c4f443b185 None admin] Authenticating user token {{(pid=86941) process_request /usr/local/lib/python3.8/dist-packages/keystonemiddleware/auth_token/__init__.py:407}}
Jul 25 08:32:00.740654 dv-cinder-850858-1-iscsi devstack@keystone.service[86941]: DEBUG dbcounter [-] [86941] Writing DB stats keystone:SELECT=100 {{(pid=86941) stat_writer /usr/local/lib/python3.8/dist-packages/dbcounter.py:114}}
Jul 25 08:32:00.749619 dv-cinder-850858-1-iscsi devstack@keystone.service[86942]: DEBUG dbcounter [-] [86942] Writing DB stats keystone:SELECT=100 {{(pid=86942) stat_writer /usr/local/lib/python3.8/dist-packages/dbcounter.py:114}}
Jul 25 08:32:00.778476 dv-cinder-850858-1-iscsi devstack@keystone.service[86942]: DEBUG keystone.server.flask.request_processing.middleware.auth_context [None req-0b3a76db-0170-4141-8311-8618344d33bb None admin] Validating token access rules against request {{(pid=86942) validate_allowed_request /usr/local/lib/python3.8/dist-packages/keystonemiddleware/auth_token/__init__.py:545}}
Jul 25 08:32:00.816597 dv-cinder-850858-1-iscsi devstack@keystone.service[86942]: DEBUG keystone.server.flask.request_processing.middleware.auth_context [None req-15038540-a3cf-4930-8000-b69d0dea6035 None admin] RBAC: auth_context: {'token': , 'domain_id': None, 'trust_id': None, 'trustor_id': None, 'trustee_id': None, 'domain_name': None, 'group_ids': [], 'user_id': 'd3e81ab686314e4bafebf32342e3e7a2', 'user_domain_id': 'default', 'system_scope': 'all', 'project_id': None, 'project_domain_id': None, 'roles': ['admin', 'member', 'reader'], 'is_admin_project': True, 'service_user_id': None, 'service_user_domain_id': None, 'service_project_id': None, 'service_project_domain_id': None, 'service_roles': []} {{(pid=86942) fill_context /opt/stack/keystone/keystone/server/flask/request_processing/middleware/auth_context.py:478}}
Jul 25 08:32:00.817260 dv-cinder-850858-1-iscsi devstack@keystone.service[86942]: DEBUG keystone.server.flask.request_processing.req_logging [None req-15038540-a3cf-4930-8000-b69d0dea6035 None admin] REQUEST_METHOD: `GET` {{(pid=86942) log_request_info /opt/stack/keystone/keystone/server/flask/request_processing/req_logging.py:27}}
Jul 25 08:32:00.817565 dv-cinder-850858-1-iscsi devstack@keystone.service[86942]: DEBUG keystone.server.flask.request_processing.req_logging [None req-15038540-a3cf-4930-8000-b69d0dea6035 None admin] SCRIPT_NAME: `/identity` {{(pid=86942) log_request_info /opt/stack/keystone/keystone/server/flask/request_processing/req_logging.py:28}}
Jul 25 08:32:00.817839 dv-cinder-850858-1-iscsi devstack@keystone.service[86942]: DEBUG keystone.server.flask.request_processing.req_logging [None req-15038540-a3cf-4930-8000-b69d0dea6035 None admin] PATH_INFO: `/v3/role_assignments` {{(pid=86942) log_request_info /opt/stack/keystone/keystone/server/flask/request_processing/req_logging.py:29}}
Jul 25 08:32:00.818936 dv-cinder-850858-1-iscsi devstack@keystone.service[86942]: DEBUG keystone.common.rbac_enforcer.enforcer [None req-15038540-a3cf-4930-8000-b69d0dea6035 None admin] RBAC: Adding query filter params (group.id=83422cba961044af87596a3eb738af4b, role.id=2cb5ed3eb0484858a5f7cbdce69092ed, scope.project.id=a941dd7311514444b64e1778320ae963) {{(pid=86942) _extract_filter_values /opt/stack/keystone/keystone/common/rbac_enforcer/enforcer.py:167}}
Jul 25 08:32:00.819058 dv-cinder-850858-1-iscsi devstack@keystone.service[86942]: DEBUG keystone.common.rbac_enforcer.enforcer [None req-15038540-a3cf-4930-8000-b69d0dea6035 None admin] RBAC: Authorizing `identity:list_role_assignments()` {{(pid=86942) enforce_call /opt/stack/keystone/keystone/common/rbac_enforcer/enforcer.py:449}}
Jul 25 08:32:00.820518 dv-cinder-850858-1-iscsi devstack@keystone.service[86942]: DEBUG keystone.common.rbac_enforcer.enforcer [None req-15038540-a3cf-4930-8000-b69d0dea6035 None admin] RBAC: Authorization granted {{(pid=86942) enforce_call /opt/stack/keystone/keystone/common/rbac_enforcer/enforcer.py:457}}
Jul 25 08:32:00.832049 dv-cinder-850858-1-iscsi devstack@keystone.service[86942]: [pid: 86942|app: 0|req: 182/376] 10.222.0.18 () {56 vars in 1376 bytes} [Mon Jul 25 08:32:00 2022] GET /identity/v3/role_assignments?group.id=83422cba961044af87596a3eb738af4b&scope.project.id=a941dd7311514444b64e1778320ae963&role.id=2cb5ed3eb0484858a5f7cbdce69092ed => generated 260 bytes in 164 msecs (HTTP/1.1 200) 5 headers in 177 bytes (1 switches on core 0)
Jul 25 08:32:00.833016 dv-cinder-850858-1-iscsi devstack@keystone.service[86942]: DEBUG keystone.server.flask.request_processing.middleware.auth_context [None req-15038540-a3cf-4930-8000-b69d0dea6035 None admin] Authenticating user token {{(pid=86942) process_request /usr/local/lib/python3.8/dist-packages/keystonemiddleware/auth_token/__init__.py:407}}
Jul 25 08:32:00.835928 dv-cinder-850858-1-iscsi devstack@keystone.service[86941]: DEBUG keystone.server.flask.request_processing.middleware.auth_context [None req-dda9a369-6c6c-4b4c-a1a2-c9c4f443b185 None admin] Validating token access rules against request {{(pid=86941) validate_allowed_request /usr/local/lib/python3.8/dist-packages/keystonemiddleware/auth_token/__init__.py:545}}
Jul 25 08:32:00.875387 dv-cinder-850858-1-iscsi devstack@keystone.service[86941]: DEBUG keystone.server.flask.request_processing.middleware.auth_context [None req-e7796689-845f-40d5-b23c-5aee3b40129a None admin] RBAC: auth_context: {'token': , 'domain_id': None, 'trust_id': None, 'trustor_id': None, 'trustee_id': None, 'domain_name': None, 'group_ids': [], 'user_id': 'd3e81ab686314e4bafebf32342e3e7a2', 'user_domain_id': 'default', 'system_scope': 'all', 'project_id': None, 'project_domain_id': None, 'roles': ['admin', 'member', 'reader'], 'is_admin_project': True, 'service_user_id': None, 'service_user_domain_id': None, 'service_project_id': None, 'service_project_domain_id': None, 'service_roles': []} {{(pid=86941) fill_context /opt/stack/keystone/keystone/server/flask/request_processing/middleware/auth_context.py:478}}
Jul 25 08:32:00.876925 dv-cinder-850858-1-iscsi devstack@keystone.service[86941]: DEBUG keystone.server.flask.request_processing.req_logging [None req-e7796689-845f-40d5-b23c-5aee3b40129a None admin] REQUEST_METHOD: `GET` {{(pid=86941) log_request_info /opt/stack/keystone/keystone/server/flask/request_processing/req_logging.py:27}}
