Jul 26 03:10:36.140324 dv-cinder-850840-2-iscsi neutron-server[104280]: DEBUG neutron.db.provisioning_blocks [None req-5ef6c736-0b1c-400e-806d-bfd3170fdea9 None None] Provisioning complete for port 8da29202-87f4-4bd0-a0e6-ab9ef10ecabb triggered by entity DHCP. {{(pid=104280) provisioning_complete /opt/stack/neutron/neutron/db/provisioning_blocks.py:145}}
Jul 26 03:10:36.140721 dv-cinder-850840-2-iscsi neutron-server[104280]: DEBUG neutron_lib.callbacks.manager [None req-5ef6c736-0b1c-400e-806d-bfd3170fdea9 None None] Publish callbacks ['neutron.plugins.ml2.plugin.Ml2Plugin._port_provisioned-7774880'] for port (8da29202-87f4-4bd0-a0e6-ab9ef10ecabb), provisioning_complete {{(pid=104280) _notify_loop /usr/local/lib/python3.8/dist-packages/neutron_lib/callbacks/manager.py:176}}
Jul 26 03:10:36.158420 dv-cinder-850840-2-iscsi neutron-server[104278]: DEBUG neutron.scheduler.dhcp_agent_scheduler [None req-be8828d8-25fb-4f29-99c9-7815e7e820ab admin admin] Network 2ee3d40a-6386-40e4-904c-54dd185c894f is scheduled to be hosted by DHCP agent 221b881a-fcd1-4e46-962b-076d0d1fb8a7 with binding_index 1 {{(pid=104278) bind /opt/stack/neutron/neutron/scheduler/dhcp_agent_scheduler.py:227}}
Jul 26 03:10:36.175768 dv-cinder-850840-2-iscsi neutron-server[104278]: DEBUG neutron.scheduler.base_scheduler [None req-be8828d8-25fb-4f29-99c9-7815e7e820ab admin admin] Resources bound (agent type, host, resource id): (DHCP agent, dv-cinder-850840-2-iscsi, 2ee3d40a-6386-40e4-904c-54dd185c894f) {{(pid=104278) schedule /opt/stack/neutron/neutron/scheduler/base_scheduler.py:57}}
Jul 26 03:10:36.195966 dv-cinder-850840-2-iscsi neutron-server[104278]: DEBUG neutron.pecan_wsgi.hooks.policy_enforcement [None req-be8828d8-25fb-4f29-99c9-7815e7e820ab admin admin] Attributes excluded by policy engine: ['standard_attr_id', 'shared', 'network'] {{(pid=104278) _exclude_attributes_by_policy /opt/stack/neutron/neutron/pecan_wsgi/hooks/policy_enforcement.py:259}}
Jul 26 03:10:36.199928 dv-cinder-850840-2-iscsi neutron-server[104278]: DEBUG neutron_lib.callbacks.manager [None req-be8828d8-25fb-4f29-99c9-7815e7e820ab admin admin] Publish callbacks ['neutron.api.rpc.agentnotifiers.dhcp_rpc_agent_api.DhcpAgentNotifyAPI._send_dhcp_notification-554634'] for subnet (None), before_response {{(pid=104278) _notify_loop /usr/local/lib/python3.8/dist-packages/neutron_lib/callbacks/manager.py:176}}
Jul 26 03:10:36.220379 dv-cinder-850840-2-iscsi neutron-server[104280]: DEBUG neutron.api.rpc.handlers.dhcp_rpc [None req-f7ae2083-21d9-4bd6-9097-e1457ef20828 None None] Network 2ee3d40a-6386-40e4-904c-54dd185c894f requested from dv-cinder-850840-2-iscsi {{(pid=104280) get_network_info /opt/stack/neutron/neutron/api/rpc/handlers/dhcp_rpc.py:191}}
Jul 26 03:10:36.236270 dv-cinder-850840-2-iscsi neutron-server[104281]: DEBUG dbcounter [-] [104281] Writing DB stats neutron:SELECT=99,neutron:UPDATE=1 {{(pid=104281) stat_writer /usr/local/lib/python3.8/dist-packages/dbcounter.py:114}}
Jul 26 03:10:36.252549 dv-cinder-850840-2-iscsi neutron-server[104281]: DEBUG neutron_lib.callbacks.manager [None req-af7ffc5d-430d-4058-a9d6-a6f77bace881 None None] Publish callbacks [] for port (413efeca-a3eb-4a3f-a7fa-575bdef048a3), precommit_update {{(pid=104281) _notify_loop /usr/local/lib/python3.8/dist-packages/neutron_lib/callbacks/manager.py:176}}
Jul 26 03:10:36.261035 dv-cinder-850840-2-iscsi neutron-server[104281]: DEBUG neutron_lib.callbacks.manager [None req-af7ffc5d-430d-4058-a9d6-a6f77bace881 None None] Publish callbacks ['neutron.plugins.ml2.plugin.SecurityGroupServerNotifierRpcMixin._notify_sg_on_port_change-7625486', 'neutron.plugins.ml2.ovo_rpc._ObjectChangeHandler.handle_event-51182', 'neutron.api.rpc.agentnotifiers.dhcp_rpc_agent_api.DhcpAgentNotifyAPI._native_event_send_dhcp_notification-554660', 'neutron.db.l3_db.L3RpcNotifierMixin._notify_gateway_port_ip_changed-8767198290652', 'neutron.db.l3_dvrscheduler_db._notify_l3_agent_port_update-8767197911125', 'neutron.db.l3_hascheduler_db._notify_l3_agent_ha_port_update-8767197911143'] for port (413efeca-a3eb-4a3f-a7fa-575bdef048a3), after_update {{(pid=104281) _notify_loop /usr/local/lib/python3.8/dist-packages/neutron_lib/callbacks/manager.py:176}}
Jul 26 03:10:36.292817 dv-cinder-850840-2-iscsi neutron-server[104278]: DEBUG dbcounter [-] [104278] Writing DB stats neutron:SELECT=93,neutron:INSERT=5,neutron:UPDATE=1,neutron:DELETE=1 {{(pid=104278) stat_writer /usr/local/lib/python3.8/dist-packages/dbcounter.py:114}}
Jul 26 03:10:36.299704 dv-cinder-850840-2-iscsi neutron-server[104278]: INFO neutron.wsgi [None req-be8828d8-25fb-4f29-99c9-7815e7e820ab admin admin] 10.222.0.42 "POST /v2.0/subnets HTTP/1.1" status: 201 len: 846 time: 1.7094984
Jul 26 03:10:36.307076 dv-cinder-850840-2-iscsi neutron-server[104278]: DEBUG neutron.wsgi [-] (104278) accepted ('10.222.0.42', 52582) {{(pid=104278) server /usr/local/lib/python3.8/dist-packages/eventlet/wsgi.py:1004}}
Jul 26 03:10:36.313987 dv-cinder-850840-2-iscsi neutron-server[104278]: DEBUG neutron.api.v2.base [None req-a76e14fe-2aa4-4368-9006-fac560404d07 admin admin] Request body: {'router': {'name': 'tempest-AttachVolumeTestJSON-298689647-router', 'tenant_id': '6daba0980548418ea98d4d0cf42ef92f', 'external_gateway_info': {'network_id': '5e4aae24-bf2f-4f56-8c39-cdfd33375d7e'}}} {{(pid=104278) prepare_request_body /opt/stack/neutron/neutron/api/v2/base.py:730}}
Jul 26 03:10:36.328432 dv-cinder-850840-2-iscsi neutron-server[104281]: DEBUG neutron.api.rpc.handlers.resources_rpc [None req-c65e079f-a2a3-4878-afb8-6767428d583d None None] Pushing event updated for resources: {'Port': ['ID=413efeca-a3eb-4a3f-a7fa-575bdef048a3,revision_number=2']} {{(pid=104281) push /opt/stack/neutron/neutron/api/rpc/handlers/resources_rpc.py:237}}
Jul 26 03:10:36.359917 dv-cinder-850840-2-iscsi neutron-server[104281]: DEBUG neutron.api.rpc.callbacks.version_manager [None req-c65e079f-a2a3-4878-afb8-6767428d583d None None] Version for resource type AddressGroup changed None to 1.2 on consumer Open vSwitch agent@dv-cinder-850840-2-iscsi {{(pid=104281) _set_version /opt/stack/neutron/neutron/api/rpc/callbacks/version_manager.py:113}}
Jul 26 03:10:36.362138 dv-cinder-850840-2-iscsi neutron-server[104281]: DEBUG neutron.api.rpc.callbacks.version_manager [None req-c65e079f-a2a3-4878-afb8-6767428d583d None None] Version for resource type Agent changed None to 1.1 on consumer Open vSwitch agent@dv-cinder-850840-2-iscsi {{(pid=104281) _set_version /opt/stack/neutron/neutron/api/rpc/callbacks/version_manager.py:113}}
Jul 26 03:10:36.364239 dv-cinder-850840-2-iscsi neutron-server[104281]: DEBUG neutron.api.rpc.callbacks.version_manager [None req-c65e079f-a2a3-4878-afb8-6767428d583d None None] Version for resource type ConntrackHelper changed None to 1.0 on consumer Open vSwitch agent@dv-cinder-850840-2-iscsi {{(pid=104281) _set_version /opt/stack/neutron/neutron/api/rpc/callbacks/version_manager.py:113}}
Jul 26 03:10:36.365344 dv-cinder-850840-2-iscsi neutron-server[104281]: DEBUG neutron.api.rpc.callbacks.version_manager [None req-c65e079f-a2a3-4878-afb8-6767428d583d None None] Version for resource type LocalIPAssociation changed None to 1.0 on consumer Open vSwitch agent@dv-cinder-850840-2-iscsi {{(pid=104281) _set_version /opt/stack/neutron/neutron/api/rpc/callbacks/version_manager.py:113}}
Jul 26 03:10:36.365852 dv-cinder-850840-2-iscsi neutron-server[104281]: DEBUG neutron.api.rpc.callbacks.version_manager [None req-c65e079f-a2a3-4878-afb8-6767428d583d None None] Version for resource type Log changed None to 1.0 on consumer Open vSwitch agent@dv-cinder-850840-2-iscsi {{(pid=104281) _set_version /opt/stack/neutron/neutron/api/rpc/callbacks/version_manager.py:113}}
Jul 26 03:10:36.366928 dv-cinder-850840-2-iscsi neutron-server[104281]: DEBUG neutron.api.rpc.callbacks.version_manager [None req-c65e079f-a2a3-4878-afb8-6767428d583d None None] Version for resource type NDPProxy changed None to 1.0 on consumer Open vSwitch agent@dv-cinder-850840-2-iscsi {{(pid=104281) _set_version /opt/stack/neutron/neutron/api/rpc/callbacks/version_manager.py:113}}
Jul 26 03:10:36.367474 dv-cinder-850840-2-iscsi neutron-server[104281]: DEBUG neutron.api.rpc.callbacks.version_manager [None req-c65e079f-a2a3-4878-afb8-6767428d583d None None] Version for resource type Network changed None to 1.1 on consumer Open vSwitch agent@dv-cinder-850840-2-iscsi {{(pid=104281) _set_version /opt/stack/neutron/neutron/api/rpc/callbacks/version_manager.py:113}}
Jul 26 03:10:36.368927 dv-cinder-850840-2-iscsi neutron-server[104281]: DEBUG neutron.api.rpc.callbacks.version_manager [None req-c65e079f-a2a3-4878-afb8-6767428d583d None None] Version for resource type Port changed None to 1.7 on consumer Open vSwitch agent@dv-cinder-850840-2-iscsi {{(pid=104281) _set_version /opt/stack/neutron/neutron/api/rpc/callbacks/version_manager.py:113}}
Jul 26 03:10:36.370845 dv-cinder-850840-2-iscsi neutron-server[104281]: DEBUG neutron.api.rpc.callbacks.version_manager [None req-c65e079f-a2a3-4878-afb8-6767428d583d None None] Version for resource type PortForwarding changed None to 1.3 on consumer Open vSwitch agent@dv-cinder-850840-2-iscsi {{(pid=104281) _set_version /opt/stack/neutron/neutron/api/rpc/callbacks/version_manager.py:113}}
Jul 26 03:10:36.371309 dv-cinder-850840-2-iscsi neutron-server[104281]: DEBUG neutron.api.rpc.callbacks.version_manager [None req-c65e079f-a2a3-4878-afb8-6767428d583d None None] Version for resource type QosPolicy changed None to 1.10 on consumer Open vSwitch agent@dv-cinder-850840-2-iscsi {{(pid=104281) _set_version /opt/stack/neutron/neutron/api/rpc/callbacks/version_manager.py:113}}
Jul 26 03:10:36.371699 dv-cinder-850840-2-iscsi neutron-server[104281]: DEBUG neutron.api.rpc.callbacks.version_manager [None req-c65e079f-a2a3-4878-afb8-6767428d583d None None] Version for resource type SecurityGroup changed None to 1.5 on consumer Open vSwitch agent@dv-cinder-850840-2-iscsi {{(pid=104281) _set_version /opt/stack/neutron/neutron/api/rpc/callbacks/version_manager.py:113}}
Jul 26 03:10:36.372113 dv-cinder-850840-2-iscsi neutron-server[104281]: DEBUG neutron.api.rpc.callbacks.version_manager [None req-c65e079f-a2a3-4878-afb8-6767428d583d None None] Version for resource type SecurityGroupRule changed None to 1.2 on consumer Open vSwitch agent@dv-cinder-850840-2-iscsi {{(pid=104281) _set_version /opt/stack/neutron/neutron/api/rpc/callbacks/version_manager.py:113}}
Jul 26 03:10:36.372695 dv-cinder-850840-2-iscsi neutron-server[104281]: DEBUG neutron.api.rpc.callbacks.version_manager [None req-c65e079f-a2a3-4878-afb8-6767428d583d None None] Version for resource type SubPort changed None to 1.0 on consumer Open vSwitch agent@dv-cinder-850840-2-iscsi {{(pid=104281) _set_version /opt/stack/neutron/neutron/api/rpc/callbacks/version_manager.py:113}}
Jul 26 03:10:36.374176 dv-cinder-850840-2-iscsi neutron-server[104281]: DEBUG neutron.api.rpc.callbacks.version_manager [None req-c65e079f-a2a3-4878-afb8-6767428d583d None None] Version for resource type Subnet changed None to 1.1 on consumer Open vSwitch agent@dv-cinder-850840-2-iscsi {{(pid=104281) _set_version /opt/stack/neutron/neutron/api/rpc/callbacks/version_manager.py:113}}
Jul 26 03:10:36.374701 dv-cinder-850840-2-iscsi neutron-server[104281]: DEBUG neutron.api.rpc.callbacks.version_manager [None req-c65e079f-a2a3-4878-afb8-6767428d583d None None] Version for resource type Trunk changed None to 1.1 on consumer Open vSwitch agent@dv-cinder-850840-2-iscsi {{(pid=104281) _set_version /opt/stack/neutron/neutron/api/rpc/callbacks/version_manager.py:113}}
Jul 26 03:10:36.376679 dv-cinder-850840-2-iscsi neutron-server[104281]: DEBUG neutron.api.rpc.callbacks.version_manager [None req-c65e079f-a2a3-4878-afb8-6767428d583d None None] Tracked resource versions report:
Jul 26 03:10:36.376679 dv-cinder-850840-2-iscsi neutron-server[104281]: pushed versions:
Jul 26 03:10:36.376679 dv-cinder-850840-2-iscsi neutron-server[104281]: { 'AddressGroup': {'1.2'},
Jul 26 03:10:36.376679 dv-cinder-850840-2-iscsi neutron-server[104281]: 'Agent': {'1.1'},
Jul 26 03:10:36.376679 dv-cinder-850840-2-iscsi neutron-server[104281]: 'ConntrackHelper': {'1.0'},
Jul 26 03:10:36.376679 dv-cinder-850840-2-iscsi neutron-server[104281]: 'LocalIPAssociation': {'1.0'},
Jul 26 03:10:36.376679 dv-cinder-850840-2-iscsi neutron-server[104281]: 'Log': {'1.0'},
Jul 26 03:10:36.376679 dv-cinder-850840-2-iscsi neutron-server[104281]: 'NDPProxy': {'1.0'},
Jul 26 03:10:36.376679 dv-cinder-850840-2-iscsi neutron-server[104281]: 'Network': {'1.1'},
Jul 26 03:10:36.376679 dv-cinder-850840-2-iscsi neutron-server[104281]: 'Port': {'1.7'},
Jul 26 03:10:36.376679 dv-cinder-850840-2-iscsi neutron-server[104281]: 'PortForwarding': {'1.3'},
Jul 26 03:10:36.376679 dv-cinder-850840-2-iscsi neutron-server[104281]: 'QosPolicy': {'1.10'},
Jul 26 03:10:36.376679 dv-cinder-850840-2-iscsi neutron-server[104281]: 'SecurityGroup': {'1.5'},
Jul 26 03:10:36.376679 dv-cinder-850840-2-iscsi neutron-server[104281]: 'SecurityGroupRule': {'1.2'},
Jul 26 03:10:36.376679 dv-cinder-850840-2-iscsi neutron-server[104281]: 'SubPort': {'1.0'},
Jul 26 03:10:36.376679 dv-cinder-850840-2-iscsi neutron-server[104281]: 'Subnet': {'1.1'},
Jul 26 03:10:36.376679 dv-cinder-850840-2-iscsi neutron-server[104281]: 'Trunk': {'1.1'}}
Jul 26 03:10:36.376679 dv-cinder-850840-2-iscsi neutron-server[104281]: consumer versions:
Jul 26 03:10:36.376679 dv-cinder-850840-2-iscsi neutron-server[104281]: { DHCP agent@dv-cinder-850840-2-iscsi: {},
Jul 26 03:10:36.376679 dv-cinder-850840-2-iscsi neutron-server[104281]: HyperV agent@hv-cinder-85084: {},
Jul 26 03:10:36.376679 dv-cinder-850840-2-iscsi neutron-server[104281]: L3 agent@dv-cinder-850840-2-iscsi: {},
Jul 26 03:10:36.376679 dv-cinder-850840-2-iscsi neutron-server[104281]: Metadata agent@dv-cinder-850840-2-iscsi: {},
Jul 26 03:10:36.376679 dv-cinder-850840-2-iscsi neutron-server[104281]: Metering agent@dv-cinder-850840-2-iscsi: {},
Jul 26 03:10:36.376679 dv-cinder-850840-2-iscsi neutron-server[104281]: Open vSwitch agent@dv-cinder-850840-2-iscsi: { 'AddressGroup': '1.2',
Jul 26 03:10:36.376679 dv-cinder-850840-2-iscsi neutron-server[104281]: 'Agent': '1.1',
Jul 26 03:10:36.376679 dv-cinder-850840-2-iscsi neutron-server[104281]: 'ConntrackHelper': '1.0',
Jul 26 03:10:36.376679 dv-cinder-850840-2-iscsi neutron-server[104281]: 'LocalIPAssociation': '1.0',
Jul 26 03:10:36.376679 dv-cinder-850840-2-iscsi neutron-server[104281]: 'Log': '1.0',
Jul 26 03:10:36.376679 dv-cinder-850840-2-iscsi neutron-server[104281]: 'NDPProxy': '1.0',
Jul 26 03:10:36.376679 dv-cinder-850840-2-iscsi neutron-server[104281]: 'Network': '1.1',
Jul 26 03:10:36.376679 dv-cinder-850840-2-iscsi neutron-server[104281]: 'Port': '1.7',
Jul 26 03:10:36.376679 dv-cinder-850840-2-iscsi neutron-server[104281]: 'PortForwarding': '1.3',
Jul 26 03:10:36.376679 dv-cinder-850840-2-iscsi neutron-server[104281]: 'QosPolicy': '1.10',
Jul 26 03:10:36.376679 dv-cinder-850840-2-iscsi neutron-server[104281]: 'SecurityGroup': '1.5',
Jul 26 03:10:36.376679 dv-cinder-850840-2-iscsi neutron-server[104281]: 'SecurityGroupRule': '1.2',
Jul 26 03:10:36.376679 dv-cinder-850840-2-iscsi neutron-server[104281]: 'SubPort': '1.0',
Jul 26 03:10:36.376679 dv-cinder-850840-2-iscsi neutron-server[104281]: 'Subnet': '1.1',
Jul 26 03:10:36.376679 dv-cinder-850840-2-iscsi neutron-server[104281]: 'Trunk': '1.1'}}
Jul 26 03:10:36.376679 dv-cinder-850840-2-iscsi neutron-server[104281]: {{(pid=104281) report /opt/stack/neutron/neutron/api/rpc/callbacks/version_manager.py:175}}
Jul 26 03:10:36.393705 dv-cinder-850840-2-iscsi neutron-server[104281]: DEBUG neutron.plugins.ml2.managers [None req-af7ffc5d-430d-4058-a9d6-a6f77bace881 None None] Attempting to bind port 413efeca-a3eb-4a3f-a7fa-575bdef048a3 on host dv-cinder-850840-2-iscsi for vnic_type normal with profile {{(pid=104281) bind_port /opt/stack/neutron/neutron/plugins/ml2/managers.py:810}}
Jul 26 03:10:36.394310 dv-cinder-850840-2-iscsi neutron-server[104281]: DEBUG neutron.plugins.ml2.managers [None req-af7ffc5d-430d-4058-a9d6-a6f77bace881 None None] Attempting to bind port 413efeca-a3eb-4a3f-a7fa-575bdef048a3 by drivers openvswitch,hyperv on host dv-cinder-850840-2-iscsi at level 0 using segments [{'id': 'f4509579-bc86-49e6-8de3-7930c864b912', 'network_type': 'flat', 'physical_network': 'physnet1', 'segmentation_id': None, 'network_id': '5e4aae24-bf2f-4f56-8c39-cdfd33375d7e'}] {{(pid=104281) _bind_port_level /opt/stack/neutron/neutron/plugins/ml2/managers.py:835}}
Jul 26 03:10:36.394848 dv-cinder-850840-2-iscsi neutron-server[104281]: DEBUG neutron.plugins.ml2.drivers.mech_agent [None req-af7ffc5d-430d-4058-a9d6-a6f77bace881 None None] Attempting to bind port 413efeca-a3eb-4a3f-a7fa-575bdef048a3 on network 5e4aae24-bf2f-4f56-8c39-cdfd33375d7e {{(pid=104281) bind_port /opt/stack/neutron/neutron/plugins/ml2/drivers/mech_agent.py:91}}
Jul 26 03:10:36.404486 dv-cinder-850840-2-iscsi neutron-server[104281]: DEBUG neutron.plugins.ml2.drivers.mech_agent [None req-af7ffc5d-430d-4058-a9d6-a6f77bace881 None None] Checking agent: {'id': '5a6a87c9-1e91-4eb4-acba-4eeec0a1949d', 'agent_type': 'Open vSwitch agent', 'binary': 'neutron-openvswitch-agent', 'topic': 'N/A', 'host': 'dv-cinder-850840-2-iscsi', 'admin_state_up': True, 'created_at': datetime.datetime(2022, 7, 26, 3, 2, 25), 'started_at': datetime.datetime(2022, 7, 26, 3, 2, 55), 'heartbeat_timestamp': datetime.datetime(2022, 7, 26, 3, 10, 25), 'description': None, 'resources_synced': None, 'availability_zone': None, 'alive': True, 'configurations': {'arp_responder_enabled': False, 'baremetal_smartnic': False, 'bridge_mappings': {'physnet1': 'br-data'}, 'datapath_type': 'system', 'devices': 0, 'enable_distributed_routing': False, 'extensions': [], 'in_distributed_mode': False, 'integration_bridge': 'br-int', 'l2_population': False, 'log_agent_heartbeats': False, 'ovs_capabilities': {'datapath_types': ['netdev', 'system'], 'iface_types': ['erspan', 'geneve', 'gre', 'internal', 'ip6erspan', 'ip6gre', 'lisp', 'patch', 'stt', 'system', 'tap', 'vxlan']}, 'ovs_hybrid_plug': False, 'resource_provider_bandwidths': {}, 'resource_provider_hypervisors': {'br-data': 'dv-cinder-850840-2-iscsi'}, 'resource_provider_inventory_defaults': {'allocation_ratio': 1.0, 'min_unit': 1, 'step_size': 1, 'reserved': 0}, 'resource_provider_packet_processing_inventory_defaults': {'allocation_ratio': 1.0, 'min_unit': 1, 'step_size': 1, 'reserved': 0}, 'resource_provider_packet_processing_with_direction': {}, 'resource_provider_packet_processing_without_direction': {}, 'tunnel_types': [], 'tunneling_ip': None, 'vhostuser_socket_dir': '/var/run/openvswitch'}, 'resource_versions': {'AddressGroup': '1.2', 'Agent': '1.1', 'ConntrackHelper': '1.0', 'LocalIPAssociation': '1.0', 'Log': '1.0', 'NDPProxy': '1.0', 'Network': '1.1', 'Port': '1.7', 'PortForwarding': '1.3', 'QosPolicy': '1.10', 'SecurityGroup': '1.5', 'SecurityGroupRule': '1.2', 'SubPort': '1.0', 'Subnet': '1.1', 'Trunk': '1.1'}} {{(pid=104281) bind_port /opt/stack/neutron/neutron/plugins/ml2/drivers/mech_agent.py:110}}
Jul 26 03:10:36.406126 dv-cinder-850840-2-iscsi neutron-server[104281]: DEBUG neutron.plugins.ml2.drivers.mech_agent [None req-af7ffc5d-430d-4058-a9d6-a6f77bace881 None None] Checking segment: {'id': 'f4509579-bc86-49e6-8de3-7930c864b912', 'network_type': 'flat', 'physical_network': 'physnet1', 'segmentation_id': None, 'network_id': '5e4aae24-bf2f-4f56-8c39-cdfd33375d7e'} for mappings: {'physnet1': 'br-data'} with network types: ['local', 'flat', 'vlan'] {{(pid=104281) check_segment_for_agent /opt/stack/neutron/neutron/plugins/ml2/drivers/mech_agent.py:373}}
Jul 26 03:10:36.406742 dv-cinder-850840-2-iscsi neutron-server[104281]: DEBUG neutron_lib.callbacks.manager [None req-af7ffc5d-430d-4058-a9d6-a6f77bace881 None None] Publish callbacks [] for ovs_bridge_name (None), before_read {{(pid=104281) _notify_loop /usr/local/lib/python3.8/dist-packages/neutron_lib/callbacks/manager.py:176}}
Jul 26 03:10:36.407335 dv-cinder-850840-2-iscsi neutron-server[104281]: DEBUG neutron.plugins.ml2.drivers.mech_agent [None req-af7ffc5d-430d-4058-a9d6-a6f77bace881 None None] Bound using segment: {'id': 'f4509579-bc86-49e6-8de3-7930c864b912', 'network_type': 'flat', 'physical_network': 'physnet1', 'segmentation_id': None, 'network_id': '5e4aae24-bf2f-4f56-8c39-cdfd33375d7e'} {{(pid=104281) bind_port /opt/stack/neutron/neutron/plugins/ml2/drivers/mech_agent.py:120}}
Jul 26 03:10:36.408015 dv-cinder-850840-2-iscsi neutron-server[104281]: DEBUG neutron.plugins.ml2.managers [None req-af7ffc5d-430d-4058-a9d6-a6f77bace881 None None] Bound port: 413efeca-a3eb-4a3f-a7fa-575bdef048a3, host: dv-cinder-850840-2-iscsi, vif_type: ovs, vif_details: {"connectivity": "l2", "port_filter": true, "ovs_hybrid_plug": false, "datapath_type": "system", "bridge_name": "br-int"}, binding_levels: [{'bound_driver': 'openvswitch', 'bound_segment': {'id': 'f4509579-bc86-49e6-8de3-7930c864b912', 'network_type': 'flat', 'physical_network': 'physnet1', 'segmentation_id': None, 'network_id': '5e4aae24-bf2f-4f56-8c39-cdfd33375d7e'}}] {{(pid=104281) _bind_port_level /opt/stack/neutron/neutron/plugins/ml2/managers.py:947}}
Jul 26 03:10:36.409261 dv-cinder-850840-2-iscsi neutron-server[104281]: DEBUG neutron_lib.callbacks.manager [None req-af7ffc5d-430d-4058-a9d6-a6f77bace881 None None] Publish callbacks ['neutron.plugins.ml2.plugin.SecurityGroupDbMixin._ensure_default_security_group_handler-7624387'] for port (413efeca-a3eb-4a3f-a7fa-575bdef048a3), before_update {{(pid=104281) _notify_loop /usr/local/lib/python3.8/dist-packages/neutron_lib/callbacks/manager.py:176}}
Jul 26 03:10:36.471519 dv-cinder-850840-2-iscsi neutron-server[104278]: DEBUG neutron_lib.callbacks.manager [None req-a76e14fe-2aa4-4368-9006-fac560404d07 admin admin] Publish callbacks ['neutron.services.l3_router.l3_router_plugin.L3_HA_NAT_db_mixin._before_router_create_handler-634389', 'neutron.services.l3_router.service_providers.driver_controller.DriverController._check_router_request-4006'] for router (7341cc72-2053-4525-97ce-be3c55bedcf5), before_create {{(pid=104278) _notify_loop /usr/local/lib/python3.8/dist-packages/neutron_lib/callbacks/manager.py:176}}
Jul 26 03:10:36.472754 dv-cinder-850840-2-iscsi neutron-server[104278]: DEBUG neutron_lib.callbacks.manager [None req-a76e14fe-2aa4-4368-9006-fac560404d07 admin admin] Publish callbacks ['neutron.services.l3_router.l3_router_plugin.L3_HA_NAT_db_mixin._precommit_router_create-631549', 'neutron.services.l3_router.l3_router_plugin.DVRResourceOperationHandler._set_distributed_flag-691965', 'neutron.services.l3_router.l3_router_plugin.RouterAvailabilityZoneMixin._process_az_request-722810', 'neutron.services.l3_router.service_providers.driver_controller.DriverController._set_router_provider-4015'] for router (7341cc72-2053-4525-97ce-be3c55bedcf5), precommit_create {{(pid=104278) _notify_loop /usr/local/lib/python3.8/dist-packages/neutron_lib/callbacks/manager.py:176}}
Jul 26 03:10:36.476950 dv-cinder-850840-2-iscsi neutron-server[104281]: DEBUG neutron.plugins.ml2.db [None req-af7ffc5d-430d-4058-a9d6-a6f77bace881 None None] For port 413efeca-a3eb-4a3f-a7fa-575bdef048a3, host dv-cinder-850840-2-iscsi, cleared binding levels {{(pid=104281) clear_binding_levels /opt/stack/neutron/neutron/plugins/ml2/db.py:87}}
Jul 26 03:10:36.479179 dv-cinder-850840-2-iscsi neutron-server[104278]: DEBUG neutron_lib.callbacks.manager [None req-abb74359-3ba7-46da-9a67-e9f64e596d04 admin admin] Publish callbacks [] for security_group (None), before_create {{(pid=104278) _notify_loop /usr/local/lib/python3.8/dist-packages/neutron_lib/callbacks/manager.py:176}}
Jul 26 03:10:36.483017 dv-cinder-850840-2-iscsi neutron-server[104281]: DEBUG neutron.plugins.ml2.db [None req-af7ffc5d-430d-4058-a9d6-a6f77bace881 None None] For port 413efeca-a3eb-4a3f-a7fa-575bdef048a3, host dv-cinder-850840-2-iscsi, set binding levels [PortBindingLevel(driver='openvswitch',host='dv-cinder-850840-2-iscsi',level=0,port_id=413efeca-a3eb-4a3f-a7fa-575bdef048a3,segment=NetworkSegment(f4509579-bc86-49e6-8de3-7930c864b912),segment_id=f4509579-bc86-49e6-8de3-7930c864b912)] {{(pid=104281) set_binding_levels /opt/stack/neutron/neutron/plugins/ml2/db.py:59}}
Jul 26 03:10:36.486121 dv-cinder-850840-2-iscsi neutron-server[104279]: DEBUG dbcounter [-] [104279] Writing DB stats neutron:SELECT=83,neutron:INSERT=12,neutron:DELETE=2,neutron:UPDATE=3 {{(pid=104279) stat_writer /usr/local/lib/python3.8/dist-packages/dbcounter.py:114}}
Jul 26 03:10:36.490714 dv-cinder-850840-2-iscsi neutron-server[104279]: DEBUG neutron_lib.callbacks.manager [None req-b7cd70a4-d1e9-45dd-a38a-dd452136857e admin admin] Publish callbacks ['neutron.plugins.ml2.ovo_rpc._ObjectChangeHandler.handle_event-301598', 'neutron.api.rpc.agentnotifiers.dhcp_rpc_agent_api.DhcpAgentNotifyAPI._native_event_send_dhcp_notification-554660'] for subnet (24e67041-edaa-4fbc-80b0-fa3aea581c5f), after_create {{(pid=104279) _notify_loop /usr/local/lib/python3.8/dist-packages/neutron_lib/callbacks/manager.py:176}}
Jul 26 03:10:36.494395 dv-cinder-850840-2-iscsi neutron-server[104281]: DEBUG neutron_lib.callbacks.manager [None req-af7ffc5d-430d-4058-a9d6-a6f77bace881 None None] Publish callbacks ['neutron.plugins.ml2.plugin.SecurityGroupServerNotifierRpcMixin._notify_sg_on_port_change-7625486', 'neutron.plugins.ml2.ovo_rpc._ObjectChangeHandler.handle_event-51182', 'neutron.api.rpc.agentnotifiers.dhcp_rpc_agent_api.DhcpAgentNotifyAPI._native_event_send_dhcp_notification-554660', 'neutron.db.l3_db.L3RpcNotifierMixin._notify_gateway_port_ip_changed-8767198290652', 'neutron.db.l3_dvrscheduler_db._notify_l3_agent_port_update-8767197911125', 'neutron.db.l3_hascheduler_db._notify_l3_agent_ha_port_update-8767197911143'] for port (413efeca-a3eb-4a3f-a7fa-575bdef048a3), after_update {{(pid=104281) _notify_loop /usr/local/lib/python3.8/dist-packages/neutron_lib/callbacks/manager.py:176}}
Jul 26 03:10:36.509075 dv-cinder-850840-2-iscsi neutron-server[104279]: DEBUG neutron_lib.callbacks.manager [None req-0aa53fae-5a46-4bf4-94c7-773d7e457f29 admin admin] Publish callbacks ['neutron.services.auto_allocate.db._ensure_external_network_default_value_callback-8767197897858'] for network (3f744be8-1146-4ad7-825e-8d297f751ced), precommit_create {{(pid=104279) _notify_loop /usr/local/lib/python3.8/dist-packages/neutron_lib/callbacks/manager.py:176}}
Jul 26 03:10:36.544167 dv-cinder-850840-2-iscsi neutron-server[104280]: DEBUG neutron.plugins.ml2.plugin [None req-5ef6c736-0b1c-400e-806d-bfd3170fdea9 None None] Current status of the port 8da29202-87f4-4bd0-a0e6-ab9ef10ecabb is: ACTIVE; New status is: ACTIVE {{(pid=104280) _update_individual_port_db_status /opt/stack/neutron/neutron/plugins/ml2/plugin.py:2292}}
Jul 26 03:10:36.553850 dv-cinder-850840-2-iscsi neutron-server[104281]: DEBUG neutron.api.rpc.handlers.resources_rpc [None req-c65e079f-a2a3-4878-afb8-6767428d583d None None] Pushing event updated for resources: {'Port': ['ID=413efeca-a3eb-4a3f-a7fa-575bdef048a3,revision_number=3']} {{(pid=104281) push /opt/stack/neutron/neutron/api/rpc/handlers/resources_rpc.py:237}}
Jul 26 03:10:36.559528 dv-cinder-850840-2-iscsi neutron-server[104279]: DEBUG neutron.wsgi [-] (104279) accepted ('10.222.0.42', 52586) {{(pid=104279) server /usr/local/lib/python3.8/dist-packages/eventlet/wsgi.py:1004}}
Jul 26 03:10:36.562495 dv-cinder-850840-2-iscsi neutron-server[104279]: DEBUG neutron.api.rpc.handlers.resources_rpc [None req-b7cd70a4-d1e9-45dd-a38a-dd452136857e admin admin] Pushing event updated for resources: {'Subnet': ['ID=24e67041-edaa-4fbc-80b0-fa3aea581c5f,revision_number=0']} {{(pid=104279) push /opt/stack/neutron/neutron/api/rpc/handlers/resources_rpc.py:237}}
Jul 26 03:10:36.575080 dv-cinder-850840-2-iscsi neutron-server[104281]: DEBUG neutron.db.l3_dvrscheduler_db [None req-af7ffc5d-430d-4058-a9d6-a6f77bace881 None None] Routers {'dbaafe3f-3d34-4ba8-836a-68d036bea8f1'} bound to L3 agent in host dv-cinder-850840-2-iscsi {{(pid=104281) _get_router_ids_for_agent /opt/stack/neutron/neutron/db/l3_dvrscheduler_db.py:426}}
Jul 26 03:10:36.575987 dv-cinder-850840-2-iscsi neutron-server[104281]: DEBUG neutron.db.l3_hamode_db [None req-af7ffc5d-430d-4058-a9d6-a6f77bace881 None None] neutron.services.l3_router.l3_router_plugin.L3RouterPlugin method get_ha_sync_data_for_host called with arguments (, 'dv-cinder-850840-2-iscsi', Agent(admin_state_up=True,agent_type='L3 agent',availability_zone='nova',binary='neutron-l3-agent',configurations={"agent_mode": "legacy", "ex_gw_ports": 1, "extensions": [], "floating_ips": 0, "handle_internal_only_routers": true, "interface_driver": "openvswitch", "interfaces": 1, "log_agent_heartbeats": false, "routers": 1},created_at=2022-07-26T03:02:22Z,description=,heartbeat_timestamp=2022-07-26T03:10:22Z,host='dv-cinder-850840-2-iscsi',id=ad52f5e4-a67d-4e62-a950-483fa8af9d3a,load=0,resource_versions=,resources_synced=,started_at=2022-07-26T03:02:22Z,topic='l3_agent')) {'router_ids': ['dbaafe3f-3d34-4ba8-836a-68d036bea8f1'], 'active': True} {{(pid=104281) wrapper /usr/local/lib/python3.8/dist-packages/oslo_log/helpers.py:65}}
Jul 26 03:10:36.622463 dv-cinder-850840-2-iscsi neutron-server[104278]: DEBUG dbcounter [-] [104278] Writing DB stats neutron:DELETE=3,neutron:UPDATE=2,neutron:SELECT=89,neutron:INSERT=6 {{(pid=104278) stat_writer /usr/local/lib/python3.8/dist-packages/dbcounter.py:114}}
Jul 26 03:10:36.624575 dv-cinder-850840-2-iscsi neutron-server[104280]: DEBUG neutron.api.rpc.handlers.dhcp_rpc [None req-f67a5acf-3c22-483b-8b35-e8f730812f7a None None] Create dhcp port {'port': {'name': '', 'admin_state_up': True, 'device_id': 'dhcpa3f4bcd2-219d-5848-bae0-fd74daf4f87f-2ee3d40a-6386-40e4-904c-54dd185c894f', 'network_id': '2ee3d40a-6386-40e4-904c-54dd185c894f', 'project_id': '6daba0980548418ea98d4d0cf42ef92f', 'fixed_ips': [{'subnet_id': '3794686e-8085-40a5-bd70-5b857623536a'}]}} from dv-cinder-850840-2-iscsi. {{(pid=104280) create_dhcp_port /opt/stack/neutron/neutron/api/rpc/handlers/dhcp_rpc.py:268}}
Jul 26 03:10:36.628627 dv-cinder-850840-2-iscsi neutron-server[104280]: DEBUG neutron_lib.callbacks.manager [None req-f67a5acf-3c22-483b-8b35-e8f730812f7a None None] Publish callbacks ['neutron.plugins.ml2.plugin.SecurityGroupDbMixin._ensure_default_security_group_handler-7624387'] for port (None), before_create {{(pid=104280) _notify_loop /usr/local/lib/python3.8/dist-packages/neutron_lib/callbacks/manager.py:176}}
Jul 26 03:10:36.634498 dv-cinder-850840-2-iscsi neutron-server[104279]: DEBUG neutron.plugins.ml2.drivers.mech_agent [None req-b7cd70a4-d1e9-45dd-a38a-dd452136857e admin admin] Checking segment: {'id': 'c6dd8fb7-314a-4475-b0b9-2a3b2651291f', 'network_type': 'vlan', 'physical_network': 'physnet1', 'segmentation_id': 167, 'network_id': 'e4264094-c280-4d22-bc2f-c5a07efc0e99'} for mappings: {'physnet1': 'br-data'} with network types: ['local', 'flat', 'vlan'] {{(pid=104279) check_segment_for_agent /opt/stack/neutron/neutron/plugins/ml2/drivers/mech_agent.py:373}}
Jul 26 03:10:36.635137 dv-cinder-850840-2-iscsi neutron-server[104279]: DEBUG neutron.scheduler.dhcp_agent_scheduler [None req-b7cd70a4-d1e9-45dd-a38a-dd452136857e admin admin] Network hostable DHCP agents. Network: e4264094-c280-4d22-bc2f-c5a07efc0e99, hostable agents: ['221b881a-fcd1-4e46-962b-076d0d1fb8a7'], hosted agents: [] {{(pid=104279) _get_network_hostable_dhcp_agents /opt/stack/neutron/neutron/scheduler/dhcp_agent_scheduler.py:329}}
Jul 26 03:10:36.642452 dv-cinder-850840-2-iscsi neutron-server[104279]: DEBUG neutron_lib.callbacks.manager [None req-0aa53fae-5a46-4bf4-94c7-773d7e457f29 admin admin] Publish callbacks ['neutron.plugins.ml2.ovo_rpc._ObjectChangeHandler.handle_event-753640', 'neutron.api.rpc.agentnotifiers.dhcp_rpc_agent_api.DhcpAgentNotifyAPI._native_event_send_dhcp_notification-554660'] for network (3f744be8-1146-4ad7-825e-8d297f751ced), after_create {{(pid=104279) _notify_loop /usr/local/lib/python3.8/dist-packages/neutron_lib/callbacks/manager.py:176}}
Jul 26 03:10:36.643710 dv-cinder-850840-2-iscsi neutron-server[104279]: DEBUG neutron.pecan_wsgi.hooks.policy_enforcement [None req-0aa53fae-5a46-4bf4-94c7-773d7e457f29 admin admin] Attributes excluded by policy engine: ['standard_attr_id', 'vlan_transparent'] {{(pid=104279) _exclude_attributes_by_policy /opt/stack/neutron/neutron/pecan_wsgi/hooks/policy_enforcement.py:259}}
Jul 26 03:10:36.644631 dv-cinder-850840-2-iscsi neutron-server[104279]: DEBUG neutron_lib.callbacks.manager [None req-0aa53fae-5a46-4bf4-94c7-773d7e457f29 admin admin] Publish callbacks ['neutron.api.rpc.agentnotifiers.dhcp_rpc_agent_api.DhcpAgentNotifyAPI._send_dhcp_notification-554634'] for network (None), before_response {{(pid=104279) _notify_loop /usr/local/lib/python3.8/dist-packages/neutron_lib/callbacks/manager.py:176}}
Jul 26 03:10:36.648657 dv-cinder-850840-2-iscsi neutron-server[104278]: DEBUG neutron_lib.callbacks.manager [None req-a76e14fe-2aa4-4368-9006-fac560404d07 admin admin] Publish callbacks [] for router_controller (7341cc72-2053-4525-97ce-be3c55bedcf5), precommit_add_association {{(pid=104278) _notify_loop /usr/local/lib/python3.8/dist-packages/neutron_lib/callbacks/manager.py:176}}
Jul 26 03:10:36.668028 dv-cinder-850840-2-iscsi neutron-server[104278]: DEBUG neutron_lib.callbacks.manager [None req-21f1acd9-1df4-4871-8ae9-d20ca1a5c97c admin admin] Publish callbacks ['neutron.plugins.ml2.plugin.SecurityGroupDbMixin._ensure_default_security_group_handler-7624387'] for port (None), before_create {{(pid=104278) _notify_loop /usr/local/lib/python3.8/dist-packages/neutron_lib/callbacks/manager.py:176}}
Jul 26 03:10:36.736445 dv-cinder-850840-2-iscsi neutron-server[104281]: DEBUG neutron.db.l3_dvr_db [None req-af7ffc5d-430d-4058-a9d6-a6f77bace881 None None] Set router dbaafe3f-3d34-4ba8-836a-68d036bea8f1 gateway port host: dv-cinder-850840-2-iscsi {{(pid=104281) _build_routers_list /opt/stack/neutron/neutron/db/l3_dvr_db.py:907}}
Jul 26 03:10:36.762328 dv-cinder-850840-2-iscsi neutron-server[104280]: DEBUG dbcounter [-] [104280] Writing DB stats neutron:SELECT=98,neutron:INSERT=2 {{(pid=104280) stat_writer /usr/local/lib/python3.8/dist-packages/dbcounter.py:114}}
Jul 26 03:10:36.766374 dv-cinder-850840-2-iscsi neutron-server[104280]: DEBUG dbcounter [-] [104280] Writing DB stats neutron:SELECT=98,neutron:UPDATE=2 {{(pid=104280) stat_writer /usr/local/lib/python3.8/dist-packages/dbcounter.py:114}}
Jul 26 03:10:36.793994 dv-cinder-850840-2-iscsi neutron-server[104279]: INFO neutron.wsgi [None req-0aa53fae-5a46-4bf4-94c7-773d7e457f29 admin admin] 10.222.0.42 "POST /v2.0/networks HTTP/1.1" status: 201 len: 869 time: 3.4571276
Jul 26 03:10:36.814815 dv-cinder-850840-2-iscsi neutron-server[104279]: DEBUG neutron.wsgi [-] (104279) accepted ('10.222.0.42', 52592) {{(pid=104279) server /usr/local/lib/python3.8/dist-packages/eventlet/wsgi.py:1004}}
Jul 26 03:10:36.826525 dv-cinder-850840-2-iscsi neutron-server[104279]: DEBUG neutron.api.v2.base [None req-f7efce2e-c1f5-4ed6-bdce-4725f438d140 admin admin] Request body: {'subnet': {'network_id': '3f744be8-1146-4ad7-825e-8d297f751ced', 'cidr': '172.20.0.0/28', 'name': 'tempest-AttachVolumeNegativeTest-1524715315-subnet', 'tenant_id': '9d8d482c37d849cf8bdf035e110e0f34', 'enable_dhcp': True, 'ip_version': 4}} {{(pid=104279) prepare_request_body /opt/stack/neutron/neutron/api/v2/base.py:730}}
Jul 26 03:10:36.841671 dv-cinder-850840-2-iscsi neutron-server[104280]: DEBUG neutron.plugins.ml2.rpc [None req-9e54b68c-5d3d-4dcd-839d-60c857cf5794 None None] Device 8da29202-87f4-4bd0-a0e6-ab9ef10ecabb up at agent ovs-agent-dv-cinder-850840-2-iscsi {{(pid=104280) update_device_up /opt/stack/neutron/neutron/plugins/ml2/rpc.py:296}}
Jul 26 03:10:36.851019 dv-cinder-850840-2-iscsi neutron-server[104279]: DEBUG neutron.api.rpc.handlers.resources_rpc [None req-0aa53fae-5a46-4bf4-94c7-773d7e457f29 admin admin] Pushing event updated for resources: {'Network': ['ID=3f744be8-1146-4ad7-825e-8d297f751ced,revision_number=1']} {{(pid=104279) push /opt/stack/neutron/neutron/api/rpc/handlers/resources_rpc.py:237}}
Jul 26 03:10:36.878385 dv-cinder-850840-2-iscsi neutron-server[104279]: DEBUG neutron.scheduler.dhcp_agent_scheduler [None req-b7cd70a4-d1e9-45dd-a38a-dd452136857e admin admin] Network e4264094-c280-4d22-bc2f-c5a07efc0e99 is scheduled to be hosted by DHCP agent 221b881a-fcd1-4e46-962b-076d0d1fb8a7 with binding_index 1 {{(pid=104279) bind /opt/stack/neutron/neutron/scheduler/dhcp_agent_scheduler.py:227}}
Jul 26 03:10:36.905621 dv-cinder-850840-2-iscsi neutron-server[104280]: DEBUG neutron.db.db_base_plugin_common [None req-f67a5acf-3c22-483b-8b35-e8f730812f7a None None] Allocated IP 172.20.0.2 (2ee3d40a-6386-40e4-904c-54dd185c894f/3794686e-8085-40a5-bd70-5b857623536a/02043ccc-ea3a-4a64-82e8-d8a1d9378c42) {{(pid=104280) _store_ip_allocation /opt/stack/neutron/neutron/db/db_base_plugin_common.py:131}}
Jul 26 03:10:36.916187 dv-cinder-850840-2-iscsi neutron-server[104280]: DEBUG neutron.plugins.ml2.rpc [None req-9e54b68c-5d3d-4dcd-839d-60c857cf5794 None None] Network 3f744be8-1146-4ad7-825e-8d297f751ced details requested by agent ovs-agent-dv-cinder-850840-2-iscsi with host dv-cinder-850840-2-iscsi {{(pid=104280) get_network_details /opt/stack/neutron/neutron/plugins/ml2/rpc.py:248}}
Jul 26 03:10:36.938289 dv-cinder-850840-2-iscsi neutron-server[104279]: DEBUG neutron.scheduler.base_scheduler [None req-b7cd70a4-d1e9-45dd-a38a-dd452136857e admin admin] Resources bound (agent type, host, resource id): (DHCP agent, dv-cinder-850840-2-iscsi, e4264094-c280-4d22-bc2f-c5a07efc0e99) {{(pid=104279) schedule /opt/stack/neutron/neutron/scheduler/base_scheduler.py:57}}
Jul 26 03:10:36.940254 dv-cinder-850840-2-iscsi neutron-server[104279]: DEBUG neutron_lib.callbacks.manager [None req-874fb1d8-c92e-4d03-860a-745453c6a417 admin admin] Publish callbacks [] for security_group (None), before_create {{(pid=104279) _notify_loop /usr/local/lib/python3.8/dist-packages/neutron_lib/callbacks/manager.py:176}}
Jul 26 03:10:36.958577 dv-cinder-850840-2-iscsi neutron-server[104279]: DEBUG neutron.pecan_wsgi.hooks.policy_enforcement [None req-b7cd70a4-d1e9-45dd-a38a-dd452136857e admin admin] Attributes excluded by policy engine: ['standard_attr_id', 'shared', 'network'] {{(pid=104279) _exclude_attributes_by_policy /opt/stack/neutron/neutron/pecan_wsgi/hooks/policy_enforcement.py:259}}
Jul 26 03:10:36.959746 dv-cinder-850840-2-iscsi neutron-server[104279]: DEBUG neutron_lib.callbacks.manager [None req-b7cd70a4-d1e9-45dd-a38a-dd452136857e admin admin] Publish callbacks ['neutron.api.rpc.agentnotifiers.dhcp_rpc_agent_api.DhcpAgentNotifyAPI._send_dhcp_notification-554634'] for subnet (None), before_response {{(pid=104279) _notify_loop /usr/local/lib/python3.8/dist-packages/neutron_lib/callbacks/manager.py:176}}
Jul 26 03:10:37.012288 dv-cinder-850840-2-iscsi neutron-server[104280]: DEBUG neutron.api.rpc.handlers.dhcp_rpc [None req-10a88879-1d22-4f95-8f46-a070065e0296 None None] Network e4264094-c280-4d22-bc2f-c5a07efc0e99 requested from dv-cinder-850840-2-iscsi {{(pid=104280) get_network_info /opt/stack/neutron/neutron/api/rpc/handlers/dhcp_rpc.py:191}}
Jul 26 03:10:37.012423 dv-cinder-850840-2-iscsi neutron-server[104281]: DEBUG neutron.db.l3_hamode_db [None req-af7ffc5d-430d-4058-a9d6-a6f77bace881 None None] neutron.services.l3_router.l3_router_plugin.L3RouterPlugin method _process_sync_ha_data called with arguments (, [{'id': 'dbaafe3f-3d34-4ba8-836a-68d036bea8f1', 'name': 'tempest-ServerRescueNegativeTestJSON-363217719-router', 'tenant_id': 'a07cd1888316403eb9c37610a310b76d', 'admin_state_up': True, 'status': 'ACTIVE', 'external_gateway_info': {'network_id': '5e4aae24-bf2f-4f56-8c39-cdfd33375d7e', 'external_fixed_ips': [{'subnet_id': '9ef825a4-de49-4209-a533-5276f9d1b6a3', 'ip_address': '172.27.3.200'}], 'enable_snat': True}, 'gw_port_id': '413efeca-a3eb-4a3f-a7fa-575bdef048a3', 'description': '', 'availability_zones': ['nova'], 'distributed': False, 'ha': False, 'ha_vr_id': 0, 'availability_zone_hints': [], 'routes': [], 'flavor_id': None, 'tags': [], 'created_at': '2022-07-26T03:10:32Z', 'updated_at': '2022-07-26T03:10:33Z', 'revision_number': 3, 'project_id': 'a07cd1888316403eb9c37610a310b76d', 'gw_port': {'id': '413efeca-a3eb-4a3f-a7fa-575bdef048a3', 'name': '', 'network_id': '5e4aae24-bf2f-4f56-8c39-cdfd33375d7e', 'tenant_id': '', 'mac_address': 'fa:16:3e:97:56:6f', 'admin_state_up': True, 'status': 'DOWN', 'device_id': 'dbaafe3f-3d34-4ba8-836a-68d036bea8f1', 'device_owner': 'network:router_gateway', 'standard_attr_id': 41, 'fixed_ips': [{'subnet_id': '9ef825a4-de49-4209-a533-5276f9d1b6a3', 'ip_address': '172.27.3.200', 'prefixlen': 24}], 'allowed_address_pairs': [], 'extra_dhcp_opts': [], 'security_groups': [], 'description': '', 'binding:vnic_type': 'normal', 'binding:profile': {}, 'binding:host_id': 'dv-cinder-850840-2-iscsi', 'binding:vif_type': 'ovs', 'binding:vif_details': {'connectivity': 'l2', 'port_filter': True, 'ovs_hybrid_plug': False, 'datapath_type': 'system', 'bridge_name': 'br-int', 'bound_drivers': {'0': 'openvswitch'}}, 'port_security_enabled': False, 'tags': [], 'created_at': '2022-07-26T03:10:33Z', 'updated_at': '2022-07-26T03:10:36Z', 'revision_number': 3, 'project_id': '', 'subnets': [{'id': '9ef825a4-de49-4209-a533-5276f9d1b6a3', 'cidr': '172.27.3.0/24', 'gateway_ip': '172.27.3.1', 'dns_nameservers': [], 'ipv6_ra_mode': None, 'subnetpool_id': None}], 'extra_subnets': [], 'address_scopes': {4: None, 6: None}, 'mtu': 1500}, 'enable_snat': True, 'gw_port_host': 'dv-cinder-850840-2-iscsi'}], 'dv-cinder-850840-2-iscsi', False) {} {{(pid=104281) wrapper /usr/local/lib/python3.8/dist-packages/oslo_log/helpers.py:65}}
Jul 26 03:10:37.013519 dv-cinder-850840-2-iscsi neutron-server[104279]: DEBUG neutron.pecan_wsgi.hooks.quota_enforcement [None req-f7efce2e-c1f5-4ed6-bdce-4725f438d140 admin admin] Made reservation on behalf of 9d8d482c37d849cf8bdf035e110e0f34 for: {'subnet': 1} {{(pid=104279) before /opt/stack/neutron/neutron/pecan_wsgi/hooks/quota_enforcement.py:53}}
Jul 26 03:10:37.013519 dv-cinder-850840-2-iscsi neutron-server[104279]: DEBUG neutron_lib.callbacks.manager [None req-f7efce2e-c1f5-4ed6-bdce-4725f438d140 admin admin] Publish callbacks [] for subnet (None), before_create {{(pid=104279) _notify_loop /usr/local/lib/python3.8/dist-packages/neutron_lib/callbacks/manager.py:176}}
Jul 26 03:10:37.111078 dv-cinder-850840-2-iscsi neutron-server[104279]: DEBUG neutron_lib.callbacks.manager [None req-1db79128-8527-43eb-b36d-820fb7573f1a admin admin] Publish callbacks ['neutron.plugins.ml2.ovo_rpc._ObjectChangeHandler.handle_event-301598', 'neutron.api.rpc.agentnotifiers.dhcp_rpc_agent_api.DhcpAgentNotifyAPI._native_event_send_dhcp_notification-554660'] for subnet (c9a8c629-e0e5-4438-bff2-fcb400037a5e), after_create {{(pid=104279) _notify_loop /usr/local/lib/python3.8/dist-packages/neutron_lib/callbacks/manager.py:176}}
Jul 26 03:10:37.116373 dv-cinder-850840-2-iscsi neutron-server[104281]: DEBUG neutron.api.rpc.handlers.l3_rpc [None req-af7ffc5d-430d-4058-a9d6-a6f77bace881 None None] The sync data for ids ['dbaafe3f-3d34-4ba8-836a-68d036bea8f1'] in dv-cinder-850840-2-iscsi is: [{'id': 'dbaafe3f-3d34-4ba8-836a-68d036bea8f1', 'name': 'tempest-ServerRescueNegativeTestJSON-363217719-router', 'tenant_id': 'a07cd1888316403eb9c37610a310b76d', 'admin_state_up': True, 'status': 'ACTIVE', 'external_gateway_info': {'network_id': '5e4aae24-bf2f-4f56-8c39-cdfd33375d7e', 'external_fixed_ips': [{'subnet_id': '9ef825a4-de49-4209-a533-5276f9d1b6a3', 'ip_address': '172.27.3.200'}], 'enable_snat': True}, 'gw_port_id': '413efeca-a3eb-4a3f-a7fa-575bdef048a3', 'description': '', 'availability_zones': ['nova'], 'distributed': False, 'ha': False, 'ha_vr_id': 0, 'availability_zone_hints': [], 'routes': [], 'flavor_id': None, 'tags': [], 'created_at': '2022-07-26T03:10:32Z', 'updated_at': '2022-07-26T03:10:33Z', 'revision_number': 3, 'project_id': 'a07cd1888316403eb9c37610a310b76d', 'gw_port': {'id': '413efeca-a3eb-4a3f-a7fa-575bdef048a3', 'name': '', 'network_id': '5e4aae24-bf2f-4f56-8c39-cdfd33375d7e', 'tenant_id': '', 'mac_address': 'fa:16:3e:97:56:6f', 'admin_state_up': True, 'status': 'DOWN', 'device_id': 'dbaafe3f-3d34-4ba8-836a-68d036bea8f1', 'device_owner': 'network:router_gateway', 'standard_attr_id': 41, 'fixed_ips': [{'subnet_id': '9ef825a4-de49-4209-a533-5276f9d1b6a3', 'ip_address': '172.27.3.200', 'prefixlen': 24}], 'allowed_address_pairs': [], 'extra_dhcp_opts': [], 'security_groups': [], 'description': '', 'binding:vnic_type': 'normal', 'binding:profile': {}, 'binding:host_id': 'dv-cinder-850840-2-iscsi', 'binding:vif_type': 'ovs', 'binding:vif_details': {'connectivity': 'l2', 'port_filter': True, 'ovs_hybrid_plug': False, 'datapath_type': 'system', 'bridge_name': 'br-int', 'bound_drivers': {'0': 'openvswitch'}}, 'port_security_enabled': False, 'tags': [], 'created_at': '2022-07-26T03:10:33Z', 'updated_at': '2022-07-26T03:10:36Z', 'revision_number': 3, 'project_id': '', 'subnets': [{'id': '9ef825a4-de49-4209-a533-5276f9d1b6a3', 'cidr': '172.27.3.0/24', 'gateway_ip': '172.27.3.1', 'dns_nameservers': [], 'ipv6_ra_mode': None, 'subnetpool_id': None}], 'extra_subnets': [], 'address_scopes': {4: None, 6: None}, 'mtu': 1500}, 'enable_snat': True, 'gw_port_host': 'dv-cinder-850840-2-iscsi'}] {{(pid=104281) sync_routers /opt/stack/neutron/neutron/api/rpc/handlers/l3_rpc.py:137}}
Jul 26 03:10:37.194289 dv-cinder-850840-2-iscsi neutron-server[104280]: DEBUG neutron.db.provisioning_blocks [None req-9e54b68c-5d3d-4dcd-839d-60c857cf5794 None None] Provisioning complete for port 8da29202-87f4-4bd0-a0e6-ab9ef10ecabb triggered by entity L2. {{(pid=104280) provisioning_complete /opt/stack/neutron/neutron/db/provisioning_blocks.py:145}}
Jul 26 03:10:37.195183 dv-cinder-850840-2-iscsi neutron-server[104280]: DEBUG neutron_lib.callbacks.manager [None req-9e54b68c-5d3d-4dcd-839d-60c857cf5794 None None] Publish callbacks ['neutron.plugins.ml2.plugin.Ml2Plugin._port_provisioned-7774880'] for port (8da29202-87f4-4bd0-a0e6-ab9ef10ecabb), provisioning_complete {{(pid=104280) _notify_loop /usr/local/lib/python3.8/dist-packages/neutron_lib/callbacks/manager.py:176}}
Jul 26 03:10:37.195329 dv-cinder-850840-2-iscsi neutron-server[104279]: DEBUG neutron.api.rpc.handlers.resources_rpc [None req-1db79128-8527-43eb-b36d-820fb7573f1a admin admin] Pushing event updated for resources: {'Subnet': ['ID=c9a8c629-e0e5-4438-bff2-fcb400037a5e,revision_number=0']} {{(pid=104279) push /opt/stack/neutron/neutron/api/rpc/handlers/resources_rpc.py:237}}
Jul 26 03:10:37.200600 dv-cinder-850840-2-iscsi neutron-server[104279]: INFO neutron.wsgi [None req-b7cd70a4-d1e9-45dd-a38a-dd452136857e admin admin] 10.222.0.42 "POST /v2.0/subnets HTTP/1.1" status: 201 len: 853 time: 1.2755847
Jul 26 03:10:37.211309 dv-cinder-850840-2-iscsi neutron-server[104279]: DEBUG neutron.wsgi [-] (104279) accepted ('10.222.0.42', 52606) {{(pid=104279) server /usr/local/lib/python3.8/dist-packages/eventlet/wsgi.py:1004}}
Jul 26 03:10:37.226765 dv-cinder-850840-2-iscsi neutron-server[104279]: DEBUG neutron.api.v2.base [None req-0e629f46-f79f-48b9-a328-91a419a3c5ac admin admin] Request body: {'router': {'name': 'tempest-AttachVolumeShelveTestJSON-1814768006-router', 'tenant_id': 'ab741435041940cc9c7f02b27120bd90', 'external_gateway_info': {'network_id': '5e4aae24-bf2f-4f56-8c39-cdfd33375d7e'}}} {{(pid=104279) prepare_request_body /opt/stack/neutron/neutron/api/v2/base.py:730}}
Jul 26 03:10:37.243737 dv-cinder-850840-2-iscsi neutron-server[104279]: DEBUG dbcounter [-] [104279] Writing DB stats neutron:SELECT=87,neutron:INSERT=10,neutron:UPDATE=1,neutron:DELETE=2 {{(pid=104279) stat_writer /usr/local/lib/python3.8/dist-packages/dbcounter.py:114}}
Jul 26 03:10:37.278494 dv-cinder-850840-2-iscsi neutron-server[104279]: DEBUG neutron_lib.callbacks.manager [None req-0e629f46-f79f-48b9-a328-91a419a3c5ac admin admin] Publish callbacks ['neutron.services.l3_router.l3_router_plugin.L3_HA_NAT_db_mixin._before_router_create_handler-634389', 'neutron.services.l3_router.service_providers.driver_controller.DriverController._check_router_request-4006'] for router (3a50c8aa-9249-4910-8ded-bafc5b29fa72), before_create {{(pid=104279) _notify_loop /usr/local/lib/python3.8/dist-packages/neutron_lib/callbacks/manager.py:176}}
Jul 26 03:10:37.279833 dv-cinder-850840-2-iscsi neutron-server[104279]: DEBUG neutron_lib.callbacks.manager [None req-0e629f46-f79f-48b9-a328-91a419a3c5ac admin admin] Publish callbacks ['neutron.services.l3_router.l3_router_plugin.L3_HA_NAT_db_mixin._precommit_router_create-631549', 'neutron.services.l3_router.l3_router_plugin.DVRResourceOperationHandler._set_distributed_flag-691965', 'neutron.services.l3_router.l3_router_plugin.RouterAvailabilityZoneMixin._process_az_request-722810', 'neutron.services.l3_router.service_providers.driver_controller.DriverController._set_router_provider-4015'] for router (3a50c8aa-9249-4910-8ded-bafc5b29fa72), precommit_create {{(pid=104279) _notify_loop /usr/local/lib/python3.8/dist-packages/neutron_lib/callbacks/manager.py:176}}
Jul 26 03:10:37.361971 dv-cinder-850840-2-iscsi neutron-server[104279]: DEBUG dbcounter [-] [104279] Writing DB stats neutron:SELECT=76,neutron:DELETE=2,neutron:INSERT=19,neutron:UPDATE=3 {{(pid=104279) stat_writer /usr/local/lib/python3.8/dist-packages/dbcounter.py:114}}
Jul 26 03:10:37.363267 dv-cinder-850840-2-iscsi neutron-server[104278]: DEBUG neutron.db.db_base_plugin_common [None req-21f1acd9-1df4-4871-8ae9-d20ca1a5c97c admin admin] Allocated IP 172.20.0.1 (f1a42af0-22f4-4dac-9f7e-d498fada0f45/14af209e-c2a5-4247-8cf2-b2eedb95d2b7/8b091cdb-78f9-463b-a1aa-af558c9be15d) {{(pid=104278) _store_ip_allocation /opt/stack/neutron/neutron/db/db_base_plugin_common.py:131}}
