Aug 22 12:47:39.482934 dv-cinder-850836-6-smb devstack@placement-api.service[114032]: DEBUG placement.objects.research_context [req-2ab2a23d-da2c-4d64-9a2e-a06ba687cc1b req-9123b69f-a02a-4e4d-92db-76ac378a46da service placement] getting providers with 1024 MEMORY_MB {{(pid=114032) __init__ /opt/stack/placement/placement/objects/research_context.py:136}}
Aug 22 12:47:39.510971 dv-cinder-850836-6-smb devstack@placement-api.service[114032]: DEBUG placement.objects.research_context [req-2ab2a23d-da2c-4d64-9a2e-a06ba687cc1b req-9123b69f-a02a-4e4d-92db-76ac378a46da service placement] getting providers with 1 VCPU {{(pid=114032) __init__ /opt/stack/placement/placement/objects/research_context.py:136}}
Aug 22 12:47:39.528869 dv-cinder-850836-6-smb devstack@placement-api.service[114032]: DEBUG placement.objects.research_context [req-2ab2a23d-da2c-4d64-9a2e-a06ba687cc1b req-9123b69f-a02a-4e4d-92db-76ac378a46da service placement] found 1 providers with available 1 DISK_GB {{(pid=114032) get_provider_ids_matching /opt/stack/placement/placement/objects/research_context.py:563}}
Aug 22 12:47:39.530550 dv-cinder-850836-6-smb devstack@placement-api.service[114032]: DEBUG placement.objects.research_context [req-2ab2a23d-da2c-4d64-9a2e-a06ba687cc1b req-9123b69f-a02a-4e4d-92db-76ac378a46da service placement] found 1 providers with available 1024 MEMORY_MB {{(pid=114032) get_provider_ids_matching /opt/stack/placement/placement/objects/research_context.py:563}}
Aug 22 12:47:39.531020 dv-cinder-850836-6-smb devstack@placement-api.service[114032]: DEBUG placement.objects.research_context [req-2ab2a23d-da2c-4d64-9a2e-a06ba687cc1b req-9123b69f-a02a-4e4d-92db-76ac378a46da service placement] found 1 providers after filtering by previous result {{(pid=114032) get_provider_ids_matching /opt/stack/placement/placement/objects/research_context.py:594}}
Aug 22 12:47:39.531285 dv-cinder-850836-6-smb devstack@placement-api.service[114032]: DEBUG placement.objects.research_context [req-2ab2a23d-da2c-4d64-9a2e-a06ba687cc1b req-9123b69f-a02a-4e4d-92db-76ac378a46da service placement] found 1 providers with available 1 VCPU {{(pid=114032) get_provider_ids_matching /opt/stack/placement/placement/objects/research_context.py:563}}
Aug 22 12:47:39.532773 dv-cinder-850836-6-smb devstack@placement-api.service[114032]: DEBUG placement.objects.research_context [req-2ab2a23d-da2c-4d64-9a2e-a06ba687cc1b req-9123b69f-a02a-4e4d-92db-76ac378a46da service placement] found 1 providers after filtering by previous result {{(pid=114032) get_provider_ids_matching /opt/stack/placement/placement/objects/research_context.py:594}}
Aug 22 12:47:39.600937 dv-cinder-850836-6-smb devstack@placement-api.service[114032]: DEBUG placement.objects.allocation_candidate [req-2ab2a23d-da2c-4d64-9a2e-a06ba687cc1b req-9123b69f-a02a-4e4d-92db-76ac378a46da service placement] RequestGroup(use_same_provider=False, resources={DISK_GB:1, MEMORY_MB:1024, VCPU:1}, traits=(), aggregates=[]) (suffix '') returned 1 matches {{(pid=114032) _get_by_requests /opt/stack/placement/placement/objects/allocation_candidate.py:156}}
Aug 22 12:47:39.601370 dv-cinder-850836-6-smb devstack@placement-api.service[114032]: DEBUG placement.objects.allocation_candidate [req-2ab2a23d-da2c-4d64-9a2e-a06ba687cc1b req-9123b69f-a02a-4e4d-92db-76ac378a46da service placement] Merging candidates yields 1 allocation requests and 1 provider summaries {{(pid=114032) _merge_candidates /opt/stack/placement/placement/objects/allocation_candidate.py:809}}
Aug 22 12:47:39.605287 dv-cinder-850836-6-smb devstack@placement-api.service[114032]: INFO placement.requestlog [req-2ab2a23d-da2c-4d64-9a2e-a06ba687cc1b req-9123b69f-a02a-4e4d-92db-76ac378a46da service placement] 10.222.0.23 "GET /placement/allocation_candidates?limit=1000&resources=DISK_GB%3A1%2CMEMORY_MB%3A1024%2CVCPU%3A1&root_required=%21COMPUTE_STATUS_DISABLED" status: 200 len: 767 microversion: 1.36
Aug 22 12:47:39.606408 dv-cinder-850836-6-smb devstack@placement-api.service[114032]: [pid: 114032|app: 0|req: 10/21] 10.222.0.23 () {60 vars in 1506 bytes} [Mon Aug 22 12:47:39 2022] GET /placement/allocation_candidates?limit=1000&resources=DISK_GB%3A1%2CMEMORY_MB%3A1024%2CVCPU%3A1&root_required=%21COMPUTE_STATUS_DISABLED => generated 767 bytes in 232 msecs (HTTP/1.1 200) 8 headers in 296 bytes (1 switches on core 0)
Aug 22 12:47:39.723380 dv-cinder-850836-6-smb devstack@placement-api.service[114031]: DEBUG placement.requestlog [req-2ab2a23d-da2c-4d64-9a2e-a06ba687cc1b req-351ba70f-c9df-4e8c-b530-396fe2570c8d None None] Starting request: 10.222.0.23 "GET /placement/allocations/d6befdc0-1b94-4217-9a82-b250ad1fb00b" {{(pid=114031) __call__ /opt/stack/placement/placement/requestlog.py:55}}
Aug 22 12:47:39.760228 dv-cinder-850836-6-smb devstack@placement-api.service[114031]: INFO placement.requestlog [req-2ab2a23d-da2c-4d64-9a2e-a06ba687cc1b req-351ba70f-c9df-4e8c-b530-396fe2570c8d service placement] 10.222.0.23 "GET /placement/allocations/d6befdc0-1b94-4217-9a82-b250ad1fb00b" status: 200 len: 19 microversion: 1.28
Aug 22 12:47:39.765171 dv-cinder-850836-6-smb devstack@placement-api.service[114031]: [pid: 114031|app: 0|req: 12/22] 10.222.0.23 () {60 vars in 1380 bytes} [Mon Aug 22 12:47:39 2022] GET /placement/allocations/d6befdc0-1b94-4217-9a82-b250ad1fb00b => generated 19 bytes in 42 msecs (HTTP/1.1 200) 8 headers in 295 bytes (1 switches on core 0)
Aug 22 12:47:39.771378 dv-cinder-850836-6-smb devstack@placement-api.service[114032]: DEBUG placement.requestlog [req-2ab2a23d-da2c-4d64-9a2e-a06ba687cc1b req-8326d061-d0e3-4b86-b052-09a78a5f82f7 None None] Starting request: 10.222.0.23 "PUT /placement/allocations/d6befdc0-1b94-4217-9a82-b250ad1fb00b" {{(pid=114032) __call__ /opt/stack/placement/placement/requestlog.py:55}}
Aug 22 12:47:40.045310 dv-cinder-850836-6-smb devstack@placement-api.service[114031]: DEBUG placement.requestlog [req-53b098fd-f15d-442f-9571-de280444ab4e req-db7ff7fb-33e5-4e54-901f-edf2ff5dba6b None None] Starting request: 10.222.0.23 "GET /placement/allocation_candidates?limit=1000&resources=DISK_GB%3A1%2CMEMORY_MB%3A1024%2CVCPU%3A1&root_required=%21COMPUTE_STATUS_DISABLED" {{(pid=114031) __call__ /opt/stack/placement/placement/requestlog.py:55}}
Aug 22 12:47:40.240318 dv-cinder-850836-6-smb devstack@placement-api.service[114031]: DEBUG placement.objects.research_context [req-53b098fd-f15d-442f-9571-de280444ab4e req-db7ff7fb-33e5-4e54-901f-edf2ff5dba6b service placement] getting providers with 1 DISK_GB {{(pid=114031) __init__ /opt/stack/placement/placement/objects/research_context.py:136}}
Aug 22 12:47:40.289890 dv-cinder-850836-6-smb devstack@placement-api.service[114031]: DEBUG placement.objects.research_context [req-53b098fd-f15d-442f-9571-de280444ab4e req-db7ff7fb-33e5-4e54-901f-edf2ff5dba6b service placement] getting providers with 1024 MEMORY_MB {{(pid=114031) __init__ /opt/stack/placement/placement/objects/research_context.py:136}}
Aug 22 12:47:40.345360 dv-cinder-850836-6-smb devstack@placement-api.service[114031]: DEBUG placement.objects.research_context [req-53b098fd-f15d-442f-9571-de280444ab4e req-db7ff7fb-33e5-4e54-901f-edf2ff5dba6b service placement] getting providers with 1 VCPU {{(pid=114031) __init__ /opt/stack/placement/placement/objects/research_context.py:136}}
Aug 22 12:47:40.350835 dv-cinder-850836-6-smb devstack@placement-api.service[114031]: DEBUG placement.objects.research_context [req-53b098fd-f15d-442f-9571-de280444ab4e req-db7ff7fb-33e5-4e54-901f-edf2ff5dba6b service placement] found 1 providers with available 1 DISK_GB {{(pid=114031) get_provider_ids_matching /opt/stack/placement/placement/objects/research_context.py:563}}
Aug 22 12:47:40.351732 dv-cinder-850836-6-smb devstack@placement-api.service[114031]: DEBUG placement.objects.research_context [req-53b098fd-f15d-442f-9571-de280444ab4e req-db7ff7fb-33e5-4e54-901f-edf2ff5dba6b service placement] found 1 providers with available 1024 MEMORY_MB {{(pid=114031) get_provider_ids_matching /opt/stack/placement/placement/objects/research_context.py:563}}
Aug 22 12:47:40.355659 dv-cinder-850836-6-smb devstack@placement-api.service[114031]: DEBUG placement.objects.research_context [req-53b098fd-f15d-442f-9571-de280444ab4e req-db7ff7fb-33e5-4e54-901f-edf2ff5dba6b service placement] found 1 providers after filtering by previous result {{(pid=114031) get_provider_ids_matching /opt/stack/placement/placement/objects/research_context.py:594}}
Aug 22 12:47:40.356107 dv-cinder-850836-6-smb devstack@placement-api.service[114031]: DEBUG placement.objects.research_context [req-53b098fd-f15d-442f-9571-de280444ab4e req-db7ff7fb-33e5-4e54-901f-edf2ff5dba6b service placement] found 1 providers with available 1 VCPU {{(pid=114031) get_provider_ids_matching /opt/stack/placement/placement/objects/research_context.py:563}}
Aug 22 12:47:40.357071 dv-cinder-850836-6-smb devstack@placement-api.service[114031]: DEBUG placement.objects.research_context [req-53b098fd-f15d-442f-9571-de280444ab4e req-db7ff7fb-33e5-4e54-901f-edf2ff5dba6b service placement] found 1 providers after filtering by previous result {{(pid=114031) get_provider_ids_matching /opt/stack/placement/placement/objects/research_context.py:594}}
Aug 22 12:47:40.400038 dv-cinder-850836-6-smb devstack@placement-api.service[114031]: DEBUG placement.objects.allocation_candidate [req-53b098fd-f15d-442f-9571-de280444ab4e req-db7ff7fb-33e5-4e54-901f-edf2ff5dba6b service placement] RequestGroup(use_same_provider=False, resources={DISK_GB:1, MEMORY_MB:1024, VCPU:1}, traits=(), aggregates=[]) (suffix '') returned 1 matches {{(pid=114031) _get_by_requests /opt/stack/placement/placement/objects/allocation_candidate.py:156}}
Aug 22 12:47:40.400371 dv-cinder-850836-6-smb devstack@placement-api.service[114031]: DEBUG placement.objects.allocation_candidate [req-53b098fd-f15d-442f-9571-de280444ab4e req-db7ff7fb-33e5-4e54-901f-edf2ff5dba6b service placement] Merging candidates yields 1 allocation requests and 1 provider summaries {{(pid=114031) _merge_candidates /opt/stack/placement/placement/objects/allocation_candidate.py:809}}
Aug 22 12:47:40.404997 dv-cinder-850836-6-smb devstack@placement-api.service[114031]: INFO placement.requestlog [req-53b098fd-f15d-442f-9571-de280444ab4e req-db7ff7fb-33e5-4e54-901f-edf2ff5dba6b service placement] 10.222.0.23 "GET /placement/allocation_candidates?limit=1000&resources=DISK_GB%3A1%2CMEMORY_MB%3A1024%2CVCPU%3A1&root_required=%21COMPUTE_STATUS_DISABLED" status: 200 len: 767 microversion: 1.36
Aug 22 12:47:40.414687 dv-cinder-850836-6-smb devstack@placement-api.service[114031]: [pid: 114031|app: 0|req: 13/23] 10.222.0.23 () {60 vars in 1506 bytes} [Mon Aug 22 12:47:40 2022] GET /placement/allocation_candidates?limit=1000&resources=DISK_GB%3A1%2CMEMORY_MB%3A1024%2CVCPU%3A1&root_required=%21COMPUTE_STATUS_DISABLED => generated 767 bytes in 366 msecs (HTTP/1.1 200) 8 headers in 296 bytes (1 switches on core 0)
Aug 22 12:47:40.456022 dv-cinder-850836-6-smb devstack@placement-api.service[114032]: DEBUG placement.handlers.allocation [req-2ab2a23d-da2c-4d64-9a2e-a06ba687cc1b req-8326d061-d0e3-4b86-b052-09a78a5f82f7 service placement] Successfully wrote allocations [, , ] {{(pid=114032) _update_consumers_and_create_allocations /opt/stack/placement/placement/handlers/allocation.py:462}}
Aug 22 12:47:40.527491 dv-cinder-850836-6-smb devstack@placement-api.service[114031]: DEBUG placement.requestlog [req-53b098fd-f15d-442f-9571-de280444ab4e req-098b59f3-8365-4b55-b66c-d17f90bb2c41 None None] Starting request: 10.222.0.23 "GET /placement/allocations/aa5613dc-67f7-497a-bd2d-89e8c1050272" {{(pid=114031) __call__ /opt/stack/placement/placement/requestlog.py:55}}
Aug 22 12:47:40.545777 dv-cinder-850836-6-smb devstack@placement-api.service[114031]: INFO placement.requestlog [req-53b098fd-f15d-442f-9571-de280444ab4e req-098b59f3-8365-4b55-b66c-d17f90bb2c41 service placement] 10.222.0.23 "GET /placement/allocations/aa5613dc-67f7-497a-bd2d-89e8c1050272" status: 200 len: 19 microversion: 1.28
Aug 22 12:47:40.547615 dv-cinder-850836-6-smb devstack@placement-api.service[114031]: [pid: 114031|app: 0|req: 14/24] 10.222.0.23 () {60 vars in 1380 bytes} [Mon Aug 22 12:47:40 2022] GET /placement/allocations/aa5613dc-67f7-497a-bd2d-89e8c1050272 => generated 19 bytes in 20 msecs (HTTP/1.1 200) 8 headers in 295 bytes (1 switches on core 0)
Aug 22 12:47:40.559071 dv-cinder-850836-6-smb devstack@placement-api.service[114031]: DEBUG placement.requestlog [req-53b098fd-f15d-442f-9571-de280444ab4e req-19e4fa5b-63e7-474a-a589-f3eb6b045f3e None None] Starting request: 10.222.0.23 "PUT /placement/allocations/aa5613dc-67f7-497a-bd2d-89e8c1050272" {{(pid=114031) __call__ /opt/stack/placement/placement/requestlog.py:55}}
Aug 22 12:47:40.573369 dv-cinder-850836-6-smb devstack@placement-api.service[114032]: INFO placement.requestlog [req-2ab2a23d-da2c-4d64-9a2e-a06ba687cc1b req-8326d061-d0e3-4b86-b052-09a78a5f82f7 service placement] 10.222.0.23 "PUT /placement/allocations/d6befdc0-1b94-4217-9a82-b250ad1fb00b" status: 204 len: 0 microversion: 1.36
Aug 22 12:47:40.574227 dv-cinder-850836-6-smb devstack@placement-api.service[114032]: [pid: 114032|app: 0|req: 11/25] 10.222.0.23 () {64 vars in 1433 bytes} [Mon Aug 22 12:47:39 2022] PUT /placement/allocations/d6befdc0-1b94-4217-9a82-b250ad1fb00b => generated 0 bytes in 804 msecs (HTTP/1.1 204) 5 headers in 199 bytes (1 switches on core 0)
Aug 22 12:47:41.111316 dv-cinder-850836-6-smb devstack@placement-api.service[114031]: DEBUG placement.handlers.allocation [req-53b098fd-f15d-442f-9571-de280444ab4e req-19e4fa5b-63e7-474a-a589-f3eb6b045f3e service placement] Successfully wrote allocations [, , ] {{(pid=114031) _update_consumers_and_create_allocations /opt/stack/placement/placement/handlers/allocation.py:462}}
Aug 22 12:47:41.242186 dv-cinder-850836-6-smb devstack@placement-api.service[114031]: INFO placement.requestlog [req-53b098fd-f15d-442f-9571-de280444ab4e req-19e4fa5b-63e7-474a-a589-f3eb6b045f3e service placement] 10.222.0.23 "PUT /placement/allocations/aa5613dc-67f7-497a-bd2d-89e8c1050272" status: 204 len: 0 microversion: 1.36
Aug 22 12:47:41.243527 dv-cinder-850836-6-smb devstack@placement-api.service[114031]: [pid: 114031|app: 0|req: 15/26] 10.222.0.23 () {64 vars in 1433 bytes} [Mon Aug 22 12:47:40 2022] PUT /placement/allocations/aa5613dc-67f7-497a-bd2d-89e8c1050272 => generated 0 bytes in 684 msecs (HTTP/1.1 204) 5 headers in 199 bytes (1 switches on core 0)
Aug 22 12:47:41.329835 dv-cinder-850836-6-smb devstack@placement-api.service[114032]: DEBUG placement.requestlog [req-582b9a15-ab75-4a22-aa0b-15b91e6418dc req-cc5a7e4b-4713-44db-821c-ff5db0112022 None None] Starting request: 10.222.0.47 "GET /placement/allocations/36666772-8c2a-41f9-a85b-e8cf13f0b310" {{(pid=114032) __call__ /opt/stack/placement/placement/requestlog.py:55}}
Aug 22 12:47:41.378531 dv-cinder-850836-6-smb devstack@placement-api.service[114032]: INFO placement.requestlog [req-582b9a15-ab75-4a22-aa0b-15b91e6418dc req-cc5a7e4b-4713-44db-821c-ff5db0112022 service placement] 10.222.0.47 "GET /placement/allocations/36666772-8c2a-41f9-a85b-e8cf13f0b310" status: 200 len: 258 microversion: 1.28
Aug 22 12:47:41.378531 dv-cinder-850836-6-smb devstack@placement-api.service[114032]: [pid: 114032|app: 0|req: 12/27] 10.222.0.47 () {60 vars in 1377 bytes} [Mon Aug 22 12:47:41 2022] GET /placement/allocations/36666772-8c2a-41f9-a85b-e8cf13f0b310 => generated 258 bytes in 48 msecs (HTTP/1.1 200) 8 headers in 296 bytes (1 switches on core 0)
Aug 22 12:47:42.539969 dv-cinder-850836-6-smb devstack@placement-api.service[114031]: DEBUG placement.requestlog [req-34e10b91-2aa4-4b04-9fe4-83467614959c req-eda2e4c6-3baa-4374-be2d-be9fbde5d51a None None] Starting request: 10.222.0.23 "GET /placement/allocation_candidates?limit=1000&resources=DISK_GB%3A1%2CMEMORY_MB%3A1024%2CVCPU%3A1&root_required=%21COMPUTE_STATUS_DISABLED" {{(pid=114031) __call__ /opt/stack/placement/placement/requestlog.py:55}}
Aug 22 12:47:42.719072 dv-cinder-850836-6-smb devstack@placement-api.service[114031]: DEBUG placement.objects.research_context [req-34e10b91-2aa4-4b04-9fe4-83467614959c req-eda2e4c6-3baa-4374-be2d-be9fbde5d51a service placement] getting providers with 1 DISK_GB {{(pid=114031) __init__ /opt/stack/placement/placement/objects/research_context.py:136}}
Aug 22 12:47:42.738781 dv-cinder-850836-6-smb devstack@placement-api.service[114031]: DEBUG placement.objects.research_context [req-34e10b91-2aa4-4b04-9fe4-83467614959c req-eda2e4c6-3baa-4374-be2d-be9fbde5d51a service placement] getting providers with 1024 MEMORY_MB {{(pid=114031) __init__ /opt/stack/placement/placement/objects/research_context.py:136}}
Aug 22 12:47:42.776011 dv-cinder-850836-6-smb devstack@placement-api.service[114031]: DEBUG placement.objects.research_context [req-34e10b91-2aa4-4b04-9fe4-83467614959c req-eda2e4c6-3baa-4374-be2d-be9fbde5d51a service placement] getting providers with 1 VCPU {{(pid=114031) __init__ /opt/stack/placement/placement/objects/research_context.py:136}}
Aug 22 12:47:42.795596 dv-cinder-850836-6-smb devstack@placement-api.service[114031]: DEBUG placement.objects.research_context [req-34e10b91-2aa4-4b04-9fe4-83467614959c req-eda2e4c6-3baa-4374-be2d-be9fbde5d51a service placement] found 1 providers with available 1 DISK_GB {{(pid=114031) get_provider_ids_matching /opt/stack/placement/placement/objects/research_context.py:563}}
Aug 22 12:47:42.795596 dv-cinder-850836-6-smb devstack@placement-api.service[114031]: DEBUG placement.objects.research_context [req-34e10b91-2aa4-4b04-9fe4-83467614959c req-eda2e4c6-3baa-4374-be2d-be9fbde5d51a service placement] found 1 providers with available 1024 MEMORY_MB {{(pid=114031) get_provider_ids_matching /opt/stack/placement/placement/objects/research_context.py:563}}
Aug 22 12:47:42.795596 dv-cinder-850836-6-smb devstack@placement-api.service[114031]: DEBUG placement.objects.research_context [req-34e10b91-2aa4-4b04-9fe4-83467614959c req-eda2e4c6-3baa-4374-be2d-be9fbde5d51a service placement] found 1 providers after filtering by previous result {{(pid=114031) get_provider_ids_matching /opt/stack/placement/placement/objects/research_context.py:594}}
Aug 22 12:47:42.795596 dv-cinder-850836-6-smb devstack@placement-api.service[114031]: DEBUG placement.objects.research_context [req-34e10b91-2aa4-4b04-9fe4-83467614959c req-eda2e4c6-3baa-4374-be2d-be9fbde5d51a service placement] found 1 providers with available 1 VCPU {{(pid=114031) get_provider_ids_matching /opt/stack/placement/placement/objects/research_context.py:563}}
Aug 22 12:47:42.795950 dv-cinder-850836-6-smb devstack@placement-api.service[114031]: DEBUG placement.objects.research_context [req-34e10b91-2aa4-4b04-9fe4-83467614959c req-eda2e4c6-3baa-4374-be2d-be9fbde5d51a service placement] found 1 providers after filtering by previous result {{(pid=114031) get_provider_ids_matching /opt/stack/placement/placement/objects/research_context.py:594}}
Aug 22 12:47:42.836767 dv-cinder-850836-6-smb devstack@placement-api.service[114031]: DEBUG placement.objects.allocation_candidate [req-34e10b91-2aa4-4b04-9fe4-83467614959c req-eda2e4c6-3baa-4374-be2d-be9fbde5d51a service placement] RequestGroup(use_same_provider=False, resources={DISK_GB:1, MEMORY_MB:1024, VCPU:1}, traits=(), aggregates=[]) (suffix '') returned 1 matches {{(pid=114031) _get_by_requests /opt/stack/placement/placement/objects/allocation_candidate.py:156}}
Aug 22 12:47:42.841444 dv-cinder-850836-6-smb devstack@placement-api.service[114031]: DEBUG placement.objects.allocation_candidate [req-34e10b91-2aa4-4b04-9fe4-83467614959c req-eda2e4c6-3baa-4374-be2d-be9fbde5d51a service placement] Merging candidates yields 1 allocation requests and 1 provider summaries {{(pid=114031) _merge_candidates /opt/stack/placement/placement/objects/allocation_candidate.py:809}}
Aug 22 12:47:42.847616 dv-cinder-850836-6-smb devstack@placement-api.service[114031]: INFO placement.requestlog [req-34e10b91-2aa4-4b04-9fe4-83467614959c req-eda2e4c6-3baa-4374-be2d-be9fbde5d51a service placement] 10.222.0.23 "GET /placement/allocation_candidates?limit=1000&resources=DISK_GB%3A1%2CMEMORY_MB%3A1024%2CVCPU%3A1&root_required=%21COMPUTE_STATUS_DISABLED" status: 200 len: 767 microversion: 1.36
Aug 22 12:47:42.851929 dv-cinder-850836-6-smb devstack@placement-api.service[114031]: [pid: 114031|app: 0|req: 16/28] 10.222.0.23 () {60 vars in 1506 bytes} [Mon Aug 22 12:47:42 2022] GET /placement/allocation_candidates?limit=1000&resources=DISK_GB%3A1%2CMEMORY_MB%3A1024%2CVCPU%3A1&root_required=%21COMPUTE_STATUS_DISABLED => generated 767 bytes in 312 msecs (HTTP/1.1 200) 8 headers in 296 bytes (1 switches on core 0)
Aug 22 12:47:42.916791 dv-cinder-850836-6-smb devstack@placement-api.service[114032]: DEBUG placement.requestlog [req-2ab2a23d-da2c-4d64-9a2e-a06ba687cc1b req-ea8e4c5c-1ef4-4b59-9501-434b5efe0625 None None] Starting request: 10.222.0.47 "GET /placement/allocations/d6befdc0-1b94-4217-9a82-b250ad1fb00b" {{(pid=114032) __call__ /opt/stack/placement/placement/requestlog.py:55}}
Aug 22 12:47:42.938797 dv-cinder-850836-6-smb devstack@placement-api.service[114032]: INFO placement.requestlog [req-2ab2a23d-da2c-4d64-9a2e-a06ba687cc1b req-ea8e4c5c-1ef4-4b59-9501-434b5efe0625 service placement] 10.222.0.47 "GET /placement/allocations/d6befdc0-1b94-4217-9a82-b250ad1fb00b" status: 200 len: 258 microversion: 1.28
Aug 22 12:47:42.939775 dv-cinder-850836-6-smb devstack@placement-api.service[114032]: [pid: 114032|app: 0|req: 13/29] 10.222.0.47 () {60 vars in 1377 bytes} [Mon Aug 22 12:47:42 2022] GET /placement/allocations/d6befdc0-1b94-4217-9a82-b250ad1fb00b => generated 258 bytes in 23 msecs (HTTP/1.1 200) 8 headers in 296 bytes (1 switches on core 0)
Aug 22 12:47:42.982730 dv-cinder-850836-6-smb devstack@placement-api.service[114031]: DEBUG placement.requestlog [req-34e10b91-2aa4-4b04-9fe4-83467614959c req-f88675c9-d9a0-4a98-85b2-c9d48e72e2c3 None None] Starting request: 10.222.0.23 "GET /placement/allocations/f063e5fb-f16e-4eb5-90b5-8effeb4ac84c" {{(pid=114031) __call__ /opt/stack/placement/placement/requestlog.py:55}}
Aug 22 12:47:43.005255 dv-cinder-850836-6-smb devstack@placement-api.service[114031]: INFO placement.requestlog [req-34e10b91-2aa4-4b04-9fe4-83467614959c req-f88675c9-d9a0-4a98-85b2-c9d48e72e2c3 service placement] 10.222.0.23 "GET /placement/allocations/f063e5fb-f16e-4eb5-90b5-8effeb4ac84c" status: 200 len: 19 microversion: 1.28
Aug 22 12:47:43.005934 dv-cinder-850836-6-smb devstack@placement-api.service[114031]: [pid: 114031|app: 0|req: 17/30] 10.222.0.23 () {60 vars in 1380 bytes} [Mon Aug 22 12:47:42 2022] GET /placement/allocations/f063e5fb-f16e-4eb5-90b5-8effeb4ac84c => generated 19 bytes in 23 msecs (HTTP/1.1 200) 8 headers in 295 bytes (1 switches on core 0)
Aug 22 12:47:43.023983 dv-cinder-850836-6-smb devstack@placement-api.service[114032]: DEBUG placement.requestlog [req-34e10b91-2aa4-4b04-9fe4-83467614959c req-fe394451-f3d2-4e5e-b0d9-4d6e57efacfd None None] Starting request: 10.222.0.23 "PUT /placement/allocations/f063e5fb-f16e-4eb5-90b5-8effeb4ac84c" {{(pid=114032) __call__ /opt/stack/placement/placement/requestlog.py:55}}
Aug 22 12:47:43.125832 dv-cinder-850836-6-smb devstack@placement-api.service[114031]: DEBUG placement.requestlog [req-53b098fd-f15d-442f-9571-de280444ab4e req-b0748485-2891-4158-8f18-c0b2e08cca54 None None] Starting request: 10.222.0.47 "GET /placement/allocations/aa5613dc-67f7-497a-bd2d-89e8c1050272" {{(pid=114031) __call__ /opt/stack/placement/placement/requestlog.py:55}}
Aug 22 12:47:43.172406 dv-cinder-850836-6-smb devstack@placement-api.service[114031]: INFO placement.requestlog [req-53b098fd-f15d-442f-9571-de280444ab4e req-b0748485-2891-4158-8f18-c0b2e08cca54 service placement] 10.222.0.47 "GET /placement/allocations/aa5613dc-67f7-497a-bd2d-89e8c1050272" status: 200 len: 258 microversion: 1.28
Aug 22 12:47:43.173634 dv-cinder-850836-6-smb devstack@placement-api.service[114031]: [pid: 114031|app: 0|req: 18/31] 10.222.0.47 () {60 vars in 1377 bytes} [Mon Aug 22 12:47:43 2022] GET /placement/allocations/aa5613dc-67f7-497a-bd2d-89e8c1050272 => generated 258 bytes in 48 msecs (HTTP/1.1 200) 8 headers in 296 bytes (2 switches on core 0)
Aug 22 12:47:43.503442 dv-cinder-850836-6-smb devstack@placement-api.service[114032]: DEBUG placement.handlers.allocation [req-34e10b91-2aa4-4b04-9fe4-83467614959c req-fe394451-f3d2-4e5e-b0d9-4d6e57efacfd service placement] Successfully wrote allocations [, , ] {{(pid=114032) _update_consumers_and_create_allocations /opt/stack/placement/placement/handlers/allocation.py:462}}
Aug 22 12:47:43.603102 dv-cinder-850836-6-smb devstack@placement-api.service[114032]: INFO placement.requestlog [req-34e10b91-2aa4-4b04-9fe4-83467614959c req-fe394451-f3d2-4e5e-b0d9-4d6e57efacfd service placement] 10.222.0.23 "PUT /placement/allocations/f063e5fb-f16e-4eb5-90b5-8effeb4ac84c" status: 204 len: 0 microversion: 1.36
Aug 22 12:47:43.603505 dv-cinder-850836-6-smb devstack@placement-api.service[114032]: [pid: 114032|app: 0|req: 14/32] 10.222.0.23 () {64 vars in 1433 bytes} [Mon Aug 22 12:47:43 2022] PUT /placement/allocations/f063e5fb-f16e-4eb5-90b5-8effeb4ac84c => generated 0 bytes in 583 msecs (HTTP/1.1 204) 5 headers in 199 bytes (1 switches on core 0)
Aug 22 12:47:44.650872 dv-cinder-850836-6-smb devstack@placement-api.service[114031]: DEBUG placement.requestlog [req-d9e7024a-fd4d-45e0-8079-f2a6ae60ea14 req-f2855636-6599-4ded-a724-fc4f94effe9f None None] Starting request: 10.222.0.23 "GET /placement/allocation_candidates?limit=1000&resources=DISK_GB%3A1%2CMEMORY_MB%3A1024%2CVCPU%3A1&root_required=%21COMPUTE_STATUS_DISABLED" {{(pid=114031) __call__ /opt/stack/placement/placement/requestlog.py:55}}
Aug 22 12:47:44.740018 dv-cinder-850836-6-smb devstack@placement-api.service[114031]: DEBUG dbcounter [-] [114031] Writing DB stats placement:SELECT=80,placement:INSERT=12,placement:DELETE=4,placement:UPDATE=4 {{(pid=114031) stat_writer /usr/local/lib/python3.8/dist-packages/dbcounter.py:114}}
Aug 22 12:47:44.746727 dv-cinder-850836-6-smb devstack@placement-api.service[114031]: DEBUG placement.objects.research_context [req-d9e7024a-fd4d-45e0-8079-f2a6ae60ea14 req-f2855636-6599-4ded-a724-fc4f94effe9f service placement] getting providers with 1 DISK_GB {{(pid=114031) __init__ /opt/stack/placement/placement/objects/research_context.py:136}}
Aug 22 12:47:44.752950 dv-cinder-850836-6-smb devstack@placement-api.service[114031]: DEBUG placement.objects.research_context [req-d9e7024a-fd4d-45e0-8079-f2a6ae60ea14 req-f2855636-6599-4ded-a724-fc4f94effe9f service placement] getting providers with 1024 MEMORY_MB {{(pid=114031) __init__ /opt/stack/placement/placement/objects/research_context.py:136}}
Aug 22 12:47:44.765642 dv-cinder-850836-6-smb devstack@placement-api.service[114031]: DEBUG placement.objects.research_context [req-d9e7024a-fd4d-45e0-8079-f2a6ae60ea14 req-f2855636-6599-4ded-a724-fc4f94effe9f service placement] getting providers with 1 VCPU {{(pid=114031) __init__ /opt/stack/placement/placement/objects/research_context.py:136}}
Aug 22 12:47:44.765642 dv-cinder-850836-6-smb devstack@placement-api.service[114031]: DEBUG placement.objects.research_context [req-d9e7024a-fd4d-45e0-8079-f2a6ae60ea14 req-f2855636-6599-4ded-a724-fc4f94effe9f service placement] found 1 providers with available 1 DISK_GB {{(pid=114031) get_provider_ids_matching /opt/stack/placement/placement/objects/research_context.py:563}}
Aug 22 12:47:44.765642 dv-cinder-850836-6-smb devstack@placement-api.service[114031]: DEBUG placement.objects.research_context [req-d9e7024a-fd4d-45e0-8079-f2a6ae60ea14 req-f2855636-6599-4ded-a724-fc4f94effe9f service placement] found 1 providers with available 1024 MEMORY_MB {{(pid=114031) get_provider_ids_matching /opt/stack/placement/placement/objects/research_context.py:563}}
Aug 22 12:47:44.766728 dv-cinder-850836-6-smb devstack@placement-api.service[114031]: DEBUG placement.objects.research_context [req-d9e7024a-fd4d-45e0-8079-f2a6ae60ea14 req-f2855636-6599-4ded-a724-fc4f94effe9f service placement] found 1 providers after filtering by previous result {{(pid=114031) get_provider_ids_matching /opt/stack/placement/placement/objects/research_context.py:594}}
Aug 22 12:47:44.766999 dv-cinder-850836-6-smb devstack@placement-api.service[114031]: DEBUG placement.objects.research_context [req-d9e7024a-fd4d-45e0-8079-f2a6ae60ea14 req-f2855636-6599-4ded-a724-fc4f94effe9f service placement] found 1 providers with available 1 VCPU {{(pid=114031) get_provider_ids_matching /opt/stack/placement/placement/objects/research_context.py:563}}
Aug 22 12:47:44.780836 dv-cinder-850836-6-smb devstack@placement-api.service[114031]: DEBUG placement.objects.research_context [req-d9e7024a-fd4d-45e0-8079-f2a6ae60ea14 req-f2855636-6599-4ded-a724-fc4f94effe9f service placement] found 1 providers after filtering by previous result {{(pid=114031) get_provider_ids_matching /opt/stack/placement/placement/objects/research_context.py:594}}
Aug 22 12:47:44.801351 dv-cinder-850836-6-smb devstack@placement-api.service[114031]: DEBUG placement.objects.allocation_candidate [req-d9e7024a-fd4d-45e0-8079-f2a6ae60ea14 req-f2855636-6599-4ded-a724-fc4f94effe9f service placement] RequestGroup(use_same_provider=False, resources={DISK_GB:1, MEMORY_MB:1024, VCPU:1}, traits=(), aggregates=[]) (suffix '') returned 1 matches {{(pid=114031) _get_by_requests /opt/stack/placement/placement/objects/allocation_candidate.py:156}}
Aug 22 12:47:44.801351 dv-cinder-850836-6-smb devstack@placement-api.service[114031]: DEBUG placement.objects.allocation_candidate [req-d9e7024a-fd4d-45e0-8079-f2a6ae60ea14 req-f2855636-6599-4ded-a724-fc4f94effe9f service placement] Merging candidates yields 1 allocation requests and 1 provider summaries {{(pid=114031) _merge_candidates /opt/stack/placement/placement/objects/allocation_candidate.py:809}}
Aug 22 12:47:44.803156 dv-cinder-850836-6-smb devstack@placement-api.service[114031]: INFO placement.requestlog [req-d9e7024a-fd4d-45e0-8079-f2a6ae60ea14 req-f2855636-6599-4ded-a724-fc4f94effe9f service placement] 10.222.0.23 "GET /placement/allocation_candidates?limit=1000&resources=DISK_GB%3A1%2CMEMORY_MB%3A1024%2CVCPU%3A1&root_required=%21COMPUTE_STATUS_DISABLED" status: 200 len: 767 microversion: 1.36
Aug 22 12:47:44.806597 dv-cinder-850836-6-smb devstack@placement-api.service[114031]: [pid: 114031|app: 0|req: 19/33] 10.222.0.23 () {60 vars in 1506 bytes} [Mon Aug 22 12:47:44 2022] GET /placement/allocation_candidates?limit=1000&resources=DISK_GB%3A1%2CMEMORY_MB%3A1024%2CVCPU%3A1&root_required=%21COMPUTE_STATUS_DISABLED => generated 767 bytes in 156 msecs (HTTP/1.1 200) 8 headers in 296 bytes (1 switches on core 0)
Aug 22 12:47:44.858393 dv-cinder-850836-6-smb devstack@placement-api.service[114032]: DEBUG placement.requestlog [req-d9e7024a-fd4d-45e0-8079-f2a6ae60ea14 req-384b074f-c591-4d10-910b-05444d82b6c6 None None] Starting request: 10.222.0.23 "GET /placement/allocations/13880f7b-8c93-43d9-9ee1-38c0a62305c3" {{(pid=114032) __call__ /opt/stack/placement/placement/requestlog.py:55}}
Aug 22 12:47:44.872755 dv-cinder-850836-6-smb devstack@placement-api.service[114032]: INFO placement.requestlog [req-d9e7024a-fd4d-45e0-8079-f2a6ae60ea14 req-384b074f-c591-4d10-910b-05444d82b6c6 service placement] 10.222.0.23 "GET /placement/allocations/13880f7b-8c93-43d9-9ee1-38c0a62305c3" status: 200 len: 19 microversion: 1.28
Aug 22 12:47:44.873354 dv-cinder-850836-6-smb devstack@placement-api.service[114032]: [pid: 114032|app: 0|req: 15/34] 10.222.0.23 () {60 vars in 1380 bytes} [Mon Aug 22 12:47:44 2022] GET /placement/allocations/13880f7b-8c93-43d9-9ee1-38c0a62305c3 => generated 19 bytes in 15 msecs (HTTP/1.1 200) 8 headers in 295 bytes (1 switches on core 0)
Aug 22 12:47:44.880298 dv-cinder-850836-6-smb devstack@placement-api.service[114031]: DEBUG placement.requestlog [req-d9e7024a-fd4d-45e0-8079-f2a6ae60ea14 req-62906601-757b-49de-8943-157d8dece831 None None] Starting request: 10.222.0.23 "PUT /placement/allocations/13880f7b-8c93-43d9-9ee1-38c0a62305c3" {{(pid=114031) __call__ /opt/stack/placement/placement/requestlog.py:55}}
Aug 22 12:47:45.141911 dv-cinder-850836-6-smb devstack@placement-api.service[114031]: DEBUG placement.handlers.allocation [req-d9e7024a-fd4d-45e0-8079-f2a6ae60ea14 req-62906601-757b-49de-8943-157d8dece831 service placement] Successfully wrote allocations [, , ] {{(pid=114031) _update_consumers_and_create_allocations /opt/stack/placement/placement/handlers/allocation.py:462}}
Aug 22 12:47:45.265005 dv-cinder-850836-6-smb devstack@placement-api.service[114031]: INFO placement.requestlog [req-d9e7024a-fd4d-45e0-8079-f2a6ae60ea14 req-62906601-757b-49de-8943-157d8dece831 service placement] 10.222.0.23 "PUT /placement/allocations/13880f7b-8c93-43d9-9ee1-38c0a62305c3" status: 204 len: 0 microversion: 1.36
Aug 22 12:47:45.265462 dv-cinder-850836-6-smb devstack@placement-api.service[114031]: [pid: 114031|app: 0|req: 20/35] 10.222.0.23 () {64 vars in 1433 bytes} [Mon Aug 22 12:47:44 2022] PUT /placement/allocations/13880f7b-8c93-43d9-9ee1-38c0a62305c3 => generated 0 bytes in 386 msecs (HTTP/1.1 204) 5 headers in 199 bytes (1 switches on core 0)
Aug 22 12:47:46.815886 dv-cinder-850836-6-smb devstack@placement-api.service[114032]: DEBUG placement.requestlog [req-34e10b91-2aa4-4b04-9fe4-83467614959c req-9c28d604-a780-44aa-a4c3-d750d7ed47bb None None] Starting request: 10.222.0.47 "GET /placement/allocations/f063e5fb-f16e-4eb5-90b5-8effeb4ac84c" {{(pid=114032) __call__ /opt/stack/placement/placement/requestlog.py:55}}
Aug 22 12:47:46.871171 dv-cinder-850836-6-smb devstack@placement-api.service[114032]: INFO placement.requestlog [req-34e10b91-2aa4-4b04-9fe4-83467614959c req-9c28d604-a780-44aa-a4c3-d750d7ed47bb service placement] 10.222.0.47 "GET /placement/allocations/f063e5fb-f16e-4eb5-90b5-8effeb4ac84c" status: 200 len: 258 microversion: 1.28
Aug 22 12:47:46.871894 dv-cinder-850836-6-smb devstack@placement-api.service[114032]: [pid: 114032|app: 0|req: 16/36] 10.222.0.47 () {60 vars in 1377 bytes} [Mon Aug 22 12:47:46 2022] GET /placement/allocations/f063e5fb-f16e-4eb5-90b5-8effeb4ac84c => generated 258 bytes in 56 msecs (HTTP/1.1 200) 8 headers in 296 bytes (2 switches on core 0)
Aug 22 12:47:47.663452 dv-cinder-850836-6-smb devstack@placement-api.service[114031]: DEBUG placement.requestlog [req-d9e7024a-fd4d-45e0-8079-f2a6ae60ea14 req-4756f383-24df-4ffb-9c53-74c87f8d218c None None] Starting request: 10.222.0.47 "GET /placement/allocations/13880f7b-8c93-43d9-9ee1-38c0a62305c3" {{(pid=114031) __call__ /opt/stack/placement/placement/requestlog.py:55}}
Aug 22 12:47:47.704534 dv-cinder-850836-6-smb devstack@placement-api.service[114031]: INFO placement.requestlog [req-d9e7024a-fd4d-45e0-8079-f2a6ae60ea14 req-4756f383-24df-4ffb-9c53-74c87f8d218c service placement] 10.222.0.47 "GET /placement/allocations/13880f7b-8c93-43d9-9ee1-38c0a62305c3" status: 200 len: 258 microversion: 1.28
Aug 22 12:47:47.705228 dv-cinder-850836-6-smb devstack@placement-api.service[114031]: [pid: 114031|app: 0|req: 21/37] 10.222.0.47 () {60 vars in 1377 bytes} [Mon Aug 22 12:47:47 2022] GET /placement/allocations/13880f7b-8c93-43d9-9ee1-38c0a62305c3 => generated 258 bytes in 45 msecs (HTTP/1.1 200) 8 headers in 296 bytes (1 switches on core 0)
Aug 22 12:47:56.856553 dv-cinder-850836-6-smb devstack@placement-api.service[114032]: DEBUG dbcounter [-] [114032] Writing DB stats placement:SELECT=58,placement:INSERT=12,placement:DELETE=4,placement:UPDATE=4 {{(pid=114032) stat_writer /usr/local/lib/python3.8/dist-packages/dbcounter.py:114}}
Aug 22 12:47:59.391097 dv-cinder-850836-6-smb devstack@placement-api.service[114031]: DEBUG dbcounter [-] [114031] Writing DB stats placement:SELECT=25,placement:INSERT=4,placement:DELETE=2,placement:UPDATE=2 {{(pid=114031) stat_writer /usr/local/lib/python3.8/dist-packages/dbcounter.py:114}}
Aug 22 12:48:08.566870 dv-cinder-850836-6-smb devstack@placement-api.service[114032]: DEBUG placement.requestlog [None req-2f94efb6-b8ef-41fd-84dc-728300c32b95 None None] Starting request: 10.222.0.23 "GET /placement/resource_providers/4a06a6ad-d29d-43a9-bcf7-09eea779cded/aggregates" {{(pid=114032) __call__ /opt/stack/placement/placement/requestlog.py:55}}
Aug 22 12:48:08.642701 dv-cinder-850836-6-smb devstack@placement-api.service[114032]: INFO placement.requestlog [None req-2f94efb6-b8ef-41fd-84dc-728300c32b95 service placement] 10.222.0.23 "GET /placement/resource_providers/4a06a6ad-d29d-43a9-bcf7-09eea779cded/aggregates" status: 404 len: 235 microversion: 1.1
Aug 22 12:48:08.643283 dv-cinder-850836-6-smb devstack@placement-api.service[114032]: [pid: 114032|app: 0|req: 17/38] 10.222.0.23 () {58 vars in 1362 bytes} [Mon Aug 22 12:48:08 2022] GET /placement/resource_providers/4a06a6ad-d29d-43a9-bcf7-09eea779cded/aggregates => generated 235 bytes in 77 msecs (HTTP/1.1 404) 5 headers in 202 bytes (1 switches on core 0)
Aug 22 12:48:08.652967 dv-cinder-850836-6-smb devstack@placement-api.service[114031]: DEBUG placement.requestlog [None req-066d686a-7340-4dec-a94a-866ba0470204 None None] Starting request: 10.222.0.23 "DELETE /placement/resource_providers/4a06a6ad-d29d-43a9-bcf7-09eea779cded" {{(pid=114031) __call__ /opt/stack/placement/placement/requestlog.py:55}}
Aug 22 12:48:08.663914 dv-cinder-850836-6-smb devstack@placement-api.service[114031]: DEBUG placement.wsgi_wrapper [None req-066d686a-7340-4dec-a94a-866ba0470204 service placement] Placement API returning an error response: No resource provider with uuid 4a06a6ad-d29d-43a9-bcf7-09eea779cded found for delete {{(pid=114031) call_func /opt/stack/placement/placement/wsgi_wrapper.py:31}}
Aug 22 12:48:08.664770 dv-cinder-850836-6-smb devstack@placement-api.service[114031]: INFO placement.requestlog [None req-066d686a-7340-4dec-a94a-866ba0470204 service placement] 10.222.0.23 "DELETE /placement/resource_providers/4a06a6ad-d29d-43a9-bcf7-09eea779cded" status: 404 len: 246 microversion: 1.1
Aug 22 12:48:08.665181 dv-cinder-850836-6-smb devstack@placement-api.service[114031]: [pid: 114031|app: 0|req: 22/39] 10.222.0.23 () {60 vars in 1351 bytes} [Mon Aug 22 12:48:08 2022] DELETE /placement/resource_providers/4a06a6ad-d29d-43a9-bcf7-09eea779cded => generated 246 bytes in 13 msecs (HTTP/1.1 404) 6 headers in 231 bytes (1 switches on core 0)
Aug 22 12:48:10.672082 dv-cinder-850836-6-smb devstack@placement-api.service[114032]: DEBUG placement.requestlog [None req-8a22c4aa-7d67-4217-8bae-178d583ee3f6 None None] Starting request: 10.222.0.23 "GET /placement/resource_providers/37096970-cf76-4c0b-9fd1-de3e2c8400b5/aggregates" {{(pid=114032) __call__ /opt/stack/placement/placement/requestlog.py:55}}
Aug 22 12:48:10.683169 dv-cinder-850836-6-smb devstack@placement-api.service[114032]: INFO placement.requestlog [None req-8a22c4aa-7d67-4217-8bae-178d583ee3f6 service placement] 10.222.0.23 "GET /placement/resource_providers/37096970-cf76-4c0b-9fd1-de3e2c8400b5/aggregates" status: 404 len: 235 microversion: 1.1
Aug 22 12:48:10.683818 dv-cinder-850836-6-smb devstack@placement-api.service[114032]: [pid: 114032|app: 0|req: 18/40] 10.222.0.23 () {58 vars in 1362 bytes} [Mon Aug 22 12:48:10 2022] GET /placement/resource_providers/37096970-cf76-4c0b-9fd1-de3e2c8400b5/aggregates => generated 235 bytes in 12 msecs (HTTP/1.1 404) 5 headers in 202 bytes (1 switches on core 0)
Aug 22 12:48:10.690735 dv-cinder-850836-6-smb devstack@placement-api.service[114031]: DEBUG placement.requestlog [None req-32cf8a1c-3391-4bd8-a639-294f1253ea16 None None] Starting request: 10.222.0.23 "DELETE /placement/resource_providers/37096970-cf76-4c0b-9fd1-de3e2c8400b5" {{(pid=114031) __call__ /opt/stack/placement/placement/requestlog.py:55}}
Aug 22 12:48:10.701592 dv-cinder-850836-6-smb devstack@placement-api.service[114031]: DEBUG placement.wsgi_wrapper [None req-32cf8a1c-3391-4bd8-a639-294f1253ea16 service placement] Placement API returning an error response: No resource provider with uuid 37096970-cf76-4c0b-9fd1-de3e2c8400b5 found for delete {{(pid=114031) call_func /opt/stack/placement/placement/wsgi_wrapper.py:31}}
Aug 22 12:48:10.702390 dv-cinder-850836-6-smb devstack@placement-api.service[114031]: INFO placement.requestlog [None req-32cf8a1c-3391-4bd8-a639-294f1253ea16 service placement] 10.222.0.23 "DELETE /placement/resource_providers/37096970-cf76-4c0b-9fd1-de3e2c8400b5" status: 404 len: 246 microversion: 1.1
Aug 22 12:48:10.703346 dv-cinder-850836-6-smb devstack@placement-api.service[114031]: [pid: 114031|app: 0|req: 23/41] 10.222.0.23 () {60 vars in 1351 bytes} [Mon Aug 22 12:48:10 2022] DELETE /placement/resource_providers/37096970-cf76-4c0b-9fd1-de3e2c8400b5 => generated 246 bytes in 13 msecs (HTTP/1.1 404) 6 headers in 231 bytes (1 switches on core 0)
Aug 22 12:48:13.479822 dv-cinder-850836-6-smb devstack@placement-api.service[114032]: DEBUG placement.requestlog [req-6a69e77d-7bcd-44a2-a99f-32206c9c0d10 req-c25de010-d164-48c4-b944-181bf93b5be0 None None] Starting request: 10.222.0.47 "GET /placement/resource_providers/699d0c80-8f1f-4734-98a8-066fa562b87b/allocations" {{(pid=114032) __call__ /opt/stack/placement/placement/requestlog.py:55}}
Aug 22 12:48:13.529504 dv-cinder-850836-6-smb devstack@placement-api.service[114032]: INFO placement.requestlog [req-6a69e77d-7bcd-44a2-a99f-32206c9c0d10 req-c25de010-d164-48c4-b944-181bf93b5be0 service placement] 10.222.0.47 "GET /placement/resource_providers/699d0c80-8f1f-4734-98a8-066fa562b87b/allocations" status: 200 len: 658 microversion: 1.0
Aug 22 12:48:13.530261 dv-cinder-850836-6-smb devstack@placement-api.service[114032]: [pid: 114032|app: 0|req: 19/42] 10.222.0.47 () {58 vars in 1390 bytes} [Mon Aug 22 12:48:13 2022] GET /placement/resource_providers/699d0c80-8f1f-4734-98a8-066fa562b87b/allocations => generated 658 bytes in 51 msecs (HTTP/1.1 200) 6 headers in 224 bytes (1 switches on core 0)
Aug 22 12:48:15.948013 dv-cinder-850836-6-smb devstack@placement-api.service[114031]: DEBUG placement.requestlog [req-4b7530ea-8acd-4dbc-8a70-428e45bd2ecb req-6284b2c5-d4c1-4b39-adfa-b4a3c9b6979d None None] Starting request: 10.222.0.47 "DELETE /placement/allocations/b2a3aa08-a260-4986-94cc-14c8cacd25a6" {{(pid=114031) __call__ /opt/stack/placement/placement/requestlog.py:55}}
Aug 22 12:48:16.150093 dv-cinder-850836-6-smb devstack@placement-api.service[114031]: DEBUG placement.handlers.allocation [req-4b7530ea-8acd-4dbc-8a70-428e45bd2ecb req-6284b2c5-d4c1-4b39-adfa-b4a3c9b6979d service placement] Successfully deleted allocations [, , ] {{(pid=114031) delete_allocations /opt/stack/placement/placement/handlers/allocation.py:627}}
Aug 22 12:48:16.150762 dv-cinder-850836-6-smb devstack@placement-api.service[114031]: INFO placement.requestlog [req-4b7530ea-8acd-4dbc-8a70-428e45bd2ecb req-6284b2c5-d4c1-4b39-adfa-b4a3c9b6979d service placement] 10.222.0.47 "DELETE /placement/allocations/b2a3aa08-a260-4986-94cc-14c8cacd25a6" status: 204 len: 0 microversion: 1.0
Aug 22 12:48:16.151203 dv-cinder-850836-6-smb devstack@placement-api.service[114031]: [pid: 114031|app: 0|req: 24/43] 10.222.0.47 () {60 vars in 1355 bytes} [Mon Aug 22 12:48:15 2022] DELETE /placement/allocations/b2a3aa08-a260-4986-94cc-14c8cacd25a6 => generated 0 bytes in 203 msecs (HTTP/1.1 204) 5 headers in 198 bytes (1 switches on core 0)
Aug 22 12:48:23.227346 dv-cinder-850836-6-smb devstack@placement-api.service[114032]: DEBUG placement.requestlog [None req-1d7e62bf-27a1-4c66-97c5-538ea50f78c1 None None] Starting request: 10.222.0.23 "GET /placement/resource_providers/f1fa334c-63bc-4c37-8f90-c664d70770d4/aggregates" {{(pid=114032) __call__ /opt/stack/placement/placement/requestlog.py:55}}
Aug 22 12:48:23.244543 dv-cinder-850836-6-smb devstack@placement-api.service[114032]: INFO placement.requestlog [None req-1d7e62bf-27a1-4c66-97c5-538ea50f78c1 service placement] 10.222.0.23 "GET /placement/resource_providers/f1fa334c-63bc-4c37-8f90-c664d70770d4/aggregates" status: 404 len: 235 microversion: 1.1
Aug 22 12:48:23.245210 dv-cinder-850836-6-smb devstack@placement-api.service[114032]: [pid: 114032|app: 0|req: 20/44] 10.222.0.23 () {58 vars in 1362 bytes} [Mon Aug 22 12:48:23 2022] GET /placement/resource_providers/f1fa334c-63bc-4c37-8f90-c664d70770d4/aggregates => generated 235 bytes in 18 msecs (HTTP/1.1 404) 5 headers in 202 bytes (1 switches on core 0)
Aug 22 12:48:23.277527 dv-cinder-850836-6-smb devstack@placement-api.service[114031]: DEBUG placement.requestlog [None req-de7f3d22-cec6-4e08-9a16-bd96fcde9766 None None] Starting request: 10.222.0.23 "DELETE /placement/resource_providers/f1fa334c-63bc-4c37-8f90-c664d70770d4" {{(pid=114031) __call__ /opt/stack/placement/placement/requestlog.py:55}}
Aug 22 12:48:23.289396 dv-cinder-850836-6-smb devstack@placement-api.service[114031]: DEBUG placement.wsgi_wrapper [None req-de7f3d22-cec6-4e08-9a16-bd96fcde9766 service placement] Placement API returning an error response: No resource provider with uuid f1fa334c-63bc-4c37-8f90-c664d70770d4 found for delete {{(pid=114031) call_func /opt/stack/placement/placement/wsgi_wrapper.py:31}}
Aug 22 12:48:23.289396 dv-cinder-850836-6-smb devstack@placement-api.service[114031]: INFO placement.requestlog [None req-de7f3d22-cec6-4e08-9a16-bd96fcde9766 service placement] 10.222.0.23 "DELETE /placement/resource_providers/f1fa334c-63bc-4c37-8f90-c664d70770d4" status: 404 len: 246 microversion: 1.1
Aug 22 12:48:23.289396 dv-cinder-850836-6-smb devstack@placement-api.service[114031]: [pid: 114031|app: 0|req: 25/45] 10.222.0.23 () {60 vars in 1351 bytes} [Mon Aug 22 12:48:23 2022] DELETE /placement/resource_providers/f1fa334c-63bc-4c37-8f90-c664d70770d4 => generated 246 bytes in 12 msecs (HTTP/1.1 404) 6 headers in 231 bytes (1 switches on core 0)
Aug 22 12:48:24.427669 dv-cinder-850836-6-smb devstack@placement-api.service[114032]: DEBUG placement.requestlog [req-a8b341a0-6ebe-41b1-b33c-38a79627886e req-52ca7397-4d35-4c94-84e5-7b063f85ef69 None None] Starting request: 10.222.0.23 "GET /placement/allocation_candidates?limit=1000&resources=DISK_GB%3A1%2CMEMORY_MB%3A1024%2CVCPU%3A1&root_required=%21COMPUTE_STATUS_DISABLED" {{(pid=114032) __call__ /opt/stack/placement/placement/requestlog.py:55}}
Aug 22 12:48:24.478445 dv-cinder-850836-6-smb devstack@placement-api.service[114032]: DEBUG placement.objects.research_context [req-a8b341a0-6ebe-41b1-b33c-38a79627886e req-52ca7397-4d35-4c94-84e5-7b063f85ef69 service placement] getting providers with 1 DISK_GB {{(pid=114032) __init__ /opt/stack/placement/placement/objects/research_context.py:136}}
Aug 22 12:48:24.483869 dv-cinder-850836-6-smb devstack@placement-api.service[114032]: DEBUG placement.objects.research_context [req-a8b341a0-6ebe-41b1-b33c-38a79627886e req-52ca7397-4d35-4c94-84e5-7b063f85ef69 service placement] getting providers with 1024 MEMORY_MB {{(pid=114032) __init__ /opt/stack/placement/placement/objects/research_context.py:136}}
Aug 22 12:48:24.490245 dv-cinder-850836-6-smb devstack@placement-api.service[114032]: DEBUG placement.objects.research_context [req-a8b341a0-6ebe-41b1-b33c-38a79627886e req-52ca7397-4d35-4c94-84e5-7b063f85ef69 service placement] getting providers with 1 VCPU {{(pid=114032) __init__ /opt/stack/placement/placement/objects/research_context.py:136}}
Aug 22 12:48:24.499055 dv-cinder-850836-6-smb devstack@placement-api.service[114032]: DEBUG placement.objects.research_context [req-a8b341a0-6ebe-41b1-b33c-38a79627886e req-52ca7397-4d35-4c94-84e5-7b063f85ef69 service placement] found 1 providers with available 1 DISK_GB {{(pid=114032) get_provider_ids_matching /opt/stack/placement/placement/objects/research_context.py:563}}
Aug 22 12:48:24.499055 dv-cinder-850836-6-smb devstack@placement-api.service[114032]: DEBUG placement.objects.research_context [req-a8b341a0-6ebe-41b1-b33c-38a79627886e req-52ca7397-4d35-4c94-84e5-7b063f85ef69 service placement] found 1 providers with available 1024 MEMORY_MB {{(pid=114032) get_provider_ids_matching /opt/stack/placement/placement/objects/research_context.py:563}}
Aug 22 12:48:24.499055 dv-cinder-850836-6-smb devstack@placement-api.service[114032]: DEBUG placement.objects.research_context [req-a8b341a0-6ebe-41b1-b33c-38a79627886e req-52ca7397-4d35-4c94-84e5-7b063f85ef69 service placement] found 1 providers after filtering by previous result {{(pid=114032) get_provider_ids_matching /opt/stack/placement/placement/objects/research_context.py:594}}
Aug 22 12:48:24.499055 dv-cinder-850836-6-smb devstack@placement-api.service[114032]: DEBUG placement.objects.research_context [req-a8b341a0-6ebe-41b1-b33c-38a79627886e req-52ca7397-4d35-4c94-84e5-7b063f85ef69 service placement] found 1 providers with available 1 VCPU {{(pid=114032) get_provider_ids_matching /opt/stack/placement/placement/objects/research_context.py:563}}
Aug 22 12:48:24.499055 dv-cinder-850836-6-smb devstack@placement-api.service[114032]: DEBUG placement.objects.research_context [req-a8b341a0-6ebe-41b1-b33c-38a79627886e req-52ca7397-4d35-4c94-84e5-7b063f85ef69 service placement] found 1 providers after filtering by previous result {{(pid=114032) get_provider_ids_matching /opt/stack/placement/placement/objects/research_context.py:594}}
Aug 22 12:48:24.511568 dv-cinder-850836-6-smb devstack@placement-api.service[114032]: DEBUG placement.objects.allocation_candidate [req-a8b341a0-6ebe-41b1-b33c-38a79627886e req-52ca7397-4d35-4c94-84e5-7b063f85ef69 service placement] RequestGroup(use_same_provider=False, resources={DISK_GB:1, MEMORY_MB:1024, VCPU:1}, traits=(), aggregates=[]) (suffix '') returned 1 matches {{(pid=114032) _get_by_requests /opt/stack/placement/placement/objects/allocation_candidate.py:156}}
Aug 22 12:48:24.512130 dv-cinder-850836-6-smb devstack@placement-api.service[114032]: DEBUG placement.objects.allocation_candidate [req-a8b341a0-6ebe-41b1-b33c-38a79627886e req-52ca7397-4d35-4c94-84e5-7b063f85ef69 service placement] Merging candidates yields 1 allocation requests and 1 provider summaries {{(pid=114032) _merge_candidates /opt/stack/placement/placement/objects/allocation_candidate.py:809}}
